12-11 13:17:18.572 D/ActivityManagerTiming(  651): OnBootPhase_1000_com.android.server.pm.ShortcutService$Lifecycle
12-11 13:17:18.572 V/ActivityManagerTiming(  651): OnBootPhase_1000_com.android.server.pm.ShortcutService$Lifecycle took to complete: 0ms
12-11 13:17:18.572 D/ActivityManagerTiming(  651): OnBootPhase_1000_com.android.server.pm.LauncherAppsService
12-11 13:17:18.572 V/ActivityManagerTiming(  651): OnBootPhase_1000_com.android.server.pm.LauncherAppsService took to complete: 0ms
12-11 13:17:18.572 D/ActivityManagerTiming(  651): OnBootPhase_1000_com.android.server.pm.CrossProfileAppsService
12-11 13:17:18.572 V/ActivityManagerTiming(  651): OnBootPhase_1000_com.android.server.pm.CrossProfileAppsService took to complete: 0ms
12-11 13:17:18.573 D/ActivityManagerTiming(  651): OnBootPhase_1000_com.android.server.people.PeopleService
12-11 13:17:18.573 V/ActivityManagerTiming(  651): OnBootPhase_1000_com.android.server.people.PeopleService took to complete: 0ms
12-11 13:17:18.573 D/ActivityManagerTiming(  651): OnBootPhase_1000_com.android.server.media.metrics.MediaMetricsManagerService
12-11 13:17:18.573 V/ActivityManagerTiming(  651): OnBootPhase_1000_com.android.server.media.metrics.MediaMetricsManagerService took to complete: 0ms
12-11 13:17:18.573 D/ActivityManagerTiming(  651): OnBootPhase_1000_com.android.server.media.projection.MediaProjectionManagerService
12-11 13:17:18.573 V/ActivityManagerTiming(  651): OnBootPhase_1000_com.android.server.media.projection.MediaProjectionManagerService took to complete: 0ms
12-11 13:17:18.573 D/ActivityManagerTiming(  651): OnBootPhase_1000_com.android.server.slice.SliceManagerService$Lifecycle
12-11 13:17:18.573 V/ActivityManagerTiming(  651): OnBootPhase_1000_com.android.server.slice.SliceManagerService$Lifecycle took to complete: 0ms
12-11 13:17:18.573 D/ActivityManagerTiming(  651): OnBootPhase_1000_com.android.server.stats.StatsCompanion$Lifecycle
12-11 13:17:18.573 V/ActivityManagerTiming(  651): OnBootPhase_1000_com.android.server.stats.StatsCompanion$Lifecycle took to complete: 0ms
12-11 13:17:18.573 D/ActivityManagerTiming(  651): OnBootPhase_1000_com.android.server.scheduling.RebootReadinessManagerService$Lifecycle
12-11 13:17:18.573 V/ActivityManagerTiming(  651): OnBootPhase_1000_com.android.server.scheduling.RebootReadinessManagerService$Lifecycle took to complete: 0ms
12-11 13:17:18.573 D/ActivityManagerTiming(  651): OnBootPhase_1000_com.android.server.stats.pull.StatsPullAtomService
12-11 13:17:18.573 V/ActivityManagerTiming(  651): OnBootPhase_1000_com.android.server.stats.pull.StatsPullAtomService took to complete: 0ms
12-11 13:17:18.573 D/ActivityManagerTiming(  651): OnBootPhase_1000_com.android.server.incident.IncidentCompanionService
12-11 13:17:18.573 V/ActivityManagerTiming(  651): OnBootPhase_1000_com.android.server.incident.IncidentCompanionService took to complete: 0ms
12-11 13:17:18.573 D/ActivityManagerTiming(  651): OnBootPhase_1000_com.android.server.MmsServiceBroker
12-11 13:17:18.573 V/ActivityManagerTiming(  651): OnBootPhase_1000_com.android.server.MmsServiceBroker took to complete: 0ms
12-11 13:17:18.573 D/ActivityManagerTiming(  651): OnBootPhase_1000_com.android.server.radxaoverlay.RadxaOverlay
12-11 13:17:18.573 V/ActivityManagerTiming(  651): OnBootPhase_1000_com.android.server.radxaoverlay.RadxaOverlay took to complete: 0ms
12-11 13:17:18.573 D/ActivityManagerTiming(  651): OnBootPhase_1000_com.android.server.autofill.AutofillManagerService
12-11 13:17:18.573 V/ActivityManagerTiming(  651): OnBootPhase_1000_com.android.server.autofill.AutofillManagerService took to complete: 0ms
12-11 13:17:18.573 D/ActivityManagerTiming(  651): OnBootPhase_1000_com.android.server.clipboard.ClipboardService
12-11 13:17:18.573 V/ActivityManagerTiming(  651): OnBootPhase_1000_com.android.server.clipboard.ClipboardService took to complete: 0ms
12-11 13:17:18.573 D/ActivityManagerTiming(  651): OnBootPhase_1000_com.android.server.appbinding.AppBindingService$Lifecycle
12-11 13:17:18.573 V/ActivityManagerTiming(  651): OnBootPhase_1000_com.android.server.appbinding.AppBindingService$Lifecycle took to complete: 0ms
12-11 13:17:18.573 D/ActivityManagerTiming(  651): OnBootPhase_1000_com.android.server.tracing.TracingServiceProxy
12-11 13:17:18.573 V/ActivityManagerTiming(  651): OnBootPhase_1000_com.android.server.tracing.TracingServiceProxy took to complete: 0ms
12-11 13:17:18.573 D/ActivityManagerTiming(  651): OnBootPhase_1000_com.android.server.policy.PermissionPolicyService
12-11 13:17:18.573 V/ActivityManagerTiming(  651): OnBootPhase_1000_com.android.server.policy.PermissionPolicyService took to complete: 0ms
12-11 13:17:18.573 D/ActivityManagerTiming(  651): OnBootPhase_1000_com.android.server.pm.StagingManager$Lifecycle
12-11 13:17:18.573 V/ActivityManagerTiming(  651): OnBootPhase_1000_com.android.server.pm.StagingManager$Lifecycle took to complete: 0ms
12-11 13:17:18.573 D/ActivityManagerTiming(  651): OnBootPhase_1000_com.android.server.app.GameManagerService$Lifecycle
12-11 13:17:18.573 D/GameManagerService(  651): onBootCompleted
12-11 13:17:18.573 V/ActivityManagerTiming(  651): OnBootPhase_1000_com.android.server.app.GameManagerService$Lifecycle took to complete: 0ms
12-11 13:17:18.573 D/ActivityManagerTiming(  651): OnBootPhase_1000_com.android.server.appsearch.AppSearchManagerService
12-11 13:17:18.573 D/AppSearchStatsCollector(  651): atoms registered
12-11 13:17:18.573 V/ActivityManagerTiming(  651): OnBootPhase_1000_com.android.server.appsearch.AppSearchManagerService took to complete: 0ms
12-11 13:17:18.573 D/ActivityManagerTiming(  651): OnBootPhase_1000_com.android.server.media.MediaCommunicationService
12-11 13:17:18.573 V/ActivityManagerTiming(  651): OnBootPhase_1000_com.android.server.media.MediaCommunicationService took to complete: 0ms
12-11 13:17:18.573 D/ActivityManagerTiming(  651): OnBootPhase_1000_com.android.server.compat.overrides.AppCompatOverridesService$Lifecycle
12-11 13:17:18.573 V/ActivityManagerTiming(  651): OnBootPhase_1000_com.android.server.compat.overrides.AppCompatOverridesService$Lifecycle took to complete: 0ms
12-11 13:17:18.573 V/ActivityManagerTiming(  651): OnBootPhase_1000 took to complete: 11ms
12-11 13:17:18.573 V/ActivityManagerTiming(  651): TotalBootTime took to complete: 14031ms
12-11 13:17:18.573 D/SystemServerInitThreadPool(  651): Shutdown requested
12-11 13:17:18.573 D/SystemServerTiming(  651): WaitInitThreadPoolShutdown
12-11 13:17:18.574 D/SystemServerInitThreadPool(  651): Shutdown successful
12-11 13:17:18.574 V/SystemServerTiming(  651): WaitInitThreadPoolShutdown took to complete: 1ms
12-11 13:17:18.575 I/ActivityManager(  651): User 0 state changed from BOOTING to RUNNING_LOCKED
12-11 13:17:18.575 W/ActivityManager(  651): UserLifecycleEvent 4 received without an active userJourneySession.
12-11 13:17:18.575 D/StorageManagerService(  651): unlockUserKey: 0 isFileEncryptedNativeOrEmulated: false hasToken: false hasSecret: false
12-11 13:17:18.576 E/DisplayDeviceConfig(  651): requesting nits when no mapping exists.
12-11 13:17:18.576 E/DisplayDeviceConfig(  651): requesting nits when no mapping exists.
12-11 13:17:18.576 I/servicemanager(  303): Found android.hardware.power.IPower/default in device VINTF manifest.
12-11 13:17:18.577 I/PowerAdvisor(  345): Loaded AIDL Power HAL service
01-01 00:00:33.065 I/init    (    1): processing action (sys.boot_completed=1) from (/system/etc/init/hw/init.rc:1221)
01-01 00:00:33.066 I/init    (    1): starting service 'exec 16 (/bin/rm -rf /data/per_boot)'...
12-11 13:17:18.578 W/ActivityManager(  651): UserLifecycleEvent 5 received without an active userJourneySession.
12-11 13:17:18.578 D/ActivityManager(  651): Started unlocking user 0
12-11 13:17:18.578 D/ActivityManager(  651): Unlocking user 0 progress 0
12-11 13:17:18.578 D/ActivityManager(  651): Unlocking user 0 progress 5
12-11 13:17:18.578 D/vold    (  309): fscrypt_prepare_user_storage for volume null, user 0, serial 0, flags 2
12-11 13:17:18.578 D/vold    (  309): Preparing: /data/system_ce/0
12-11 13:17:18.578 D/vold    (  309): Preparing: /data/misc_ce/0
12-11 13:17:18.578 D/vold    (  309): Preparing: /data/vendor_ce/0
12-11 13:17:18.578 V/ActivityManagerTiming(  651): FinishBooting took to complete: 18ms
12-11 13:17:18.579 D/vold    (  309): Preparing: /data/media/0
12-11 13:17:18.579 D/vold    (  309): Preparing: /data/data
12-11 13:17:18.579 D/vold    (  309): Starting restorecon of /data/system_ce/0
12-11 13:17:18.580 I/DropBoxManagerService(  651): add tag=system_server_strictmode isTagEnabled=true flags=0x2
12-11 13:17:18.580 D/ColorDisplayService(  651): setUp: currentUser=0
01-01 00:00:33.069 I/init    (    1): SVC_EXEC service 'exec 16 (/bin/rm -rf /data/per_boot)' pid 1353 (uid 1000 gid 1000+0 context default) started; waiting...
12-11 13:17:18.581 E/AppHibernationService(  651): Attempt to call isHibernatingForUser on stopped or nonexistent user 0
12-11 13:17:18.581 D/CompatibilityChangeReporter(  651): Compat change id reported: 135634846; UID 10063; state: DISABLED
12-11 13:17:18.581 D/CompatibilityChangeReporter(  651): Compat change id reported: 177438394; UID 10063; state: DISABLED
12-11 13:17:18.581 D/CompatibilityChangeReporter(  651): Compat change id reported: 135772972; UID 10063; state: DISABLED
12-11 13:17:18.581 D/CompatibilityChangeReporter(  651): Compat change id reported: 135754954; UID 10063; state: DISABLED
12-11 13:17:18.581 D/CompatibilityChangeReporter(  651): Compat change id reported: 143937733; UID 10063; state: DISABLED
12-11 13:17:18.582 E/AppHibernationService(  651): Attempt to call isHibernatingForUser on stopped or nonexistent user 0
12-11 13:17:18.582 D/CompatibilityChangeReporter(  651): Compat change id reported: 135634846; UID 10065; state: DISABLED
12-11 13:17:18.583 D/CompatibilityChangeReporter(  651): Compat change id reported: 177438394; UID 10065; state: DISABLED
12-11 13:17:18.583 D/CompatibilityChangeReporter(  651): Compat change id reported: 135772972; UID 10065; state: DISABLED
12-11 13:17:18.583 D/CompatibilityChangeReporter(  651): Compat change id reported: 135754954; UID 10065; state: ENABLED
12-11 13:17:18.584 D/WifiNetworkFactory(  651): Registering NetworkFactory
12-11 13:17:18.584 D/UntrustedWifiNetworkFactory(  651): Registering NetworkFactory
12-11 13:17:18.584 D/OemPaidWifiNetworkFactory(  651): Registering NetworkFactory
01-01 00:00:33.074 I/selinux ( 1354): SELinux: Skipping restorecon on directory(/data/system_ce/0)
01-01 00:00:33.074 I/selinux ( 1354):  
12-11 13:17:18.584 D/ConnectivityService(  651): Got NetworkProvider Messenger for WifiNetworkFactory
12-11 13:17:18.584 D/ConnectivityService(  651): Got NetworkProvider Messenger for UntrustedWifiNetworkFactory
12-11 13:17:18.584 D/ConnectivityService(  651): Got NetworkProvider Messenger for OemPaidWifiNetworkFactory
12-11 13:17:18.585 E/ApConfigUtil(  651): Malformed channel value detected: java.lang.NumberFormatException: For input string: ""
12-11 13:17:18.585 D/WifiNetworkFactory(  651): got request NetworkRequest [ REQUEST id=19, [ Capabilities: INTERNET&NOT_RESTRICTED&TRUSTED&NOT_VCN_MANAGED Uid: 10073 RequestorUid: 10073 RequestorPkg: com.android.systemui] ]
12-11 13:17:18.586 D/WifiNetworkFactory(  651): got request NetworkRequest [ REQUEST id=14, [ Capabilities: INTERNET&NOT_RESTRICTED&TRUSTED&NOT_VCN_MANAGED Uid: 1000 RequestorUid: 1000 RequestorPkg: android] ]
12-11 13:17:18.586 D/WifiNetworkFactory(  651): got request NetworkRequest [ REQUEST id=27, [ Capabilities: INTERNET&NOT_RESTRICTED&TRUSTED&NOT_VCN_MANAGED Uid: 1001 RequestorUid: 1001 RequestorPkg: com.android.phone] ]
12-11 13:17:18.586 D/WifiNetworkFactory(  651): got request NetworkRequest [ REQUEST id=1, [ Capabilities: INTERNET&NOT_RESTRICTED&TRUSTED&NOT_VPN&NOT_VCN_MANAGED RequestorUid: 1000 RequestorPkg: android] ]
12-11 13:17:18.586 D/WifiNetworkFactory(  651): got request NetworkRequest [ REQUEST id=17, [ Capabilities: INTERNET&NOT_RESTRICTED&TRUSTED&NOT_VCN_MANAGED Uid: 10073 RequestorUid: 10073 RequestorPkg: com.android.systemui] ]
12-11 13:17:18.586 D/WifiNetworkFactory(  651): got request NetworkRequest [ REQUEST id=22, [ Capabilities: INTERNET&NOT_RESTRICTED&TRUSTED&NOT_VCN_MANAGED Uid: 1000 RequestorUid: 1000 RequestorPkg: com.android.networkstack.inprocess] ]
12-11 13:17:18.586 D/WifiNetworkFactory(  651): got request NetworkRequest [ REQUEST id=7, [ Capabilities: INTERNET&NOT_RESTRICTED&TRUSTED&NOT_VCN_MANAGED Uid: 1000 RequestorUid: 1000 RequestorPkg: android] ]
12-11 13:17:18.586 D/UntrustedWifiNetworkFactory(  651): got request NetworkRequest [ REQUEST id=19, [ Capabilities: INTERNET&NOT_RESTRICTED&TRUSTED&NOT_VCN_MANAGED Uid: 10073 RequestorUid: 10073 RequestorPkg: com.android.systemui] ]
12-11 13:17:18.586 D/UntrustedWifiNetworkFactory(  651): got request NetworkRequest [ REQUEST id=14, [ Capabilities: INTERNET&NOT_RESTRICTED&TRUSTED&NOT_VCN_MANAGED Uid: 1000 RequestorUid: 1000 RequestorPkg: android] ]
12-11 13:17:18.586 D/UntrustedWifiNetworkFactory(  651): got request NetworkRequest [ REQUEST id=27, [ Capabilities: INTERNET&NOT_RESTRICTED&TRUSTED&NOT_VCN_MANAGED Uid: 1001 RequestorUid: 1001 RequestorPkg: com.android.phone] ]
12-11 13:17:18.586 D/UntrustedWifiNetworkFactory(  651): got request NetworkRequest [ REQUEST id=1, [ Capabilities: INTERNET&NOT_RESTRICTED&TRUSTED&NOT_VPN&NOT_VCN_MANAGED RequestorUid: 1000 RequestorPkg: android] ]
12-11 13:17:18.586 D/UntrustedWifiNetworkFactory(  651): got request NetworkRequest [ REQUEST id=17, [ Capabilities: INTERNET&NOT_RESTRICTED&TRUSTED&NOT_VCN_MANAGED Uid: 10073 RequestorUid: 10073 RequestorPkg: com.android.systemui] ]
12-11 13:17:18.586 D/UntrustedWifiNetworkFactory(  651): got request NetworkRequest [ REQUEST id=22, [ Capabilities: INTERNET&NOT_RESTRICTED&TRUSTED&NOT_VCN_MANAGED Uid: 1000 RequestorUid: 1000 RequestorPkg: com.android.networkstack.inprocess] ]
12-11 13:17:18.586 D/UntrustedWifiNetworkFactory(  651): got request NetworkRequest [ REQUEST id=7, [ Capabilities: INTERNET&NOT_RESTRICTED&TRUSTED&NOT_VCN_MANAGED Uid: 1000 RequestorUid: 1000 RequestorPkg: android] ]
12-11 13:17:18.586 D/OemPaidWifiNetworkFactory(  651): got request NetworkRequest [ REQUEST id=19, [ Capabilities: INTERNET&NOT_RESTRICTED&TRUSTED&NOT_VCN_MANAGED Uid: 10073 RequestorUid: 10073 RequestorPkg: com.android.systemui] ]
12-11 13:17:18.586 D/OemPaidWifiNetworkFactory(  651): got request NetworkRequest [ REQUEST id=14, [ Capabilities: INTERNET&NOT_RESTRICTED&TRUSTED&NOT_VCN_MANAGED Uid: 1000 RequestorUid: 1000 RequestorPkg: android] ]
12-11 13:17:18.586 D/OemPaidWifiNetworkFactory(  651): got request NetworkRequest [ REQUEST id=27, [ Capabilities: INTERNET&NOT_RESTRICTED&TRUSTED&NOT_VCN_MANAGED Uid: 1001 RequestorUid: 1001 RequestorPkg: com.android.phone] ]
12-11 13:17:18.586 D/OemPaidWifiNetworkFactory(  651): got request NetworkRequest [ REQUEST id=1, [ Capabilities: INTERNET&NOT_RESTRICTED&TRUSTED&NOT_VPN&NOT_VCN_MANAGED RequestorUid: 1000 RequestorPkg: android] ]
12-11 13:17:18.586 D/OemPaidWifiNetworkFactory(  651): got request NetworkRequest [ REQUEST id=17, [ Capabilities: INTERNET&NOT_RESTRICTED&TRUSTED&NOT_VCN_MANAGED Uid: 10073 RequestorUid: 10073 RequestorPkg: com.android.systemui] ]
12-11 13:17:18.586 D/OemPaidWifiNetworkFactory(  651): got request NetworkRequest [ REQUEST id=22, [ Capabilities: INTERNET&NOT_RESTRICTED&TRUSTED&NOT_VCN_MANAGED Uid: 1000 RequestorUid: 1000 RequestorPkg: com.android.networkstack.inprocess] ]
12-11 13:17:18.586 D/OemPaidWifiNetworkFactory(  651): got request NetworkRequest [ REQUEST id=7, [ Capabilities: INTERNET&NOT_RESTRICTED&TRUSTED&NOT_VCN_MANAGED Uid: 1000 RequestorUid: 1000 RequestorPkg: android] ]
12-11 13:17:18.588 D/vold    (  309): Finished restorecon of /data/system_ce/0
12-11 13:17:18.588 D/vold    (  309): Starting restorecon of /data/vendor_ce/0
12-11 13:17:18.588 D/Zygote  (  403): Forked child process 1355
12-11 13:17:18.588 I/ActivityManager(  651): Start proc 1355:com.android.deskclock/u0a63 for broadcast {com.android.deskclock/com.android.deskclock.AlarmInitReceiver}
12-11 13:17:18.588 D/CompatibilityChangeReporter(  651): Compat change id reported: 143937733; UID 10065; state: ENABLED
12-11 13:17:18.589 I/Zygote  ( 1355): seccomp disabled by setenforce 0
12-11 13:17:18.589 I/libc    ( 1355): SetHeapTaggingLevel: tag level set to 0
12-11 13:17:18.590 D/vold    (  309): Finished restorecon of /data/vendor_ce/0
12-11 13:17:18.590 D/vold    (  309): Starting restorecon of /data/misc_ce/0
01-01 00:00:33.080 I/selinux ( 1356): SELinux: Skipping restorecon on directory(/data/vendor_ce/0)
01-01 00:00:33.080 I/selinux ( 1356):  
12-11 13:17:18.592 D/vold    (  309): Finished restorecon of /data/misc_ce/0
12-11 13:17:18.592 D/vold    (  309): /system/bin/vold_prepare_subdirs
12-11 13:17:18.592 D/vold    (  309):     prepare
12-11 13:17:18.592 D/vold    (  309):     
12-11 13:17:18.592 D/vold    (  309):     0
12-11 13:17:18.592 D/vold    (  309):     2
12-11 13:17:18.593 E/DisplayDeviceConfig(  651): requesting nits when no mapping exists.
12-11 13:17:18.593 E/DisplayDeviceConfig(  651): requesting nits when no mapping exists.
12-11 13:17:18.594 D/Zygote  (  403): Forked child process 1364
12-11 13:17:18.594 I/ActivityManager(  651): Start proc 1364:com.android.inputmethod.latin/u0a65 for service {com.android.inputmethod.latin/com.android.inputmethod.latin.LatinIME}
12-11 13:17:18.597 I/Zygote  ( 1364): seccomp disabled by setenforce 0
12-11 13:17:18.598 I/adbd    (  460): jdwp connection from 1355
12-11 13:17:18.601 D/vold_prepare_subdirs( 1362): Setting up mode 771 uid 1000 gid 1000 context u:object_r:system_data_file:s0:c512,c768 on path: /data/data
12-11 13:17:18.601 I/adbd    (  460): jdwp connection from 1364
12-11 13:17:18.601 D/vold_prepare_subdirs( 1362): Setting up mode 700 uid 0 gid 0 context u:object_r:vold_data_file:s0 on path: /data/misc_ce/0/vold
12-11 13:17:18.602 D/vold_prepare_subdirs( 1362): Setting up mode 700 uid 0 gid 0 context u:object_r:storaged_data_file:s0 on path: /data/misc_ce/0/storaged
12-11 13:17:18.602 D/vold_prepare_subdirs( 1362): Setting up mode 700 uid 0 gid 0 context u:object_r:rollback_data_file:s0 on path: /data/misc_ce/0/rollback
12-11 13:17:18.602 D/vold_prepare_subdirs( 1362): Setting up mode 700 uid 0 gid 0 context u:object_r:apex_rollback_data_file:s0 on path: /data/misc_ce/0/apexrollback
12-11 13:17:18.602 D/vold_prepare_subdirs( 1362): Setting up mode 711 uid 0 gid 0 context u:object_r:apex_module_data_file:s0 on path: /data/misc_ce/0/apexdata
12-11 13:17:18.602 D/vold_prepare_subdirs( 1362): Setting up mode 771 uid 0 gid 1000 context u:object_r:apex_wifi_data_file:s0 on path: /data/misc_ce/0/apexdata/com.android.wifi
12-11 13:17:18.603 D/vold_prepare_subdirs( 1362): Setting up mode 771 uid 0 gid 1000 context u:object_r:apex_module_data_file:s0 on path: /data/misc_ce/0/apexdata/com.android.vndk.v32
12-11 13:17:18.603 D/vold_prepare_subdirs( 1362): Setting up mode 771 uid 0 gid 1000 context u:object_r:apex_module_data_file:s0 on path: /data/misc_ce/0/apexdata/com.android.tzdata
12-11 13:17:18.603 D/vold_prepare_subdirs( 1362): Setting up mode 771 uid 0 gid 1000 context u:object_r:apex_module_data_file:s0 on path: /data/misc_ce/0/apexdata/com.android.tethering
12-11 13:17:18.603 D/CompatibilityChangeReporter(  651): Compat change id reported: 168419799; UID 10063; state: DISABLED
12-11 13:17:18.603 D/vold_prepare_subdirs( 1362): Setting up mode 771 uid 0 gid 1000 context u:object_r:apex_module_data_file:s0 on path: /data/misc_ce/0/apexdata/com.android.sdkext
12-11 13:17:18.603 D/vold_prepare_subdirs( 1362): Setting up mode 771 uid 0 gid 1000 context u:object_r:apex_module_data_file:s0 on path: /data/misc_ce/0/apexdata/com.android.scheduling
12-11 13:17:18.603 D/vold_prepare_subdirs( 1362): Setting up mode 771 uid 0 gid 1000 context u:object_r:apex_module_data_file:s0 on path: /data/misc_ce/0/apexdata/com.android.runtime
12-11 13:17:18.604 D/vold_prepare_subdirs( 1362): Setting up mode 771 uid 0 gid 1000 context u:object_r:apex_module_data_file:s0 on path: /data/misc_ce/0/apexdata/com.android.resolv
12-11 13:17:18.604 D/vold_prepare_subdirs( 1362): Setting up mode 771 uid 0 gid 1000 context u:object_r:apex_permission_data_file:s0 on path: /data/misc_ce/0/apexdata/com.android.permission
12-11 13:17:18.604 D/vold_prepare_subdirs( 1362): Setting up mode 771 uid 0 gid 1000 context u:object_r:apex_module_data_file:s0 on path: /data/misc_ce/0/apexdata/com.android.os.statsd
12-11 13:17:18.604 D/vold_prepare_subdirs( 1362): Setting up mode 771 uid 0 gid 1000 context u:object_r:apex_module_data_file:s0 on path: /data/misc_ce/0/apexdata/com.android.neuralnetworks
12-11 13:17:18.604 D/vold_prepare_subdirs( 1362): Setting up mode 771 uid 0 gid 1000 context u:object_r:apex_module_data_file:s0 on path: /data/misc_ce/0/apexdata/com.android.mediaprovider
12-11 13:17:18.604 D/CompatibilityChangeReporter(  651): Compat change id reported: 181136395; UID 1000; state: DISABLED
12-11 13:17:18.604 D/vold_prepare_subdirs( 1362): Setting up mode 771 uid 0 gid 1000 context u:object_r:apex_module_data_file:s0 on path: /data/misc_ce/0/apexdata/com.android.media.swcodec
12-11 13:17:18.604 D/CompatibilityChangeReporter(  651): Compat change id reported: 174042936; UID 1000; state: DISABLED
12-11 13:17:18.604 D/vold_prepare_subdirs( 1362): Setting up mode 771 uid 0 gid 1000 context u:object_r:apex_module_data_file:s0 on path: /data/misc_ce/0/apexdata/com.android.media
12-11 13:17:18.604 D/vold_prepare_subdirs( 1362): Setting up mode 771 uid 0 gid 1000 context u:object_r:apex_module_data_file:s0 on path: /data/misc_ce/0/apexdata/com.android.ipsec
12-11 13:17:18.604 D/CompatibilityChangeReporter(  651): Compat change id reported: 174042980; UID 1000; state: DISABLED
12-11 13:17:18.604 D/vold_prepare_subdirs( 1362): Setting up mode 771 uid 0 gid 1000 context u:object_r:apex_module_data_file:s0 on path: /data/misc_ce/0/apexdata/com.android.i18n
12-11 13:17:18.604 D/vold_prepare_subdirs( 1362): Setting up mode 771 uid 0 gid 1000 context u:object_r:apex_module_data_file:s0 on path: /data/misc_ce/0/apexdata/com.android.extservices
12-11 13:17:18.605 D/vold_prepare_subdirs( 1362): Setting up mode 771 uid 0 gid 1000 context u:object_r:apex_module_data_file:s0 on path: /data/misc_ce/0/apexdata/com.android.conscrypt
12-11 13:17:18.605 D/vold_prepare_subdirs( 1362): Setting up mode 771 uid 0 gid 1000 context u:object_r:apex_module_data_file:s0 on path: /data/misc_ce/0/apexdata/com.android.art
12-11 13:17:18.605 D/vold_prepare_subdirs( 1362): Setting up mode 771 uid 0 gid 1000 context u:object_r:apex_appsearch_data_file:s0 on path: /data/misc_ce/0/apexdata/com.android.appsearch
12-11 13:17:18.605 D/vold_prepare_subdirs( 1362): Setting up mode 771 uid 0 gid 1000 context u:object_r:apex_module_data_file:s0 on path: /data/misc_ce/0/apexdata/com.android.adbd
12-11 13:17:18.605 D/vold_prepare_subdirs( 1362): Setting up mode 700 uid 1000 gid 1000 context u:object_r:backup_data_file:s0 on path: /data/system_ce/0/backup
12-11 13:17:18.605 D/vold_prepare_subdirs( 1362): Setting up mode 700 uid 1000 gid 1000 context u:object_r:backup_data_file:s0 on path: /data/system_ce/0/backup_stage
12-11 13:17:18.605 D/vold_prepare_subdirs( 1362): Setting up mode 700 uid 1000 gid 1000 context u:object_r:face_vendor_data_file:s0 on path: /data/vendor_ce/0/facedata
12-11 13:17:18.605 D/CompatibilityChangeReporter(  651): Compat change id reported: 168419799; UID 10065; state: DISABLED
12-11 13:17:18.607 D/CompatibilityChangeReporter( 1364): Compat change id reported: 171979766; UID 10065; state: DISABLED
12-11 13:17:18.607 V/UserDataPreparer(  651): Found /data/user/0 with serial number 0
12-11 13:17:18.607 V/UserDataPreparer(  651): Found /data/system_ce/0 with serial number 0
12-11 13:17:18.607 D/CompatibilityChangeReporter( 1355): Compat change id reported: 171979766; UID 10063; state: DISABLED
12-11 13:17:18.607 D/UserDataPreparer(  651): Setting property: sys.user.0.ce_available=true
12-11 13:17:18.607 V/PackageManager(  651): reconcileAppsData for null u0 0x2 migrateAppData=false
12-11 13:17:18.610 E/DisplayDeviceConfig(  651): requesting nits when no mapping exists.
12-11 13:17:18.606 I/init    (  277): type=1400 audit(0.0:5163): avc: denied { create } for name="vehicle" scontext=u:r:vendor_init:s0 tcontext=u:object_r:device:s0 tclass=file permissive=1
12-11 13:17:18.606 I/init    (  277): type=1400 audit(0.0:5164): avc: denied { write } for path="/dev/vehicle" dev="tmpfs" ino=598 scontext=u:r:vendor_init:s0 tcontext=u:object_r:device:s0 tclass=file permissive=1
12-11 13:17:18.610 E/DisplayDeviceConfig(  651): requesting nits when no mapping exists.
12-11 13:17:18.611 D/ApplicationLoaders( 1355): Returning zygote-cached class loader: /system/framework/android.test.base.jar
12-11 13:17:18.616 D/nativeloader( 1364): classloader namespace configured for unbundled product apk. library_path=/product/app/LatinIME/lib/arm64:/product/app/LatinIME/LatinIME.apk!/lib/arm64-v8a:/product/lib64:/system/product/lib64
12-11 13:17:18.620 I/getprop ( 1394): type=1400 audit(0.0:5165): avc: denied { open } for path="/dev/__properties__/u:object_r:aac_drc_prop:s0" dev="tmpfs" ino=58 scontext=u:r:shell:s0 tcontext=u:object_r:aac_drc_prop:s0 tclass=file permissive=1
12-11 13:17:18.620 I/getprop ( 1394): type=1400 audit(0.0:5166): avc: denied { getattr } for path="/dev/__properties__/u:object_r:aac_drc_prop:s0" dev="tmpfs" ino=58 scontext=u:r:shell:s0 tcontext=u:object_r:aac_drc_prop:s0 tclass=file permissive=1
12-11 13:17:18.620 I/getprop ( 1394): type=1400 audit(0.0:5167): avc: denied { map } for path="/dev/__properties__/u:object_r:aac_drc_prop:s0" dev="tmpfs" ino=58 scontext=u:r:shell:s0 tcontext=u:object_r:aac_drc_prop:s0 tclass=file permissive=1
12-11 13:17:18.620 I/getprop ( 1394): type=1400 audit(0.0:5168): avc: denied { open } for path="/dev/__properties__/u:object_r:ab_update_gki_prop:s0" dev="tmpfs" ino=60 scontext=u:r:shell:s0 tcontext=u:object_r:ab_update_gki_prop:s0 tclass=file permissive=1
12-11 13:17:18.624 I/bootstat( 1396): Service started: /system/bin/bootstat --record_boot_complete --record_boot_reason --record_time_since_factory_reset -l 
12-11 13:17:18.624 E/bootstat( 1396): Failed to read /data/misc/bootstat/post_decrypt_time_elapsed: No such file or directory
12-11 13:17:18.620 I/getprop ( 1394): type=1400 audit(0.0:5169): avc: denied { getattr } for path="/dev/__properties__/u:object_r:ab_update_gki_prop:s0" dev="tmpfs" ino=60 scontext=u:r:shell:s0 tcontext=u:object_r:ab_update_gki_prop:s0 tclass=file permissive=1
12-11 13:17:18.624 E/bootstat( 1396): Failed to parse boot time record: /data/misc/bootstat/post_decrypt_time_elapsed
12-11 13:17:18.620 I/getprop ( 1394): type=1400 audit(0.0:5170): avc: denied { map } for path="/dev/__properties__/u:object_r:ab_update_gki_prop:s0" dev="tmpfs" ino=60 scontext=u:r:shell:s0 tcontext=u:object_r:ab_update_gki_prop:s0 tclass=file permissive=1
12-11 13:17:18.620 I/getprop ( 1394): type=1400 audit(0.0:5171): avc: denied { open } for path="/dev/__properties__/u:object_r:adbd_prop:s0" dev="tmpfs" ino=62 scontext=u:r:shell:s0 tcontext=u:object_r:adbd_prop:s0 tclass=file permissive=1
12-11 13:17:18.620 I/getprop ( 1394): type=1400 audit(0.0:5172): avc: denied { getattr } for path="/dev/__properties__/u:object_r:adbd_prop:s0" dev="tmpfs" ino=62 scontext=u:r:shell:s0 tcontext=u:object_r:adbd_prop:s0 tclass=file permissive=1
12-11 13:17:18.620 I/getprop ( 1394): type=1400 audit(0.0:5173): avc: denied { map } for path="/dev/__properties__/u:object_r:adbd_prop:s0" dev="tmpfs" ino=62 scontext=u:r:shell:s0 tcontext=u:object_r:adbd_prop:s0 tclass=file permissive=1
12-11 13:17:18.620 I/getprop ( 1394): type=1400 audit(0.0:5174): avc: denied { open } for path="/dev/__properties__/u:object_r:apexd_config_prop:s0" dev="tmpfs" ino=63 scontext=u:r:shell:s0 tcontext=u:object_r:apexd_config_prop:s0 tclass=file permissive=1
12-11 13:17:18.620 I/getprop ( 1394): type=1400 audit(0.0:5175): avc: denied { getattr } for path="/dev/__properties__/u:object_r:apexd_config_prop:s0" dev="tmpfs" ino=63 scontext=u:r:shell:s0 tcontext=u:object_r:apexd_config_prop:s0 tclass=file permissive=1
12-11 13:17:18.620 I/getprop ( 1394): type=1400 audit(0.0:5176): avc: denied { map } for path="/dev/__properties__/u:object_r:apexd_config_prop:s0" dev="tmpfs" ino=63 scontext=u:r:shell:s0 tcontext=u:object_r:apexd_config_prop:s0 tclass=file permissive=1
12-11 13:17:18.620 I/getprop ( 1394): type=1400 audit(0.0:5177): avc: denied { open } for path="/dev/__properties__/u:object_r:apexd_prop:s0" dev="tmpfs" ino=64 scontext=u:r:shell:s0 tcontext=u:object_r:apexd_prop:s0 tclass=file permissive=1
12-11 13:17:18.620 I/getprop ( 1394): type=1400 audit(0.0:5178): avc: denied { getattr } for path="/dev/__properties__/u:object_r:apexd_prop:s0" dev="tmpfs" ino=64 scontext=u:r:shell:s0 tcontext=u:object_r:apexd_prop:s0 tclass=file permissive=1
12-11 13:17:18.620 I/getprop ( 1394): type=1400 audit(0.0:5179): avc: denied { map } for path="/dev/__properties__/u:object_r:apexd_prop:s0" dev="tmpfs" ino=64 scontext=u:r:shell:s0 tcontext=u:object_r:apexd_prop:s0 tclass=file permissive=1
12-11 13:17:18.620 I/getprop ( 1394): type=1400 audit(0.0:5180): avc: denied { open } for path="/dev/__properties__/u:object_r:apk_verity_prop:s0" dev="tmpfs" ino=65 scontext=u:r:shell:s0 tcontext=u:object_r:apk_verity_prop:s0 tclass=file permissive=1
12-11 13:17:18.620 I/getprop ( 1394): type=1400 audit(0.0:5181): avc: denied { getattr } for path="/dev/__properties__/u:object_r:apk_verity_prop:s0" dev="tmpfs" ino=65 scontext=u:r:shell:s0 tcontext=u:object_r:apk_verity_prop:s0 tclass=file permissive=1
12-11 13:17:18.620 I/getprop ( 1394): type=1400 audit(0.0:5182): avc: denied { map } for path="/dev/__properties__/u:object_r:apk_verity_prop:s0" dev="tmpfs" ino=65 scontext=u:r:shell:s0 tcontext=u:object_r:apk_verity_prop:s0 tclass=file permissive=1
12-11 13:17:18.620 I/getprop ( 1394): type=1400 audit(0.0:5183): avc: denied { open } for path="/dev/__properties__/u:object_r:audio_config_prop:s0" dev="tmpfs" ino=67 scontext=u:r:shell:s0 tcontext=u:object_r:audio_config_prop:s0 tclass=file permissive=1
12-11 13:17:18.620 I/getprop ( 1394): type=1400 audit(0.0:5184): avc: denied { getattr } for path="/dev/__properties__/u:object_r:audio_config_prop:s0" dev="tmpfs" ino=67 scontext=u:r:shell:s0 tcontext=u:object_r:audio_config_prop:s0 tclass=file permissive=1
12-11 13:17:18.620 I/getprop ( 1394): type=1400 audit(0.0:5185): avc: denied { map } for path="/dev/__properties__/u:object_r:audio_config_prop:s0" dev="tmpfs" ino=67 scontext=u:r:shell:s0 tcontext=u:object_r:audio_config_prop:s0 tclass=file permissive=1
12-11 13:17:18.620 I/getprop ( 1394): type=1400 audit(0.0:5186): avc: denied { open } for path="/dev/__properties__/u:object_r:bluetooth_a2dp_offload_prop:s0" dev="tmpfs" ino=72 scontext=u:r:shell:s0 tcontext=u:object_r:bluetooth_a2dp_offload_prop:s0 tclass=file permissive=1
12-11 13:17:18.620 I/getprop ( 1394): type=1400 audit(0.0:5187): avc: denied { getattr } for path="/dev/__properties__/u:object_r:bluetooth_a2dp_offload_prop:s0" dev="tmpfs" ino=72 scontext=u:r:shell:s0 tcontext=u:object_r:bluetooth_a2dp_offload_prop:s0 tclass=file permissive=1
12-11 13:17:18.620 I/getprop ( 1394): type=1400 audit(0.0:5188): avc: denied { map } for path="/dev/__properties__/u:object_r:bluetooth_a2dp_offload_prop:s0" dev="tmpfs" ino=72 scontext=u:r:shell:s0 tcontext=u:object_r:bluetooth_a2dp_offload_prop:s0 tclass=file permissive=1
12-11 13:17:18.620 I/getprop ( 1394): type=1400 audit(0.0:5189): avc: denied { open } for path="/dev/__properties__/u:object_r:bluetooth_audio_hal_prop:s0" dev="tmpfs" ino=73 scontext=u:r:shell:s0 tcontext=u:object_r:bluetooth_audio_hal_prop:s0 tclass=file permissive=1
12-11 13:17:18.620 I/getprop ( 1394): type=1400 audit(0.0:5190): avc: denied { getattr } for path="/dev/__properties__/u:object_r:bluetooth_audio_hal_prop:s0" dev="tmpfs" ino=73 scontext=u:r:shell:s0 tcontext=u:object_r:bluetooth_audio_hal_prop:s0 tclass=file permissive=1
12-11 13:17:18.620 I/getprop ( 1394): type=1400 audit(0.0:5191): avc: denied { map } for path="/dev/__properties__/u:object_r:bluetooth_audio_hal_prop:s0" dev="tmpfs" ino=73 scontext=u:r:shell:s0 tcontext=u:object_r:bluetooth_audio_hal_prop:s0 tclass=file permissive=1
12-11 13:17:18.620 I/getprop ( 1394): type=1400 audit(0.0:5192): avc: denied { open } for path="/dev/__properties__/u:object_r:bluetooth_prop:s0" dev="tmpfs" ino=74 scontext=u:r:shell:s0 tcontext=u:object_r:bluetooth_prop:s0 tclass=file permissive=1
12-11 13:17:18.620 I/getprop ( 1394): type=1400 audit(0.0:5193): avc: denied { getattr } for path="/dev/__properties__/u:object_r:bluetooth_prop:s0" dev="tmpfs" ino=74 scontext=u:r:shell:s0 tcontext=u:object_r:bluetooth_prop:s0 tclass=file permissive=1
12-11 13:17:18.620 I/getprop ( 1394): type=1400 audit(0.0:5194): avc: denied { map } for path="/dev/__properties__/u:object_r:bluetooth_prop:s0" dev="tmpfs" ino=74 scontext=u:r:shell:s0 tcontext=u:object_r:bluetooth_prop:s0 tclass=file permissive=1
12-11 13:17:18.620 I/getprop ( 1394): type=1400 audit(0.0:5195): avc: denied { open } for path="/dev/__properties__/u:object_r:bootanim_config_prop:s0" dev="tmpfs" ino=76 scontext=u:r:shell:s0 tcontext=u:object_r:bootanim_config_prop:s0 tclass=file permissive=1
12-11 13:17:18.620 I/getprop ( 1394): type=1400 audit(0.0:5196): avc: denied { getattr } for path="/dev/__properties__/u:object_r:bootanim_config_prop:s0" dev="tmpfs" ino=76 scontext=u:r:shell:s0 tcontext=u:object_r:bootanim_config_prop:s0 tclass=file permissive=1
12-11 13:17:18.620 I/getprop ( 1394): type=1400 audit(0.0:5197): avc: denied { map } for path="/dev/__properties__/u:object_r:bootanim_config_prop:s0" dev="tmpfs" ino=76 scontext=u:r:shell:s0 tcontext=u:object_r:bootanim_config_prop:s0 tclass=file permissive=1
12-11 13:17:18.620 I/getprop ( 1394): type=1400 audit(0.0:5198): avc: denied { open } for path="/dev/__properties__/u:object_r:bootanim_system_prop:s0" dev="tmpfs" ino=77 scontext=u:r:shell:s0 tcontext=u:object_r:bootanim_system_prop:s0 tclass=file permissive=1
12-11 13:17:18.620 I/getprop ( 1394): type=1400 audit(0.0:5199): avc: denied { getattr } for path="/dev/__properties__/u:object_r:bootanim_system_prop:s0" dev="tmpfs" ino=77 scontext=u:r:shell:s0 tcontext=u:object_r:bootanim_system_prop:s0 tclass=file permissive=1
12-11 13:17:18.620 I/getprop ( 1394): type=1400 audit(0.0:5200): avc: denied { map } for path="/dev/__properties__/u:object_r:bootanim_system_prop:s0" dev="tmpfs" ino=77 scontext=u:r:shell:s0 tcontext=u:object_r:bootanim_system_prop:s0 tclass=file permissive=1
12-11 13:17:18.620 I/getprop ( 1394): type=1400 audit(0.0:5201): avc: denied { map } for path="/dev/__properties__/u:object_r:boottime_prop:s0" dev="tmpfs" ino=80 scontext=u:r:shell:s0 tcontext=u:object_r:boottime_prop:s0 tclass=file permissive=1
12-11 13:17:18.620 I/getprop ( 1394): type=1400 audit(0.0:5202): avc: denied { open } for path="/dev/__properties__/u:object_r:boottime_public_prop:s0" dev="tmpfs" ino=81 scontext=u:r:shell:s0 tcontext=u:object_r:boottime_public_prop:s0 tclass=file permissive=1
12-11 13:17:18.620 I/getprop ( 1394): type=1400 audit(0.0:5203): avc: denied { getattr } for path="/dev/__properties__/u:object_r:boottime_public_prop:s0" dev="tmpfs" ino=81 scontext=u:r:shell:s0 tcontext=u:object_r:boottime_public_prop:s0 tclass=file permissive=1
12-11 13:17:18.620 I/getprop ( 1394): type=1400 audit(0.0:5204): avc: denied { map } for path="/dev/__properties__/u:object_r:boottime_public_prop:s0" dev="tmpfs" ino=81 scontext=u:r:shell:s0 tcontext=u:object_r:boottime_public_prop:s0 tclass=file permissive=1
12-11 13:17:18.620 I/getprop ( 1394): type=1400 audit(0.0:5205): avc: denied { open } for path="/dev/__properties__/u:object_r:bpf_progs_loaded_prop:s0" dev="tmpfs" ino=82 scontext=u:r:shell:s0 tcontext=u:object_r:bpf_progs_loaded_prop:s0 tclass=file permissive=1
12-11 13:17:18.620 I/getprop ( 1394): type=1400 audit(0.0:5206): avc: denied { getattr } for path="/dev/__properties__/u:object_r:bpf_progs_loaded_prop:s0" dev="tmpfs" ino=82 scontext=u:r:shell:s0 tcontext=u:object_r:bpf_progs_loaded_prop:s0 tclass=file permissive=1
12-11 13:17:18.620 I/getprop ( 1394): type=1400 audit(0.0:5207): avc: denied { map } for path="/dev/__properties__/u:object_r:bpf_progs_loaded_prop:s0" dev="tmpfs" ino=82 scontext=u:r:shell:s0 tcontext=u:object_r:bpf_progs_loaded_prop:s0 tclass=file permissive=1
12-11 13:17:18.620 I/getprop ( 1394): type=1400 audit(0.0:5208): avc: denied { open } for path="/dev/__properties__/u:object_r:build_config_prop:s0" dev="tmpfs" ino=85 scontext=u:r:shell:s0 tcontext=u:object_r:build_config_prop:s0 tclass=file permissive=1
12-11 13:17:18.620 I/getprop ( 1394): type=1400 audit(0.0:5209): avc: denied { getattr } for path="/dev/__properties__/u:object_r:build_config_prop:s0" dev="tmpfs" ino=85 scontext=u:r:shell:s0 tcontext=u:object_r:build_config_prop:s0 tclass=file permissive=1
12-11 13:17:18.620 I/getprop ( 1394): type=1400 audit(0.0:5210): avc: denied { map } for path="/dev/__properties__/u:object_r:build_config_prop:s0" dev="tmpfs" ino=85 scontext=u:r:shell:s0 tcontext=u:object_r:build_config_prop:s0 tclass=file permissive=1
12-11 13:17:18.620 I/getprop ( 1394): type=1400 audit(0.0:5211): avc: denied { open } for path="/dev/__properties__/u:object_r:charger_config_prop:s0" dev="tmpfs" ino=93 scontext=u:r:shell:s0 tcontext=u:object_r:charger_config_prop:s0 tclass=file permissive=1
12-11 13:17:18.620 I/getprop ( 1394): type=1400 audit(0.0:5212): avc: denied { getattr } for path="/dev/__properties__/u:object_r:charger_config_prop:s0" dev="tmpfs" ino=93 scontext=u:r:shell:s0 tcontext=u:object_r:charger_config_prop:s0 tclass=file permissive=1
12-11 13:17:18.620 I/getprop ( 1394): type=1400 audit(0.0:5213): avc: denied { map } for path="/dev/__properties__/u:object_r:charger_config_prop:s0" dev="tmpfs" ino=93 scontext=u:r:shell:s0 tcontext=u:object_r:charger_config_prop:s0 tclass=file permissive=1
01-01 00:00:33.118 W/audit_log_start( 1394): 413 callbacks suppressed
01-01 00:00:33.118 W/audit   ( 1394): audit_backlog=65 > audit_backlog_limit=64
01-01 00:00:33.118 W/audit   ( 1394): audit_lost=639 audit_rate_limit=0 audit_backlog_limit=64
01-01 00:00:33.118 E/audit   ( 1394): backlog limit exceeded
01-01 00:00:33.118 W/audit   ( 1394): audit_backlog=65 > audit_backlog_limit=64
01-01 00:00:33.118 W/audit   ( 1394): audit_lost=640 audit_rate_limit=0 audit_backlog_limit=64
01-01 00:00:33.118 E/audit   ( 1394): backlog limit exceeded
01-01 00:00:33.118 W/audit   ( 1394): audit_backlog=65 > audit_backlog_limit=64
01-01 00:00:33.118 W/audit   ( 1394): audit_lost=641 audit_rate_limit=0 audit_backlog_limit=64
12-11 13:17:18.620 I/getprop ( 1394): type=1400 audit(0.0:5214): avc: denied { open } for path="/dev/__properties__/u:object_r:charger_prop:s0" dev="tmpfs" ino=94 scontext=u:r:shell:s0 tcontext=u:object_r:charger_prop:s0 tclass=file permissive=1
01-01 00:00:33.118 E/audit   ( 1394): backlog limit exceeded
01-01 00:00:33.118 W/audit   ( 1394): audit_backlog=65 > audit_backlog_limit=64
12-11 13:17:18.620 I/getprop ( 1394): type=1400 audit(0.0:5215): avc: denied { getattr } for path="/dev/__properties__/u:object_r:charger_prop:s0" dev="tmpfs" ino=94 scontext=u:r:shell:s0 tcontext=u:object_r:charger_prop:s0 tclass=file permissive=1
12-11 13:17:18.620 I/getprop ( 1394): type=1400 audit(0.0:5216): avc: denied { map } for path="/dev/__properties__/u:object_r:charger_prop:s0" dev="tmpfs" ino=94 scontext=u:r:shell:s0 tcontext=u:object_r:charger_prop:s0 tclass=file permissive=1
12-11 13:17:18.623 I/getprop ( 1394): type=1400 audit(0.0:5217): avc: denied { open } for path="/dev/__properties__/u:object_r:charger_status_prop:s0" dev="tmpfs" ino=95 scontext=u:r:shell:s0 tcontext=u:object_r:charger_status_prop:s0 tclass=file permissive=1
12-11 13:17:18.623 I/getprop ( 1394): type=1400 audit(0.0:5218): avc: denied { getattr } for path="/dev/__properties__/u:object_r:charger_status_prop:s0" dev="tmpfs" ino=95 scontext=u:r:shell:s0 tcontext=u:object_r:charger_status_prop:s0 tclass=file permissive=1
12-11 13:17:18.623 I/getprop ( 1394): type=1400 audit(0.0:5219): avc: denied { map } for path="/dev/__properties__/u:object_r:charger_status_prop:s0" dev="tmpfs" ino=95 scontext=u:r:shell:s0 tcontext=u:object_r:charger_status_prop:s0 tclass=file permissive=1
12-11 13:17:18.623 I/getprop ( 1394): type=1400 audit(0.0:5220): avc: denied { open } for path="/dev/__properties__/u:object_r:cold_boot_done_prop:s0" dev="tmpfs" ino=97 scontext=u:r:shell:s0 tcontext=u:object_r:cold_boot_done_prop:s0 tclass=file permissive=1
12-11 13:17:18.623 I/getprop ( 1394): type=1400 audit(0.0:5221): avc: denied { getattr } for path="/dev/__properties__/u:object_r:cold_boot_done_prop:s0" dev="tmpfs" ino=97 scontext=u:r:shell:s0 tcontext=u:object_r:cold_boot_done_prop:s0 tclass=file permissive=1
12-11 13:17:18.623 I/getprop ( 1394): type=1400 audit(0.0:5222): avc: denied { map } for path="/dev/__properties__/u:object_r:cold_boot_done_prop:s0" dev="tmpfs" ino=97 scontext=u:r:shell:s0 tcontext=u:object_r:cold_boot_done_prop:s0 tclass=file permissive=1
12-11 13:17:18.623 I/getprop ( 1394): type=1400 audit(0.0:5223): avc: denied { open } for path="/dev/__properties__/u:object_r:cpu_variant_prop:s0" dev="tmpfs" ino=100 scontext=u:r:shell:s0 tcontext=u:object_r:cpu_variant_prop:s0 tclass=file permissive=1
12-11 13:17:18.623 I/getprop ( 1394): type=1400 audit(0.0:5224): avc: denied { getattr } for path="/dev/__properties__/u:object_r:cpu_variant_prop:s0" dev="tmpfs" ino=100 scontext=u:r:shell:s0 tcontext=u:object_r:cpu_variant_prop:s0 tclass=file permissive=1
12-11 13:17:18.623 I/getprop ( 1394): type=1400 audit(0.0:5225): avc: denied { map } for path="/dev/__properties__/u:object_r:cpu_variant_prop:s0" dev="tmpfs" ino=100 scontext=u:r:shell:s0 tcontext=u:object_r:cpu_variant_prop:s0 tclass=file permissive=1
12-11 13:17:18.623 I/getprop ( 1394): type=1400 audit(0.0:5226): avc: denied { open } for path="/dev/__properties__/u:object_r:ctl_adbd_prop:s0" dev="tmpfs" ino=101 scontext=u:r:shell:s0 tcontext=u:object_r:ctl_adbd_prop:s0 tclass=file permissive=1
12-11 13:17:18.623 I/getprop ( 1394): type=1400 audit(0.0:5227): avc: denied { getattr } for path="/dev/__properties__/u:object_r:ctl_adbd_prop:s0" dev="tmpfs" ino=101 scontext=u:r:shell:s0 tcontext=u:object_r:ctl_adbd_prop:s0 tclass=file permissive=1
12-11 13:17:18.623 I/getprop ( 1394): type=1400 audit(0.0:5228): avc: denied { map } for path="/dev/__properties__/u:object_r:ctl_adbd_prop:s0" dev="tmpfs" ino=101 scontext=u:r:shell:s0 tcontext=u:object_r:ctl_adbd_prop:s0 tclass=file permissive=1
12-11 13:17:18.623 I/getprop ( 1394): type=1400 audit(0.0:5229): avc: denied { open } for path="/dev/__properties__/u:object_r:ctl_apexd_prop:s0" dev="tmpfs" ino=102 scontext=u:r:shell:s0 tcontext=u:object_r:ctl_apexd_prop:s0 tclass=file permissive=1
12-11 13:17:18.623 I/getprop ( 1394): type=1400 audit(0.0:5230): avc: denied { getattr } for path="/dev/__properties__/u:object_r:ctl_apexd_prop:s0" dev="tmpfs" ino=102 scontext=u:r:shell:s0 tcontext=u:object_r:ctl_apexd_prop:s0 tclass=file permissive=1
12-11 13:17:18.623 I/getprop ( 1394): type=1400 audit(0.0:5231): avc: denied { map } for path="/dev/__properties__/u:object_r:ctl_apexd_prop:s0" dev="tmpfs" ino=102 scontext=u:r:shell:s0 tcontext=u:object_r:ctl_apexd_prop:s0 tclass=file permissive=1
12-11 13:17:18.623 I/getprop ( 1394): type=1400 audit(0.0:5232): avc: denied { map } for path="/dev/__properties__/u:object_r:ctl_bootanim_prop:s0" dev="tmpfs" ino=103 scontext=u:r:shell:s0 tcontext=u:object_r:ctl_bootanim_prop:s0 tclass=file permissive=1
12-11 13:17:18.623 I/getprop ( 1394): type=1400 audit(0.0:5233): avc: denied { map } for path="/dev/__properties__/u:object_r:ctl_console_prop:s0" dev="tmpfs" ino=105 scontext=u:r:shell:s0 tcontext=u:object_r:ctl_console_prop:s0 tclass=file permissive=1
12-11 13:17:18.623 I/getprop ( 1394): type=1400 audit(0.0:5234): avc: denied { map } for path="/dev/__properties__/u:object_r:ctl_default_prop:s0" dev="tmpfs" ino=106 scontext=u:r:shell:s0 tcontext=u:object_r:ctl_default_prop:s0 tclass=file permissive=1
12-11 13:17:18.623 I/getprop ( 1394): type=1400 audit(0.0:5235): avc: denied { map } for path="/dev/__properties__/u:object_r:ctl_fuse_prop:s0" dev="tmpfs" ino=108 scontext=u:r:shell:s0 tcontext=u:object_r:ctl_fuse_prop:s0 tclass=file permissive=1
12-11 13:17:18.623 I/getprop ( 1394): type=1400 audit(0.0:5236): avc: denied { map } for path="/dev/__properties__/u:object_r:ctl_interface_restart_prop:s0" dev="tmpfs" ino=110 scontext=u:r:shell:s0 tcontext=u:object_r:ctl_interface_restart_prop:s0 tclass=file permissive=1
12-11 13:17:18.623 I/getprop ( 1394): type=1400 audit(0.0:5237): avc: denied { map } for path="/dev/__properties__/u:object_r:ctl_interface_start_prop:s0" dev="tmpfs" ino=111 scontext=u:r:shell:s0 tcontext=u:object_r:ctl_interface_start_prop:s0 tclass=file permissive=1
12-11 13:17:18.623 I/getprop ( 1394): type=1400 audit(0.0:5238): avc: denied { map } for path="/dev/__properties__/u:object_r:ctl_interface_stop_prop:s0" dev="tmpfs" ino=112 scontext=u:r:shell:s0 tcontext=u:object_r:ctl_interface_stop_prop:s0 tclass=file permissive=1
12-11 13:17:18.623 I/getprop ( 1394): type=1400 audit(0.0:5239): avc: denied { map } for path="/dev/__properties__/u:object_r:ctl_mdnsd_prop:s0" dev="tmpfs" ino=113 scontext=u:r:shell:s0 tcontext=u:object_r:ctl_mdnsd_prop:s0 tclass=file permissive=1
12-11 13:17:18.623 I/getprop ( 1394): type=1400 audit(0.0:5240): avc: denied { open } for path="/dev/__properties__/u:object_r:ctl_mediatranscoding_prop:s0" dev="tmpfs" ino=114 scontext=u:r:shell:s0 tcontext=u:object_r:ctl_mediatranscoding_prop:s0 tclass=file permissive=1
12-11 13:17:18.623 I/getprop ( 1394): type=1400 audit(0.0:5241): avc: denied { getattr } for path="/dev/__properties__/u:object_r:ctl_mediatranscoding_prop:s0" dev="tmpfs" ino=114 scontext=u:r:shell:s0 tcontext=u:object_r:ctl_mediatranscoding_prop:s0 tclass=file permissive=1
12-11 13:17:18.623 I/getprop ( 1394): type=1400 audit(0.0:5242): avc: denied { map } for path="/dev/__properties__/u:object_r:ctl_mediatranscoding_prop:s0" dev="tmpfs" ino=114 scontext=u:r:shell:s0 tcontext=u:object_r:ctl_mediatranscoding_prop:s0 tclass=file permissive=1
12-11 13:17:18.623 I/getprop ( 1394): type=1400 audit(0.0:5243): avc: denied { open } for path="/dev/__properties__/u:object_r:ctl_odsign_prop:s0" dev="tmpfs" ino=115 scontext=u:r:shell:s0 tcontext=u:object_r:ctl_odsign_prop:s0 tclass=file permissive=1
12-11 13:17:18.623 I/getprop ( 1394): type=1400 audit(0.0:5244): avc: denied { getattr } for path="/dev/__properties__/u:object_r:ctl_odsign_prop:s0" dev="tmpfs" ino=115 scontext=u:r:shell:s0 tcontext=u:object_r:ctl_odsign_prop:s0 tclass=file permissive=1
12-11 13:17:18.623 I/getprop ( 1394): type=1400 audit(0.0:5245): avc: denied { map } for path="/dev/__properties__/u:object_r:ctl_odsign_prop:s0" dev="tmpfs" ino=115 scontext=u:r:shell:s0 tcontext=u:object_r:ctl_odsign_prop:s0 tclass=file permissive=1
12-11 13:17:18.623 I/getprop ( 1394): type=1400 audit(0.0:5246): avc: denied { map } for path="/dev/__properties__/u:object_r:ctl_restart_prop:s0" dev="tmpfs" ino=116 scontext=u:r:shell:s0 tcontext=u:object_r:ctl_restart_prop:s0 tclass=file permissive=1
12-11 13:17:18.623 I/getprop ( 1394): type=1400 audit(0.0:5247): avc: denied { open } for path="/dev/__properties__/u:object_r:ctl_rildaemon_prop:s0" dev="tmpfs" ino=117 scontext=u:r:shell:s0 tcontext=u:object_r:ctl_rildaemon_prop:s0 tclass=file permissive=1
12-11 13:17:18.623 I/getprop ( 1394): type=1400 audit(0.0:5248): avc: denied { getattr } for path="/dev/__properties__/u:object_r:ctl_rildaemon_prop:s0" dev="tmpfs" ino=117 scontext=u:r:shell:s0 tcontext=u:object_r:ctl_rildaemon_prop:s0 tclass=file permissive=1
12-11 13:17:18.623 I/getprop ( 1394): type=1400 audit(0.0:5249): avc: denied { map } for path="/dev/__properties__/u:object_r:ctl_rildaemon_prop:s0" dev="tmpfs" ino=117 scontext=u:r:shell:s0 tcontext=u:object_r:ctl_rildaemon_prop:s0 tclass=file permissive=1
12-11 13:17:18.623 I/getprop ( 1394): type=1400 audit(0.0:5250): avc: denied { open } for path="/dev/__properties__/u:object_r:ctl_sigstop_prop:s0" dev="tmpfs" ino=118 scontext=u:r:shell:s0 tcontext=u:object_r:ctl_sigstop_prop:s0 tclass=file permissive=1
12-11 13:17:18.623 I/getprop ( 1394): type=1400 audit(0.0:5251): avc: denied { getattr } for path="/dev/__properties__/u:object_r:ctl_sigstop_prop:s0" dev="tmpfs" ino=118 scontext=u:r:shell:s0 tcontext=u:object_r:ctl_sigstop_prop:s0 tclass=file permissive=1
12-11 13:17:18.623 I/getprop ( 1394): type=1400 audit(0.0:5252): avc: denied { map } for path="/dev/__properties__/u:object_r:ctl_sigstop_prop:s0" dev="tmpfs" ino=118 scontext=u:r:shell:s0 tcontext=u:object_r:ctl_sigstop_prop:s0 tclass=file permissive=1
12-11 13:17:18.623 I/getprop ( 1394): type=1400 audit(0.0:5253): avc: denied { open } for path="/dev/__properties__/u:object_r:ctl_start_prop:s0" dev="tmpfs" ino=120 scontext=u:r:shell:s0 tcontext=u:object_r:ctl_start_prop:s0 tclass=file permissive=1
12-11 13:17:18.623 I/getprop ( 1394): type=1400 audit(0.0:5254): avc: denied { getattr } for path="/dev/__properties__/u:object_r:ctl_start_prop:s0" dev="tmpfs" ino=120 scontext=u:r:shell:s0 tcontext=u:object_r:ctl_start_prop:s0 tclass=file permissive=1
12-11 13:17:18.623 I/getprop ( 1394): type=1400 audit(0.0:5255): avc: denied { map } for path="/dev/__properties__/u:object_r:ctl_start_prop:s0" dev="tmpfs" ino=120 scontext=u:r:shell:s0 tcontext=u:object_r:ctl_start_prop:s0 tclass=file permissive=1
