12-11 13:17:10.626 E/bt_osi_alarm(  821): system/bt/osi/src/alarm.cc:688 timer_create_internal: The kernel might not have support for timer_create(CLOCK_BOOTTIME_ALARM): https://lwn.net/Articles/429925/
12-11 13:17:10.626 E/bt_osi_alarm(  821): system/bt/osi/src/alarm.cc:692 timer_create_internal: See following patches: https://git.kernel.org/cgit/linux/kernel/git/torvalds/linux.git/log/?qt=grep&q=CLOCK_BOOTTIME_ALARM
12-11 13:17:10.627 I/bt_osi_thread(  821): system/bt/osi/src/thread.cc:209 run_thread: run_thread: thread id 1134, thread name alarm_default_ca started
12-11 13:17:10.628 I/bt_osi_thread(  821): system/bt/osi/src/thread.cc:209 run_thread: run_thread: thread id 1137, thread name alarm_dispatcher started
12-11 13:17:10.628 I/bt_btif_core(  821): system/bt/btif/src/btif_core.cc:235 btif_init_bluetooth: btif_init_bluetooth entered
12-11 13:17:10.628 I/droid.bluetoot(  821): [1211/131710.628623:INFO:message_loop_thread.cc(224)] Run: message loop starting for thread bt_jni_thread
12-11 13:17:10.628 I/bt_btif_core(  821): system/bt/btif/src/btif_core.cc:239 btif_init_bluetooth: btif_init_bluetooth finished
12-11 13:17:10.628 I/bt_stack_config(  821): system/bt/main/stack_config.cc:51 init: init attempt to load stack conf from /etc/bluetooth/bt_stack.conf
12-11 13:17:10.629 V/SystemUIBootTiming(  840): StartServicescom.android.systemui.power.PowerUI took to complete: 44ms
12-11 13:17:10.630 V/SystemUIBootTiming(  840): StartServicescom.android.systemui.media.RingtonePlayer took to complete: 1ms
12-11 13:17:10.631 V/SystemUIBootTiming(  840): StartServicescom.android.systemui.keyboard.KeyboardUI took to complete: 1ms
12-11 13:17:10.632 V/GraphicsEnvironment( 1082): ANGLE Developer option for 'android.ext.services' set to: 'default'
12-11 13:17:10.632 I/DropBoxManagerService(  651): add tag=system_server_strictmode isTagEnabled=true flags=0x2
12-11 13:17:10.632 V/SystemUIBootTiming(  840): StartServicescom.android.systemui.shortcut.ShortcutKeyDispatcher took to complete: 1ms
12-11 13:17:10.632 I/DropBoxManagerService(  651): add tag=system_app_strictmode isTagEnabled=true flags=0x2
12-11 13:17:10.632 V/SystemUIBootTiming(  840): StartServicescom.android.systemui.VendorServices took to complete: 0ms
12-11 13:17:10.633 V/GraphicsEnvironment( 1082): ANGLE GameManagerService for android.ext.services: false
12-11 13:17:10.633 V/GraphicsEnvironment( 1082): Neither updatable production driver nor prerelease driver is supported.
12-11 13:17:10.633 V/SystemUIBootTiming(  840): StartServicescom.android.systemui.util.leak.GarbageMonitor$Service took to complete: 1ms
12-11 13:17:10.633 V/SystemUIBootTiming(  840): StartServicescom.android.systemui.LatencyTester took to complete: 0ms
12-11 13:17:10.633 I/DropBoxManagerService(  651): add tag=system_app_strictmode isTagEnabled=true flags=0x2
12-11 13:17:10.634 D/NetworkSecurityConfig( 1082): No Network Security Config specified, using platform default
12-11 13:17:10.634 V/SystemUIBootTiming(  840): StartServicescom.android.systemui.globalactions.GlobalActionsComponent took to complete: 1ms
12-11 13:17:10.634 D/NetworkSecurityConfig( 1082): No Network Security Config specified, using platform default
12-11 13:17:10.634 V/SystemUIBootTiming(  840): StartServicescom.android.systemui.ScreenDecorations took to complete: 0ms
12-11 13:17:10.635 V/SystemUIBootTiming(  840): StartServicescom.android.systemui.biometrics.AuthController took to complete: 1ms
12-11 13:17:10.635 V/SystemUIBootTiming(  840): StartServicescom.android.systemui.SliceBroadcastRelayHandler took to complete: 0ms
12-11 13:17:10.635 V/SystemUIBootTiming(  840): StartServicescom.android.systemui.statusbar.notification.InstantAppNotifier took to complete: 1ms
12-11 13:17:10.636 D/ThemeOverlayController(  840): Start
12-11 13:17:10.637 V/SystemUIBootTiming(  840): StartServicescom.android.systemui.theme.ThemeOverlayController took to complete: 1ms
12-11 13:17:10.637 V/SystemUIBootTiming(  840): StartServicescom.android.systemui.accessibility.WindowMagnification took to complete: 0ms
12-11 13:17:10.654 I/SoftMPEG4Encoder(  478): Construct SoftMPEG4Encoder
12-11 13:17:10.654 W/OMXUtils(  475): do not know color format 0x7f000789 = 2130708361
12-11 13:17:10.654 E/OMXNodeInstance(  478): getConfig(0xec5001d0:google.h263.encoder, ConfigAndroidIntraRefresh(0x6f60000a)) ERROR: Undefined(0x80001001)
12-11 13:17:10.654 E/OMXNodeInstance(  478): getParameter(0xec5001d0:google.h263.encoder, ParamVideoIntraRefresh(0x6000006)) ERROR: UnsupportedIndex(0x8000101a)
12-11 13:17:10.654 D/MediaCodecInfo(  475): detail feature-frame-parsing wasn't present to remove
12-11 13:17:10.655 I/OMXClient(  475): IOmx service obtained
12-11 13:17:10.655 I/OMXStore(  478): makeComponentInstance(OMX.google.mpeg4.encoder) in android.hardwar process
12-11 13:17:10.656 I/SoftMPEG4Encoder(  478): Construct SoftMPEG4Encoder
12-11 13:17:10.656 W/OMXUtils(  475): do not know color format 0x7f000789 = 2130708361
12-11 13:17:10.656 E/OMXNodeInstance(  478): getConfig(0xec5001d0:google.mpeg4.encoder, ConfigAndroidIntraRefresh(0x6f60000a)) ERROR: Undefined(0x80001001)
12-11 13:17:10.656 E/OMXNodeInstance(  478): getParameter(0xec5001d0:google.mpeg4.encoder, ParamVideoIntraRefresh(0x6000006)) ERROR: UnsupportedIndex(0x8000101a)
12-11 13:17:10.656 D/MediaCodecInfo(  475): detail feature-frame-parsing wasn't present to remove
12-11 13:17:10.657 I/OMXClient(  475): IOmx service obtained
12-11 13:17:10.657 I/OMXStore(  478): makeComponentInstance(OMX.google.vp8.encoder) in android.hardwar process
12-11 13:17:10.660 I/RenderThread(  955): type=1400 audit(0.0:3607): avc: denied { open } for path="/dev/__properties__/u:object_r:vendor_default_prop:s0" dev="tmpfs" ino=284 scontext=u:r:system_app:s0 tcontext=u:object_r:vendor_default_prop:s0 tclass=file permissive=1
12-11 13:17:10.660 I/RenderThread(  955): type=1400 audit(0.0:3608): avc: denied { getattr } for path="/dev/__properties__/u:object_r:vendor_default_prop:s0" dev="tmpfs" ino=284 scontext=u:r:system_app:s0 tcontext=u:object_r:vendor_default_prop:s0 tclass=file permissive=1
12-11 13:17:10.660 I/RenderThread(  955): type=1400 audit(0.0:3609): avc: denied { map } for path="/dev/__properties__/u:object_r:vendor_default_prop:s0" dev="tmpfs" ino=284 scontext=u:r:system_app:s0 tcontext=u:object_r:vendor_default_prop:s0 tclass=file permissive=1
12-11 13:17:10.664 I/mali_so (  955): [File] : hardware/arm/maliT760/driver/product/base/src/mali_base_kbase.c; [Line] : 1392; [Func] : base_context_deal_with_version_affairs_rk_ext;
12-11 13:17:10.664 I/mali_so (  955): arm_release_ver of this mali_so is 'g18p0-01eac0', rk_so_ver is '2 '.
12-11 13:17:10.664 I/mali_so (  955): [File] : hardware/arm/maliT760/driver/product/base/src/mali_base_kbase.c; [Line] : 1408; [Func] : base_context_deal_with_version_affairs_rk_ext;
12-11 13:17:10.664 I/mali_so (  955): arm_release_vers are match. to set the full mali_ver 'g18p0-01eac0-2' as value of 'sys.gmali.version'.
12-11 13:17:10.667 I/hwservicemanager(  305): getTransport: Cannot find entry android.hardware.configstore@1.0::ISurfaceFlingerConfigs/default in either framework or device VINTF manifest.
12-11 13:17:10.669 V/SystemUIBootTiming(  840): StartServicescom.android.systemui.accessibility.SystemActions took to complete: 32ms
12-11 13:17:10.669 V/SystemUIBootTiming(  840): StartServicescom.android.systemui.toast.ToastUI took to complete: 0ms
12-11 13:17:10.670 V/SystemUIBootTiming(  840): StartServicescom.android.systemui.wmshell.WMShell took to complete: 1ms
12-11 13:17:10.677 I/mali_so (  840): [File] : hardware/arm/maliT760/driver/product/base/src/mali_base_kbase.c; [Line] : 1392; [Func] : base_context_deal_with_version_affairs_rk_ext;
12-11 13:17:10.677 I/mali_so (  840): arm_release_ver of this mali_so is 'g18p0-01eac0', rk_so_ver is '2 '.
12-11 13:17:10.677 I/mali_so (  840): [File] : hardware/arm/maliT760/driver/product/base/src/mali_base_kbase.c; [Line] : 1408; [Func] : base_context_deal_with_version_affairs_rk_ext;
12-11 13:17:10.677 I/mali_so (  840): arm_release_vers are match. to set the full mali_ver 'g18p0-01eac0-2' as value of 'sys.gmali.version'.
12-11 13:17:10.673 I/RenderThread(  840): type=1400 audit(0.0:3610): avc: denied { open } for path="/dev/__properties__/u:object_r:vendor_default_prop:s0" dev="tmpfs" ino=284 scontext=u:r:platform_app:s0:c512,c768 tcontext=u:object_r:vendor_default_prop:s0 tclass=file permissive=1 app=com.android.systemui
12-11 13:17:10.678 D/StatusBar(  840): Received new disable state. Old: enaihbcrso.qingr | New: enaihbcrso.qingr
12-11 13:17:10.678 E/OverviewProxyService(  840): Failed to get overview proxy for disable flags.
12-11 13:17:10.678 V/SystemUIBootTiming(  840): StartServices took to complete: 1034ms
12-11 13:17:10.673 I/RenderThread(  840): type=1400 audit(0.0:3611): avc: denied { getattr } for path="/dev/__properties__/u:object_r:vendor_default_prop:s0" dev="tmpfs" ino=284 scontext=u:r:platform_app:s0:c512,c768 tcontext=u:object_r:vendor_default_prop:s0 tclass=file permissive=1 app=com.android.systemui
12-11 13:17:10.673 I/RenderThread(  840): type=1400 audit(0.0:3612): avc: denied { map } for path="/dev/__properties__/u:object_r:vendor_default_prop:s0" dev="tmpfs" ino=284 scontext=u:r:platform_app:s0:c512,c768 tcontext=u:object_r:vendor_default_prop:s0 tclass=file permissive=1 app=com.android.systemui
12-11 13:17:10.679 E/AppHibernationService(  651): Attempt to call isHibernatingForUser on stopped or nonexistent user 0
12-11 13:17:10.696 I//system/bin/init(    1): type=1107 audit(0.0:3613): uid=0 auid=4294967295 ses=4294967295 subj=u:r:init:s0 msg='avc: denied { set } for property=sys.gmali.version pid=840 uid=10073 gid=10073 scontext=u:r:platform_app:s0:c512,c768 tcontext=u:object_r:system_prop:s0 tclass=property_service permissive=1'
12-11 13:17:10.700 I/hwservicemanager(  305): getTransport: Cannot find entry android.hardware.configstore@1.0::ISurfaceFlingerConfigs/default in either framework or device VINTF manifest.
12-11 13:17:10.737 D/DeferredSmsMmsRestoreService(  951): initial_create_done:true
12-11 13:17:10.737 D/CarrierIdProvider(  951): onCreate
12-11 13:17:10.738 D/CarrierIdDatabaseHelper(  951): CarrierIdDatabaseHelper: 5
12-11 13:17:10.738 I/bt_stack_manager(  821): system/bt/btif/src/stack_manager.cc:233 event_init_stack: finished
12-11 13:17:10.738 I/bt_osi_wakelock(  821): system/bt/osi/src/wakelock.cc:98 wakelock_set_os_callouts: wakelock_set_os_callouts set to non-native
12-11 13:17:10.738 I/bt_btif (  821): system/bt/btif/src/bluetooth.cc:417 get_profile_interface: get_profile_interface: id = socket
12-11 13:17:10.739 E/droid.bluetoot(  821): [1211/131710.739278:ERROR:message_loop_thread.cc(102)] DoInThreadDelayed: message loop is null for thread bt_main_thread(-1), from pc:0x6f18da5b7c
12-11 13:17:10.739 E/droid.bluetoot(  821): [1211/131710.739326:ERROR:btu_task.cc(94)] do_in_main_thread: failed from pc:0x6f18da5b7c
12-11 13:17:10.739 E/droid.bluetoot(  821): [1211/131710.739345:ERROR:message_loop_thread.cc(102)] DoInThreadDelayed: message loop is null for thread bt_main_thread(-1), from pc:0x6f18da5b7c
12-11 13:17:10.739 E/droid.bluetoot(  821): [1211/131710.739361:ERROR:btu_task.cc(94)] do_in_main_thread: failed from pc:0x6f18da5b7c
12-11 13:17:10.739 E/droid.bluetoot(  821): [1211/131710.739378:ERROR:message_loop_thread.cc(102)] DoInThreadDelayed: message loop is null for thread bt_main_thread(-1), from pc:0x6f18da5b7c
12-11 13:17:10.739 E/droid.bluetoot(  821): [1211/131710.739394:ERROR:btu_task.cc(94)] do_in_main_thread: failed from pc:0x6f18da5b7c
12-11 13:17:10.740 D/BluetoothKeystoreService(  821): initJni()
12-11 13:17:10.740 I/bt_btif (  821): system/bt/btif/src/bluetooth.cc:417 get_profile_interface: get_profile_interface: id = bluetooth_keystore
12-11 13:17:10.740 I/bt_btif (  821): system/bt/btif/src/bluetooth.cc:417 get_profile_interface: get_profile_interface: id = sdp
12-11 13:17:10.742 D/BluetoothDatabase(  821): start()
12-11 13:17:10.742 D/BluetoothDatabase(  821): Load Database
12-11 13:17:10.742 I/BluetoothAdapterService(  821): Phone policy enabled
12-11 13:17:10.743 D/BluetoothActiveDeviceManager(  821): start()
12-11 13:17:10.745 D/BluetoothActiveDeviceManager(  821): onAudioDevicesAdded
12-11 13:17:10.745 D/BluetoothActiveDeviceManager(  821): Audio device added: RadxaRock5C type: 2
12-11 13:17:10.745 D/BluetoothActiveDeviceManager(  821): Audio device added: RadxaRock5C type: 15
12-11 13:17:10.745 D/BluetoothActiveDeviceManager(  821): Audio device added: RadxaRock5C type: 25
12-11 13:17:10.745 D/BluetoothAdapterService(  821): setAdapterService() - trying to set service to com.android.bluetooth.btservice.AdapterService@d0f0cd0
12-11 13:17:10.748 D/BluetoothAdapterService(  821): onBind()
12-11 13:17:10.757 D/NetworkSecurityConfig(  651): No Network Security Config specified, using platform default
12-11 13:17:10.757 D/NetworkSecurityConfig(  651): No Network Security Config specified, using platform default
12-11 13:17:10.757 W/Looper  (  651): Slow dispatch took 498ms main h=android.app.ActivityThread$H c=null m=114
12-11 13:17:10.764 I/WebViewLoader-(  874): System.exit called, status: 0
12-11 13:17:10.764 I/AndroidRuntime(  874): VM exiting with result code 0, cleanup skipped.
12-11 13:17:10.767 E/HWComposer(  345): getSupportedContentTypes: getSupportedContentTypes failed for display 0: Unsupported (8)
12-11 13:17:10.767 W/OMXUtils(  475): do not know color format 0x7f000789 = 2130708361
12-11 13:17:10.768 E/OMXNodeInstance(  478): getConfig(0xec5010b0:google.vp8.encoder, ConfigAndroidIntraRefresh(0x6f60000a)) ERROR: Undefined(0x80001001)
12-11 13:17:10.768 E/OMXNodeInstance(  478): getParameter(0xec5010b0:google.vp8.encoder, ParamVideoIntraRefresh(0x6000006)) ERROR: UnsupportedIndex(0x8000101a)
12-11 13:17:10.768 D/MediaCodecInfo(  475): detail feature-frame-parsing wasn't present to remove
12-11 13:17:10.768 E/HWComposer(  345): getSupportedContentTypes: getSupportedContentTypes failed for display 1: Unsupported (8)
12-11 13:17:10.769 I/Codec2Client(  475): Available Codec2 services: "default" "software"
12-11 13:17:10.770 I/ActivityManager(  651): Process WebViewLoader-armeabi-v7a (pid 874) has died: psvc PER 
12-11 13:17:10.770 I/Zygote  (  404): Process 874 exited cleanly (0)
12-11 13:17:10.770 I/libprocessgroup(  651): Successfully killed process cgroup uid 1037 pid 874 in 0ms
12-11 13:17:10.770 I/android.hardware.graphics.allocator@4.0-service(  414): alloc_format: FMT:0x1,MOD:0x10000
12-11 13:17:10.770 I/android.hardware.graphics.allocator@4.0-service(  414): mali_gralloc_adjust_dimensions: alloc_format=FMT:0x1,MOD:0x10000 usage=0xb00 alloc_width=1088, alloc_height=1920
12-11 13:17:10.771 I/ActivityManager(  651): PendingStartActivityUids startActivity to updateOomAdj delay:1280ms, uid:1000
12-11 13:17:10.772 D/android.hardware.graphics.allocator@4.0-service(  414): got new private_handle_t instance for buffer 'ViewRootImpl[FallbackHome]#0(BLAST Consumer)0'. share_fd : 8, share_attr_fd : 9, width : 1080, height : 1920, req_format : 0x1, producer_usage : 0xb00, consumer_usage : 0xb00, , stride : 0, alloc_format : 1, size : 8486912, layer_count : 1
12-11 13:17:10.772 D/android.hardware.graphics.allocator@4.0-service(  414): plane_info[0]: offset : 0, byte_stride : 4352, alloc_width : 1088, alloc_height : 1920
12-11 13:17:10.772 D/android.hardware.graphics.allocator@4.0-service(  414): plane_info[1]: offset : 0, byte_stride : 0, alloc_width : 0, alloc_height : 0
12-11 13:17:10.772 I/android.hardware.graphics.allocator@4.0-service(  414): alloc_format: FMT:0x1,MOD:0x10000
12-11 13:17:10.772 I/android.hardware.graphics.allocator@4.0-service(  414): mali_gralloc_adjust_dimensions: alloc_format=FMT:0x1,MOD:0x10000 usage=0xb00 alloc_width=1920, alloc_height=1088
12-11 13:17:10.773 D/android.hardware.graphics.allocator@4.0-service(  414): got new private_handle_t instance for buffer 'ViewRootImpl[FallbackHome]#0(BLAST Consumer)0'. share_fd : 8, share_attr_fd : 9, width : 1920, height : 1080, req_format : 0x1, producer_usage : 0xb00, consumer_usage : 0xb00, , stride : 0, alloc_format : 1, size : 8486912, layer_count : 1
12-11 13:17:10.773 D/android.hardware.graphics.allocator@4.0-service(  414): plane_info[0]: offset : 0, byte_stride : 7680, alloc_width : 1920, alloc_height : 1088
12-11 13:17:10.773 D/android.hardware.graphics.allocator@4.0-service(  414): plane_info[1]: offset : 0, byte_stride : 0, alloc_width : 0, alloc_height : 0
12-11 13:17:10.774 I/android.hardware.graphics.allocator@4.0-service(  414): alloc_format: FMT:0x1,MOD:0x10000
12-11 13:17:10.774 I/android.hardware.graphics.allocator@4.0-service(  414): mali_gralloc_adjust_dimensions: alloc_format=FMT:0x1,MOD:0x10000 usage=0xb00 alloc_width=1088, alloc_height=1920
12-11 13:17:10.775 D/android.hardware.graphics.allocator@4.0-service(  414): got new private_handle_t instance for buffer 'ViewRootImpl[FallbackHome]#0(BLAST Consumer)0'. share_fd : 8, share_attr_fd : 9, width : 1080, height : 1920, req_format : 0x1, producer_usage : 0xb00, consumer_usage : 0xb00, , stride : 0, alloc_format : 1, size : 8486912, layer_count : 1
12-11 13:17:10.775 D/android.hardware.graphics.allocator@4.0-service(  414): plane_info[0]: offset : 0, byte_stride : 4352, alloc_width : 1088, alloc_height : 1920
12-11 13:17:10.775 D/android.hardware.graphics.allocator@4.0-service(  414): plane_info[1]: offset : 0, byte_stride : 0, alloc_width : 0, alloc_height : 0
12-11 13:17:10.775 I/android.hardware.graphics.allocator@4.0-service(  414): alloc_format: FMT:0x1,MOD:0x10000
12-11 13:17:10.775 I/android.hardware.graphics.allocator@4.0-service(  414): mali_gralloc_adjust_dimensions: alloc_format=FMT:0x1,MOD:0x10000 usage=0xb00 alloc_width=1088, alloc_height=1920
12-11 13:17:10.776 D/android.hardware.graphics.allocator@4.0-service(  414): got new private_handle_t instance for buffer 'ViewRootImpl[FallbackHome]#0(BLAST Consumer)0'. share_fd : 8, share_attr_fd : 9, width : 1080, height : 1920, req_format : 0x1, producer_usage : 0xb00, consumer_usage : 0xb00, , stride : 0, alloc_format : 1, size : 8486912, layer_count : 1
12-11 13:17:10.776 D/android.hardware.graphics.allocator@4.0-service(  414): plane_info[0]: offset : 0, byte_stride : 4352, alloc_width : 1088, alloc_height : 1920
12-11 13:17:10.776 D/android.hardware.graphics.allocator@4.0-service(  414): plane_info[1]: offset : 0, byte_stride : 0, alloc_width : 0, alloc_height : 0
12-11 13:17:10.777 E/hdmicec (  418): set_kernel_logical_address set logic address claim err la:0xff
12-11 13:17:10.778 D/hdmicec (  418): kernel logic addr:ff, preferred logic addr:04
12-11 13:17:10.778 I/hdmicec (  418): kernel logaddr is not existing
12-11 13:17:10.778 D/hdmicec (  418): set_kernel_logical_address, logic address:04
12-11 13:17:10.778 I/hdmicec (  418): primary_device_type:04,log_addr_type:03,log_addr[0]:ff
12-11 13:17:10.778 D/HdmiControlService(  651): Local device is under address allocation. Queue display callback for later process.
12-11 13:17:10.778 I/PackageWatchdog(  651): Syncing health check requests for packages: {}
12-11 13:17:10.778 I/ExplicitHealthCheckController(  651): Service not ready to get health check supported packages. Binding...
12-11 13:17:10.779 E/AppHibernationService(  651): Attempt to call isHibernatingForUser on stopped or nonexistent user 0
12-11 13:17:10.780 D/CarrierIdProvider(  951): update database from pb file
12-11 13:17:10.780 V/WindowManager(  651): getPackagePerformanceMode -- ComponentInfo{com.android.settings/com.android.settings.FallbackHome} -- com.android.settings -- mode=0
12-11 13:17:10.780 V/WindowManager(  651): getPackagePerformanceMode -- ComponentInfo{com.android.settings/com.android.settings.FallbackHome} -- com.android.settings -- mode=0
12-11 13:17:10.781 D/ActivityManagerTiming(  651): FinishBooting
12-11 13:17:10.781 E/HWComposer(  345): getSupportedContentTypes: getSupportedContentTypes failed for display 0: Unsupported (8)
12-11 13:17:10.781 I/ExplicitHealthCheckController(  651): Explicit health check service is bound
12-11 13:17:10.781 W/KeyguardServiceDelegate(  651): onScreenTurningOn(): no keyguard service!
12-11 13:17:10.782 D/UsbDeviceManager(  651): push notification:Charging this device via USB
12-11 13:17:10.782 I/ExplicitHealthCheckServiceImpl( 1082): Network stack module not found
12-11 13:17:10.783 E/HWComposer(  345): getSupportedContentTypes: getSupportedContentTypes failed for display 1: Unsupported (8)
12-11 13:17:10.785 I/android.hardware.graphics.allocator@4.0-service(  414): alloc_format: FMT:0x1,MOD:0
12-11 13:17:10.785 I/android.hardware.graphics.allocator@4.0-service(  414): mali_gralloc_adjust_dimensions: alloc_format=FMT:0x1,MOD:0 usage=0xb00 alloc_width=1080, alloc_height=36
12-11 13:17:10.785 D/android.hardware.graphics.allocator@4.0-service(  414): got new private_handle_t instance for buffer 'ViewRootImpl[ScreenDecorOverlay]#0(BLAST Consumer)0'. share_fd : 8, share_attr_fd : 9, width : 1080, height : 36, req_format : 0x1, producer_usage : 0xb00, consumer_usage : 0xb00, , stride : 0, alloc_format : 1, size : 156672, layer_count : 1
12-11 13:17:10.785 D/android.hardware.graphics.allocator@4.0-service(  414): plane_info[0]: offset : 0, byte_stride : 4352, alloc_width : 1080, alloc_height : 36
12-11 13:17:10.785 D/android.hardware.graphics.allocator@4.0-service(  414): plane_info[1]: offset : 0, byte_stride : 0, alloc_width : 0, alloc_height : 0
12-11 13:17:10.786 I/android.hardware.graphics.allocator@4.0-service(  414): alloc_format: FMT:0x1,MOD:0
12-11 13:17:10.786 I/android.hardware.graphics.allocator@4.0-service(  414): mali_gralloc_adjust_dimensions: alloc_format=FMT:0x1,MOD:0 usage=0xb00 alloc_width=36, alloc_height=1080
12-11 13:17:10.786 D/android.hardware.graphics.allocator@4.0-service(  414): got new private_handle_t instance for buffer 'ViewRootImpl[ScreenDecorOverlay]#0(BLAST Consumer)0'. share_fd : 8, share_attr_fd : 9, width : 36, height : 1080, req_format : 0x1, producer_usage : 0xb00, consumer_usage : 0xb00, , stride : 0, alloc_format : 1, size : 207360, layer_count : 1
12-11 13:17:10.786 D/android.hardware.graphics.allocator@4.0-service(  414): plane_info[0]: offset : 0, byte_stride : 192, alloc_width : 36, alloc_height : 1080
12-11 13:17:10.786 D/android.hardware.graphics.allocator@4.0-service(  414): plane_info[1]: offset : 0, byte_stride : 0, alloc_width : 0, alloc_height : 0
12-11 13:17:10.786 I/android.hardware.graphics.allocator@4.0-service(  414): alloc_format: FMT:0x1,MOD:0
12-11 13:17:10.786 I/android.hardware.graphics.allocator@4.0-service(  414): mali_gralloc_adjust_dimensions: alloc_format=FMT:0x1,MOD:0 usage=0xb00 alloc_width=1080, alloc_height=36
12-11 13:17:10.786 D/android.hardware.graphics.allocator@4.0-service(  414): got new private_handle_t instance for buffer 'ViewRootImpl[ScreenDecorOverlay]#0(BLAST Consumer)0'. share_fd : 8, share_attr_fd : 9, width : 1080, height : 36, req_format : 0x1, producer_usage : 0xb00, consumer_usage : 0xb00, , stride : 0, alloc_format : 1, size : 156672, layer_count : 1
12-11 13:17:10.786 D/android.hardware.graphics.allocator@4.0-service(  414): plane_info[0]: offset : 0, byte_stride : 4352, alloc_width : 1080, alloc_height : 36
12-11 13:17:10.786 D/android.hardware.graphics.allocator@4.0-service(  414): plane_info[1]: offset : 0, byte_stride : 0, alloc_width : 0, alloc_height : 0
12-11 13:17:10.786 I/android.hardware.graphics.allocator@4.0-service(  414): alloc_format: FMT:0x1,MOD:0
12-11 13:17:10.786 I/android.hardware.graphics.allocator@4.0-service(  414): mali_gralloc_adjust_dimensions: alloc_format=FMT:0x1,MOD:0 usage=0xb00 alloc_width=1080, alloc_height=36
12-11 13:17:10.786 D/android.hardware.graphics.allocator@4.0-service(  414): got new private_handle_t instance for buffer 'ViewRootImpl[ScreenDecorOverlay]#0(BLAST Consumer)0'. share_fd : 8, share_attr_fd : 9, width : 1080, height : 36, req_format : 0x1, producer_usage : 0xb00, consumer_usage : 0xb00, , stride : 0, alloc_format : 1, size : 156672, layer_count : 1
12-11 13:17:10.786 D/android.hardware.graphics.allocator@4.0-service(  414): plane_info[0]: offset : 0, byte_stride : 4352, alloc_width : 1080, alloc_height : 36
12-11 13:17:10.786 D/android.hardware.graphics.allocator@4.0-service(  414): plane_info[1]: offset : 0, byte_stride : 0, alloc_width : 0, alloc_height : 0
12-11 13:17:10.792 I/android.hardware.graphics.allocator@4.0-service(  414): alloc_format: FMT:0x1,MOD:0
12-11 13:17:10.792 I/android.hardware.graphics.allocator@4.0-service(  414): mali_gralloc_adjust_dimensions: alloc_format=FMT:0x1,MOD:0 usage=0xb00 alloc_width=1080, alloc_height=36
12-11 13:17:10.792 D/android.hardware.graphics.allocator@4.0-service(  414): got new private_handle_t instance for buffer 'ViewRootImpl[ScreenDecorOverlayBottom]#1(BLAST Consumer)1'. share_fd : 8, share_attr_fd : 9, width : 1080, height : 36, req_format : 0x1, producer_usage : 0xb00, consumer_usage : 0xb00, , stride : 0, alloc_format : 1, size : 156672, layer_count : 1
12-11 13:17:10.792 D/android.hardware.graphics.allocator@4.0-service(  414): plane_info[0]: offset : 0, byte_stride : 4352, alloc_width : 1080, alloc_height : 36
12-11 13:17:10.792 D/android.hardware.graphics.allocator@4.0-service(  414): plane_info[1]: offset : 0, byte_stride : 0, alloc_width : 0, alloc_height : 0
12-11 13:17:10.792 I/android.hardware.graphics.allocator@4.0-service(  414): alloc_format: FMT:0x1,MOD:0
12-11 13:17:10.792 I/android.hardware.graphics.allocator@4.0-service(  414): mali_gralloc_adjust_dimensions: alloc_format=FMT:0x1,MOD:0 usage=0xb00 alloc_width=1080, alloc_height=36
12-11 13:17:10.792 I/android.hardware.graphics.allocator@4.0-service(  414): alloc_format: FMT:0x1,MOD:0
12-11 13:17:10.792 I/android.hardware.graphics.allocator@4.0-service(  414): mali_gralloc_adjust_dimensions: alloc_format=FMT:0x1,MOD:0 usage=0xb00 alloc_width=36, alloc_height=1080
12-11 13:17:10.792 D/android.hardware.graphics.allocator@4.0-service(  414): got new private_handle_t instance for buffer 'ViewRootImpl[ScreenDecorOverlayBottom]#1(BLAST Consumer)1'. share_fd : 10, share_attr_fd : 11, width : 36, height : 1080, req_format : 0x1, producer_usage : 0xb00, consumer_usage : 0xb00, , stride : 0, alloc_format : 1, size : 207360, layer_count : 1
12-11 13:17:10.792 D/android.hardware.graphics.allocator@4.0-service(  414): plane_info[0]: offset : 0, byte_stride : 192, alloc_width : 36, alloc_height : 1080
12-11 13:17:10.792 D/android.hardware.graphics.allocator@4.0-service(  414): plane_info[1]: offset : 0, byte_stride : 0, alloc_width : 0, alloc_height : 0
12-11 13:17:10.792 D/android.hardware.graphics.allocator@4.0-service(  414): got new private_handle_t instance for buffer 'ViewRootImpl[ScreenDecorOverlayBottom]#1(BLAST Consumer)1'. share_fd : 8, share_attr_fd : 9, width : 1080, height : 36, req_format : 0x1, producer_usage : 0xb00, consumer_usage : 0xb00, , stride : 0, alloc_format : 1, size : 156672, layer_count : 1
12-11 13:17:10.792 D/android.hardware.graphics.allocator@4.0-service(  414): plane_info[0]: offset : 0, byte_stride : 4352, alloc_width : 1080, alloc_height : 36
12-11 13:17:10.792 D/android.hardware.graphics.allocator@4.0-service(  414): plane_info[1]: offset : 0, byte_stride : 0, alloc_width : 0, alloc_height : 0
12-11 13:17:10.793 I/android.hardware.graphics.allocator@4.0-service(  414): alloc_format: FMT:0x1,MOD:0
12-11 13:17:10.794 I/android.hardware.graphics.allocator@4.0-service(  414): mali_gralloc_adjust_dimensions: alloc_format=FMT:0x1,MOD:0 usage=0xb00 alloc_width=1080, alloc_height=36
12-11 13:17:10.794 D/android.hardware.graphics.allocator@4.0-service(  414): got new private_handle_t instance for buffer 'ViewRootImpl[ScreenDecorOverlayBottom]#1(BLAST Consumer)1'. share_fd : 8, share_attr_fd : 9, width : 1080, height : 36, req_format : 0x1, producer_usage : 0xb00, consumer_usage : 0xb00, , stride : 0, alloc_format : 1, size : 156672, layer_count : 1
12-11 13:17:10.794 D/android.hardware.graphics.allocator@4.0-service(  414): plane_info[0]: offset : 0, byte_stride : 4352, alloc_width : 1080, alloc_height : 36
12-11 13:17:10.794 D/android.hardware.graphics.allocator@4.0-service(  414): plane_info[1]: offset : 0, byte_stride : 0, alloc_width : 0, alloc_height : 0
12-11 13:17:10.796 I/android.hardware.graphics.allocator@4.0-service(  414): alloc_format: FMT:0x1,MOD:0
12-11 13:17:10.796 I/android.hardware.graphics.allocator@4.0-service(  414): mali_gralloc_adjust_dimensions: alloc_format=FMT:0x1,MOD:0 usage=0xb00 alloc_width=36, alloc_height=1080
12-11 13:17:10.796 D/android.hardware.graphics.allocator@4.0-service(  414): got new private_handle_t instance for buffer 'ViewRootImpl[ScreenDecorOverlay]#0(BLAST Consumer)0'. share_fd : 8, share_attr_fd : 9, width : 36, height : 1080, req_format : 0x1, producer_usage : 0xb00, consumer_usage : 0xb00, , stride : 0, alloc_format : 1, size : 207360, layer_count : 1
12-11 13:17:10.796 D/android.hardware.graphics.allocator@4.0-service(  414): plane_info[0]: offset : 0, byte_stride : 192, alloc_width : 36, alloc_height : 1080
12-11 13:17:10.796 D/android.hardware.graphics.allocator@4.0-service(  414): plane_info[1]: offset : 0, byte_stride : 0, alloc_width : 0, alloc_height : 0
12-11 13:17:10.793 I/getprop ( 1174): type=1400 audit(0.0:3614): avc: denied { open } for path="/dev/__properties__/u:object_r:aac_drc_prop:s0" dev="tmpfs" ino=58 scontext=u:r:shell:s0 tcontext=u:object_r:aac_drc_prop:s0 tclass=file permissive=1
12-11 13:17:10.793 I/getprop ( 1174): type=1400 audit(0.0:3615): avc: denied { getattr } for path="/dev/__properties__/u:object_r:aac_drc_prop:s0" dev="tmpfs" ino=58 scontext=u:r:shell:s0 tcontext=u:object_r:aac_drc_prop:s0 tclass=file permissive=1
12-11 13:17:10.793 I/getprop ( 1174): type=1400 audit(0.0:3616): avc: denied { map } for path="/dev/__properties__/u:object_r:aac_drc_prop:s0" dev="tmpfs" ino=58 scontext=u:r:shell:s0 tcontext=u:object_r:aac_drc_prop:s0 tclass=file permissive=1
12-11 13:17:10.793 I/getprop ( 1174): type=1400 audit(0.0:3617): avc: denied { open } for path="/dev/__properties__/u:object_r:adbd_prop:s0" dev="tmpfs" ino=62 scontext=u:r:shell:s0 tcontext=u:object_r:adbd_prop:s0 tclass=file permissive=1
12-11 13:17:10.793 I/getprop ( 1174): type=1400 audit(0.0:3618): avc: denied { getattr } for path="/dev/__properties__/u:object_r:adbd_prop:s0" dev="tmpfs" ino=62 scontext=u:r:shell:s0 tcontext=u:object_r:adbd_prop:s0 tclass=file permissive=1
12-11 13:17:10.793 I/getprop ( 1174): type=1400 audit(0.0:3619): avc: denied { map } for path="/dev/__properties__/u:object_r:adbd_prop:s0" dev="tmpfs" ino=62 scontext=u:r:shell:s0 tcontext=u:object_r:adbd_prop:s0 tclass=file permissive=1
12-11 13:17:10.793 I/getprop ( 1174): type=1400 audit(0.0:3620): avc: denied { open } for path="/dev/__properties__/u:object_r:apexd_config_prop:s0" dev="tmpfs" ino=63 scontext=u:r:shell:s0 tcontext=u:object_r:apexd_config_prop:s0 tclass=file permissive=1
12-11 13:17:10.793 I/getprop ( 1174): type=1400 audit(0.0:3621): avc: denied { getattr } for path="/dev/__properties__/u:object_r:apexd_config_prop:s0" dev="tmpfs" ino=63 scontext=u:r:shell:s0 tcontext=u:object_r:apexd_config_prop:s0 tclass=file permissive=1
12-11 13:17:10.793 I/getprop ( 1174): type=1400 audit(0.0:3622): avc: denied { map } for path="/dev/__properties__/u:object_r:apexd_config_prop:s0" dev="tmpfs" ino=63 scontext=u:r:shell:s0 tcontext=u:object_r:apexd_config_prop:s0 tclass=file permissive=1
12-11 13:17:10.793 I/getprop ( 1174): type=1400 audit(0.0:3623): avc: denied { open } for path="/dev/__properties__/u:object_r:apexd_prop:s0" dev="tmpfs" ino=64 scontext=u:r:shell:s0 tcontext=u:object_r:apexd_prop:s0 tclass=file permissive=1
12-11 13:17:10.793 I/getprop ( 1174): type=1400 audit(0.0:3624): avc: denied { getattr } for path="/dev/__properties__/u:object_r:apexd_prop:s0" dev="tmpfs" ino=64 scontext=u:r:shell:s0 tcontext=u:object_r:apexd_prop:s0 tclass=file permissive=1
12-11 13:17:10.793 I/getprop ( 1174): type=1400 audit(0.0:3625): avc: denied { map } for path="/dev/__properties__/u:object_r:apexd_prop:s0" dev="tmpfs" ino=64 scontext=u:r:shell:s0 tcontext=u:object_r:apexd_prop:s0 tclass=file permissive=1
12-11 13:17:10.793 I/getprop ( 1174): type=1400 audit(0.0:3626): avc: denied { open } for path="/dev/__properties__/u:object_r:apk_verity_prop:s0" dev="tmpfs" ino=65 scontext=u:r:shell:s0 tcontext=u:object_r:apk_verity_prop:s0 tclass=file permissive=1
12-11 13:17:10.793 I/getprop ( 1174): type=1400 audit(0.0:3627): avc: denied { getattr } for path="/dev/__properties__/u:object_r:apk_verity_prop:s0" dev="tmpfs" ino=65 scontext=u:r:shell:s0 tcontext=u:object_r:apk_verity_prop:s0 tclass=file permissive=1
12-11 13:17:10.793 I/getprop ( 1174): type=1400 audit(0.0:3628): avc: denied { map } for path="/dev/__properties__/u:object_r:apk_verity_prop:s0" dev="tmpfs" ino=65 scontext=u:r:shell:s0 tcontext=u:object_r:apk_verity_prop:s0 tclass=file permissive=1
12-11 13:17:10.793 I/getprop ( 1174): type=1400 audit(0.0:3629): avc: denied { open } for path="/dev/__properties__/u:object_r:audio_config_prop:s0" dev="tmpfs" ino=67 scontext=u:r:shell:s0 tcontext=u:object_r:audio_config_prop:s0 tclass=file permissive=1
12-11 13:17:10.793 I/getprop ( 1174): type=1400 audit(0.0:3630): avc: denied { getattr } for path="/dev/__properties__/u:object_r:audio_config_prop:s0" dev="tmpfs" ino=67 scontext=u:r:shell:s0 tcontext=u:object_r:audio_config_prop:s0 tclass=file permissive=1
12-11 13:17:10.793 I/getprop ( 1174): type=1400 audit(0.0:3631): avc: denied { map } for path="/dev/__properties__/u:object_r:audio_config_prop:s0" dev="tmpfs" ino=67 scontext=u:r:shell:s0 tcontext=u:object_r:audio_config_prop:s0 tclass=file permissive=1
12-11 13:17:10.793 I/getprop ( 1174): type=1400 audit(0.0:3632): avc: denied { open } for path="/dev/__properties__/u:object_r:bluetooth_a2dp_offload_prop:s0" dev="tmpfs" ino=72 scontext=u:r:shell:s0 tcontext=u:object_r:bluetooth_a2dp_offload_prop:s0 tclass=file permissive=1
12-11 13:17:10.793 I/getprop ( 1174): type=1400 audit(0.0:3633): avc: denied { getattr } for path="/dev/__properties__/u:object_r:bluetooth_a2dp_offload_prop:s0" dev="tmpfs" ino=72 scontext=u:r:shell:s0 tcontext=u:object_r:bluetooth_a2dp_offload_prop:s0 tclass=file permissive=1
12-11 13:17:10.793 I/getprop ( 1174): type=1400 audit(0.0:3634): avc: denied { map } for path="/dev/__properties__/u:object_r:bluetooth_a2dp_offload_prop:s0" dev="tmpfs" ino=72 scontext=u:r:shell:s0 tcontext=u:object_r:bluetooth_a2dp_offload_prop:s0 tclass=file permissive=1
12-11 13:17:10.793 I/getprop ( 1174): type=1400 audit(0.0:3635): avc: denied { open } for path="/dev/__properties__/u:object_r:bluetooth_audio_hal_prop:s0" dev="tmpfs" ino=73 scontext=u:r:shell:s0 tcontext=u:object_r:bluetooth_audio_hal_prop:s0 tclass=file permissive=1
12-11 13:17:10.797 I/android.hardware.graphics.allocator@4.0-service(  414): alloc_format: FMT:0x1,MOD:0
12-11 13:17:10.797 I/android.hardware.graphics.allocator@4.0-service(  414): mali_gralloc_adjust_dimensions: alloc_format=FMT:0x1,MOD:0 usage=0xb00 alloc_width=36, alloc_height=1080
12-11 13:17:10.798 D/android.hardware.graphics.allocator@4.0-service(  414): got new private_handle_t instance for buffer 'ViewRootImpl[ScreenDecorOverlayBottom]#1(BLAST Consumer)1'. share_fd : 8, share_attr_fd : 9, width : 36, height : 1080, req_format : 0x1, producer_usage : 0xb00, consumer_usage : 0xb00, , stride : 0, alloc_format : 1, size : 207360, layer_count : 1
12-11 13:17:10.798 D/android.hardware.graphics.allocator@4.0-service(  414): plane_info[0]: offset : 0, byte_stride : 192, alloc_width : 36, alloc_height : 1080
12-11 13:17:10.798 D/android.hardware.graphics.allocator@4.0-service(  414): plane_info[1]: offset : 0, byte_stride : 0, alloc_width : 0, alloc_height : 0
12-11 13:17:10.793 I/getprop ( 1174): type=1400 audit(0.0:3636): avc: denied { getattr } for path="/dev/__properties__/u:object_r:bluetooth_audio_hal_prop:s0" dev="tmpfs" ino=73 scontext=u:r:shell:s0 tcontext=u:object_r:bluetooth_audio_hal_prop:s0 tclass=file permissive=1
12-11 13:17:10.793 I/getprop ( 1174): type=1400 audit(0.0:3637): avc: denied { map } for path="/dev/__properties__/u:object_r:bluetooth_audio_hal_prop:s0" dev="tmpfs" ino=73 scontext=u:r:shell:s0 tcontext=u:object_r:bluetooth_audio_hal_prop:s0 tclass=file permissive=1
12-11 13:17:10.793 I/getprop ( 1174): type=1400 audit(0.0:3638): avc: denied { open } for path="/dev/__properties__/u:object_r:bluetooth_prop:s0" dev="tmpfs" ino=74 scontext=u:r:shell:s0 tcontext=u:object_r:bluetooth_prop:s0 tclass=file permissive=1
12-11 13:17:10.793 I/getprop ( 1174): type=1400 audit(0.0:3639): avc: denied { getattr } for path="/dev/__properties__/u:object_r:bluetooth_prop:s0" dev="tmpfs" ino=74 scontext=u:r:shell:s0 tcontext=u:object_r:bluetooth_prop:s0 tclass=file permissive=1
12-11 13:17:10.793 I/getprop ( 1174): type=1400 audit(0.0:3640): avc: denied { map } for path="/dev/__properties__/u:object_r:bluetooth_prop:s0" dev="tmpfs" ino=74 scontext=u:r:shell:s0 tcontext=u:object_r:bluetooth_prop:s0 tclass=file permissive=1
12-11 13:17:10.793 I/getprop ( 1174): type=1400 audit(0.0:3641): avc: denied { open } for path="/dev/__properties__/u:object_r:bootanim_config_prop:s0" dev="tmpfs" ino=76 scontext=u:r:shell:s0 tcontext=u:object_r:bootanim_config_prop:s0 tclass=file permissive=1
12-11 13:17:10.793 I/getprop ( 1174): type=1400 audit(0.0:3642): avc: denied { getattr } for path="/dev/__properties__/u:object_r:bootanim_config_prop:s0" dev="tmpfs" ino=76 scontext=u:r:shell:s0 tcontext=u:object_r:bootanim_config_prop:s0 tclass=file permissive=1
12-11 13:17:10.793 I/getprop ( 1174): type=1400 audit(0.0:3643): avc: denied { map } for path="/dev/__properties__/u:object_r:bootanim_config_prop:s0" dev="tmpfs" ino=76 scontext=u:r:shell:s0 tcontext=u:object_r:bootanim_config_prop:s0 tclass=file permissive=1
12-11 13:17:10.793 I/getprop ( 1174): type=1400 audit(0.0:3644): avc: denied { open } for path="/dev/__properties__/u:object_r:bootanim_system_prop:s0" dev="tmpfs" ino=77 scontext=u:r:shell:s0 tcontext=u:object_r:bootanim_system_prop:s0 tclass=file permissive=1
12-11 13:17:10.793 I/getprop ( 1174): type=1400 audit(0.0:3645): avc: denied { getattr } for path="/dev/__properties__/u:object_r:bootanim_system_prop:s0" dev="tmpfs" ino=77 scontext=u:r:shell:s0 tcontext=u:object_r:bootanim_system_prop:s0 tclass=file permissive=1
12-11 13:17:10.793 I/getprop ( 1174): type=1400 audit(0.0:3646): avc: denied { map } for path="/dev/__properties__/u:object_r:bootanim_system_prop:s0" dev="tmpfs" ino=77 scontext=u:r:shell:s0 tcontext=u:object_r:bootanim_system_prop:s0 tclass=file permissive=1
12-11 13:17:10.793 I/getprop ( 1174): type=1400 audit(0.0:3647): avc: denied { map } for path="/dev/__properties__/u:object_r:boottime_prop:s0" dev="tmpfs" ino=80 scontext=u:r:shell:s0 tcontext=u:object_r:boottime_prop:s0 tclass=file permissive=1
12-11 13:17:10.793 I/getprop ( 1174): type=1400 audit(0.0:3648): avc: denied { open } for path="/dev/__properties__/u:object_r:boottime_public_prop:s0" dev="tmpfs" ino=81 scontext=u:r:shell:s0 tcontext=u:object_r:boottime_public_prop:s0 tclass=file permissive=1
12-11 13:17:10.793 I/getprop ( 1174): type=1400 audit(0.0:3649): avc: denied { getattr } for path="/dev/__properties__/u:object_r:boottime_public_prop:s0" dev="tmpfs" ino=81 scontext=u:r:shell:s0 tcontext=u:object_r:boottime_public_prop:s0 tclass=file permissive=1
12-11 13:17:10.793 I/getprop ( 1174): type=1400 audit(0.0:3650): avc: denied { map } for path="/dev/__properties__/u:object_r:boottime_public_prop:s0" dev="tmpfs" ino=81 scontext=u:r:shell:s0 tcontext=u:object_r:boottime_public_prop:s0 tclass=file permissive=1
12-11 13:17:10.793 I/getprop ( 1174): type=1400 audit(0.0:3651): avc: denied { open } for path="/dev/__properties__/u:object_r:bpf_progs_loaded_prop:s0" dev="tmpfs" ino=82 scontext=u:r:shell:s0 tcontext=u:object_r:bpf_progs_loaded_prop:s0 tclass=file permissive=1
12-11 13:17:10.796 I/getprop ( 1174): type=1400 audit(0.0:3652): avc: denied { getattr } for path="/dev/__properties__/u:object_r:bpf_progs_loaded_prop:s0" dev="tmpfs" ino=82 scontext=u:r:shell:s0 tcontext=u:object_r:bpf_progs_loaded_prop:s0 tclass=file permissive=1
12-11 13:17:10.796 I/getprop ( 1174): type=1400 audit(0.0:3653): avc: denied { map } for path="/dev/__properties__/u:object_r:bpf_progs_loaded_prop:s0" dev="tmpfs" ino=82 scontext=u:r:shell:s0 tcontext=u:object_r:bpf_progs_loaded_prop:s0 tclass=file permissive=1
12-11 13:17:10.796 I/getprop ( 1174): type=1400 audit(0.0:3654): avc: denied { open } for path="/dev/__properties__/u:object_r:build_config_prop:s0" dev="tmpfs" ino=85 scontext=u:r:shell:s0 tcontext=u:object_r:build_config_prop:s0 tclass=file permissive=1
12-11 13:17:10.796 I/getprop ( 1174): type=1400 audit(0.0:3655): avc: denied { getattr } for path="/dev/__properties__/u:object_r:build_config_prop:s0" dev="tmpfs" ino=85 scontext=u:r:shell:s0 tcontext=u:object_r:build_config_prop:s0 tclass=file permissive=1
12-11 13:17:10.796 I/getprop ( 1174): type=1400 audit(0.0:3656): avc: denied { map } for path="/dev/__properties__/u:object_r:build_config_prop:s0" dev="tmpfs" ino=85 scontext=u:r:shell:s0 tcontext=u:object_r:build_config_prop:s0 tclass=file permissive=1
12-11 13:17:10.796 I/getprop ( 1174): type=1400 audit(0.0:3657): avc: denied { open } for path="/dev/__properties__/u:object_r:charger_config_prop:s0" dev="tmpfs" ino=93 scontext=u:r:shell:s0 tcontext=u:object_r:charger_config_prop:s0 tclass=file permissive=1
12-11 13:17:10.796 I/getprop ( 1174): type=1400 audit(0.0:3658): avc: denied { getattr } for path="/dev/__properties__/u:object_r:charger_config_prop:s0" dev="tmpfs" ino=93 scontext=u:r:shell:s0 tcontext=u:object_r:charger_config_prop:s0 tclass=file permissive=1
12-11 13:17:10.796 I/getprop ( 1174): type=1400 audit(0.0:3659): avc: denied { map } for path="/dev/__properties__/u:object_r:charger_config_prop:s0" dev="tmpfs" ino=93 scontext=u:r:shell:s0 tcontext=u:object_r:charger_config_prop:s0 tclass=file permissive=1
12-11 13:17:10.796 I/getprop ( 1174): type=1400 audit(0.0:3660): avc: denied { open } for path="/dev/__properties__/u:object_r:charger_prop:s0" dev="tmpfs" ino=94 scontext=u:r:shell:s0 tcontext=u:object_r:charger_prop:s0 tclass=file permissive=1
12-11 13:17:10.796 I/getprop ( 1174): type=1400 audit(0.0:3661): avc: denied { getattr } for path="/dev/__properties__/u:object_r:charger_prop:s0" dev="tmpfs" ino=94 scontext=u:r:shell:s0 tcontext=u:object_r:charger_prop:s0 tclass=file permissive=1
12-11 13:17:10.796 I/getprop ( 1174): type=1400 audit(0.0:3662): avc: denied { map } for path="/dev/__properties__/u:object_r:charger_prop:s0" dev="tmpfs" ino=94 scontext=u:r:shell:s0 tcontext=u:object_r:charger_prop:s0 tclass=file permissive=1
12-11 13:17:10.796 I/getprop ( 1174): type=1400 audit(0.0:3663): avc: denied { open } for path="/dev/__properties__/u:object_r:cold_boot_done_prop:s0" dev="tmpfs" ino=97 scontext=u:r:shell:s0 tcontext=u:object_r:cold_boot_done_prop:s0 tclass=file permissive=1
12-11 13:17:10.796 I/getprop ( 1174): type=1400 audit(0.0:3664): avc: denied { getattr } for path="/dev/__properties__/u:object_r:cold_boot_done_prop:s0" dev="tmpfs" ino=97 scontext=u:r:shell:s0 tcontext=u:object_r:cold_boot_done_prop:s0 tclass=file permissive=1
12-11 13:17:10.796 I/getprop ( 1174): type=1400 audit(0.0:3665): avc: denied { map } for path="/dev/__properties__/u:object_r:cold_boot_done_prop:s0" dev="tmpfs" ino=97 scontext=u:r:shell:s0 tcontext=u:object_r:cold_boot_done_prop:s0 tclass=file permissive=1
12-11 13:17:10.796 I/getprop ( 1174): type=1400 audit(0.0:3666): avc: denied { open } for path="/dev/__properties__/u:object_r:cpu_variant_prop:s0" dev="tmpfs" ino=100 scontext=u:r:shell:s0 tcontext=u:object_r:cpu_variant_prop:s0 tclass=file permissive=1
12-11 13:17:10.796 I/getprop ( 1174): type=1400 audit(0.0:3667): avc: denied { getattr } for path="/dev/__properties__/u:object_r:cpu_variant_prop:s0" dev="tmpfs" ino=100 scontext=u:r:shell:s0 tcontext=u:object_r:cpu_variant_prop:s0 tclass=file permissive=1
12-11 13:17:10.796 I/getprop ( 1174): type=1400 audit(0.0:3668): avc: denied { map } for path="/dev/__properties__/u:object_r:cpu_variant_prop:s0" dev="tmpfs" ino=100 scontext=u:r:shell:s0 tcontext=u:object_r:cpu_variant_prop:s0 tclass=file permissive=1
12-11 13:17:10.796 I/getprop ( 1174): type=1400 audit(0.0:3669): avc: denied { open } for path="/dev/__properties__/u:object_r:ctl_apexd_prop:s0" dev="tmpfs" ino=102 scontext=u:r:shell:s0 tcontext=u:object_r:ctl_apexd_prop:s0 tclass=file permissive=1
12-11 13:17:10.796 I/getprop ( 1174): type=1400 audit(0.0:3670): avc: denied { getattr } for path="/dev/__properties__/u:object_r:ctl_apexd_prop:s0" dev="tmpfs" ino=102 scontext=u:r:shell:s0 tcontext=u:object_r:ctl_apexd_prop:s0 tclass=file permissive=1
12-11 13:17:10.799 I/android.hardware.graphics.allocator@4.0-service(  414): alloc_format: FMT:0x1,MOD:0
12-11 13:17:10.796 I/getprop ( 1174): type=1400 audit(0.0:3671): avc: denied { map } for path="/dev/__properties__/u:object_r:ctl_apexd_prop:s0" dev="tmpfs" ino=102 scontext=u:r:shell:s0 tcontext=u:object_r:ctl_apexd_prop:s0 tclass=file permissive=1
12-11 13:17:10.799 I/android.hardware.graphics.allocator@4.0-service(  414): mali_gralloc_adjust_dimensions: alloc_format=FMT:0x1,MOD:0 usage=0x20001a00 alloc_width=800, alloc_height=1280
12-11 13:17:10.796 I/getprop ( 1174): type=1400 audit(0.0:3672): avc: denied { map } for path="/dev/__properties__/u:object_r:ctl_bootanim_prop:s0" dev="tmpfs" ino=103 scontext=u:r:shell:s0 tcontext=u:object_r:ctl_bootanim_prop:s0 tclass=file permissive=1
12-11 13:17:10.796 I/getprop ( 1174): type=1400 audit(0.0:3673): avc: denied { map } for path="/dev/__properties__/u:object_r:ctl_console_prop:s0" dev="tmpfs" ino=105 scontext=u:r:shell:s0 tcontext=u:object_r:ctl_console_prop:s0 tclass=file permissive=1
12-11 13:17:10.796 I/getprop ( 1174): type=1400 audit(0.0:3674): avc: denied { map } for path="/dev/__properties__/u:object_r:ctl_default_prop:s0" dev="tmpfs" ino=106 scontext=u:r:shell:s0 tcontext=u:object_r:ctl_default_prop:s0 tclass=file permissive=1
12-11 13:17:10.796 I/getprop ( 1174): type=1400 audit(0.0:3675): avc: denied { map } for path="/dev/__properties__/u:object_r:ctl_fuse_prop:s0" dev="tmpfs" ino=108 scontext=u:r:shell:s0 tcontext=u:object_r:ctl_fuse_prop:s0 tclass=file permissive=1
12-11 13:17:10.796 I/getprop ( 1174): type=1400 audit(0.0:3676): avc: denied { map } for path="/dev/__properties__/u:object_r:ctl_interface_restart_prop:s0" dev="tmpfs" ino=110 scontext=u:r:shell:s0 tcontext=u:object_r:ctl_interface_restart_prop:s0 tclass=file permissive=1
12-11 13:17:10.796 I/getprop ( 1174): type=1400 audit(0.0:3677): avc: denied { map } for path="/dev/__properties__/u:object_r:ctl_interface_start_prop:s0" dev="tmpfs" ino=111 scontext=u:r:shell:s0 tcontext=u:object_r:ctl_interface_start_prop:s0 tclass=file permissive=1
12-11 13:17:10.796 I/getprop ( 1174): type=1400 audit(0.0:3678): avc: denied { map } for path="/dev/__properties__/u:object_r:ctl_mdnsd_prop:s0" dev="tmpfs" ino=113 scontext=u:r:shell:s0 tcontext=u:object_r:ctl_mdnsd_prop:s0 tclass=file permissive=1
12-11 13:17:10.796 I/getprop ( 1174): type=1400 audit(0.0:3679): avc: denied { open } for path="/dev/__properties__/u:object_r:ctl_mediatranscoding_prop:s0" dev="tmpfs" ino=114 scontext=u:r:shell:s0 tcontext=u:object_r:ctl_mediatranscoding_prop:s0 tclass=file permissive=1
12-11 13:17:10.796 I/getprop ( 1174): type=1400 audit(0.0:3680): avc: denied { getattr } for path="/dev/__properties__/u:object_r:ctl_mediatranscoding_prop:s0" dev="tmpfs" ino=114 scontext=u:r:shell:s0 tcontext=u:object_r:ctl_mediatranscoding_prop:s0 tclass=file permissive=1
12-11 13:17:10.796 I/getprop ( 1174): type=1400 audit(0.0:3681): avc: denied { map } for path="/dev/__properties__/u:object_r:ctl_mediatranscoding_prop:s0" dev="tmpfs" ino=114 scontext=u:r:shell:s0 tcontext=u:object_r:ctl_mediatranscoding_prop:s0 tclass=file permissive=1
12-11 13:17:10.796 I/getprop ( 1174): type=1400 audit(0.0:3682): avc: denied { open } for path="/dev/__properties__/u:object_r:ctl_odsign_prop:s0" dev="tmpfs" ino=115 scontext=u:r:shell:s0 tcontext=u:object_r:ctl_odsign_prop:s0 tclass=file permissive=1
12-11 13:17:10.796 I/getprop ( 1174): type=1400 audit(0.0:3683): avc: denied { getattr } for path="/dev/__properties__/u:object_r:ctl_odsign_prop:s0" dev="tmpfs" ino=115 scontext=u:r:shell:s0 tcontext=u:object_r:ctl_odsign_prop:s0 tclass=file permissive=1
12-11 13:17:10.796 I/getprop ( 1174): type=1400 audit(0.0:3684): avc: denied { map } for path="/dev/__properties__/u:object_r:ctl_odsign_prop:s0" dev="tmpfs" ino=115 scontext=u:r:shell:s0 tcontext=u:object_r:ctl_odsign_prop:s0 tclass=file permissive=1
12-11 13:17:10.796 I/getprop ( 1174): type=1400 audit(0.0:3685): avc: denied { map } for path="/dev/__properties__/u:object_r:ctl_restart_prop:s0" dev="tmpfs" ino=116 scontext=u:r:shell:s0 tcontext=u:object_r:ctl_restart_prop:s0 tclass=file permissive=1
12-11 13:17:10.796 I/getprop ( 1174): type=1400 audit(0.0:3686): avc: denied { open } for path="/dev/__properties__/u:object_r:ctl_rildaemon_prop:s0" dev="tmpfs" ino=117 scontext=u:r:shell:s0 tcontext=u:object_r:ctl_rildaemon_prop:s0 tclass=file permissive=1
12-11 13:17:10.796 I/getprop ( 1174): type=1400 audit(0.0:3687): avc: denied { getattr } for path="/dev/__properties__/u:object_r:ctl_rildaemon_prop:s0" dev="tmpfs" ino=117 scontext=u:r:shell:s0 tcontext=u:object_r:ctl_rildaemon_prop:s0 tclass=file permissive=1
12-11 13:17:10.796 I/getprop ( 1174): type=1400 audit(0.0:3688): avc: denied { map } for path="/dev/__properties__/u:object_r:ctl_rildaemon_prop:s0" dev="tmpfs" ino=117 scontext=u:r:shell:s0 tcontext=u:object_r:ctl_rildaemon_prop:s0 tclass=file permissive=1
