12-11 13:17:11.245 D/CCodec  (  651):   int32_t sample-rate = 48000
12-11 13:17:11.245 D/CCodec  (  651):   int32_t channel-mask = 1
12-11 13:17:11.245 D/CCodec  (  651): }
12-11 13:17:11.245 I/CCodecConfig(  651): query failed after returning 7 values (BAD_INDEX)
12-11 13:17:11.246 W/Codec2Client(  651): query -- param skipped: index = 1342179345.
12-11 13:17:11.246 W/Codec2Client(  651): query -- param skipped: index = 2415921170.
12-11 13:17:11.246 D/ThemeOverlayController(  840): fetched overlays. accent: android.content.om.FabricatedOverlay@cc004b7 neutral: android.content.om.FabricatedOverlay@bbbf424
12-11 13:17:11.246 D/ThemeOverlayController(  840): updateThemeOverlays. Setting: null
12-11 13:17:11.246 D/CCodecBufferChannel(  651): [c2.android.vorbis.decoder#686] Created input block pool with allocatorID 16 => poolID 21 - OK (0)
12-11 13:17:11.246 D/ThemeOverlayController(  840): Applying overlays: android.theme.customization.system_palette -> com.android.systemui:neutral, android.theme.customization.accent_color -> com.android.systemui:accent
12-11 13:17:11.246 I/CCodecBufferChannel(  651): [c2.android.vorbis.decoder#686] Created output block pool with allocatorID 16 => poolID 23 - OK
12-11 13:17:11.247 D/CCodecBufferChannel(  651): [c2.android.vorbis.decoder#686] Configured output block pool ids 23 => OK
12-11 13:17:11.247 D/SimpleC2Component(  480): Using output block pool with poolID 23 => got 23 - 0
12-11 13:17:11.249 D/CCodecBufferChannel(  651): [c2.android.vorbis.decoder#11] MediaCodec discarded an unknown buffer
12-11 13:17:11.249 D/CCodecBufferChannel(  651): [c2.android.vorbis.decoder#11] MediaCodec discarded an unknown buffer
12-11 13:17:11.250 I/hw-BpHwBinder(  651): onLastStrongRef automatically unlinking death recipients
12-11 13:17:11.251 V/ShadeControllerImpl(  840): NotificationShadeWindow: com.android.systemui.statusbar.phone.NotificationShadeWindowView{701c9e1 I.E...... ......ID 0,0-1080,1920} canPanelBeCollapsed(): false
12-11 13:17:11.252 W/idmap2d (  467): failed to parse idmap header of '/data/resource-cache/data@resource-cache@com.android.systemui-accent-HTBC.frro@idmap'
12-11 13:17:11.258 D/CCodecBufferChannel(  651): [c2.android.vorbis.decoder#686] MediaCodec discarded an unknown buffer
12-11 13:17:11.258 D/CCodecBufferChannel(  651): [c2.android.vorbis.decoder#686] MediaCodec discarded an unknown buffer
12-11 13:17:11.258 I/hw-BpHwBinder(  651): onLastStrongRef automatically unlinking death recipients
12-11 13:17:11.259 I/hw-BpHwBinder(  480): onLastStrongRef automatically unlinking death recipients
12-11 13:17:11.259 D/MediaCodecList(  651): codecHandlesFormat: no format, so no extra checks
12-11 13:17:11.259 D/MediaCodecList(  651): codecHandlesFormat: no format, so no extra checks
12-11 13:17:11.260 D/CCodec  (  651): allocate(c2.android.vorbis.decoder)
12-11 13:17:11.260 I/CCodec  (  651): setting up 'default' as default (vendor) store
12-11 13:17:11.261 I/CCodec  (  651): Created component [c2.android.vorbis.decoder]
12-11 13:17:11.261 D/CCodecConfig(  651): read media type: audio/vorbis
12-11 13:17:11.262 W/DepthController(  840): Invalid qs expansion
12-11 13:17:11.262 D/ReflectedParamUpdater(  651): extent() != 1 for single value type: algo.buffers.max-count.values
12-11 13:17:11.262 D/ReflectedParamUpdater(  651): extent() != 1 for single value type: output.subscribed-indices.values
12-11 13:17:11.262 D/ReflectedParamUpdater(  651): extent() != 1 for single value type: input.buffers.allocator-ids.values
12-11 13:17:11.262 D/ReflectedParamUpdater(  651): extent() != 1 for single value type: output.buffers.allocator-ids.values
12-11 13:17:11.262 D/ReflectedParamUpdater(  651): extent() != 1 for single value type: algo.buffers.allocator-ids.values
12-11 13:17:11.262 D/ReflectedParamUpdater(  651): extent() != 1 for single value type: output.buffers.pool-ids.values
12-11 13:17:11.263 D/ReflectedParamUpdater(  651): extent() != 1 for single value type: algo.buffers.pool-ids.values
12-11 13:17:11.263 I/CCodecConfig(  651): query failed after returning 7 values (BAD_INDEX)
12-11 13:17:11.263 D/StatusBar(  840): updateQsExpansionEnabled - QS Expand enabled: true
12-11 13:17:11.263 D/CCodecConfig(  651): c2 config diff is Dict {
12-11 13:17:11.263 D/CCodecConfig(  651):   c2::u32 coded.bitrate.value = 64000
12-11 13:17:11.263 D/CCodecConfig(  651):   c2::u32 input.buffers.max-size.value = 32768
12-11 13:17:11.263 D/CCodecConfig(  651):   c2::u32 input.delay.value = 0
12-11 13:17:11.263 D/CCodecConfig(  651):   string input.media-type.value = "audio/vorbis"
12-11 13:17:11.263 D/CCodecConfig(  651):   string output.media-type.value = "audio/raw"
12-11 13:17:11.263 D/CCodecConfig(  651):   c2::u32 raw.channel-count.value = 1
12-11 13:17:11.263 D/CCodecConfig(  651):   c2::u32 raw.sample-rate.value = 48000
12-11 13:17:11.263 D/CCodecConfig(  651): }
12-11 13:17:11.263 D/CCodec  (  651): [c2.android.vorbis.decoder] buffers are bound to CCodec for this session
12-11 13:17:11.263 D/CCodecConfig(  651): no c2 equivalents for durationUs
12-11 13:17:11.263 D/CCodecConfig(  651): no c2 equivalents for track-id
12-11 13:17:11.263 D/CCodecConfig(  651): no c2 equivalents for csd-1
12-11 13:17:11.263 D/CCodecConfig(  651): no c2 equivalents for channel-mask
12-11 13:17:11.263 D/CCodecConfig(  651): no c2 equivalents for flags
12-11 13:17:11.263 D/CCodecConfig(  651): c2 config diff is   c2::u32 coded.bitrate.value = 239920
12-11 13:17:11.263 D/CCodecConfig(  651):   c2::u32 raw.sample-rate.value = 44100
12-11 13:17:11.264 W/Codec2Client(  651): query -- param skipped: index = 1107298332.
12-11 13:17:11.264 D/CCodec  (  651): setup formats input: AMessage(what = 0x00000000) = {
12-11 13:17:11.264 D/CCodec  (  651):   int32_t bitrate = 239920
12-11 13:17:11.264 D/CCodec  (  651):   int32_t channel-count = 1
12-11 13:17:11.264 D/CCodec  (  651):   int32_t max-input-size = 32768
12-11 13:17:11.264 D/CCodec  (  651):   string mime = "audio/vorbis"
12-11 13:17:11.264 D/CCodec  (  651):   int32_t sample-rate = 44100
12-11 13:17:11.264 D/CCodec  (  651): }
12-11 13:17:11.264 D/CCodec  (  651): setup formats output: AMessage(what = 0x00000000) = {
12-11 13:17:11.264 D/CCodec  (  651):   int32_t channel-count = 1
12-11 13:17:11.264 D/CCodec  (  651):   string mime = "audio/raw"
12-11 13:17:11.264 D/CCodec  (  651):   int32_t sample-rate = 44100
12-11 13:17:11.264 D/CCodec  (  651):   int32_t channel-mask = 1
12-11 13:17:11.264 D/CCodec  (  651): }
12-11 13:17:11.264 I/CCodecConfig(  651): query failed after returning 7 values (BAD_INDEX)
12-11 13:17:11.264 W/Codec2Client(  651): query -- param skipped: index = 1342179345.
12-11 13:17:11.264 W/Codec2Client(  651): query -- param skipped: index = 2415921170.
12-11 13:17:11.265 D/CCodecBufferChannel(  651): [c2.android.vorbis.decoder#365] Created input block pool with allocatorID 16 => poolID 22 - OK (0)
12-11 13:17:11.265 I/CCodecBufferChannel(  651): [c2.android.vorbis.decoder#365] Created output block pool with allocatorID 16 => poolID 24 - OK
12-11 13:17:11.265 D/CCodecBufferChannel(  651): [c2.android.vorbis.decoder#365] Configured output block pool ids 24 => OK
12-11 13:17:11.266 I/SensorsHal(  417): set batch: handle = 0, period_ns = 66667000ns, timeout = 100000000ns
12-11 13:17:11.266 D/SensorsHal(  417): Couldn't open /dev/mma8452_daemon (No such file or directory)
12-11 13:17:11.266 I/SensorsHal(  417): MmaSensor update delay: 66ms
12-11 13:17:11.266 E/SensorsHal(  417): fail to perform GSENSOR_IOCTL_APP_SET_RATE, result = -1, error is 'Bad file descriptor'
12-11 13:17:11.266 E/SensorService(  651): sensor batch failed 0xb400006fbac27490 0x00000000 66667000 100000000 err=Operation not permitted
12-11 13:17:11.266 I/SensorsHal(  417): set batch: handle = 0, period_ns = 66667000ns, timeout = 0ns
12-11 13:17:11.266 D/SensorsHal(  417): Couldn't open /dev/mma8452_daemon (No such file or directory)
12-11 13:17:11.266 I/SensorsHal(  417): MmaSensor update delay: 66ms
12-11 13:17:11.266 E/SensorsHal(  417): fail to perform GSENSOR_IOCTL_APP_SET_RATE, result = -1, error is 'Bad file descriptor'
12-11 13:17:11.266 E/SensorService(  651): sensor batch failed 0xb400006fbac27490 0x00000000 66667000 0 err=Operation not permitted
12-11 13:17:11.266 D/SimpleC2Component(  480): Using output block pool with poolID 24 => got 24 - 0
12-11 13:17:11.271 D/CCodecBufferChannel(  840): [c2.android.vorbis.decoder#709] MediaCodec discarded an unknown buffer
12-11 13:17:11.271 D/CCodecBufferChannel(  840): [c2.android.vorbis.decoder#709] MediaCodec discarded an unknown buffer
12-11 13:17:11.271 D/CCodecBufferChannel(  840): [c2.android.vorbis.decoder#709] MediaCodec discarded an unknown buffer
12-11 13:17:11.272 D/CCodecBufferChannel(  840): [c2.android.vorbis.decoder#111] MediaCodec discarded an unknown buffer
12-11 13:17:11.272 I/hw-BpHwBinder(  840): onLastStrongRef automatically unlinking death recipients
12-11 13:17:11.272 I/hw-BpHwBinder(  840): onLastStrongRef automatically unlinking death recipients
12-11 13:17:11.272 I/hw-BpHwBinder(  480): onLastStrongRef automatically unlinking death recipients
12-11 13:17:11.274 W/idmap2d (  467): failed to parse idmap header of '/data/resource-cache/data@resource-cache@com.android.systemui-neutral-PSXV.frro@idmap'
12-11 13:17:11.277 D/MediaCodecList(  840): codecHandlesFormat: no format, so no extra checks
12-11 13:17:11.277 D/MediaCodecList(  840): codecHandlesFormat: no format, so no extra checks
12-11 13:17:11.278 D/CCodec  (  840): allocate(c2.android.vorbis.decoder)
12-11 13:17:11.278 I/CCodec  (  840): setting up 'default' as default (vendor) store
12-11 13:17:11.279 I/CCodec  (  840): Created component [c2.android.vorbis.decoder]
12-11 13:17:11.279 D/CCodecConfig(  840): read media type: audio/vorbis
12-11 13:17:11.280 D/ReflectedParamUpdater(  840): extent() != 1 for single value type: algo.buffers.max-count.values
12-11 13:17:11.280 D/ReflectedParamUpdater(  840): extent() != 1 for single value type: output.subscribed-indices.values
12-11 13:17:11.280 D/ReflectedParamUpdater(  840): extent() != 1 for single value type: input.buffers.allocator-ids.values
12-11 13:17:11.280 D/ReflectedParamUpdater(  840): extent() != 1 for single value type: output.buffers.allocator-ids.values
12-11 13:17:11.280 D/ReflectedParamUpdater(  840): extent() != 1 for single value type: algo.buffers.allocator-ids.values
12-11 13:17:11.280 D/ReflectedParamUpdater(  840): extent() != 1 for single value type: output.buffers.pool-ids.values
12-11 13:17:11.280 D/ReflectedParamUpdater(  840): extent() != 1 for single value type: algo.buffers.pool-ids.values
12-11 13:17:11.281 I/CCodecConfig(  840): query failed after returning 7 values (BAD_INDEX)
12-11 13:17:11.281 D/CCodecConfig(  840): c2 config diff is Dict {
12-11 13:17:11.281 D/CCodecConfig(  840):   c2::u32 coded.bitrate.value = 64000
12-11 13:17:11.281 D/CCodecConfig(  840):   c2::u32 input.buffers.max-size.value = 32768
12-11 13:17:11.281 D/CCodecConfig(  840):   c2::u32 input.delay.value = 0
12-11 13:17:11.281 D/CCodecConfig(  840):   string input.media-type.value = "audio/vorbis"
12-11 13:17:11.281 D/CCodecConfig(  840):   string output.media-type.value = "audio/raw"
12-11 13:17:11.281 D/CCodecConfig(  840):   c2::u32 raw.channel-count.value = 1
12-11 13:17:11.281 D/CCodecConfig(  840):   c2::u32 raw.sample-rate.value = 48000
12-11 13:17:11.281 D/CCodecConfig(  840): }
12-11 13:17:11.281 D/CCodec  (  840): [c2.android.vorbis.decoder] buffers are bound to CCodec for this session
12-11 13:17:11.281 D/CCodecConfig(  840): no c2 equivalents for durationUs
12-11 13:17:11.281 D/CCodecConfig(  840): no c2 equivalents for track-id
12-11 13:17:11.281 D/CCodecConfig(  840): no c2 equivalents for csd-1
12-11 13:17:11.281 D/CCodecConfig(  840): no c2 equivalents for channel-mask
12-11 13:17:11.281 D/CCodecConfig(  840): no c2 equivalents for flags
12-11 13:17:11.281 D/CCodecConfig(  840): c2 config diff is   c2::u32 coded.bitrate.value = 160000
12-11 13:17:11.281 D/CCodecConfig(  840):   c2::u32 raw.channel-count.value = 2
12-11 13:17:11.281 W/Codec2Client(  840): query -- param skipped: index = 1107298332.
12-11 13:17:11.281 D/CCodec  (  840): setup formats input: AMessage(what = 0x00000000) = {
12-11 13:17:11.281 D/CCodec  (  840):   int32_t bitrate = 160000
12-11 13:17:11.281 D/CCodec  (  840):   int32_t channel-count = 2
12-11 13:17:11.281 D/CCodec  (  840):   int32_t max-input-size = 32768
12-11 13:17:11.281 D/CCodec  (  840):   string mime = "audio/vorbis"
12-11 13:17:11.281 D/CCodec  (  840):   int32_t sample-rate = 48000
12-11 13:17:11.281 D/CCodec  (  840): }
12-11 13:17:11.281 D/CCodec  (  840): setup formats output: AMessage(what = 0x00000000) = {
12-11 13:17:11.281 D/CCodec  (  840):   int32_t channel-count = 2
12-11 13:17:11.281 D/CCodec  (  840):   string mime = "audio/raw"
12-11 13:17:11.281 D/CCodec  (  840):   int32_t sample-rate = 48000
12-11 13:17:11.281 D/CCodec  (  840):   int32_t channel-mask = 3
12-11 13:17:11.281 D/CCodec  (  840): }
12-11 13:17:11.282 I/CCodecConfig(  840): query failed after returning 7 values (BAD_INDEX)
12-11 13:17:11.282 W/Codec2Client(  840): query -- param skipped: index = 1342179345.
12-11 13:17:11.282 W/Codec2Client(  840): query -- param skipped: index = 2415921170.
12-11 13:17:11.282 D/CCodecBufferChannel(  840): [c2.android.vorbis.decoder#122] Created input block pool with allocatorID 16 => poolID 19 - OK (0)
12-11 13:17:11.282 I/CCodecBufferChannel(  840): [c2.android.vorbis.decoder#122] Created output block pool with allocatorID 16 => poolID 25 - OK
12-11 13:17:11.283 D/CCodecBufferChannel(  840): [c2.android.vorbis.decoder#122] Configured output block pool ids 25 => OK
12-11 13:17:11.283 D/SimpleC2Component(  480): Using output block pool with poolID 25 => got 25 - 0
12-11 13:17:11.286 W/View    (  840): requestLayout() improperly called by com.android.systemui.statusbar.phone.StatusIconContainer{159285e V.E...... ......ID 0,0-9,72 #7f0b056d app:id/statusIcons} during layout: running second layout pass
12-11 13:17:11.289 D/CCodecBufferChannel(  840): [c2.android.vorbis.decoder#122] MediaCodec discarded an unknown buffer
12-11 13:17:11.290 D/CCodecBufferChannel(  651): [c2.android.vorbis.decoder#365] MediaCodec discarded an unknown buffer
12-11 13:17:11.290 D/CCodecBufferChannel(  651): [c2.android.vorbis.decoder#365] MediaCodec discarded an unknown buffer
12-11 13:17:11.290 I/hw-BpHwBinder(  480): onLastStrongRef automatically unlinking death recipients
12-11 13:17:11.290 I/hw-BpHwBinder(  840): onLastStrongRef automatically unlinking death recipients
12-11 13:17:11.291 I/hw-BpHwBinder(  651): onLastStrongRef automatically unlinking death recipients
12-11 13:17:11.291 I/hw-BpHwBinder(  480): onLastStrongRef automatically unlinking death recipients
12-11 13:17:11.291 V/C2Store (  480): in ~ComponentModule
12-11 13:17:11.291 V/C2Store (  480): unloading dll
12-11 13:17:11.305 W/AudioManager(  840): attempt to call registerAudioRecordingCallback() on a previouslyregistered callback
12-11 13:17:11.306 I/android.hardware.graphics.allocator@4.0-service(  414): alloc_format: FMT:0x1,MOD:0
12-11 13:17:11.306 I/android.hardware.graphics.allocator@4.0-service(  414): mali_gralloc_adjust_dimensions: alloc_format=FMT:0x1,MOD:0 usage=0xb00 alloc_width=36, alloc_height=1080
12-11 13:17:11.306 D/android.hardware.graphics.allocator@4.0-service(  414): got new private_handle_t instance for buffer 'ViewRootImpl[StatusBar]#2(BLAST Consumer)2'. share_fd : 8, share_attr_fd : 9, width : 36, height : 1080, req_format : 0x1, producer_usage : 0xb00, consumer_usage : 0xb00, , stride : 0, alloc_format : 1, size : 207360, layer_count : 1
12-11 13:17:11.306 D/android.hardware.graphics.allocator@4.0-service(  414): plane_info[0]: offset : 0, byte_stride : 192, alloc_width : 36, alloc_height : 1080
12-11 13:17:11.306 D/android.hardware.graphics.allocator@4.0-service(  414): plane_info[1]: offset : 0, byte_stride : 0, alloc_width : 0, alloc_height : 0
12-11 13:17:11.307 I/ActivityTaskManager(  651): Config changes=80000000 {1.0 ?mcc?mnc [en_US] ldltr sw720dp w720dp h1208dp 240dpi lrg long port finger qwerty/v/v -nav/h winConfig={ mBounds=Rect(0, 0 - 1080, 1920) mAppBounds=Rect(0, 0 - 1080, 1848) mMaxBounds=Rect(0, 0 - 1080, 1920) mWindowingMode=fullscreen mDisplayWindowingMode=fullscreen mActivityType=undefined mAlwaysOnTop=undefined mRotation=ROTATION_0} as.2 s.10 fontWeightAdjustment=0}
12-11 13:17:11.313 W/System  (  651): ClassLoader referenced unknown path: 
12-11 13:17:11.314 I/WindowManager(  651): Override config changes=80000000 {1.0 ?mcc?mnc [en_US] ldltr sw720dp w720dp h1208dp 240dpi lrg long port finger qwerty/v/v -nav/h winConfig={ mBounds=Rect(0, 0 - 1080, 1920) mAppBounds=Rect(0, 0 - 1080, 1848) mMaxBounds=Rect(0, 0 - 1080, 1920) mWindowingMode=fullscreen mDisplayWindowingMode=fullscreen mActivityType=undefined mAlwaysOnTop=undefined mRotation=ROTATION_0} as.2 s.10 fontWeightAdjustment=0} for displayId=0
12-11 13:17:11.317 W/System  (  951): ClassLoader referenced unknown path: 
12-11 13:17:11.320 W/InputManager-JNI(  651): Input channel object '8cc1052 com.android.settings/com.android.settings.FallbackHome (client)' was disposed without first being removed with the input manager!
12-11 13:17:11.320 D/LocalDisplayAdapter(  651): mPhysicalDisplayId1 set rotation 0
12-11 13:17:11.324 D/CompanionDeviceManagerService(  651): onPackageModified(packageName = android)
12-11 13:17:11.324 I/CompanionDeviceManagerService(  651): Read associations from disk: {0=[]}
12-11 13:17:11.325 I/InputReader(  651): Reconfiguring input devices, changes=KEYBOARD_LAYOUTS | 
12-11 13:17:11.325 W/VoiceInteractionManager(  651): no available voice recognition services found for user 0
12-11 13:17:11.329 I/Telecom (  651): DefaultDialerCache: Refreshing default dialer for user 0: now com.android.dialer: DDC.oR@AAU
12-11 13:17:11.329 E/AppHibernationService(  651): Attempt to call isHibernatingForUser on stopped or nonexistent user 0
12-11 13:17:11.329 I/android.hardware.graphics.allocator@4.0-service(  414): alloc_format: FMT:0x1,MOD:0
12-11 13:17:11.329 I/android.hardware.graphics.allocator@4.0-service(  414): mali_gralloc_adjust_dimensions: alloc_format=FMT:0x1,MOD:0 usage=0x20001a00 alloc_width=1920, alloc_height=1080
12-11 13:17:11.330 D/android.hardware.graphics.allocator@4.0-service(  414): got new private_handle_t instance for buffer 'FramebufferSurface'. share_fd : 8, share_attr_fd : 9, width : 1920, height : 1080, req_format : 0x1, producer_usage : 0x20001a00, consumer_usage : 0x20001a00, , stride : 0, alloc_format : 1, size : 8294400, layer_count : 1
12-11 13:17:11.330 D/android.hardware.graphics.allocator@4.0-service(  414): plane_info[0]: offset : 0, byte_stride : 7680, alloc_width : 1920, alloc_height : 1080
12-11 13:17:11.330 D/android.hardware.graphics.allocator@4.0-service(  414): plane_info[1]: offset : 0, byte_stride : 0, alloc_width : 0, alloc_height : 0
12-11 13:17:11.330 V/WallpaperService(  840): Setting wallpaper dimming: 0
12-11 13:17:11.331 E/CellBroadcastUtils(  951): getDefaultCellBroadcastReceiverPackageName: no package found
12-11 13:17:11.331 D/CompatibilityChangeReporter(  651): Compat change id reported: 135634846; UID 10078; state: DISABLED
12-11 13:17:11.332 D/CompatibilityChangeReporter(  651): Compat change id reported: 177438394; UID 10078; state: DISABLED
12-11 13:17:11.332 D/CompatibilityChangeReporter(  651): Compat change id reported: 135772972; UID 10078; state: DISABLED
12-11 13:17:11.332 D/CompatibilityChangeReporter(  651): Compat change id reported: 135754954; UID 10078; state: ENABLED
12-11 13:17:11.332 D/CompatibilityChangeReporter(  651): Compat change id reported: 143937733; UID 10078; state: ENABLED
12-11 13:17:11.332 D/EglHelper(  840): createEglContext start
12-11 13:17:11.333 I/android.hardware.graphics.allocator@4.0-service(  414): alloc_format: FMT:0x1,MOD:0x10000
12-11 13:17:11.333 I/android.hardware.graphics.allocator@4.0-service(  414): mali_gralloc_adjust_dimensions: alloc_format=FMT:0x1,MOD:0x10000 usage=0xb00 alloc_width=1920, alloc_height=1088
12-11 13:17:11.333 D/android.hardware.graphics.allocator@4.0-service(  414): got new private_handle_t instance for buffer 'ViewRootImpl[FallbackHome]#1(BLAST Consumer)1'. share_fd : 8, share_attr_fd : 9, width : 1920, height : 1080, req_format : 0x1, producer_usage : 0xb00, consumer_usage : 0xb00, , stride : 0, alloc_format : 1, size : 8486912, layer_count : 1
12-11 13:17:11.333 D/android.hardware.graphics.allocator@4.0-service(  414): plane_info[0]: offset : 0, byte_stride : 7680, alloc_width : 1920, alloc_height : 1088
12-11 13:17:11.333 D/android.hardware.graphics.allocator@4.0-service(  414): plane_info[1]: offset : 0, byte_stride : 0, alloc_width : 0, alloc_height : 0
12-11 13:17:11.334 I/android.hardware.graphics.allocator@4.0-service(  414): alloc_format: FMT:0x1,MOD:0x10000
12-11 13:17:11.334 I/android.hardware.graphics.allocator@4.0-service(  414): mali_gralloc_adjust_dimensions: alloc_format=FMT:0x1,MOD:0x10000 usage=0x1a00 alloc_width=800, alloc_height=1280
12-11 13:17:11.335 D/android.hardware.graphics.allocator@4.0-service(  414): got new private_handle_t instance for buffer 'FramebufferSurface'. share_fd : 8, share_attr_fd : 9, width : 800, height : 1280, req_format : 0x1, producer_usage : 0x1a00, consumer_usage : 0x1a00, , stride : 0, alloc_format : 1, size : 4160512, layer_count : 1
12-11 13:17:11.335 D/android.hardware.graphics.allocator@4.0-service(  414): plane_info[0]: offset : 0, byte_stride : 3200, alloc_width : 800, alloc_height : 1280
12-11 13:17:11.335 D/android.hardware.graphics.allocator@4.0-service(  414): plane_info[1]: offset : 0, byte_stride : 0, alloc_width : 0, alloc_height : 0
12-11 13:17:11.337 I/WindowManager(  651): finishDrawing of relaunch: Window{b5028b7 u0 com.android.settings/com.android.settings.FallbackHome} 22ms
12-11 13:17:11.341 D/Zygote  (  403): Forked child process 1307
12-11 13:17:11.341 I/ActivityManager(  651): Start proc 1307:com.android.permissioncontroller/u0a78 for service {com.android.permissioncontroller/com.android.permissioncontroller.permission.service.PermissionControllerServiceImpl}
12-11 13:17:11.341 I/android.hardware.graphics.allocator@4.0-service(  414): alloc_format: FMT:0x1,MOD:0x10000
12-11 13:17:11.341 I/android.hardware.graphics.allocator@4.0-service(  414): mali_gralloc_adjust_dimensions: alloc_format=FMT:0x1,MOD:0x10000 usage=0xb00 alloc_width=1088, alloc_height=1920
12-11 13:17:11.342 D/android.hardware.graphics.allocator@4.0-service(  414): got new private_handle_t instance for buffer 'ViewRootImpl[FallbackHome]#1(BLAST Consumer)1'. share_fd : 8, share_attr_fd : 9, width : 1080, height : 1920, req_format : 0x1, producer_usage : 0xb00, consumer_usage : 0xb00, , stride : 0, alloc_format : 1, size : 8486912, layer_count : 1
12-11 13:17:11.342 D/android.hardware.graphics.allocator@4.0-service(  414): plane_info[0]: offset : 0, byte_stride : 4352, alloc_width : 1088, alloc_height : 1920
12-11 13:17:11.342 D/android.hardware.graphics.allocator@4.0-service(  414): plane_info[1]: offset : 0, byte_stride : 0, alloc_width : 0, alloc_height : 0
12-11 13:17:11.342 I/android.hardware.graphics.allocator@4.0-service(  414): alloc_format: FMT:0x1,MOD:0x10000
12-11 13:17:11.342 I/android.hardware.graphics.allocator@4.0-service(  414): mali_gralloc_adjust_dimensions: alloc_format=FMT:0x1,MOD:0x10000 usage=0xb00 alloc_width=1088, alloc_height=1920
12-11 13:17:11.343 D/android.hardware.graphics.allocator@4.0-service(  414): got new private_handle_t instance for buffer 'ViewRootImpl[FallbackHome]#1(BLAST Consumer)1'. share_fd : 8, share_attr_fd : 9, width : 1080, height : 1920, req_format : 0x1, producer_usage : 0xb00, consumer_usage : 0xb00, , stride : 0, alloc_format : 1, size : 8486912, layer_count : 1
12-11 13:17:11.343 D/android.hardware.graphics.allocator@4.0-service(  414): plane_info[0]: offset : 0, byte_stride : 4352, alloc_width : 1088, alloc_height : 1920
12-11 13:17:11.343 D/android.hardware.graphics.allocator@4.0-service(  414): plane_info[1]: offset : 0, byte_stride : 0, alloc_width : 0, alloc_height : 0
12-11 13:17:11.346 V/WindowManager(  651): getPackagePerformanceMode -- ComponentInfo{com.android.settings/com.android.settings.FallbackHome} -- com.android.settings -- mode=0
12-11 13:17:11.346 D/EglHelper(  840): createEglContext done
12-11 13:17:11.347 D/EglHelper(  840): createEglSurface start
12-11 13:17:11.347 D/EglHelper(  840): createEglSurface done
12-11 13:17:11.348 E/PhoneInterfaceManager(  951): [PhoneIntfMgr] getCarrierPackageNamesForIntentAndPhone: No UICC
12-11 13:17:11.348 D/CarrierSvcBindHelper(  951): No carrier app for: 0
12-11 13:17:11.349 I/Zygote  ( 1307): seccomp disabled by setenforce 0
12-11 13:17:11.361 I/adbd    (  460): jdwp connection from 1307
12-11 13:17:11.363 D/CompatibilityChangeReporter(  651): Compat change id reported: 168419799; UID 10078; state: DISABLED
12-11 13:17:11.366 D/CompatibilityChangeReporter( 1307): Compat change id reported: 171979766; UID 10078; state: ENABLED
12-11 13:17:11.372 D/ControlsListingControllerImpl(  840): Subscribing callback, service count: 0
12-11 13:17:11.377 D/ControlsListingControllerImpl(  840): Unsubscribing callback
12-11 13:17:11.378 I/android.hardware.graphics.allocator@4.0-service(  414): alloc_format: FMT:0x1,MOD:0x10000
12-11 13:17:11.378 I/android.hardware.graphics.allocator@4.0-service(  414): mali_gralloc_adjust_dimensions: alloc_format=FMT:0x1,MOD:0x10000 usage=0x1a00 alloc_width=1920, alloc_height=1088
12-11 13:17:11.379 D/android.hardware.graphics.allocator@4.0-service(  414): got new private_handle_t instance for buffer 'FramebufferSurface'. share_fd : 8, share_attr_fd : 9, width : 1920, height : 1080, req_format : 0x1, producer_usage : 0x1a00, consumer_usage : 0x1a00, , stride : 0, alloc_format : 1, size : 8486912, layer_count : 1
12-11 13:17:11.379 D/android.hardware.graphics.allocator@4.0-service(  414): plane_info[0]: offset : 0, byte_stride : 7680, alloc_width : 1920, alloc_height : 1088
12-11 13:17:11.379 D/android.hardware.graphics.allocator@4.0-service(  414): plane_info[1]: offset : 0, byte_stride : 0, alloc_width : 0, alloc_height : 0
12-11 13:17:11.381 D/InterruptionStateProvider(  840): No bubble up: not allowed to bubble: -1|android|32|null|1000
12-11 13:17:11.381 D/InterruptionStateProvider(  840): No heads up: unimportant notification: -1|android|32|null|1000
12-11 13:17:11.382 D/PeopleSpaceWidgetMgr(  840): Sbn doesn't contain valid PeopleTileKey: null/-1/android
12-11 13:17:11.385 I/android.hardware.graphics.allocator@4.0-service(  414): alloc_format: FMT:0x1,MOD:0
12-11 13:17:11.385 I/android.hardware.graphics.allocator@4.0-service(  414): mali_gralloc_adjust_dimensions: alloc_format=FMT:0x1,MOD:0 usage=0x20001a00 alloc_width=800, alloc_height=1280
12-11 13:17:11.386 D/android.hardware.graphics.allocator@4.0-service(  414): got new private_handle_t instance for buffer 'FramebufferSurface'. share_fd : 8, share_attr_fd : 9, width : 800, height : 1280, req_format : 0x1, producer_usage : 0x20001a00, consumer_usage : 0x20001a00, , stride : 0, alloc_format : 1, size : 4096000, layer_count : 1
12-11 13:17:11.386 D/android.hardware.graphics.allocator@4.0-service(  414): plane_info[0]: offset : 0, byte_stride : 3200, alloc_width : 800, alloc_height : 1280
12-11 13:17:11.386 D/android.hardware.graphics.allocator@4.0-service(  414): plane_info[1]: offset : 0, byte_stride : 0, alloc_width : 0, alloc_height : 0
12-11 13:17:11.386 I/getprop ( 1322): type=1400 audit(0.0:4718): avc: denied { open } for path="/dev/__properties__/u:object_r:aac_drc_prop:s0" dev="tmpfs" ino=58 scontext=u:r:shell:s0 tcontext=u:object_r:aac_drc_prop:s0 tclass=file permissive=1
12-11 13:17:11.386 I/getprop ( 1322): type=1400 audit(0.0:4719): avc: denied { getattr } for path="/dev/__properties__/u:object_r:aac_drc_prop:s0" dev="tmpfs" ino=58 scontext=u:r:shell:s0 tcontext=u:object_r:aac_drc_prop:s0 tclass=file permissive=1
12-11 13:17:11.386 I/getprop ( 1322): type=1400 audit(0.0:4720): avc: denied { map } for path="/dev/__properties__/u:object_r:aac_drc_prop:s0" dev="tmpfs" ino=58 scontext=u:r:shell:s0 tcontext=u:object_r:aac_drc_prop:s0 tclass=file permissive=1
12-11 13:17:11.386 I/getprop ( 1322): type=1400 audit(0.0:4721): avc: denied { open } for path="/dev/__properties__/u:object_r:ab_update_gki_prop:s0" dev="tmpfs" ino=60 scontext=u:r:shell:s0 tcontext=u:object_r:ab_update_gki_prop:s0 tclass=file permissive=1
12-11 13:17:11.386 I/getprop ( 1322): type=1400 audit(0.0:4722): avc: denied { getattr } for path="/dev/__properties__/u:object_r:ab_update_gki_prop:s0" dev="tmpfs" ino=60 scontext=u:r:shell:s0 tcontext=u:object_r:ab_update_gki_prop:s0 tclass=file permissive=1
12-11 13:17:11.386 I/getprop ( 1322): type=1400 audit(0.0:4723): avc: denied { map } for path="/dev/__properties__/u:object_r:ab_update_gki_prop:s0" dev="tmpfs" ino=60 scontext=u:r:shell:s0 tcontext=u:object_r:ab_update_gki_prop:s0 tclass=file permissive=1
12-11 13:17:11.386 I/getprop ( 1322): type=1400 audit(0.0:4724): avc: denied { open } for path="/dev/__properties__/u:object_r:adbd_prop:s0" dev="tmpfs" ino=62 scontext=u:r:shell:s0 tcontext=u:object_r:adbd_prop:s0 tclass=file permissive=1
12-11 13:17:11.386 I/getprop ( 1322): type=1400 audit(0.0:4725): avc: denied { getattr } for path="/dev/__properties__/u:object_r:adbd_prop:s0" dev="tmpfs" ino=62 scontext=u:r:shell:s0 tcontext=u:object_r:adbd_prop:s0 tclass=file permissive=1
12-11 13:17:11.386 I/getprop ( 1322): type=1400 audit(0.0:4726): avc: denied { map } for path="/dev/__properties__/u:object_r:adbd_prop:s0" dev="tmpfs" ino=62 scontext=u:r:shell:s0 tcontext=u:object_r:adbd_prop:s0 tclass=file permissive=1
12-11 13:17:11.386 I/getprop ( 1322): type=1400 audit(0.0:4727): avc: denied { open } for path="/dev/__properties__/u:object_r:apexd_config_prop:s0" dev="tmpfs" ino=63 scontext=u:r:shell:s0 tcontext=u:object_r:apexd_config_prop:s0 tclass=file permissive=1
12-11 13:17:11.386 I/getprop ( 1322): type=1400 audit(0.0:4728): avc: denied { getattr } for path="/dev/__properties__/u:object_r:apexd_config_prop:s0" dev="tmpfs" ino=63 scontext=u:r:shell:s0 tcontext=u:object_r:apexd_config_prop:s0 tclass=file permissive=1
12-11 13:17:11.386 I/getprop ( 1322): type=1400 audit(0.0:4729): avc: denied { map } for path="/dev/__properties__/u:object_r:apexd_config_prop:s0" dev="tmpfs" ino=63 scontext=u:r:shell:s0 tcontext=u:object_r:apexd_config_prop:s0 tclass=file permissive=1
12-11 13:17:11.386 I/getprop ( 1322): type=1400 audit(0.0:4730): avc: denied { open } for path="/dev/__properties__/u:object_r:apexd_prop:s0" dev="tmpfs" ino=64 scontext=u:r:shell:s0 tcontext=u:object_r:apexd_prop:s0 tclass=file permissive=1
12-11 13:17:11.386 I/getprop ( 1322): type=1400 audit(0.0:4731): avc: denied { getattr } for path="/dev/__properties__/u:object_r:apexd_prop:s0" dev="tmpfs" ino=64 scontext=u:r:shell:s0 tcontext=u:object_r:apexd_prop:s0 tclass=file permissive=1
12-11 13:17:11.386 I/getprop ( 1322): type=1400 audit(0.0:4732): avc: denied { map } for path="/dev/__properties__/u:object_r:apexd_prop:s0" dev="tmpfs" ino=64 scontext=u:r:shell:s0 tcontext=u:object_r:apexd_prop:s0 tclass=file permissive=1
12-11 13:17:11.386 I/getprop ( 1322): type=1400 audit(0.0:4733): avc: denied { open } for path="/dev/__properties__/u:object_r:apk_verity_prop:s0" dev="tmpfs" ino=65 scontext=u:r:shell:s0 tcontext=u:object_r:apk_verity_prop:s0 tclass=file permissive=1
12-11 13:17:11.386 I/getprop ( 1322): type=1400 audit(0.0:4734): avc: denied { getattr } for path="/dev/__properties__/u:object_r:apk_verity_prop:s0" dev="tmpfs" ino=65 scontext=u:r:shell:s0 tcontext=u:object_r:apk_verity_prop:s0 tclass=file permissive=1
12-11 13:17:11.386 I/getprop ( 1322): type=1400 audit(0.0:4735): avc: denied { map } for path="/dev/__properties__/u:object_r:apk_verity_prop:s0" dev="tmpfs" ino=65 scontext=u:r:shell:s0 tcontext=u:object_r:apk_verity_prop:s0 tclass=file permissive=1
12-11 13:17:11.386 I/getprop ( 1322): type=1400 audit(0.0:4736): avc: denied { open } for path="/dev/__properties__/u:object_r:audio_config_prop:s0" dev="tmpfs" ino=67 scontext=u:r:shell:s0 tcontext=u:object_r:audio_config_prop:s0 tclass=file permissive=1
12-11 13:17:11.386 I/getprop ( 1322): type=1400 audit(0.0:4737): avc: denied { getattr } for path="/dev/__properties__/u:object_r:audio_config_prop:s0" dev="tmpfs" ino=67 scontext=u:r:shell:s0 tcontext=u:object_r:audio_config_prop:s0 tclass=file permissive=1
12-11 13:17:11.386 I/getprop ( 1322): type=1400 audit(0.0:4738): avc: denied { map } for path="/dev/__properties__/u:object_r:audio_config_prop:s0" dev="tmpfs" ino=67 scontext=u:r:shell:s0 tcontext=u:object_r:audio_config_prop:s0 tclass=file permissive=1
12-11 13:17:11.386 I/getprop ( 1322): type=1400 audit(0.0:4739): avc: denied { open } for path="/dev/__properties__/u:object_r:bluetooth_a2dp_offload_prop:s0" dev="tmpfs" ino=72 scontext=u:r:shell:s0 tcontext=u:object_r:bluetooth_a2dp_offload_prop:s0 tclass=file permissive=1
12-11 13:17:11.386 I/getprop ( 1322): type=1400 audit(0.0:4740): avc: denied { getattr } for path="/dev/__properties__/u:object_r:bluetooth_a2dp_offload_prop:s0" dev="tmpfs" ino=72 scontext=u:r:shell:s0 tcontext=u:object_r:bluetooth_a2dp_offload_prop:s0 tclass=file permissive=1
12-11 13:17:11.386 I/getprop ( 1322): type=1400 audit(0.0:4741): avc: denied { map } for path="/dev/__properties__/u:object_r:bluetooth_a2dp_offload_prop:s0" dev="tmpfs" ino=72 scontext=u:r:shell:s0 tcontext=u:object_r:bluetooth_a2dp_offload_prop:s0 tclass=file permissive=1
12-11 13:17:11.386 I/getprop ( 1322): type=1400 audit(0.0:4742): avc: denied { open } for path="/dev/__properties__/u:object_r:bluetooth_audio_hal_prop:s0" dev="tmpfs" ino=73 scontext=u:r:shell:s0 tcontext=u:object_r:bluetooth_audio_hal_prop:s0 tclass=file permissive=1
12-11 13:17:11.386 I/getprop ( 1322): type=1400 audit(0.0:4743): avc: denied { getattr } for path="/dev/__properties__/u:object_r:bluetooth_audio_hal_prop:s0" dev="tmpfs" ino=73 scontext=u:r:shell:s0 tcontext=u:object_r:bluetooth_audio_hal_prop:s0 tclass=file permissive=1
12-11 13:17:11.386 I/getprop ( 1322): type=1400 audit(0.0:4744): avc: denied { map } for path="/dev/__properties__/u:object_r:bluetooth_audio_hal_prop:s0" dev="tmpfs" ino=73 scontext=u:r:shell:s0 tcontext=u:object_r:bluetooth_audio_hal_prop:s0 tclass=file permissive=1
12-11 13:17:11.386 I/getprop ( 1322): type=1400 audit(0.0:4745): avc: denied { open } for path="/dev/__properties__/u:object_r:bluetooth_prop:s0" dev="tmpfs" ino=74 scontext=u:r:shell:s0 tcontext=u:object_r:bluetooth_prop:s0 tclass=file permissive=1
12-11 13:17:11.386 I/getprop ( 1322): type=1400 audit(0.0:4746): avc: denied { getattr } for path="/dev/__properties__/u:object_r:bluetooth_prop:s0" dev="tmpfs" ino=74 scontext=u:r:shell:s0 tcontext=u:object_r:bluetooth_prop:s0 tclass=file permissive=1
12-11 13:17:11.386 I/getprop ( 1322): type=1400 audit(0.0:4747): avc: denied { map } for path="/dev/__properties__/u:object_r:bluetooth_prop:s0" dev="tmpfs" ino=74 scontext=u:r:shell:s0 tcontext=u:object_r:bluetooth_prop:s0 tclass=file permissive=1
12-11 13:17:11.386 I/getprop ( 1322): type=1400 audit(0.0:4748): avc: denied { open } for path="/dev/__properties__/u:object_r:bootanim_config_prop:s0" dev="tmpfs" ino=76 scontext=u:r:shell:s0 tcontext=u:object_r:bootanim_config_prop:s0 tclass=file permissive=1
12-11 13:17:11.386 I/getprop ( 1322): type=1400 audit(0.0:4749): avc: denied { getattr } for path="/dev/__properties__/u:object_r:bootanim_config_prop:s0" dev="tmpfs" ino=76 scontext=u:r:shell:s0 tcontext=u:object_r:bootanim_config_prop:s0 tclass=file permissive=1
12-11 13:17:11.386 I/getprop ( 1322): type=1400 audit(0.0:4750): avc: denied { map } for path="/dev/__properties__/u:object_r:bootanim_config_prop:s0" dev="tmpfs" ino=76 scontext=u:r:shell:s0 tcontext=u:object_r:bootanim_config_prop:s0 tclass=file permissive=1
12-11 13:17:11.386 I/getprop ( 1322): type=1400 audit(0.0:4751): avc: denied { open } for path="/dev/__properties__/u:object_r:bootanim_system_prop:s0" dev="tmpfs" ino=77 scontext=u:r:shell:s0 tcontext=u:object_r:bootanim_system_prop:s0 tclass=file permissive=1
12-11 13:17:11.386 I/getprop ( 1322): type=1400 audit(0.0:4752): avc: denied { getattr } for path="/dev/__properties__/u:object_r:bootanim_system_prop:s0" dev="tmpfs" ino=77 scontext=u:r:shell:s0 tcontext=u:object_r:bootanim_system_prop:s0 tclass=file permissive=1
12-11 13:17:11.386 I/getprop ( 1322): type=1400 audit(0.0:4753): avc: denied { map } for path="/dev/__properties__/u:object_r:bootanim_system_prop:s0" dev="tmpfs" ino=77 scontext=u:r:shell:s0 tcontext=u:object_r:bootanim_system_prop:s0 tclass=file permissive=1
12-11 13:17:11.386 I/getprop ( 1322): type=1400 audit(0.0:4754): avc: denied { map } for path="/dev/__properties__/u:object_r:boottime_prop:s0" dev="tmpfs" ino=80 scontext=u:r:shell:s0 tcontext=u:object_r:boottime_prop:s0 tclass=file permissive=1
12-11 13:17:11.386 I/getprop ( 1322): type=1400 audit(0.0:4755): avc: denied { open } for path="/dev/__properties__/u:object_r:boottime_public_prop:s0" dev="tmpfs" ino=81 scontext=u:r:shell:s0 tcontext=u:object_r:boottime_public_prop:s0 tclass=file permissive=1
12-11 13:17:11.386 I/getprop ( 1322): type=1400 audit(0.0:4756): avc: denied { getattr } for path="/dev/__properties__/u:object_r:boottime_public_prop:s0" dev="tmpfs" ino=81 scontext=u:r:shell:s0 tcontext=u:object_r:boottime_public_prop:s0 tclass=file permissive=1
12-11 13:17:11.386 I/getprop ( 1322): type=1400 audit(0.0:4757): avc: denied { map } for path="/dev/__properties__/u:object_r:boottime_public_prop:s0" dev="tmpfs" ino=81 scontext=u:r:shell:s0 tcontext=u:object_r:boottime_public_prop:s0 tclass=file permissive=1
12-11 13:17:11.386 I/getprop ( 1322): type=1400 audit(0.0:4758): avc: denied { open } for path="/dev/__properties__/u:object_r:build_config_prop:s0" dev="tmpfs" ino=85 scontext=u:r:shell:s0 tcontext=u:object_r:build_config_prop:s0 tclass=file permissive=1
12-11 13:17:11.386 I/getprop ( 1322): type=1400 audit(0.0:4759): avc: denied { getattr } for path="/dev/__properties__/u:object_r:build_config_prop:s0" dev="tmpfs" ino=85 scontext=u:r:shell:s0 tcontext=u:object_r:build_config_prop:s0 tclass=file permissive=1
12-11 13:17:11.386 I/getprop ( 1322): type=1400 audit(0.0:4760): avc: denied { map } for path="/dev/__properties__/u:object_r:build_config_prop:s0" dev="tmpfs" ino=85 scontext=u:r:shell:s0 tcontext=u:object_r:build_config_prop:s0 tclass=file permissive=1
12-11 13:17:11.386 I/getprop ( 1322): type=1400 audit(0.0:4761): avc: denied { open } for path="/dev/__properties__/u:object_r:charger_config_prop:s0" dev="tmpfs" ino=93 scontext=u:r:shell:s0 tcontext=u:object_r:charger_config_prop:s0 tclass=file permissive=1
12-11 13:17:11.386 I/getprop ( 1322): type=1400 audit(0.0:4762): avc: denied { getattr } for path="/dev/__properties__/u:object_r:charger_config_prop:s0" dev="tmpfs" ino=93 scontext=u:r:shell:s0 tcontext=u:object_r:charger_config_prop:s0 tclass=file permissive=1
12-11 13:17:11.386 I/getprop ( 1322): type=1400 audit(0.0:4763): avc: denied { map } for path="/dev/__properties__/u:object_r:charger_config_prop:s0" dev="tmpfs" ino=93 scontext=u:r:shell:s0 tcontext=u:object_r:charger_config_prop:s0 tclass=file permissive=1
12-11 13:17:11.386 I/getprop ( 1322): type=1400 audit(0.0:4764): avc: denied { open } for path="/dev/__properties__/u:object_r:charger_prop:s0" dev="tmpfs" ino=94 scontext=u:r:shell:s0 tcontext=u:object_r:charger_prop:s0 tclass=file permissive=1
12-11 13:17:11.386 I/getprop ( 1322): type=1400 audit(0.0:4765): avc: denied { getattr } for path="/dev/__properties__/u:object_r:charger_prop:s0" dev="tmpfs" ino=94 scontext=u:r:shell:s0 tcontext=u:object_r:charger_prop:s0 tclass=file permissive=1
12-11 13:17:11.386 I/getprop ( 1322): type=1400 audit(0.0:4766): avc: denied { map } for path="/dev/__properties__/u:object_r:charger_prop:s0" dev="tmpfs" ino=94 scontext=u:r:shell:s0 tcontext=u:object_r:charger_prop:s0 tclass=file permissive=1
12-11 13:17:11.386 I/getprop ( 1322): type=1400 audit(0.0:4767): avc: denied { open } for path="/dev/__properties__/u:object_r:charger_status_prop:s0" dev="tmpfs" ino=95 scontext=u:r:shell:s0 tcontext=u:object_r:charger_status_prop:s0 tclass=file permissive=1
12-11 13:17:11.386 I/getprop ( 1322): type=1400 audit(0.0:4768): avc: denied { getattr } for path="/dev/__properties__/u:object_r:charger_status_prop:s0" dev="tmpfs" ino=95 scontext=u:r:shell:s0 tcontext=u:object_r:charger_status_prop:s0 tclass=file permissive=1
12-11 13:17:11.386 I/getprop ( 1322): type=1400 audit(0.0:4769): avc: denied { map } for path="/dev/__properties__/u:object_r:charger_status_prop:s0" dev="tmpfs" ino=95 scontext=u:r:shell:s0 tcontext=u:object_r:charger_status_prop:s0 tclass=file permissive=1
12-11 13:17:11.386 I/getprop ( 1322): type=1400 audit(0.0:4770): avc: denied { open } for path="/dev/__properties__/u:object_r:cold_boot_done_prop:s0" dev="tmpfs" ino=97 scontext=u:r:shell:s0 tcontext=u:object_r:cold_boot_done_prop:s0 tclass=file permissive=1
12-11 13:17:11.386 I/getprop ( 1322): type=1400 audit(0.0:4771): avc: denied { getattr } for path="/dev/__properties__/u:object_r:cold_boot_done_prop:s0" dev="tmpfs" ino=97 scontext=u:r:shell:s0 tcontext=u:object_r:cold_boot_done_prop:s0 tclass=file permissive=1
12-11 13:17:11.386 I/getprop ( 1322): type=1400 audit(0.0:4772): avc: denied { map } for path="/dev/__properties__/u:object_r:cold_boot_done_prop:s0" dev="tmpfs" ino=97 scontext=u:r:shell:s0 tcontext=u:object_r:cold_boot_done_prop:s0 tclass=file permissive=1
12-11 13:17:11.386 I/getprop ( 1322): type=1400 audit(0.0:4773): avc: denied { open } for path="/dev/__properties__/u:object_r:cpu_variant_prop:s0" dev="tmpfs" ino=100 scontext=u:r:shell:s0 tcontext=u:object_r:cpu_variant_prop:s0 tclass=file permissive=1
12-11 13:17:11.386 I/getprop ( 1322): type=1400 audit(0.0:4774): avc: denied { getattr } for path="/dev/__properties__/u:object_r:cpu_variant_prop:s0" dev="tmpfs" ino=100 scontext=u:r:shell:s0 tcontext=u:object_r:cpu_variant_prop:s0 tclass=file permissive=1
12-11 13:17:11.386 I/getprop ( 1322): type=1400 audit(0.0:4775): avc: denied { map } for path="/dev/__properties__/u:object_r:cpu_variant_prop:s0" dev="tmpfs" ino=100 scontext=u:r:shell:s0 tcontext=u:object_r:cpu_variant_prop:s0 tclass=file permissive=1
12-11 13:17:11.386 I/getprop ( 1322): type=1400 audit(0.0:4776): avc: denied { open } for path="/dev/__properties__/u:object_r:ctl_adbd_prop:s0" dev="tmpfs" ino=101 scontext=u:r:shell:s0 tcontext=u:object_r:ctl_adbd_prop:s0 tclass=file permissive=1
12-11 13:17:11.386 I/getprop ( 1322): type=1400 audit(0.0:4777): avc: denied { getattr } for path="/dev/__properties__/u:object_r:ctl_adbd_prop:s0" dev="tmpfs" ino=101 scontext=u:r:shell:s0 tcontext=u:object_r:ctl_adbd_prop:s0 tclass=file permissive=1
12-11 13:17:11.386 I/getprop ( 1322): type=1400 audit(0.0:4778): avc: denied { map } for path="/dev/__properties__/u:object_r:ctl_adbd_prop:s0" dev="tmpfs" ino=101 scontext=u:r:shell:s0 tcontext=u:object_r:ctl_adbd_prop:s0 tclass=file permissive=1
12-11 13:17:11.386 I/getprop ( 1322): type=1400 audit(0.0:4779): avc: denied { open } for path="/dev/__properties__/u:object_r:ctl_apexd_prop:s0" dev="tmpfs" ino=102 scontext=u:r:shell:s0 tcontext=u:object_r:ctl_apexd_prop:s0 tclass=file permissive=1
12-11 13:17:11.386 I/getprop ( 1322): type=1400 audit(0.0:4780): avc: denied { getattr } for path="/dev/__properties__/u:object_r:ctl_apexd_prop:s0" dev="tmpfs" ino=102 scontext=u:r:shell:s0 tcontext=u:object_r:ctl_apexd_prop:s0 tclass=file permissive=1
12-11 13:17:11.386 I/getprop ( 1322): type=1400 audit(0.0:4781): avc: denied { map } for path="/dev/__properties__/u:object_r:ctl_apexd_prop:s0" dev="tmpfs" ino=102 scontext=u:r:shell:s0 tcontext=u:object_r:ctl_apexd_prop:s0 tclass=file permissive=1
12-11 13:17:11.386 I/getprop ( 1322): type=1400 audit(0.0:4782): avc: denied { map } for path="/dev/__properties__/u:object_r:ctl_bootanim_prop:s0" dev="tmpfs" ino=103 scontext=u:r:shell:s0 tcontext=u:object_r:ctl_bootanim_prop:s0 tclass=file permissive=1
12-11 13:17:11.386 I/getprop ( 1322): type=1400 audit(0.0:4783): avc: denied { map } for path="/dev/__properties__/u:object_r:ctl_default_prop:s0" dev="tmpfs" ino=106 scontext=u:r:shell:s0 tcontext=u:object_r:ctl_default_prop:s0 tclass=file permissive=1
12-11 13:17:11.386 I/getprop ( 1322): type=1400 audit(0.0:4784): avc: denied { map } for path="/dev/__properties__/u:object_r:ctl_fuse_prop:s0" dev="tmpfs" ino=108 scontext=u:r:shell:s0 tcontext=u:object_r:ctl_fuse_prop:s0 tclass=file permissive=1
12-11 13:17:11.386 I/getprop ( 1322): type=1400 audit(0.0:4785): avc: denied { map } for path="/dev/__properties__/u:object_r:ctl_interface_restart_prop:s0" dev="tmpfs" ino=110 scontext=u:r:shell:s0 tcontext=u:object_r:ctl_interface_restart_prop:s0 tclass=file permissive=1
12-11 13:17:11.386 I/getprop ( 1322): type=1400 audit(0.0:4786): avc: denied { map } for path="/dev/__properties__/u:object_r:ctl_interface_start_prop:s0" dev="tmpfs" ino=111 scontext=u:r:shell:s0 tcontext=u:object_r:ctl_interface_start_prop:s0 tclass=file permissive=1
12-11 13:17:11.386 I/getprop ( 1322): type=1400 audit(0.0:4787): avc: denied { map } for path="/dev/__properties__/u:object_r:ctl_interface_stop_prop:s0" dev="tmpfs" ino=112 scontext=u:r:shell:s0 tcontext=u:object_r:ctl_interface_stop_prop:s0 tclass=file permissive=1
12-11 13:17:11.386 I/getprop ( 1322): type=1400 audit(0.0:4788): avc: denied { map } for path="/dev/__properties__/u:object_r:ctl_mdnsd_prop:s0" dev="tmpfs" ino=113 scontext=u:r:shell:s0 tcontext=u:object_r:ctl_mdnsd_prop:s0 tclass=file permissive=1
12-11 13:17:11.386 I/getprop ( 1322): type=1400 audit(0.0:4789): avc: denied { open } for path="/dev/__properties__/u:object_r:ctl_mediatranscoding_prop:s0" dev="tmpfs" ino=114 scontext=u:r:shell:s0 tcontext=u:object_r:ctl_mediatranscoding_prop:s0 tclass=file permissive=1
12-11 13:17:11.386 I/getprop ( 1322): type=1400 audit(0.0:4790): avc: denied { getattr } for path="/dev/__properties__/u:object_r:ctl_mediatranscoding_prop:s0" dev="tmpfs" ino=114 scontext=u:r:shell:s0 tcontext=u:object_r:ctl_mediatranscoding_prop:s0 tclass=file permissive=1
12-11 13:17:11.386 I/getprop ( 1322): type=1400 audit(0.0:4791): avc: denied { map } for path="/dev/__properties__/u:object_r:ctl_mediatranscoding_prop:s0" dev="tmpfs" ino=114 scontext=u:r:shell:s0 tcontext=u:object_r:ctl_mediatranscoding_prop:s0 tclass=file permissive=1
12-11 13:17:11.386 I/getprop ( 1322): type=1400 audit(0.0:4792): avc: denied { open } for path="/dev/__properties__/u:object_r:ctl_odsign_prop:s0" dev="tmpfs" ino=115 scontext=u:r:shell:s0 tcontext=u:object_r:ctl_odsign_prop:s0 tclass=file permissive=1
12-11 13:17:11.386 I/getprop ( 1322): type=1400 audit(0.0:4793): avc: denied { getattr } for path="/dev/__properties__/u:object_r:ctl_odsign_prop:s0" dev="tmpfs" ino=115 scontext=u:r:shell:s0 tcontext=u:object_r:ctl_odsign_prop:s0 tclass=file permissive=1
12-11 13:17:11.386 I/getprop ( 1322): type=1400 audit(0.0:4794): avc: denied { map } for path="/dev/__properties__/u:object_r:ctl_odsign_prop:s0" dev="tmpfs" ino=115 scontext=u:r:shell:s0 tcontext=u:object_r:ctl_odsign_prop:s0 tclass=file permissive=1
12-11 13:17:11.386 I/getprop ( 1322): type=1400 audit(0.0:4795): avc: denied { map } for path="/dev/__properties__/u:object_r:ctl_restart_prop:s0" dev="tmpfs" ino=116 scontext=u:r:shell:s0 tcontext=u:object_r:ctl_restart_prop:s0 tclass=file permissive=1
12-11 13:17:11.386 I/getprop ( 1322): type=1400 audit(0.0:4796): avc: denied { open } for path="/dev/__properties__/u:object_r:ctl_rildaemon_prop:s0" dev="tmpfs" ino=117 scontext=u:r:shell:s0 tcontext=u:object_r:ctl_rildaemon_prop:s0 tclass=file permissive=1
12-11 13:17:11.386 I/getprop ( 1322): type=1400 audit(0.0:4797): avc: denied { getattr } for path="/dev/__properties__/u:object_r:ctl_rildaemon_prop:s0" dev="tmpfs" ino=117 scontext=u:r:shell:s0 tcontext=u:object_r:ctl_rildaemon_prop:s0 tclass=file permissive=1
12-11 13:17:11.386 I/getprop ( 1322): type=1400 audit(0.0:4798): avc: denied { map } for path="/dev/__properties__/u:object_r:ctl_rildaemon_prop:s0" dev="tmpfs" ino=117 scontext=u:r:shell:s0 tcontext=u:object_r:ctl_rildaemon_prop:s0 tclass=file permissive=1
12-11 13:17:11.386 I/getprop ( 1322): type=1400 audit(0.0:4799): avc: denied { open } for path="/dev/__properties__/u:object_r:ctl_sigstop_prop:s0" dev="tmpfs" ino=118 scontext=u:r:shell:s0 tcontext=u:object_r:ctl_sigstop_prop:s0 tclass=file permissive=1
12-11 13:17:11.386 I/getprop ( 1322): type=1400 audit(0.0:4800): avc: denied { getattr } for path="/dev/__properties__/u:object_r:ctl_sigstop_prop:s0" dev="tmpfs" ino=118 scontext=u:r:shell:s0 tcontext=u:object_r:ctl_sigstop_prop:s0 tclass=file permissive=1
12-11 13:17:11.386 I/getprop ( 1322): type=1400 audit(0.0:4801): avc: denied { map } for path="/dev/__properties__/u:object_r:ctl_sigstop_prop:s0" dev="tmpfs" ino=118 scontext=u:r:shell:s0 tcontext=u:object_r:ctl_sigstop_prop:s0 tclass=file permissive=1
12-11 13:17:11.386 I/getprop ( 1322): type=1400 audit(0.0:4802): avc: denied { open } for path="/dev/__properties__/u:object_r:ctl_start_prop:s0" dev="tmpfs" ino=120 scontext=u:r:shell:s0 tcontext=u:object_r:ctl_start_prop:s0 tclass=file permissive=1
12-11 13:17:11.386 I/getprop ( 1322): type=1400 audit(0.0:4803): avc: denied { getattr } for path="/dev/__properties__/u:object_r:ctl_start_prop:s0" dev="tmpfs" ino=120 scontext=u:r:shell:s0 tcontext=u:object_r:ctl_start_prop:s0 tclass=file permissive=1
12-11 13:17:11.386 I/getprop ( 1322): type=1400 audit(0.0:4804): avc: denied { map } for path="/dev/__properties__/u:object_r:ctl_start_prop:s0" dev="tmpfs" ino=120 scontext=u:r:shell:s0 tcontext=u:object_r:ctl_start_prop:s0 tclass=file permissive=1
