01-01 00:00:06.085 I/usb 1-1 (   59): New USB device found, idVendor=1a40, idProduct=0101, bcdDevice= 1.11
01-01 00:00:06.085 I/usb 1-1 (   59): New USB device strings: Mfr=0, Product=1, SerialNumber=0
01-01 00:00:06.085 I/usb 1-1 (   59): Product: USB 2.0 Hub
01-01 00:00:06.085 I/hub 1-1 (   59): 1.0: USB hub found
01-01 00:00:06.086 I/hub 1-1 (   59): 1.0: 4 ports detected
01-01 00:00:06.099 W/        (    1): <<-GTP-ERROR->> I2C Read: 0x8000, 10 bytes failed, errcode: -6! Process reset.
01-01 00:00:06.099 I/usb 2-1 (  187): New USB device found, idVendor=2c7c, idProduct=0901, bcdDevice= 3.18
01-01 00:00:06.099 I/usb 2-1 (  187): New USB device strings: Mfr=1, Product=2, SerialNumber=3
01-01 00:00:06.099 I/usb 2-1 (  187): Product: Android
01-01 00:00:06.099 I/usb 2-1 (  187): Manufacturer: Android
01-01 00:00:06.101 I/rndis_host 2-1(  187): 1.0 usb0: register 'rndis_host' at usb-fc880000.usb-1, RNDIS device, a2:4f:e7:8b:19:1a
01-01 00:00:06.195 W/        (    1): <<-GTP-ERROR->> I2C Read: 0x8000, 10 bytes failed, errcode: -6! Process reset.
01-01 00:00:06.292 W/        (    1): <<-GTP-ERROR->> I2C Read: 0x8000, 10 bytes failed, errcode: -6! Process reset.
01-01 00:00:06.389 W/        (    1): <<-GTP-ERROR->> I2C Read: 0x8000, 10 bytes failed, errcode: -6! Process reset.
01-01 00:00:06.481 I/usb 1-1.2(  187): new full-speed USB device number 3 using ehci-platform
01-01 00:00:06.485 W/        (    1): <<-GTP-ERROR->> I2C Read: 0x8000, 10 bytes failed, errcode: -6! Process reset.
01-01 00:00:06.581 W/        (    1): <<-GTP-ERROR->> I2C read 0x8000, 10 bytes, double check failed!
01-01 00:00:06.581 W/        (    1): <<-GTP-ERROR->> Failed to get chip-type, set chip type default: GOODIX_GT9
01-01 00:00:06.582 W/        (    1): <<-GTP-ERROR->> I2C Read: 0x8047, 1 bytes failed, errcode: -6! Process reset.
01-01 00:00:06.678 W/        (    1): <<-GTP-ERROR->> GTP i2c test failed time 1.
01-01 00:00:06.695 W/        (    1): <<-GTP-ERROR->> I2C Read: 0x8047, 1 bytes failed, errcode: -6! Process reset.
01-01 00:00:06.697 I/usb 1-1.2(  187): New USB device found, idVendor=0a05, idProduct=7211, bcdDevice= 1.00
01-01 00:00:06.697 I/usb 1-1.2(  187): New USB device strings: Mfr=0, Product=1, SerialNumber=0
01-01 00:00:06.697 I/usb 1-1.2(  187): Product: USB2.0 HUB
01-01 00:00:06.697 I/hub 1-1.2(  187): 1.0: USB hub found
01-01 00:00:06.697 I/hub 1-1.2(  187): 1.0: 4 ports detected
01-01 00:00:06.791 W/        (    1): <<-GTP-ERROR->> GTP i2c test failed time 2.
01-01 00:00:06.809 W/        (    1): <<-GTP-ERROR->> I2C Read: 0x8047, 1 bytes failed, errcode: -6! Process reset.
01-01 00:00:06.871 I/usb 1-1.3(  187): new high-speed USB device number 4 using ehci-platform
01-01 00:00:06.905 W/        (    1): <<-GTP-ERROR->> GTP i2c test failed time 3.
01-01 00:00:06.922 W/        (    1): <<-GTP-ERROR->> I2C Read: 0x8047, 1 bytes failed, errcode: -6! Process reset.
01-01 00:00:07.018 W/        (    1): <<-GTP-ERROR->> GTP i2c test failed time 4.
01-01 00:00:07.035 W/        (    1): <<-GTP-ERROR->> I2C Read: 0x8047, 1 bytes failed, errcode: -6! Process reset.
01-01 00:00:07.069 I/usb 1-1.3(  187): New USB device found, idVendor=a69c, idProduct=8d80, bcdDevice= 1.00
01-01 00:00:07.069 I/usb 1-1.3(  187): New USB device strings: Mfr=1, Product=2, SerialNumber=3
01-01 00:00:07.069 I/usb 1-1.3(  187): Product: AIC Wlan
01-01 00:00:07.069 I/usb 1-1.3(  187): Manufacturer: aicsemi
01-01 00:00:07.069 I/usb 1-1.3(  187): SerialNumber: 20220103
01-01 00:00:07.131 W/        (    1): <<-GTP-ERROR->> GTP i2c test failed time 5.
01-01 00:00:07.148 W/        (    1): <goodix_ts_probe>_2809    I2C communication ERROR!
01-01 00:00:07.148 W/        (    1): <goodix_ts_probe>_2884  prob error !!!!!!!!!!!!!!!
01-01 00:00:07.149 I/        (    1): [FTS][Info]display x(0 799) y(0 1279)
01-01 00:00:07.149 E/        (    1): [FTS][Error]Unable to get max-touch-number
01-01 00:00:07.149 I/        (    1): [FTS][Info]max touch number:10, irq gpio:118, reset gpio:117
01-01 00:00:07.149 I/input   (    1): fts_ts as /devices/platform/fead0000.i2c/i2c-5/5-0038/input/input1
01-01 00:00:07.149 W/fts_ts 5-0038(    1): supply power not found, using dummy regulator
01-01 00:00:07.150 W/fts_ts 5-0038(    1): supply vcc_i2c not found, using dummy regulator
01-01 00:00:07.281 I/usb 1-1.2.3(  187): new low-speed USB device number 5 using ehci-platform
01-01 00:00:07.378 E/[FTS][Error][IIC](    1): i2c_transfer(write) error, ret=-6!!
01-01 00:00:07.378 E/[FTS][Error][IIC](    1): i2c_transfer(write) error, ret=-6!!
01-01 00:00:07.378 E/[FTS][Error][IIC](    1): i2c_transfer(write) error, ret=-6!!
01-01 00:00:07.379 E/[FTS][Error][IIC](    1): i2c_transfer(write) error, ret=-6!!
01-01 00:00:07.379 E/[FTS][Error][IIC](    1): i2c_transfer(write) error, ret=-6!!
01-01 00:00:07.379 E/[FTS][Error][IIC](    1): i2c_transfer(write) error, ret=-6!!
01-01 00:00:07.379 E/        (    1): [FTS][Error]not focal IC, unregister driver
01-01 00:00:07.383 I/usb 1-1.2.3(  187): New USB device found, idVendor=1c4f, idProduct=0034, bcdDevice= 1.10
01-01 00:00:07.383 I/usb 1-1.2.3(  187): New USB device strings: Mfr=1, Product=2, SerialNumber=0
01-01 00:00:07.383 I/usb 1-1.2.3(  187): Product: Usb Mouse
01-01 00:00:07.383 I/usb 1-1.2.3(  187): Manufacturer: SIGMACHIP
01-01 00:00:07.389 E/i2c-5   (    1): 1 i2c clients have been registered at 0x38
01-01 00:00:07.393 I/rkcifhw fdce0000.rkcif(    1): Adding to iommu group 15
01-01 00:00:07.394 I/rkcifhw fdce0000.rkcif(    1): attach rk3588s2
01-01 00:00:07.394 I/rkcifhw fdce0000.rkcif(    1): No reserved memory region assign to CIF
01-01 00:00:07.394 I/rkcif-mipi-lvds2(    1): Adding to iommu group 15
01-01 00:00:07.394 I/rkcif-mipi-lvds2(    1): rkcif driver version: v00.02.00
01-01 00:00:07.394 I/rkcif-mipi-lvds2(    1): attach to cif hw node
01-01 00:00:07.394 I/rkcif-mipi-lvds2(    1): rkcif wait line 0
01-01 00:00:07.394 E/        (    1): : terminal subdev does not exist
01-01 00:00:07.394 E/        (    1): : terminal subdev does not exist
01-01 00:00:07.394 E/        (    1): : terminal subdev does not exist
01-01 00:00:07.394 E/        (    1): : terminal subdev does not exist
01-01 00:00:07.394 E/        (    1): : get_remote_sensor: video pad[0] is null
01-01 00:00:07.394 E/        (    1): : rkcif_update_sensor_info: stream[0] get remote sensor_sd failed!
01-01 00:00:07.394 I/        (    1): : rkcif_scale_set_fmt: req(80, 60) src out(0, 0)
01-01 00:00:07.394 E/        (    1): : get_remote_sensor: video pad[0] is null
01-01 00:00:07.394 E/        (    1): : rkcif_update_sensor_info: stream[0] get remote sensor_sd failed!
01-01 00:00:07.394 I/        (    1): : rkcif_scale_set_fmt: req(80, 60) src out(0, 0)
01-01 00:00:07.394 E/        (    1): : get_remote_sensor: video pad[0] is null
01-01 00:00:07.394 E/        (    1): : rkcif_update_sensor_info: stream[0] get remote sensor_sd failed!
01-01 00:00:07.394 I/        (    1): : rkcif_scale_set_fmt: req(80, 60) src out(0, 0)
01-01 00:00:07.394 E/        (    1): : get_remote_sensor: video pad[0] is null
01-01 00:00:07.394 E/        (    1): : rkcif_update_sensor_info: stream[0] get remote sensor_sd failed!
01-01 00:00:07.394 I/        (    1): : rkcif_scale_set_fmt: req(80, 60) src out(0, 0)
01-01 00:00:07.394 I/        (    1): : rk3588s2 attach to mipi4
01-01 00:00:07.396 I/rkcif-mipi-lvds2(    1): No memory-region-thunderboot specified
01-01 00:00:07.397 I/rockchip-mipi-csi2-hw fdd10000.mipi0-csi2-hw(    1): enter mipi csi2 hw probe!
01-01 00:00:07.397 I/rockchip-mipi-csi2-hw fdd10000.mipi0-csi2-hw(    1): probe success, v4l2_dev:mipi0-csi2-hw!
01-01 00:00:07.397 I/rockchip-mipi-csi2-hw fdd20000.mipi1-csi2-hw(    1): enter mipi csi2 hw probe!
01-01 00:00:07.397 I/rockchip-mipi-csi2-hw fdd20000.mipi1-csi2-hw(    1): probe success, v4l2_dev:mipi1-csi2-hw!
01-01 00:00:07.397 I/rockchip-mipi-csi2-hw fdd30000.mipi2-csi2-hw(    1): enter mipi csi2 hw probe!
01-01 00:00:07.397 I/rockchip-mipi-csi2-hw fdd30000.mipi2-csi2-hw(    1): probe success, v4l2_dev:mipi2-csi2-hw!
01-01 00:00:07.397 I/rockchip-mipi-csi2-hw fdd40000.mipi3-csi2-hw(    1): enter mipi csi2 hw probe!
01-01 00:00:07.397 I/rockchip-mipi-csi2-hw fdd40000.mipi3-csi2-hw(    1): probe success, v4l2_dev:mipi3-csi2-hw!
01-01 00:00:07.397 I/rockchip-mipi-csi2-hw fdd50000.mipi4-csi2-hw(    1): enter mipi csi2 hw probe!
01-01 00:00:07.397 I/rockchip-mipi-csi2-hw fdd50000.mipi4-csi2-hw(    1): probe success, v4l2_dev:mipi4-csi2-hw!
01-01 00:00:07.397 I/rockchip-mipi-csi2-hw fdd60000.mipi5-csi2-hw(    1): enter mipi csi2 hw probe!
01-01 00:00:07.397 I/rockchip-mipi-csi2-hw fdd60000.mipi5-csi2-hw(    1): probe success, v4l2_dev:mipi5-csi2-hw!
01-01 00:00:07.397 I/rockchip-mipi-csi2 mipi2-csi2(    1): attach to csi2 hw node
01-01 00:00:07.397 W/rkcif-mipi-lvds2(    1): Entity type for entity rockchip-mipi-csi2 was not initialized!
01-01 00:00:07.397 E/rockchip-mipi-csi2(    1): Async registered subdev
01-01 00:00:07.397 I/rockchip-mipi-csi2(    1): probe success, v4l2_dev:rkcif-mipi-lvds2!
01-01 00:00:07.398 I/rkisp_hw fdcb0000.rkisp(    1): Adding to iommu group 14
01-01 00:00:07.398 I/rkisp_hw fdcb0000.rkisp(    1): is_thunderboot: 0
01-01 00:00:07.398 I/rkisp_hw fdcb0000.rkisp(    1): max input:0x0@0fps
01-01 00:00:07.398 W/rkisp_hw fdcb0000.rkisp(    1): Missing rockchip,grf property
01-01 00:00:07.398 W/rkisp_hw fdcb0000.rkisp(    1): no find phandle sram
01-01 00:00:07.398 I/rkisp0-vir2(    1): rkisp driver version: v02.02.01
01-01 00:00:07.398 I/rkisp0-vir2(    1): No memory-region-thunderboot specified
01-01 00:00:07.398 W/rkisp0-vir2(    1): Entity type for entity rkisp-isp-subdev was not initialized!
01-01 00:00:07.401 I/usbcore (    1): registered new interface driver uvcvideo
01-01 00:00:07.401 I/        (    1): USB Video Class driver (1.1.1)
01-01 00:00:07.402 I/test_power_init(    1): could not find dev node
01-01 00:00:07.404 I/device-mapper(    1): uevent: version 1.0.3
01-01 00:00:07.404 I/device-mapper(    1): ioctl: 4.44.0-ioctl (2021-02-01) initialised: dm-devel@redhat.com
01-01 00:00:07.404 I/Bluetooth(    1): HCI UART driver ver 2.3
01-01 00:00:07.404 I/Bluetooth(    1): HCI UART protocol H4 registered
01-01 00:00:07.404 W/aic_btusb(    1): AICBT_RELEASE_NAME: 202012_ANDROID
01-01 00:00:07.404 W/aic_btusb(    1): AicSemi Bluetooth USB driver module init, version 2.1.0
01-01 00:00:07.404 W/aic_btusb(    1): RELEASE DATE: 2023_1211_1958
01-01 00:00:07.404 W/aic_btusb(    1): Register usb char device interface for BT driver
01-01 00:00:07.404 I/usbcore (    1): registered new interface driver aic_btusb
01-01 00:00:07.405 I/cpu0    (    1): bin=0
01-01 00:00:07.405 I/cpu0    (    1): leakage=16
01-01 00:00:07.406 I/cpu0    (    1): pvtm=1463
01-01 00:00:07.406 I/cpu0    (    1): pvtm-volt-sel=3
01-01 00:00:07.408 I/cpu4    (    1): bin=0
01-01 00:00:07.408 I/cpu4    (    1): leakage=12
01-01 00:00:07.415 I/cpu4    (    1): pvtm=1683
01-01 00:00:07.419 I/cpu4    (    1): pvtm-volt-sel=4
01-01 00:00:07.421 I/cpu6    (    1): bin=0
01-01 00:00:07.422 I/cpu6    (    1): leakage=13
01-01 00:00:07.428 I/cpu6    (    1): pvtm=1715
01-01 00:00:07.432 I/cpu6    (    1): pvtm-volt-sel=5
01-01 00:00:07.434 I/cpu0    (    1): avs=0
01-01 00:00:07.435 I/cpu4    (    1): avs=0
01-01 00:00:07.436 I/cpu6    (    1): avs=0
01-01 00:00:07.436 D/cpu0    (    1): EM: OPP:816000 is inefficient
01-01 00:00:07.436 D/cpu0    (    1): EM: OPP:600000 is inefficient
01-01 00:00:07.436 I/cpu0    (    1): EM: created perf domain
01-01 00:00:07.436 I/cpu0    (    1): l=10000 h=85000 hyst=5000 l_limit=0 h_limit=1608000000 h_table=0
01-01 00:00:07.436 D/cpu4    (    1): EM: OPP:816000 is inefficient
01-01 00:00:07.436 D/cpu4    (    1): EM: OPP:600000 is inefficient
01-01 00:00:07.437 I/cpu4    (    1): EM: created perf domain
01-01 00:00:07.437 I/cpu4    (    1): l=10000 h=85000 hyst=5000 l_limit=0 h_limit=2208000000 h_table=0
01-01 00:00:07.445 D/cpu6    (    1): EM: OPP:816000 is inefficient
01-01 00:00:07.445 D/cpu6    (    1): EM: OPP:600000 is inefficient
01-01 00:00:07.445 I/cpu6    (    1): EM: created perf domain
01-01 00:00:07.445 I/cpu6    (    1): l=10000 h=85000 hyst=5000 l_limit=0 h_limit=2208000000 h_table=0
01-01 00:00:07.455 I/usb 1-1.2.4(  187): new full-speed USB device number 6 using ehci-platform
01-01 00:00:07.460 I/sdhci   (    1): Secure Digital Host Controller Interface driver
01-01 00:00:07.460 I/sdhci   (    1): Copyright(c) Pierre Ossman
01-01 00:00:07.460 I/        (    1): Synopsys Designware Multimedia Card Interface Driver
01-01 00:00:07.461 I/sdhci-pltfm(    1): SDHCI platform and OF driver helper
01-01 00:00:07.461 W/dwmmc_rockchip fe2c0000.mmc(    7): No normal pinctrl state
01-01 00:00:07.461 W/dwmmc_rockchip fe2c0000.mmc(    7): No idle pinctrl state
01-01 00:00:07.461 I/dwmmc_rockchip fe2c0000.mmc(    7): IDMAC supports 32-bit address mode.
01-01 00:00:07.461 I/dwmmc_rockchip fe2c0000.mmc(    7): Using internal DMA controller.
01-01 00:00:07.461 I/dwmmc_rockchip fe2c0000.mmc(    7): Version ID is 270a
01-01 00:00:07.461 I/dwmmc_rockchip fe2c0000.mmc(    7): DW MMC controller at irq 94,32 bit host data width,256 deep fifo
01-01 00:00:07.463 E/arm-scmi firmware(    1): scmi: Failed. SCMI protocol 17 not active.
01-01 00:00:07.463 I/SMCCC   (    1): SOC_ID: ARCH_FEATURES(ARCH_SOC_ID) returned error: fffffffffffffffd
01-01 00:00:07.464 I/cryptodev(    1): driver 1.12 loaded.
01-01 00:00:07.464 I/hid     (    1): raw HID events driver (C) Jiri Kosina
01-01 00:00:07.469 I/input   (    1): SIGMACHIP Usb Mouse as /devices/platform/fc800000.usb/usb1/1-1/1-1.2/1-1.2.3/1-1.2.3:1.0/0003:1C4F:0034.0001/input/input2
01-01 00:00:07.469 I/hid-generic 0003(    1): 1C4F:0034.0001: input,hidraw0: USB HID v1.10 Mouse [SIGMACHIP Usb Mouse] on usb-fc800000.usb-1.2.3/input0
01-01 00:00:07.469 I/usbcore (    1): registered new interface driver usbhid
01-01 00:00:07.469 I/usbhid  (    1): USB HID core driver
01-01 00:00:07.470 I/ashmem  (    1): initialized
01-01 00:00:07.474 I/optee   (    1): probing for conduit method.
01-01 00:00:07.474 I/optee   (    1): revision 3.13 (b5340fd6)
01-01 00:00:07.474 I/optee   (    1): dynamic shared memory is enabled
01-01 00:00:07.474 I/optee   (    1): initialized driver
01-01 00:00:07.474 E/        (    1): rknandbase v1.2 2021-01-07
01-01 00:00:07.475 I/usbcore (    1): registered new interface driver snd-usb-audio
01-01 00:00:07.478 I/        (    7): mmc_host mmc0: Bus speed (slot 0) = 400000Hz (slot req 400000Hz, actual 400000HZ div = 0)
01-01 00:00:07.483 I/input   (    1): headset-keys as /devices/platform/es8316-sound/input/input3
01-01 00:00:07.483 E/rk-multicodecs es8316-sound(    1): ASoC: Property 'rockchip,audio-routing' does not exist or its length is not even
01-01 00:00:07.483 W/rk-multicodecs es8316-sound(    1): Audio routing invalid/unspecified
01-01 00:00:07.495 I/mmc1    (    9): SDHCI controller on fe2e0000.mmc [fe2e0000.mmc] using ADMA
01-01 00:00:07.552 I/usb 1-1.2.4(  187): not running at top speed; connect to a high speed hub
01-01 00:00:07.555 I/usb 1-1.2.4(  187): New USB device found, idVendor=05e3, idProduct=0610, bcdDevice=61.60
01-01 00:00:07.555 I/usb 1-1.2.4(  187): New USB device strings: Mfr=0, Product=1, SerialNumber=0
01-01 00:00:07.555 I/usb 1-1.2.4(  187): Product: USB2.0 Hub
01-01 00:00:07.556 I/hub 1-1.2.4(  187): 1.0: USB hub found
01-01 00:00:07.556 I/hub 1-1.2.4(  187): 1.0: 3 ports detected
01-01 00:00:07.838 I/usb 1-1.2.4.1(  187): new full-speed USB device number 7 using ehci-platform
01-01 00:00:07.938 I/usb 1-1.2.4.1(  187): New USB device found, idVendor=28e1, idProduct=b006, bcdDevice= 8.01
01-01 00:00:07.938 I/usb 1-1.2.4.1(  187): New USB device strings: Mfr=1, Product=2, SerialNumber=0
01-01 00:00:07.938 I/usb 1-1.2.4.1(  187): Product: multitouch
01-01 00:00:07.938 I/usb 1-1.2.4.1(  187): Manufacturer: iSolution
01-01 00:00:07.942 I/input   (  187): iSolution multitouch as /devices/platform/fc800000.usb/usb1/1-1/1-1.2/1-1.2.4/1-1.2.4.1/1-1.2.4.1:1.0/0003:28E1:B006.0002/input/input9
01-01 00:00:07.942 I/input   (  187): iSolution multitouch Keyboard as /devices/platform/fc800000.usb/usb1/1-1/1-1.2/1-1.2.4/1-1.2.4.1/1-1.2.4.1:1.0/0003:28E1:B006.0002/input/input10
01-01 00:00:07.999 I/input   (  187): iSolution multitouch Mouse as /devices/platform/fc800000.usb/usb1/1-1/1-1.2/1-1.2.4/1-1.2.4.1/1-1.2.4.1:1.0/0003:28E1:B006.0002/input/input11
01-01 00:00:08.000 I/hid-generic 0003(  187): 28E1:B006.0002: input,hiddev96,hidraw1: USB HID v1.11 Keyboard [iSolution multitouch] on usb-fc800000.usb-1.2.4.1/input0
01-01 00:00:08.004 I/input   (  187): iSolution multitouch as /devices/platform/fc800000.usb/usb1/1-1/1-1.2/1-1.2.4/1-1.2.4.1/1-1.2.4.1:1.1/0003:28E1:B006.0003/input/input12
01-01 00:00:08.004 I/hid-multitouch 0003(  187): 28E1:B006.0003: input,hiddev97,hidraw2: USB HID v1.11 Device [iSolution multitouch] on usb-fc800000.usb-1.2.4.1/input1
01-01 00:00:08.096 E/mmc0    (  198): delay init for 600 ms to enable UHS mode
01-01 00:00:08.099 E/debugfs (    1): File 'Left Hp mixer' in directory 'dapm' already present!
01-01 00:00:08.099 E/debugfs (    1): File 'Right Hp mixer' in directory 'dapm' already present!
01-01 00:00:08.099 E/debugfs (    1): File 'HPCP L' in directory 'dapm' already present!
01-01 00:00:08.099 E/debugfs (    1): File 'HPCP R' in directory 'dapm' already present!
01-01 00:00:08.099 E/debugfs (    1): File 'HPVOL L' in directory 'dapm' already present!
01-01 00:00:08.099 E/debugfs (    1): File 'HPVOL R' in directory 'dapm' already present!
01-01 00:00:08.100 I/input   (    1): rockchip-es8316 Headset as /devices/platform/es8316-sound/sound/card0/input4
01-01 00:00:08.100 I/netem   (    1): version 1.3
01-01 00:00:08.100 I/        (    1): u32 classifier
01-01 00:00:08.100 I/        (    1): input device check on
01-01 00:00:08.100 I/        (    1): Actions configured
01-01 00:00:08.101 I/xt_time (    1): kernel timezone is -0000
01-01 00:00:08.102 I/gre     (    1): GRE over IPv4 demultiplexor driver
01-01 00:00:08.102 I/        (    1): IPv4 over IPsec tunneling driver
01-01 00:00:08.102 I/        (    1): Initializing XFRM netlink socket
01-01 00:00:08.102 I/        (    1): IPsec XFRM device driver
01-01 00:00:08.103 I/NET     (    1): Registered protocol family 10
01-01 00:00:08.104 I/        (    1): Segment Routing with IPv6
01-01 00:00:08.104 I/mip6    (    1): Mobile IPv6
01-01 00:00:08.104 I/sit     (    1): IPv6, IPv4 and MPLS over IPv4 tunneling driver
01-01 00:00:08.105 I/NET     (    1): Registered protocol family 17
01-01 00:00:08.105 I/NET     (    1): Registered protocol family 15
01-01 00:00:08.105 I/        (    1): Bridge firewalling registered
01-01 00:00:08.106 I/Bluetooth(    1): RFCOMM TTY layer initialized
01-01 00:00:08.106 I/Bluetooth(    1): RFCOMM socket layer initialized
01-01 00:00:08.106 I/Bluetooth(    1): RFCOMM ver 1.11
01-01 00:00:08.106 I/Bluetooth(    1): BNEP (Ethernet Emulation) ver 1.3
01-01 00:00:08.106 I/Bluetooth(    1): BNEP filters: protocol multicast
01-01 00:00:08.106 I/Bluetooth(    1): BNEP socket layer initialized
01-01 00:00:08.106 I/Bluetooth(    1): HIDP (Human Interface Emulation) ver 1.2
01-01 00:00:08.106 I/Bluetooth(    1): HIDP socket layer initialized
01-01 00:00:08.106 I/l2tp_core(    1): L2TP core driver, V2.0
01-01 00:00:08.106 I/l2tp_ppp(    1): PPPoL2TP kernel driver, V2.0
01-01 00:00:08.106 I/[BT_RFKILL](    1): Enter rfkill_rk_init
01-01 00:00:08.106 I/[WLAN_RFKILL](    1): Enter rfkill_wlan_init
01-01 00:00:08.108 I/imx415 3-001a(    1): driver version: 00.01.08
01-01 00:00:08.108 W/imx415 3-001a(    1): Get hdr mode failed! no hdr default
01-01 00:00:08.108 W/imx415 3-001a(    1): Failed to get power-gpios
01-01 00:00:08.108 I/imx415 3-001a(    1): could not get default pinstate
01-01 00:00:08.108 I/imx415 3-001a(    1): could not get sleep pinstate
01-01 00:00:08.108 W/imx415 3-001a(    1): supply dvdd not found, using dummy regulator
01-01 00:00:08.108 W/imx415 3-001a(    1): supply dovdd not found, using dummy regulator
01-01 00:00:08.108 W/imx415 3-001a(    1): supply avdd not found, using dummy regulator
01-01 00:00:08.167 I/        (  198): mmc_host mmc0: Bus speed (slot 0) = 198000000Hz (slot req 200000000Hz, actual 198000000HZ div = 0)
01-01 00:00:08.178 I/dwmmc_rockchip fe2c0000.mmc(  198): Successfully tuned phase to 270
01-01 00:00:08.178 I/mmc0    (  198): new ultra high speed SDR104 SDXC card at address aaaa
01-01 00:00:08.179 I/mmcblk0 (  198): mmc0:aaaa SR128 119 GiB
01-01 00:00:08.180 E/imx415 3-001a(    1): Unexpected sensor id(000000), ret(-5)
01-01 00:00:08.180 I/        (    1): registered taskstats version 1
01-01 00:00:08.180 I/        (    1): Loading compiled-in X.509 certificates
01-01 00:00:08.181 I/        (    1): Key type .fscrypt registered
01-01 00:00:08.181 I/        (    1): Key type fscrypt-provisioning registered
01-01 00:00:08.181 I/pstore  (    1): Using crash dump compression: deflate
01-01 00:00:08.181 I/rga3_core0 fdb60000.rga(    1): Adding to iommu group 2
01-01 00:00:08.182 I/rga     (    1): rga3_core0, irq = 36, match scheduler
01-01 00:00:08.182 I/rga     (    1): rga3_core0 hardware loaded successfully, hw_version:3.0.76831.
01-01 00:00:08.182 I/rga     (    1): rga3_core0 probe successfully
01-01 00:00:08.183 I/rga3_core1 fdb70000.rga(    1): Adding to iommu group 3
01-01 00:00:08.183 I/rga     (    1): rga3_core1, irq = 37, match scheduler
01-01 00:00:08.183 I/mmcblk0 (  198): p1 p2 p3 p4 p5 p6 p7 p8 p9 p10 p11 p12 p13 p14
01-01 00:00:08.184 I/rga     (    1): rga3_core1 hardware loaded successfully, hw_version:3.0.76831.
01-01 00:00:08.184 I/rga     (    1): rga3_core1 probe successfully
01-01 00:00:08.184 I/rga     (    1): rga2, irq = 38, match scheduler
01-01 00:00:08.185 I/rga     (    1): rga2 hardware loaded successfully, hw_version:3.2.63318.
01-01 00:00:08.185 I/rga     (    1): rga2 probe successfully
01-01 00:00:08.185 I/rga_iommu(    1): IOMMU binding successfully, default mapping core[0x1]
01-01 00:00:08.185 I/rga     (    1): Module initialized. v1.2.26
01-01 00:00:08.185 W/        (    1): ********************************************************************
01-01 00:00:08.185 W/        (    1): **     NOTICE NOTICE NOTICE NOTICE NOTICE NOTICE NOTICE           **
01-01 00:00:08.185 W/        (    1): **                                                                **
01-01 00:00:08.185 W/        (    1): **  WRITEABLE clk DebugFS SUPPORT HAS BEEN ENABLED IN THIS KERNEL **
01-01 00:00:08.185 W/        (    1): **                                                                **
01-01 00:00:08.186 W/        (    1): ** This means that this kernel is built to expose clk operations  **
01-01 00:00:08.186 W/        (    1): ** such as parent or rate setting, enabling, disabling, etc.      **
01-01 00:00:08.186 W/        (    1): ** to userspace, which may compromise security on your system.    **
01-01 00:00:08.186 W/        (    1): **                                                                **
01-01 00:00:08.186 W/        (    1): ** If you see this message and you are not debugging the          **
01-01 00:00:08.186 W/        (    1): ** kernel, report this immediately to your vendor!                **
01-01 00:00:08.186 W/        (    1): **                                                                **
01-01 00:00:08.186 W/        (    1): **     NOTICE NOTICE NOTICE NOTICE NOTICE NOTICE NOTICE           **
01-01 00:00:08.186 W/        (    1): ********************************************************************
01-01 00:00:08.215 I/vendor storage(  213): 20190527 ret = 0
01-01 00:00:08.216 I/mali fb000000.gpu(    9): Kernel DDK version g18p0-01eac0
01-01 00:00:08.217 I/mali fb000000.gpu(    9): bin=0
01-01 00:00:08.217 I/mali fb000000.gpu(    9): leakage=19
01-01 00:00:08.217 E/debugfs (    9): Directory 'fb000000.gpu-mali' with parent 'vdd_gpu_s0' already present!
01-01 00:00:08.217 I/rockchip-dmc dmc(    7): bin=0
01-01 00:00:08.217 I/rockchip-dmc dmc(    7): leakage=41
01-01 00:00:08.218 I/rockchip-dmc dmc(    7): leakage-volt-sel=1
01-01 00:00:08.218 I/rockchip-dmc dmc(    7): soc version=0, speed=1
01-01 00:00:08.218 I/rockchip-dmc dmc(    7): avs=0
01-01 00:00:08.218 I/rockchip-dmc dmc(    7): current ATF version 0x100
01-01 00:00:08.218 I/rockchip-dmc dmc(    7): normal_rate = 1560000000
01-01 00:00:08.218 I/rockchip-dmc dmc(    7): reboot_rate = 2112000000
01-01 00:00:08.218 I/rockchip-dmc dmc(    7): suspend_rate = 528000000
01-01 00:00:08.218 I/rockchip-dmc dmc(    7): video_4k_rate = 1560000000
01-01 00:00:08.218 I/rockchip-dmc dmc(    7): video_4k_10b_rate = 1560000000
01-01 00:00:08.218 I/rockchip-dmc dmc(    7): video_svep_rate = 1560000000
01-01 00:00:08.218 I/rockchip-dmc dmc(    7): boost_rate = 2112000000
01-01 00:00:08.218 I/rockchip-dmc dmc(    7): fixed_rate(isp|cif0|cif1|dualview) = 2112000000
01-01 00:00:08.218 I/rockchip-dmc dmc(    7): performance_rate = 2112000000
01-01 00:00:08.218 I/rockchip-dmc dmc(    7): hdmirx_rate = 2112000000
01-01 00:00:08.218 E/rockchip-dmc dmc(    7): failed to get vop bandwidth to dmc rate
01-01 00:00:08.218 E/rockchip-dmc dmc(    7): failed to get vop pn to msch rl
01-01 00:00:08.219 I/rockchip-dmc dmc(    7): l=10000 h=2147483647 hyst=5000 l_limit=0 h_limit=0 h_table=0
01-01 00:00:08.219 I/mali fb000000.gpu(    9): pvtm=866
01-01 00:00:08.219 I/mali fb000000.gpu(    9): pvtm-volt-sel=3
01-01 00:00:08.220 I/mali fb000000.gpu(    9): avs=0
01-01 00:00:08.222 W/        (    9): W : [File] : drivers/gpu/arm/bifrost/platform/rk/mali_kbase_config_rk.c; [Line] : 143; [Func] : kbase_platform_rk_init(); power-off-delay-ms not available.
01-01 00:00:08.222 I/mali fb000000.gpu(    9): r0p0 status 5 not found in HW issues table;
01-01 00:00:08.222 I/mali fb000000.gpu(    9): falling back to closest match: r0p0 status 0
01-01 00:00:08.223 I/mali fb000000.gpu(    9): Execution proceeding normally with fallback match
01-01 00:00:08.223 I/mali fb000000.gpu(    9): GPU identified as 0x7 arch 10.8.6 r0p0 status 0
01-01 00:00:08.223 I/mali fb000000.gpu(    9): No priority control manager is configured
01-01 00:00:08.223 I/mali fb000000.gpu(    9): No memory group manager is configured
01-01 00:00:08.223 I/mali fb000000.gpu(    9): Protected memory allocator not available
01-01 00:00:08.223 W/mali fb000000.gpu(    9): Capping CSF_FIRMWARE_TIMEOUT to CSF_FIRMWARE_PING_TIMEOUT
01-01 00:00:08.224 I/mali fb000000.gpu(    9): l=10000 h=85000 hyst=5000 l_limit=0 h_limit=800000000 h_table=0
01-01 00:00:08.224 I/mali fb000000.gpu(    9): Probed as mali0
01-01 00:00:08.331 E/rockchip-dmc dmc(    7): could not find power_model node
01-01 00:00:08.333 I/rockchip-csi2-dphy csi2-dphy0(    7): csi2 dphy0 probe successfully!
01-01 00:00:08.341 E/rk-pcie fe190000.pcie(  142): PCIe Link Fail
01-01 00:00:08.342 E/rk-pcie fe190000.pcie(  142): failed to initialize host
01-01 00:00:08.347 I/rockchip-vop2 fdd90000.vop(    7): [drm:vop2_bind] vp0 assign plane mask: 0x5, primary plane phy id: 0
01-01 00:00:08.347 I/rockchip-vop2 fdd90000.vop(    7): [drm:vop2_bind] vp1 assign plane mask: 0xa, primary plane phy id: 1
01-01 00:00:08.347 I/rockchip-vop2 fdd90000.vop(    7): [drm:vop2_bind] vp2 assign plane mask: 0x140, primary plane phy id: 6
01-01 00:00:08.347 I/rockchip-vop2 fdd90000.vop(    7): [drm:vop2_bind] vp3 assign plane mask: 0x280, primary plane phy id: 7
01-01 00:00:08.347 I/rockchip-vop2 fdd90000.vop(    7): [drm:vop2_bind] Esmart0-win0 as cursor plane for vp0
01-01 00:00:08.347 I/rockchip-vop2 fdd90000.vop(    7): [drm:vop2_bind] Esmart1-win0 as cursor plane for vp1
01-01 00:00:08.347 I/rockchip-vop2 fdd90000.vop(    7): [drm:vop2_bind] Esmart2-win0 as cursor plane for vp2
01-01 00:00:08.347 I/rockchip-vop2 fdd90000.vop(    7): [drm:vop2_bind] Esmart3-win0 as cursor plane for vp3
01-01 00:00:08.378 I/rockchip-drm display-subsystem(    7): bound fdd90000.vop (ops vop2_component_ops)
01-01 00:00:08.380 I/dwhdmi-rockchip fde80000.hdmi(    7): registered ddc I2C bus driver
01-01 00:00:08.382 I/rockchip-drm display-subsystem(    7): bound fde80000.hdmi (ops dw_hdmi_rockchip_ops)
01-01 00:00:08.382 E/dw-mipi-dsi2 fde20000.dsi(    7): [drm:dw_mipi_dsi2_bind] *ERROR* Failed to find panel or bridge: -517
01-01 00:00:08.395 I/rockchip-vop2 fdd90000.vop(    7): [drm:vop2_bind] vp0 assign plane mask: 0x5, primary plane phy id: 0
01-01 00:00:08.395 I/rockchip-vop2 fdd90000.vop(    7): [drm:vop2_bind] vp1 assign plane mask: 0xa, primary plane phy id: 1
01-01 00:00:08.395 I/rockchip-vop2 fdd90000.vop(    7): [drm:vop2_bind] vp2 assign plane mask: 0x140, primary plane phy id: 6
01-01 00:00:08.395 I/rockchip-vop2 fdd90000.vop(    7): [drm:vop2_bind] vp3 assign plane mask: 0x280, primary plane phy id: 7
01-01 00:00:08.395 I/rockchip-vop2 fdd90000.vop(    7): [drm:vop2_bind] Esmart0-win0 as cursor plane for vp0
01-01 00:00:08.395 I/rockchip-vop2 fdd90000.vop(    7): [drm:vop2_bind] Esmart1-win0 as cursor plane for vp1
01-01 00:00:08.395 I/rockchip-vop2 fdd90000.vop(    7): [drm:vop2_bind] Esmart2-win0 as cursor plane for vp2
01-01 00:00:08.395 I/rockchip-vop2 fdd90000.vop(    7): [drm:vop2_bind] Esmart3-win0 as cursor plane for vp3
01-01 00:00:08.421 I/rockchip-drm display-subsystem(    7): bound fdd90000.vop (ops vop2_component_ops)
01-01 00:00:08.422 I/dwhdmi-rockchip fde80000.hdmi(    7): registered ddc I2C bus driver
01-01 00:00:08.424 I/rockchip-drm display-subsystem(    7): bound fde80000.hdmi (ops dw_hdmi_rockchip_ops)
01-01 00:00:08.424 I/rockchip-drm display-subsystem(    7): bound fde20000.dsi (ops dw_mipi_dsi2_ops)
01-01 00:00:08.425 E/rockchip-drm display-subsystem(    7): route-dsi0: failed to get logo,offset
01-01 00:00:08.425 I/        (    7): [drm] Got built-in EDID base block and 0 extensions from "edid/1920x1080.bin" for connector "HDMI-A-1"
01-01 00:00:08.425 E/rockchip-drm display-subsystem(    7): connector[HDMI-A-1] can't found any match mode
01-01 00:00:08.425 I/        (    7): [drm] HDMI-A-1 support modes:
01-01 00:00:08.425 I/[drm] "1920x1080"(    7): 60 148500 1920 2008 2052 2200 1080 1084 1089 1125 0x48 0x5
01-01 00:00:08.425 I/        (    7): [drm] uboot set mode: h/v display[1920,1080] h/v sync_end[2052,1089] vfresh[60], flags[0x5], aspect_ratio[2]
01-01 00:00:08.434 I/rockchip-vop2 fdd90000.vop(    7): [drm:vop2_crtc_atomic_disable] Crtc atomic disable vp0
01-01 00:00:08.451 W/rockchip-drm display-subsystem(    7): can't not find any logo display
01-01 00:00:08.451 E/rockchip-drm display-subsystem(    7): failed to show kernel logo
01-01 00:00:08.452 I/        (    7): [drm] Got built-in EDID base block and 0 extensions from "edid/1920x1080.bin" for connector "HDMI-A-1"
01-01 00:00:08.458 I/rockchip-drm display-subsystem(    7): [drm] fb0: rockchipdrmfb frame buffer device
01-01 00:00:08.459 I/        (    7): [drm] Initialized rockchip 3.0.0 20140818 for display-subsystem on minor 0
01-01 00:00:08.461 I/input   (    7): rockchip-hdmi0 rockchip-hdmi0 as /devices/platform/hdmi0-sound/sound/card1/input13
01-01 00:00:08.464 I/rkcif-mipi-lvds2(    1): clear unready subdev num: 1
01-01 00:00:08.464 E/rkcif-mipi-lvds2(    1): rkcif_update_sensor_info: stream[0] get remote terminal sensor failed!
01-01 00:00:08.464 I/rkcif-mipi-lvds2(    1): Async subdev notifier completed
01-01 00:00:08.464 E/rkcif-mipi-lvds2(    1): rkcif_update_sensor_info: stream[0] get remote terminal sensor failed!
01-01 00:00:08.464 E/rkcif-mipi-lvds2(    1): There is not terminal subdev, not synchronized with ISP
01-01 00:00:08.464 E/rkcif-mipi-lvds2(  199): rkcif_update_sensor_info: stream[0] get remote terminal sensor failed!
01-01 00:00:08.464 E/rkcif-mipi-lvds2(  199): There is not terminal subdev, not synchronized with ISP
01-01 00:00:08.466 I/RKNPU fdab0000.npu(    1): Adding to iommu group 0
01-01 00:00:08.466 I/RKNPU fdab0000.npu(    1): RKNPU: rknpu iommu is enabled, using iommu mode
01-01 00:00:08.467 E/RKNPU fdab0000.npu(    1): can't request region for resource [mem 0xfdab0000-0xfdabffff]
01-01 00:00:08.467 E/RKNPU fdab0000.npu(    1): can't request region for resource [mem 0xfdac0000-0xfdacffff]
01-01 00:00:08.467 E/RKNPU fdab0000.npu(    1): can't request region for resource [mem 0xfdad0000-0xfdadffff]
01-01 00:00:08.468 I/        (    1): [drm] Initialized rknpu 0.8.8 20230428 for fdab0000.npu on minor 1
01-01 00:00:08.471 I/RKNPU fdab0000.npu(    1): RKNPU: bin=0
01-01 00:00:08.472 I/RKNPU fdab0000.npu(    1): leakage=10
01-01 00:00:08.472 E/debugfs (    1): Directory 'fdab0000.npu-rknpu' with parent 'vdd_npu_s0' already present!
01-01 00:00:08.479 I/RKNPU fdab0000.npu(    1): pvtm=858
01-01 00:00:08.483 I/RKNPU fdab0000.npu(    1): pvtm-volt-sel=2
01-01 00:00:08.485 I/RKNPU fdab0000.npu(    1): avs=0
01-01 00:00:08.486 I/RKNPU fdab0000.npu(    1): l=10000 h=85000 hyst=5000 l_limit=0 h_limit=800000000 h_table=0
01-01 00:00:08.498 E/RKNPU fdab0000.npu(    1): failed to find power_model node
01-01 00:00:08.498 E/RKNPU fdab0000.npu(    1): RKNPU: failed to initialize power model
01-01 00:00:08.498 E/RKNPU fdab0000.npu(    1): RKNPU: failed to get dynamic-coefficient
01-01 00:00:08.500 I/cfg80211(    1): Loading compiled-in X.509 certificates for regulatory database
01-01 00:00:08.501 I/cfg80211(    1): Loaded X.509 cert 'sforshee: 00b28ddf47aef9cea7'
01-01 00:00:08.503 W/rockchip-pm rockchip-suspend(    1): not set pwm-regulator-config
01-01 00:00:08.503 I/        (    1): rockchip-suspend not set sleep-mode-config for mem-lite
01-01 00:00:08.503 I/        (    1): rockchip-suspend not set wakeup-config for mem-lite
01-01 00:00:08.503 I/        (    1): rockchip-suspend not set sleep-mode-config for mem-ultra
01-01 00:00:08.503 I/        (    1): rockchip-suspend not set wakeup-config for mem-ultra
01-01 00:00:08.504 I/        (    1): I : [File] : drivers/gpu/arm/mali400/mali/linux/mali_kernel_linux.c; [Line] : 410; [Func] : mali_module_init(); svn_rev_string_from_arm of this mali_ko is '', rk_ko_ver is '5', built at '18:40:47', on 'Dec 11 2024'.
01-01 00:00:08.505 W/Mali    (    1):  
01-01 00:00:08.505 W/        (    1): Mali device driver loaded
01-01 00:00:08.505 I/rkisp0-vir2(    1): clear unready subdev num: 1
01-01 00:00:08.505 W/platform regulatory.0(  198): Direct firmware load for regulatory.db failed with error -2
01-01 00:00:08.505 I/cfg80211(  198): failed to load regulatory.db
01-01 00:00:08.505 I/rkisp0-vir2(    1): Async subdev notifier completed
01-01 00:00:08.505 I/        (    1): ALSA device list:
01-01 00:00:08.505 I/        (    1): #0: rockchip-es8316
01-01 00:00:08.505 I/        (    1): #1: rockchip-hdmi0
01-01 00:00:08.505 E/        (    1): Warning: unable to open an initial console.
01-01 00:00:08.505 I/        (    1): Freeing unused kernel memory: 1344K
01-01 00:00:08.531 I/        (    1): Run /init as init process
01-01 00:00:08.531 D/with arguments(    1):  
01-01 00:00:08.531 D/        (    1): /init
01-01 00:00:08.531 D/with environment(    1):  
01-01 00:00:08.531 D/        (    1): HOME=/
01-01 00:00:08.531 D/        (    1): TERM=linux
01-01 00:00:08.531 D/        (    1): storagemedia=sd
01-01 00:00:08.532 D/        (    1): buildvariant=userdebug
01-01 00:00:08.534 I/init    (    1): init first stage started!
01-01 00:00:08.534 I/init    (    1): Unable to open /lib/modules, skipping module loading.
01-01 00:00:08.534 I/init    (    1): Copied ramdisk prop to /second_stage_resources/system/etc/ramdisk/build.prop
01-01 00:00:08.535 I/init    (    1): [libfs_mgr]ReadFstabFromDt(): failed to read fstab from dt
01-01 00:00:08.536 I/init    (    1): Using Android DT directory /proc/device-tree/firmware/android/
01-01 00:00:08.614 I/init    (    1): [libfs_mgr]superblock s_max_mnt_count:65535,/dev/block/by-name/metadata
01-01 00:00:08.614 W/EXT4-fs (mmcblk0p11)(    1): Ignoring removed nomblk_io_submit option
01-01 00:00:08.620 I/EXT4-fs (mmcblk0p11)(    1): mounted filesystem with ordered data mode. Opts: errors=remount-ro,nomblk_io_submit
01-01 00:00:08.620 I/init    (    1): [libfs_mgr]check_fs(): mount(/dev/block/by-name/metadata,/metadata,ext4)=0: Success
01-01 00:00:08.621 I/init    (    1): [libfs_mgr]umount_retry(): unmount(/metadata) succeeded
01-01 00:00:08.621 I/init    (    1): [libfs_mgr]Not running /system/bin/e2fsck on /dev/block/mmcblk0p11 (executable not in system image)
01-01 00:00:08.624 I/EXT4-fs (mmcblk0p11)(    1): mounted filesystem with ordered data mode. Opts: discard
01-01 00:00:08.625 I/init    (    1): [libfs_mgr]__mount(source=/dev/block/by-name/metadata,target=/metadata,type=ext4)=0: Success
01-01 00:00:08.635 I/EXT4-fs (dm-0)(    1): mounted filesystem without journal. Opts: barrier=1
01-01 00:00:08.643 I/EXT4-fs (dm-2)(    1): mounted filesystem without journal. Opts: barrier=1
01-01 00:00:08.646 I/EXT4-fs (dm-4)(    1): mounted filesystem without journal. Opts: barrier=1
01-01 00:00:08.649 I/EXT4-fs (dm-1)(    1): mounted filesystem without journal. Opts: barrier=1
01-01 00:00:08.652 I/EXT4-fs (dm-3)(    1): mounted filesystem without journal. Opts: barrier=1
01-01 00:00:08.654 I/EXT4-fs (dm-5)(    1): mounted filesystem without journal. Opts: barrier=1
01-01 00:00:08.657 I/EXT4-fs (dm-6)(    1): mounted filesystem without journal. Opts: barrier=1
01-01 00:00:08.834 I/F2FS-fs (dm-7)(    1): recover fsync data on readonly fs
01-01 00:00:08.834 I/F2FS-fs (dm-7)(    1): Mounted with checkpoint version = 102c0884
01-01 00:00:08.984 I/F2FS-fs (dm-7)(    1): Mounted with checkpoint version = 102c0884
01-01 00:00:09.253 W/printk  (    1): init: 36 output lines suppressed due to ratelimiting
01-01 00:00:09.519 I/init    (    1): Opening SELinux policy
01-01 00:00:09.537 I/init    (    1): Loading SELinux policy
01-01 00:00:09.566 I/SELinux (    1): Permission nlmsg_getneigh in class netlink_route_socket not defined in policy.
01-01 00:00:09.567 I/SELinux (    1): Permission bpf in class capability2 not defined in policy.
01-01 00:00:09.567 I/SELinux (    1): Permission checkpoint_restore in class capability2 not defined in policy.
01-01 00:00:09.567 I/SELinux (    1): Permission bpf in class cap2_userns not defined in policy.
01-01 00:00:09.567 I/SELinux (    1): Permission checkpoint_restore in class cap2_userns not defined in policy.
01-01 00:00:09.567 I/SELinux (    1): the above unknown classes and permissions will be denied
01-01 00:00:09.574 I/SELinux (    1): policy capability network_peer_controls=1
01-01 00:00:09.574 I/SELinux (    1): policy capability open_perms=1
01-01 00:00:09.574 I/SELinux (    1): policy capability extended_socket_class=1
01-01 00:00:09.574 I/SELinux (    1): policy capability always_check_network=0
01-01 00:00:09.574 I/SELinux (    1): policy capability cgroup_seclabel=0
01-01 00:00:09.574 I/SELinux (    1): policy capability nnp_nosuid_transition=1
01-01 00:00:09.574 I/SELinux (    1): policy capability genfs_seclabel_symlinks=0
01-01 00:00:09.574 I/SELinux (    1): policy capability ioctl_skip_cloexec=0
01-01 00:00:09.719 I/selinux (    1): SELinux: Loaded file_contexts
01-01 00:00:09.719 I/selinux (    1):  
01-01 00:00:09.785 I/init    (    1): init second stage started!
01-01 00:00:09.803 I/init    (    1): Using Android DT directory /proc/device-tree/firmware/android/
01-01 00:00:09.805 W/init    (    1): Overriding previous property 'persist.sys.usb.config':'none' with new value 'adb'
01-01 00:00:09.806 W/init    (    1): Overriding previous property 'persist.sys.usb.config':'adb' with new value 'none'
01-01 00:00:09.806 W/init    (    1): Couldn't load property file '/vendor/default.prop': open() failed: No such file or directory: No such file or directory
01-01 00:00:09.812 I/init    (    1): Setting product property ro.product.brand to 'Radxa' (from ro.product.product.brand)
01-01 00:00:09.812 I/init    (    1): Setting product property ro.product.device to 'RadxaRock5C' (from ro.product.product.device)
01-01 00:00:09.812 I/init    (    1): Setting product property ro.product.manufacturer to 'Radxa' (from ro.product.product.manufacturer)
01-01 00:00:09.812 I/init    (    1): Setting product property ro.product.model to 'RadxaRock5C' (from ro.product.product.model)
01-01 00:00:09.812 I/init    (    1): Setting product property ro.product.name to 'RadxaRock5C' (from ro.product.product.name)
01-01 00:00:09.909 E/cgroup  (    1): Unknown subsys name 'schedtune'
01-01 00:00:10.115 I/ueventd (  279): ueventd started!
01-01 00:00:10.117 I/selinux (  279): SELinux: Loaded file_contexts
01-01 00:00:10.117 I/selinux (  279):  
01-01 00:00:10.117 I/ueventd (  279): Parsing file /system/etc/ueventd.rc...
01-01 00:00:10.118 I/ueventd (  279): Added '/vendor/etc/ueventd.rc' to import list
01-01 00:00:10.118 I/ueventd (  279): Added '/odm/etc/ueventd.rc' to import list
01-01 00:00:10.118 I/ueventd (  279): Parsing file /vendor/etc/ueventd.rc...
01-01 00:00:10.119 I/ueventd (  279): Parsing file /odm/etc/ueventd.rc...
01-01 00:00:10.119 I/ueventd (  279): Unable to read config file '/odm/etc/ueventd.rc': open() failed: No such file or directory
01-01 00:00:10.120 I/ueventd (  279): Parsing file /vendor/ueventd.rc...
01-01 00:00:10.489 W/        (  295): aic_bluetooth_mod_init
01-01 00:00:10.489 W/RELEASE DATE(  295): 2024_0327_3561b08f
01-01 00:00:10.489 W/        (  295): AICWFDBG(LOGINFO)	aicwf_usb_probe vid:0xA69C pid:0x8D80 icl:0x0 isc:0x0 ipr:0x0
01-01 00:00:10.489 W/        (  295): AICWFDBG(LOGINFO)	aicloadfw_chipmatch USE AIC8800D80
01-01 00:00:10.489 W/        (  295): Aic high speed USB device detected
01-01 00:00:10.490 W/        (  295): chip_id=fb07, chip_mcu_id = 0
01-01 00:00:10.490 W/aic_load_firmware(  295): firmware path = /vendor/etc/firmware/fw_patch_table_8800d80_u02.bin
01-01 00:00:10.491 W/file md5(  295): 0c9bf9c9c10f7a90a22a4c35fa58c967
01-01 00:00:10.491 W/        (  295): ### Upload fw_patch_table_8800d80_u02.bin fw_patch_table, size=1048
01-01 00:00:10.491 W/        (  295): addr_adid 0x201940, addr_patch 0x1e0000
01-01 00:00:10.491 W/aic_load_firmware(  295): firmware path = /vendor/etc/firmware/fw_adid_8800d80_u02.bin
01-01 00:00:10.492 W/file md5(  295): f546881a81b960d89a672578eb45a809
01-01 00:00:10.492 W/        (  295): ### Upload fw_adid_8800d80_u02.bin firmware, @ = 201940  size=1708
01-01 00:00:10.493 W/        (  295): fw download complete
01-01 00:00:10.493 W/aic_load_firmware(  295): firmware path = /vendor/etc/firmware/fw_patch_8800d80_u02.bin
01-01 00:00:10.494 W/file md5(  295): 35d137b8a76daaeb4f5034df8e15bcde
01-01 00:00:10.494 W/        (  295): ### Upload fw_patch_8800d80_u02.bin firmware, @ = 1e0000  size=30040
01-01 00:00:10.502 W/        (  295): fw download complete
01-01 00:00:10.511 W/        (  295): aicbt_patch_table_load bt btmode[4]:5
01-01 00:00:10.511 W/        (  295): aicbt_patch_table_load bt uart_baud[4]:1500000
01-01 00:00:10.511 W/        (  295): aicbt_patch_table_load bt uart_flowctrl[4]:1
01-01 00:00:10.511 W/        (  295): aicbt_patch_table_load bt lpm_enable[4]:0
01-01 00:00:10.511 W/        (  295): aicbt_patch_table_load bt tx_pwr[4]:28463
01-01 00:00:10.517 W/        (  295): patch version - Mar 07 2024 14:29:05 - git f94a3e4
01-01 00:00:10.517 W/aic_load_firmware(  295): firmware path = /vendor/etc/firmware/fmacfw_8800d80_u02.bin
01-01 00:00:10.524 W/file md5(  295): fa0e5a6a464492ee139e87b24ef524d8
01-01 00:00:10.524 W/        (  295): ### Upload fmacfw_8800d80_u02.bin firmware, @ = 120000  size=340536
01-01 00:00:10.600 W/        (  295): fw download complete
01-01 00:00:10.600 W/        (  295): AICWFDBG(LOGERROR)	Read FW mem: 00120198
01-01 00:00:10.601 W/        (  295): AICWFDBG(LOGERROR)	120198=172cec
01-01 00:00:10.601 W/        (  295): AICWFDBG(LOGERROR)	1201a0=174000
01-01 00:00:10.601 W/        (  295): AICWFDBG(LOGINFO)	rd_version_val=06090101
01-01 00:00:10.601 W/        (  295): AICWFDBG(LOGINFO)	1201a4=17cb7c
01-01 00:00:10.603 I/usbcore (  295): registered new interface driver aic_load_fw
01-01 00:00:10.620 W/        (  193): app_cmp
01-01 00:00:10.625 W/        (  193): app_cmp
01-01 00:00:10.629 W/        (  193): app_cmp
01-01 00:00:10.633 W/        (  193): app_cmp
01-01 00:00:10.638 W/        (  193): app_cmp
01-01 00:00:10.642 W/        (  193): app_cmp
01-01 00:00:10.646 W/        (  193): app_cmp
01-01 00:00:10.651 W/        (  193): app_cmp
01-01 00:00:10.655 W/        (  193): app_cmp
01-01 00:00:10.659 W/        (  193): app_cmp
01-01 00:00:10.664 W/        (  193): app_cmp
01-01 00:00:10.668 W/        (  193): app_cmp
01-01 00:00:10.672 W/        (  193): app_cmp
01-01 00:00:10.677 W/        (  193): app_cmp
01-01 00:00:10.681 W/        (  193): app_cmp
01-01 00:00:10.685 W/        (  193): app_cmp
01-01 00:00:10.690 W/        (  193): app_cmp
01-01 00:00:10.694 W/        (  193): app_cmp
01-01 00:00:10.698 W/        (  193): app_cmp
01-01 00:00:10.703 W/        (  193): app_cmp
01-01 00:00:10.798 I/usb 1-1.3(  193): USB disconnect, device number 4
01-01 00:00:10.798 W/        (  193): aicwf_usb_disconnect enter
01-01 00:00:10.798 W/        (  193): aicwf_bus_deinit
01-01 00:00:10.918 I/        (    1): Registered swp emulation handler
01-01 00:00:10.954 W/EXT4-fs (mmcblk0p10)(    1): Ignoring removed nomblk_io_submit option
01-01 00:00:10.972 I/logd.auditd(  301): start
01-01 00:00:10.990 I/EXT4-fs (mmcblk0p10)(    1): mounted filesystem with ordered data mode. Opts: errors=remount-ro,nomblk_io_submit
--------- beginning of system
01-01 00:00:05.805 I/vold    (  309): Vold 3.0 (the awakening) firing up
01-01 00:00:05.806 D/vold    (  309): Detected support for: ext4 f2fs vfat
01-01 00:00:05.809 D/vold    (  309): Found unmanaged dm device named product
01-01 00:00:05.809 D/vold    (  309): Found unmanaged dm device named vendor
01-01 00:00:05.809 D/vold    (  309): Found unmanaged dm device named system
01-01 00:00:05.809 D/vold    (  309): Found unmanaged dm device named system_ext
01-01 00:00:05.809 D/vold    (  309): Found unmanaged dm device named odm_dlkm
01-01 00:00:05.809 D/vold    (  309): Found unmanaged dm device named vendor_dlkm
01-01 00:00:05.809 D/vold    (  309): Found unmanaged dm device named odm
01-01 00:00:05.809 D/vold    (  309): Found unmanaged dm device named scratch
01-01 00:00:05.812 D/vold    (  309): VoldNativeService::start() completed OK
01-01 00:00:05.815 I/vold    (  309): Found disk at /devices/platform/fe2c0000.mmc/mmc_host/mmc0/mmc0:aaaa/block/mmcblk0 but delaying scan due to secure keyguard
01-01 00:00:11.298 W/q_sz/max(  193): 0 /  8 - next tkn: 482
01-01 00:00:11.298 W/q_sz/max(  193): 0 /  8 - next tkn: 482
01-01 00:00:11.298 W/        (  296): usb bustx thread will to stop
01-01 00:00:11.298 W/        (  296): usb bustx thread stop
01-01 00:00:11.298 W/        (  193): exit aicwf_bus_deinit
01-01 00:00:11.298 W/        (  297): usb busrx thread will to stop
01-01 00:00:11.298 W/        (  297): usb busrx thread stop
01-01 00:00:11.326 I/e2fsck  (    1): e2fsck 1.45.4 (23-Sep-2019)
01-01 00:00:11.332 I/e2fsck  (    1): /dev/block/by-name/cache: clean, 18/98304 files, 7215/98304 blocks
01-01 00:00:11.337 I/EXT4-fs (mmcblk0p10)(    1): mounted filesystem with ordered data mode. Opts: noauto_da_alloc,discard
01-01 00:00:11.399 I/        (   14): PELT half life is set to 8ms
01-01 00:00:06.176 I/Checkpoint(  309): Validating checkpoint on /dev/block/by-name/userdata
01-01 00:00:11.445 D/vdc     (  347): Waited 0ms for vold
01-01 00:00:06.183 E/Checkpoint(  309): No magic
01-01 00:00:11.452 E/vdc     (  347): Command: checkpoint restoreCheckpoint /dev/block/by-name/userdata Failed: Status(-8, EX_SERVICE_SPECIFIC): '22: No magic'
01-01 00:00:11.458 D/vdc     (  348): Waited 0ms for vold
01-01 00:00:11.469 W/EXT4-fs (mmcblk0p14)(    1): Ignoring removed nomblk_io_submit option
01-01 00:00:11.469 I/EXT4-fs (mmcblk0p14)(    1): Using encoding defined by superblock: utf8-12.1.0 with flags 0x0
01-01 00:00:11.506 I/EXT4-fs (mmcblk0p14)(    1): mounted filesystem with ordered data mode. Opts: errors=remount-ro,nomblk_io_submit
01-01 00:00:11.550 I/e2fsck  (    1): e2fsck 1.45.4 (23-Sep-2019)
01-01 00:00:11.615 I/usb 1-1.3(  193): new high-speed USB device number 8 using ehci-platform
01-01 00:00:11.622 I/e2fsck  (    1): /dev/block/by-name/userdata: clean, 2135/7405568 files, 1065812/29601817 blocks
01-01 00:00:11.631 I/EXT4-fs (mmcblk0p14)(    1): Using encoding defined by superblock: utf8-12.1.0 with flags 0x0
01-01 00:00:11.673 I/EXT4-fs (mmcblk0p14)(    1): mounted filesystem with ordered data mode. Opts: discard,noauto_da_alloc,data=ordered,user_xattr,barrier=1
01-01 00:00:06.442 I/Checkpoint(  309): cp_prepareCheckpoint called
01-01 00:00:06.502 I/incfs   (  309): Initial API level of the device: 31
01-01 00:00:06.502 I/incfs   (  309): ro.incremental.enable: yes
01-01 00:00:06.502 I/incfs   (  309): isFsAvailable: true
01-01 00:00:06.502 I/incfs   (  309): isFsAvailable: true
01-01 00:00:06.502 I/incfs   (  309): IncFs_Features: v2
01-01 00:00:11.812 I/usb 1-1.3(  193): New USB device found, idVendor=a69c, idProduct=8d81, bcdDevice= 1.00
01-01 00:00:11.812 I/usb 1-1.3(  193): New USB device strings: Mfr=1, Product=2, SerialNumber=3
01-01 00:00:11.812 I/usb 1-1.3(  193): Product: AIC 8800D80
01-01 00:00:11.812 I/usb 1-1.3(  193): Manufacturer: AICSemi
01-01 00:00:11.812 I/usb 1-1.3(  193): SerialNumber: 20220103
01-01 00:00:11.813 W/aic_btusb(  193): btusb_probe: usb_interface 00000000c442bed3, bInterfaceNumber 0, idVendor 0xa69c, idProduct 0x8d81
01-01 00:00:11.813 W/        (  193): aicwf_usb_chipmatch USE AIC8800D80
01-01 00:00:11.813 W/        (  193): endpoint num 3
01-01 00:00:11.813 W/        (  193): endpoint num 4
01-01 00:00:11.813 W/        (  193): endpoint num 4
01-01 00:00:11.813 W/aic_btusb(  193): firmware_info_init: Auto suspend is disabled
01-01 00:00:11.813 W/aic_btusb(  193): btusb_probe: download begining...
01-01 00:00:11.813 W/aic_btusb(  193): btusb_probe: download ending...
