12-11 13:17:10.946 I/getprop ( 1196): type=1400 audit(0.0:4151): avc: denied { map } for path="/dev/__properties__/u:object_r:qemu_hw_prop:s0" dev="tmpfs" ino=229 scontext=u:r:shell:s0 tcontext=u:object_r:qemu_hw_prop:s0 tclass=file permissive=1
12-11 13:17:10.946 I/getprop ( 1196): type=1400 audit(0.0:4152): avc: denied { open } for path="/dev/__properties__/u:object_r:qemu_sf_lcd_density_prop:s0" dev="tmpfs" ino=230 scontext=u:r:shell:s0 tcontext=u:object_r:qemu_sf_lcd_density_prop:s0 tclass=file permissive=1
12-11 13:17:10.946 I/getprop ( 1196): type=1400 audit(0.0:4153): avc: denied { getattr } for path="/dev/__properties__/u:object_r:qemu_sf_lcd_density_prop:s0" dev="tmpfs" ino=230 scontext=u:r:shell:s0 tcontext=u:object_r:qemu_sf_lcd_density_prop:s0 tclass=file permissive=1
12-11 13:17:10.946 I/getprop ( 1196): type=1400 audit(0.0:4154): avc: denied { map } for path="/dev/__properties__/u:object_r:qemu_sf_lcd_density_prop:s0" dev="tmpfs" ino=230 scontext=u:r:shell:s0 tcontext=u:object_r:qemu_sf_lcd_density_prop:s0 tclass=file permissive=1
12-11 13:17:10.946 I/getprop ( 1196): type=1400 audit(0.0:4155): avc: denied { open } for path="/dev/__properties__/u:object_r:radio_cdma_ecm_prop:s0" dev="tmpfs" ino=231 scontext=u:r:shell:s0 tcontext=u:object_r:radio_cdma_ecm_prop:s0 tclass=file permissive=1
12-11 13:17:10.946 I/getprop ( 1196): type=1400 audit(0.0:4156): avc: denied { getattr } for path="/dev/__properties__/u:object_r:radio_cdma_ecm_prop:s0" dev="tmpfs" ino=231 scontext=u:r:shell:s0 tcontext=u:object_r:radio_cdma_ecm_prop:s0 tclass=file permissive=1
12-11 13:17:10.946 I/getprop ( 1196): type=1400 audit(0.0:4157): avc: denied { map } for path="/dev/__properties__/u:object_r:radio_cdma_ecm_prop:s0" dev="tmpfs" ino=231 scontext=u:r:shell:s0 tcontext=u:object_r:radio_cdma_ecm_prop:s0 tclass=file permissive=1
12-11 13:17:10.946 I/getprop ( 1196): type=1400 audit(0.0:4158): avc: denied { open } for path="/dev/__properties__/u:object_r:rebootescrow_hal_prop:s0" dev="tmpfs" ino=234 scontext=u:r:shell:s0 tcontext=u:object_r:rebootescrow_hal_prop:s0 tclass=file permissive=1
12-11 13:17:10.946 I/getprop ( 1196): type=1400 audit(0.0:4159): avc: denied { getattr } for path="/dev/__properties__/u:object_r:rebootescrow_hal_prop:s0" dev="tmpfs" ino=234 scontext=u:r:shell:s0 tcontext=u:object_r:rebootescrow_hal_prop:s0 tclass=file permissive=1
12-11 13:17:10.946 I/getprop ( 1196): type=1400 audit(0.0:4160): avc: denied { map } for path="/dev/__properties__/u:object_r:rebootescrow_hal_prop:s0" dev="tmpfs" ino=234 scontext=u:r:shell:s0 tcontext=u:object_r:rebootescrow_hal_prop:s0 tclass=file permissive=1
12-11 13:17:10.946 I/getprop ( 1196): type=1400 audit(0.0:4161): avc: denied { open } for path="/dev/__properties__/u:object_r:recovery_config_prop:s0" dev="tmpfs" ino=235 scontext=u:r:shell:s0 tcontext=u:object_r:recovery_config_prop:s0 tclass=file permissive=1
12-11 13:17:10.946 I/getprop ( 1196): type=1400 audit(0.0:4162): avc: denied { getattr } for path="/dev/__properties__/u:object_r:recovery_config_prop:s0" dev="tmpfs" ino=235 scontext=u:r:shell:s0 tcontext=u:object_r:recovery_config_prop:s0 tclass=file permissive=1
12-11 13:17:10.946 I/getprop ( 1196): type=1400 audit(0.0:4163): avc: denied { map } for path="/dev/__properties__/u:object_r:recovery_config_prop:s0" dev="tmpfs" ino=235 scontext=u:r:shell:s0 tcontext=u:object_r:recovery_config_prop:s0 tclass=file permissive=1
12-11 13:17:10.946 I/getprop ( 1196): type=1400 audit(0.0:4164): avc: denied { open } for path="/dev/__properties__/u:object_r:retaildemo_prop:s0" dev="tmpfs" ino=237 scontext=u:r:shell:s0 tcontext=u:object_r:retaildemo_prop:s0 tclass=file permissive=1
12-11 13:17:10.946 I/getprop ( 1196): type=1400 audit(0.0:4165): avc: denied { getattr } for path="/dev/__properties__/u:object_r:retaildemo_prop:s0" dev="tmpfs" ino=237 scontext=u:r:shell:s0 tcontext=u:object_r:retaildemo_prop:s0 tclass=file permissive=1
12-11 13:17:10.946 I/getprop ( 1196): type=1400 audit(0.0:4166): avc: denied { map } for path="/dev/__properties__/u:object_r:retaildemo_prop:s0" dev="tmpfs" ino=237 scontext=u:r:shell:s0 tcontext=u:object_r:retaildemo_prop:s0 tclass=file permissive=1
12-11 13:17:10.946 I/getprop ( 1196): type=1400 audit(0.0:4167): avc: denied { open } for path="/dev/__properties__/u:object_r:storage_config_prop:s0" dev="tmpfs" ino=247 scontext=u:r:shell:s0 tcontext=u:object_r:storage_config_prop:s0 tclass=file permissive=1
12-11 13:17:10.946 I/getprop ( 1196): type=1400 audit(0.0:4168): avc: denied { getattr } for path="/dev/__properties__/u:object_r:storage_config_prop:s0" dev="tmpfs" ino=247 scontext=u:r:shell:s0 tcontext=u:object_r:storage_config_prop:s0 tclass=file permissive=1
12-11 13:17:10.946 I/getprop ( 1196): type=1400 audit(0.0:4169): avc: denied { map } for path="/dev/__properties__/u:object_r:storage_config_prop:s0" dev="tmpfs" ino=247 scontext=u:r:shell:s0 tcontext=u:object_r:storage_config_prop:s0 tclass=file permissive=1
12-11 13:17:10.946 I/getprop ( 1196): type=1400 audit(0.0:4170): avc: denied { open } for path="/dev/__properties__/u:object_r:surfaceflinger_display_prop:s0" dev="tmpfs" ino=250 scontext=u:r:shell:s0 tcontext=u:object_r:surfaceflinger_display_prop:s0 tclass=file permissive=1
12-11 13:17:10.946 I/getprop ( 1196): type=1400 audit(0.0:4171): avc: denied { getattr } for path="/dev/__properties__/u:object_r:surfaceflinger_display_prop:s0" dev="tmpfs" ino=250 scontext=u:r:shell:s0 tcontext=u:object_r:surfaceflinger_display_prop:s0 tclass=file permissive=1
12-11 13:17:10.946 I/getprop ( 1196): type=1400 audit(0.0:4172): avc: denied { map } for path="/dev/__properties__/u:object_r:surfaceflinger_display_prop:s0" dev="tmpfs" ino=250 scontext=u:r:shell:s0 tcontext=u:object_r:surfaceflinger_display_prop:s0 tclass=file permissive=1
12-11 13:17:10.946 I/getprop ( 1196): type=1400 audit(0.0:4173): avc: denied { open } for path="/dev/__properties__/u:object_r:suspend_prop:s0" dev="tmpfs" ino=252 scontext=u:r:shell:s0 tcontext=u:object_r:suspend_prop:s0 tclass=file permissive=1
12-11 13:17:10.946 I/getprop ( 1196): type=1400 audit(0.0:4174): avc: denied { getattr } for path="/dev/__properties__/u:object_r:suspend_prop:s0" dev="tmpfs" ino=252 scontext=u:r:shell:s0 tcontext=u:object_r:suspend_prop:s0 tclass=file permissive=1
12-11 13:17:10.946 I/getprop ( 1196): type=1400 audit(0.0:4175): avc: denied { map } for path="/dev/__properties__/u:object_r:suspend_prop:s0" dev="tmpfs" ino=252 scontext=u:r:shell:s0 tcontext=u:object_r:suspend_prop:s0 tclass=file permissive=1
12-11 13:17:10.946 I/getprop ( 1196): type=1400 audit(0.0:4176): avc: denied { open } for path="/dev/__properties__/u:object_r:system_adbd_prop:s0" dev="tmpfs" ino=253 scontext=u:r:shell:s0 tcontext=u:object_r:system_adbd_prop:s0 tclass=file permissive=1
12-11 13:17:10.946 I/getprop ( 1196): type=1400 audit(0.0:4177): avc: denied { getattr } for path="/dev/__properties__/u:object_r:system_adbd_prop:s0" dev="tmpfs" ino=253 scontext=u:r:shell:s0 tcontext=u:object_r:system_adbd_prop:s0 tclass=file permissive=1
12-11 13:17:10.962 D/CompatibilityChangeReporter(  651): Compat change id reported: 168419799; UID 10074; state: DISABLED
12-11 13:17:10.946 I/getprop ( 1196): type=1400 audit(0.0:4178): avc: denied { map } for path="/dev/__properties__/u:object_r:system_adbd_prop:s0" dev="tmpfs" ino=253 scontext=u:r:shell:s0 tcontext=u:object_r:system_adbd_prop:s0 tclass=file permissive=1
12-11 13:17:10.946 I/getprop ( 1196): type=1400 audit(0.0:4179): avc: denied { open } for path="/dev/__properties__/u:object_r:system_jvmti_agent_prop:s0" dev="tmpfs" ino=255 scontext=u:r:shell:s0 tcontext=u:object_r:system_jvmti_agent_prop:s0 tclass=file permissive=1
12-11 13:17:10.946 I/getprop ( 1196): type=1400 audit(0.0:4180): avc: denied { getattr } for path="/dev/__properties__/u:object_r:system_jvmti_agent_prop:s0" dev="tmpfs" ino=255 scontext=u:r:shell:s0 tcontext=u:object_r:system_jvmti_agent_prop:s0 tclass=file permissive=1
12-11 13:17:10.962 V/C2Store (  480): in ~ComponentModule
12-11 13:17:10.962 V/C2Store (  480): unloading dll
12-11 13:17:10.946 I/getprop ( 1196): type=1400 audit(0.0:4181): avc: denied { map } for path="/dev/__properties__/u:object_r:system_jvmti_agent_prop:s0" dev="tmpfs" ino=255 scontext=u:r:shell:s0 tcontext=u:object_r:system_jvmti_agent_prop:s0 tclass=file permissive=1
12-11 13:17:10.962 V/C2Store (  480): in init
12-11 13:17:10.962 V/C2Store (  480): loading dll
12-11 13:17:10.946 I/getprop ( 1196): type=1400 audit(0.0:4182): avc: denied { open } for path="/dev/__properties__/u:object_r:system_lmk_prop:s0" dev="tmpfs" ino=256 scontext=u:r:shell:s0 tcontext=u:object_r:system_lmk_prop:s0 tclass=file permissive=1
12-11 13:17:10.946 I/getprop ( 1196): type=1400 audit(0.0:4183): avc: denied { getattr } for path="/dev/__properties__/u:object_r:system_lmk_prop:s0" dev="tmpfs" ino=256 scontext=u:r:shell:s0 tcontext=u:object_r:system_lmk_prop:s0 tclass=file permissive=1
12-11 13:17:10.946 I/getprop ( 1196): type=1400 audit(0.0:4184): avc: denied { map } for path="/dev/__properties__/u:object_r:system_lmk_prop:s0" dev="tmpfs" ino=256 scontext=u:r:shell:s0 tcontext=u:object_r:system_lmk_prop:s0 tclass=file permissive=1
12-11 13:17:10.946 I/getprop ( 1196): type=1400 audit(0.0:4185): avc: denied { open } for path="/dev/__properties__/u:object_r:system_trace_prop:s0" dev="tmpfs" ino=258 scontext=u:r:shell:s0 tcontext=u:object_r:system_trace_prop:s0 tclass=file permissive=1
12-11 13:17:10.946 I/getprop ( 1196): type=1400 audit(0.0:4186): avc: denied { getattr } for path="/dev/__properties__/u:object_r:system_trace_prop:s0" dev="tmpfs" ino=258 scontext=u:r:shell:s0 tcontext=u:object_r:system_trace_prop:s0 tclass=file permissive=1
12-11 13:17:10.946 I/getprop ( 1196): type=1400 audit(0.0:4187): avc: denied { map } for path="/dev/__properties__/u:object_r:system_trace_prop:s0" dev="tmpfs" ino=258 scontext=u:r:shell:s0 tcontext=u:object_r:system_trace_prop:s0 tclass=file permissive=1
12-11 13:17:10.946 I/getprop ( 1196): type=1400 audit(0.0:4188): avc: denied { open } for path="/dev/__properties__/u:object_r:test_boot_reason_prop:s0" dev="tmpfs" ino=262 scontext=u:r:shell:s0 tcontext=u:object_r:test_boot_reason_prop:s0 tclass=file permissive=1
12-11 13:17:10.946 I/getprop ( 1196): type=1400 audit(0.0:4189): avc: denied { getattr } for path="/dev/__properties__/u:object_r:test_boot_reason_prop:s0" dev="tmpfs" ino=262 scontext=u:r:shell:s0 tcontext=u:object_r:test_boot_reason_prop:s0 tclass=file permissive=1
12-11 13:17:10.946 I/getprop ( 1196): type=1400 audit(0.0:4190): avc: denied { map } for path="/dev/__properties__/u:object_r:test_boot_reason_prop:s0" dev="tmpfs" ino=262 scontext=u:r:shell:s0 tcontext=u:object_r:test_boot_reason_prop:s0 tclass=file permissive=1
12-11 13:17:10.946 I/getprop ( 1196): type=1400 audit(0.0:4191): avc: denied { open } for path="/dev/__properties__/u:object_r:theme_prop:s0" dev="tmpfs" ino=264 scontext=u:r:shell:s0 tcontext=u:object_r:theme_prop:s0 tclass=file permissive=1
12-11 13:17:10.946 I/getprop ( 1196): type=1400 audit(0.0:4192): avc: denied { getattr } for path="/dev/__properties__/u:object_r:theme_prop:s0" dev="tmpfs" ino=264 scontext=u:r:shell:s0 tcontext=u:object_r:theme_prop:s0 tclass=file permissive=1
12-11 13:17:10.946 I/getprop ( 1196): type=1400 audit(0.0:4193): avc: denied { map } for path="/dev/__properties__/u:object_r:theme_prop:s0" dev="tmpfs" ino=264 scontext=u:r:shell:s0 tcontext=u:object_r:theme_prop:s0 tclass=file permissive=1
12-11 13:17:10.946 I/getprop ( 1196): type=1400 audit(0.0:4194): avc: denied { open } for path="/dev/__properties__/u:object_r:time_prop:s0" dev="tmpfs" ino=265 scontext=u:r:shell:s0 tcontext=u:object_r:time_prop:s0 tclass=file permissive=1
12-11 13:17:10.946 I/getprop ( 1196): type=1400 audit(0.0:4195): avc: denied { getattr } for path="/dev/__properties__/u:object_r:time_prop:s0" dev="tmpfs" ino=265 scontext=u:r:shell:s0 tcontext=u:object_r:time_prop:s0 tclass=file permissive=1
12-11 13:17:10.964 D/CompatibilityChangeReporter( 1200): Compat change id reported: 171979766; UID 10074; state: ENABLED
12-11 13:17:10.946 I/getprop ( 1196): type=1400 audit(0.0:4196): avc: denied { map } for path="/dev/__properties__/u:object_r:time_prop:s0" dev="tmpfs" ino=265 scontext=u:r:shell:s0 tcontext=u:object_r:time_prop:s0 tclass=file permissive=1
12-11 13:17:10.946 I/getprop ( 1196): type=1400 audit(0.0:4197): avc: denied { open } for path="/dev/__properties__/u:object_r:tombstone_config_prop:s0" dev="tmpfs" ino=266 scontext=u:r:shell:s0 tcontext=u:object_r:tombstone_config_prop:s0 tclass=file permissive=1
12-11 13:17:10.965 V/C2Store (  480): in ~ComponentModule
12-11 13:17:10.965 V/C2Store (  480): unloading dll
12-11 13:17:10.946 I/getprop ( 1196): type=1400 audit(0.0:4198): avc: denied { getattr } for path="/dev/__properties__/u:object_r:tombstone_config_prop:s0" dev="tmpfs" ino=266 scontext=u:r:shell:s0 tcontext=u:object_r:tombstone_config_prop:s0 tclass=file permissive=1
12-11 13:17:10.965 V/C2Store (  480): in init
12-11 13:17:10.965 V/C2Store (  480): loading dll
12-11 13:17:10.946 I/getprop ( 1196): type=1400 audit(0.0:4199): avc: denied { map } for path="/dev/__properties__/u:object_r:tombstone_config_prop:s0" dev="tmpfs" ino=266 scontext=u:r:shell:s0 tcontext=u:object_r:tombstone_config_prop:s0 tclass=file permissive=1
12-11 13:17:10.946 I/getprop ( 1196): type=1400 audit(0.0:4200): avc: denied { open } for path="/dev/__properties__/u:object_r:traced_lazy_prop:s0" dev="tmpfs" ino=268 scontext=u:r:shell:s0 tcontext=u:object_r:traced_lazy_prop:s0 tclass=file permissive=1
12-11 13:17:10.946 I/getprop ( 1196): type=1400 audit(0.0:4201): avc: denied { getattr } for path="/dev/__properties__/u:object_r:traced_lazy_prop:s0" dev="tmpfs" ino=268 scontext=u:r:shell:s0 tcontext=u:object_r:traced_lazy_prop:s0 tclass=file permissive=1
12-11 13:17:10.946 I/getprop ( 1196): type=1400 audit(0.0:4202): avc: denied { map } for path="/dev/__properties__/u:object_r:traced_lazy_prop:s0" dev="tmpfs" ino=268 scontext=u:r:shell:s0 tcontext=u:object_r:traced_lazy_prop:s0 tclass=file permissive=1
12-11 13:17:10.946 I/getprop ( 1196): type=1400 audit(0.0:4203): avc: denied { open } for path="/dev/__properties__/u:object_r:vehicle_hal_prop:s0" dev="tmpfs" ino=278 scontext=u:r:shell:s0 tcontext=u:object_r:vehicle_hal_prop:s0 tclass=file permissive=1
12-11 13:17:10.946 I/getprop ( 1196): type=1400 audit(0.0:4204): avc: denied { getattr } for path="/dev/__properties__/u:object_r:vehicle_hal_prop:s0" dev="tmpfs" ino=278 scontext=u:r:shell:s0 tcontext=u:object_r:vehicle_hal_prop:s0 tclass=file permissive=1
12-11 13:17:10.946 I/getprop ( 1196): type=1400 audit(0.0:4205): avc: denied { map } for path="/dev/__properties__/u:object_r:vehicle_hal_prop:s0" dev="tmpfs" ino=278 scontext=u:r:shell:s0 tcontext=u:object_r:vehicle_hal_prop:s0 tclass=file permissive=1
12-11 13:17:10.946 I/getprop ( 1196): type=1400 audit(0.0:4206): avc: denied { open } for path="/dev/__properties__/u:object_r:vendor_base_prop:s0" dev="tmpfs" ino=279 scontext=u:r:shell:s0 tcontext=u:object_r:vendor_base_prop:s0 tclass=file permissive=1
12-11 13:17:10.946 I/getprop ( 1196): type=1400 audit(0.0:4207): avc: denied { getattr } for path="/dev/__properties__/u:object_r:vendor_base_prop:s0" dev="tmpfs" ino=279 scontext=u:r:shell:s0 tcontext=u:object_r:vendor_base_prop:s0 tclass=file permissive=1
12-11 13:17:10.946 I/getprop ( 1196): type=1400 audit(0.0:4208): avc: denied { map } for path="/dev/__properties__/u:object_r:vendor_base_prop:s0" dev="tmpfs" ino=279 scontext=u:r:shell:s0 tcontext=u:object_r:vendor_base_prop:s0 tclass=file permissive=1
12-11 13:17:10.946 I/getprop ( 1196): type=1400 audit(0.0:4209): avc: denied { open } for path="/dev/__properties__/u:object_r:vendor_bluetooth_prop:s0" dev="tmpfs" ino=280 scontext=u:r:shell:s0 tcontext=u:object_r:vendor_bluetooth_prop:s0 tclass=file permissive=1
12-11 13:17:10.946 I/getprop ( 1196): type=1400 audit(0.0:4210): avc: denied { getattr } for path="/dev/__properties__/u:object_r:vendor_bluetooth_prop:s0" dev="tmpfs" ino=280 scontext=u:r:shell:s0 tcontext=u:object_r:vendor_bluetooth_prop:s0 tclass=file permissive=1
12-11 13:17:10.946 I/getprop ( 1196): type=1400 audit(0.0:4211): avc: denied { map } for path="/dev/__properties__/u:object_r:vendor_bluetooth_prop:s0" dev="tmpfs" ino=280 scontext=u:r:shell:s0 tcontext=u:object_r:vendor_bluetooth_prop:s0 tclass=file permissive=1
12-11 13:17:10.946 I/getprop ( 1196): type=1400 audit(0.0:4212): avc: denied { open } for path="/dev/__properties__/u:object_r:vendor_boot_complete_prop:s0" dev="tmpfs" ino=281 scontext=u:r:shell:s0 tcontext=u:object_r:vendor_boot_complete_prop:s0 tclass=file permissive=1
12-11 13:17:10.946 I/getprop ( 1196): type=1400 audit(0.0:4213): avc: denied { getattr } for path="/dev/__properties__/u:object_r:vendor_boot_complete_prop:s0" dev="tmpfs" ino=281 scontext=u:r:shell:s0 tcontext=u:object_r:vendor_boot_complete_prop:s0 tclass=file permissive=1
12-11 13:17:10.946 I/getprop ( 1196): type=1400 audit(0.0:4214): avc: denied { map } for path="/dev/__properties__/u:object_r:vendor_boot_complete_prop:s0" dev="tmpfs" ino=281 scontext=u:r:shell:s0 tcontext=u:object_r:vendor_boot_complete_prop:s0 tclass=file permissive=1
12-11 13:17:10.946 I/getprop ( 1196): type=1400 audit(0.0:4215): avc: denied { open } for path="/dev/__properties__/u:object_r:vendor_wifi_prop:s0" dev="tmpfs" ino=295 scontext=u:r:shell:s0 tcontext=u:object_r:vendor_wifi_prop:s0 tclass=file permissive=1
12-11 13:17:10.946 I/getprop ( 1196): type=1400 audit(0.0:4216): avc: denied { getattr } for path="/dev/__properties__/u:object_r:vendor_wifi_prop:s0" dev="tmpfs" ino=295 scontext=u:r:shell:s0 tcontext=u:object_r:vendor_wifi_prop:s0 tclass=file permissive=1
12-11 13:17:10.946 I/getprop ( 1196): type=1400 audit(0.0:4217): avc: denied { map } for path="/dev/__properties__/u:object_r:vendor_wifi_prop:s0" dev="tmpfs" ino=295 scontext=u:r:shell:s0 tcontext=u:object_r:vendor_wifi_prop:s0 tclass=file permissive=1
12-11 13:17:10.968 V/C2Store (  480): in ~ComponentModule
12-11 13:17:10.968 V/C2Store (  480): unloading dll
12-11 13:17:10.968 V/C2Store (  480): in init
12-11 13:17:10.968 V/C2Store (  480): loading dll
12-11 13:17:10.972 V/C2Store (  480): in ~ComponentModule
12-11 13:17:10.972 I/android.hardware.graphics.allocator@4.0-service(  414): alloc_format: FMT:0x1,MOD:0
12-11 13:17:10.972 V/C2Store (  480): unloading dll
12-11 13:17:10.972 V/C2Store (  480): in init
12-11 13:17:10.972 V/C2Store (  480): loading dll
12-11 13:17:10.972 I/android.hardware.graphics.allocator@4.0-service(  414): mali_gralloc_adjust_dimensions: alloc_format=FMT:0x1,MOD:0 usage=0xb00 alloc_width=1080, alloc_height=36
12-11 13:17:10.972 D/android.hardware.graphics.allocator@4.0-service(  414): got new private_handle_t instance for buffer 'ViewRootImpl[StatusBar]#2(BLAST Consumer)2'. share_fd : 8, share_attr_fd : 9, width : 1080, height : 36, req_format : 0x1, producer_usage : 0xb00, consumer_usage : 0xb00, , stride : 0, alloc_format : 1, size : 156672, layer_count : 1
12-11 13:17:10.972 D/android.hardware.graphics.allocator@4.0-service(  414): plane_info[0]: offset : 0, byte_stride : 4352, alloc_width : 1080, alloc_height : 36
12-11 13:17:10.972 D/android.hardware.graphics.allocator@4.0-service(  414): plane_info[1]: offset : 0, byte_stride : 0, alloc_width : 0, alloc_height : 0
12-11 13:17:10.972 I/android.hardware.graphics.allocator@4.0-service(  414): alloc_format: FMT:0x1,MOD:0
12-11 13:17:10.972 I/android.hardware.graphics.allocator@4.0-service(  414): mali_gralloc_adjust_dimensions: alloc_format=FMT:0x1,MOD:0 usage=0xb00 alloc_width=1080, alloc_height=36
12-11 13:17:10.972 D/android.hardware.graphics.allocator@4.0-service(  414): got new private_handle_t instance for buffer 'ViewRootImpl[StatusBar]#2(BLAST Consumer)2'. share_fd : 8, share_attr_fd : 9, width : 1080, height : 36, req_format : 0x1, producer_usage : 0xb00, consumer_usage : 0xb00, , stride : 0, alloc_format : 1, size : 156672, layer_count : 1
12-11 13:17:10.972 D/android.hardware.graphics.allocator@4.0-service(  414): plane_info[0]: offset : 0, byte_stride : 4352, alloc_width : 1080, alloc_height : 36
12-11 13:17:10.972 D/android.hardware.graphics.allocator@4.0-service(  414): plane_info[1]: offset : 0, byte_stride : 0, alloc_width : 0, alloc_height : 0
12-11 13:17:10.972 I/android.hardware.graphics.allocator@4.0-service(  414): alloc_format: FMT:0x1,MOD:0
12-11 13:17:10.972 I/android.hardware.graphics.allocator@4.0-service(  414): mali_gralloc_adjust_dimensions: alloc_format=FMT:0x1,MOD:0 usage=0xb00 alloc_width=1080, alloc_height=36
12-11 13:17:10.972 D/android.hardware.graphics.allocator@4.0-service(  414): got new private_handle_t instance for buffer 'ViewRootImpl[StatusBar]#2(BLAST Consumer)2'. share_fd : 8, share_attr_fd : 9, width : 1080, height : 36, req_format : 0x1, producer_usage : 0xb00, consumer_usage : 0xb00, , stride : 0, alloc_format : 1, size : 156672, layer_count : 1
12-11 13:17:10.972 D/android.hardware.graphics.allocator@4.0-service(  414): plane_info[0]: offset : 0, byte_stride : 4352, alloc_width : 1080, alloc_height : 36
12-11 13:17:10.972 D/android.hardware.graphics.allocator@4.0-service(  414): plane_info[1]: offset : 0, byte_stride : 0, alloc_width : 0, alloc_height : 0
12-11 13:17:10.974 D/CompatibilityChangeReporter(  651): Compat change id reported: 124107808; UID 1001; state: ENABLED
12-11 13:17:10.975 D/WifiSleepController(  651): onReceive, action=android.intent.action.BATTERY_CHANGED
12-11 13:17:10.975 D/WifiSleepController(  651): updateChargingState, mCharging: false
12-11 13:17:10.975 D/ConditionProviders.SCP(  651): onSubscribe condition://android/schedule?days=1.2.3.4.5.6.7&start=22.0&end=7.0&exitAtAlarm=true
12-11 13:17:10.975 D/ConditionProviders.SCP(  651): setRegistered true
12-11 13:17:10.976 V/C2Store (  480): in ~ComponentModule
12-11 13:17:10.976 V/C2Store (  480): unloading dll
12-11 13:17:10.976 V/C2Store (  480): in init
12-11 13:17:10.976 V/C2Store (  480): loading dll
12-11 13:17:10.977 W/ActivityThread(  651): Failed to find provider info for com.android.calendar (user not unlocked)
12-11 13:17:10.977 W/ActivityThread(  651): Failed to find provider info for com.android.calendar (user not unlocked)
12-11 13:17:10.981 V/GraphicsEnvironment( 1200): ANGLE Developer option for 'com.android.smspush' set to: 'default'
12-11 13:17:10.981 I/DropBoxManagerService(  651): add tag=system_app_strictmode isTagEnabled=true flags=0x2
12-11 13:17:10.981 V/GraphicsEnvironment( 1200): ANGLE GameManagerService for com.android.smspush: false
12-11 13:17:10.981 V/GraphicsEnvironment( 1200): Neither updatable production driver nor prerelease driver is supported.
12-11 13:17:10.981 D/NetworkSecurityConfig( 1200): No Network Security Config specified, using platform default
12-11 13:17:10.982 I/DropBoxManagerService(  651): add tag=system_app_strictmode isTagEnabled=true flags=0x2
12-11 13:17:10.982 D/NetworkSecurityConfig( 1200): No Network Security Config specified, using platform default
12-11 13:17:10.984 D/ConnectivityService(  651): NetReassign [no changes]
12-11 13:17:10.984 D/ConditionProviders.SCP(  651): evaluateSubscriptionLocked cal=ScheduleCalendar[mDays={1, 2, 3, 4, 5, 6, 7}, mSchedule=ScheduleInfo{days=[1, 2, 3, 4, 5, 6, 7], startHour=22, startMinute=0, endHour=7, endMinute=0, exitAtAlarm=true, nextAlarm=Thu Jan 01 00:00:00 GMT 1970 (0)}], now=Wed Dec 11 13:17:10 GMT 2024 (1733923030975), nextUserAlarmTime=Thu Jan 01 00:00:00 GMT 1970 (0)
12-11 13:17:10.984 D/ConditionProviders.SCP(  651): notifyCondition condition://android/schedule?days=1.2.3.4.5.6.7&start=22.0&end=7.0&exitAtAlarm=true STATE_FALSE reason=!meetsSchedule
12-11 13:17:10.984 D/ConditionProviders.SCP(  651): Scheduling evaluate for Wed Dec 11 22:00:00 GMT 2024 (1733954400000), in +8h42m49s25ms, now=Wed Dec 11 13:17:10 GMT 2024 (1733923030975)
12-11 13:17:10.988 I/android.hardware.graphics.allocator@4.0-service(  414): alloc_format: FMT:0x1,MOD:0
12-11 13:17:10.988 I/android.hardware.graphics.allocator@4.0-service(  414): mali_gralloc_adjust_dimensions: alloc_format=FMT:0x1,MOD:0 usage=0xb00 alloc_width=36, alloc_height=1080
12-11 13:17:10.988 D/android.hardware.graphics.allocator@4.0-service(  414): got new private_handle_t instance for buffer 'ViewRootImpl[StatusBar]#2(BLAST Consumer)2'. share_fd : 8, share_attr_fd : 9, width : 36, height : 1080, req_format : 0x1, producer_usage : 0xb00, consumer_usage : 0xb00, , stride : 0, alloc_format : 1, size : 207360, layer_count : 1
12-11 13:17:10.988 D/android.hardware.graphics.allocator@4.0-service(  414): plane_info[0]: offset : 0, byte_stride : 192, alloc_width : 36, alloc_height : 1080
12-11 13:17:10.988 D/android.hardware.graphics.allocator@4.0-service(  414): plane_info[1]: offset : 0, byte_stride : 0, alloc_width : 0, alloc_height : 0
12-11 13:17:10.989 W/ContextImpl(  651): Calling a method in the system process without a qualified user: android.app.ContextImpl.sendBroadcastMultiplePermissions:1264 android.content.Context.sendBroadcastMultiplePermissions:2215 com.android.server.TelephonyRegistry.broadcastDataConnectionStateChanged:3107 com.android.server.TelephonyRegistry.notifyDataConnectionForSubscriber:2023 com.android.internal.telephony.ITelephonyRegistry$Stub.onTransact:544 
12-11 13:17:10.989 W/ContextImpl(  651): Calling a method in the system process without a qualified user: android.app.ContextImpl.sendBroadcastMultiplePermissions:1264 android.content.Context.sendBroadcastMultiplePermissions:2215 com.android.server.TelephonyRegistry.broadcastDataConnectionStateChanged:3107 com.android.server.TelephonyRegistry.notifyDataConnectionForSubscriber:2023 com.android.internal.telephony.ITelephonyRegistry$Stub.onTransact:544 
12-11 13:17:10.990 V/C2Store (  480): in ~ComponentModule
12-11 13:17:10.990 V/C2Store (  480): unloading dll
12-11 13:17:10.990 V/C2Store (  480): in init
12-11 13:17:10.990 V/C2Store (  480): loading dll
12-11 13:17:10.991 W/KeyguardUpdateMonitor(  840): invalid subId in handleServiceStateChange()
12-11 13:17:10.991 W/ContextImpl(  651): Calling a method in the system process without a qualified user: android.app.ContextImpl.sendBroadcastMultiplePermissions:1264 android.content.Context.sendBroadcastMultiplePermissions:2215 com.android.server.TelephonyRegistry.broadcastDataConnectionStateChanged:3107 com.android.server.TelephonyRegistry.notifyDataConnectionForSubscriber:2023 com.android.internal.telephony.ITelephonyRegistry$Stub.onTransact:544 
12-11 13:17:10.992 W/ContextImpl(  651): Calling a method in the system process without a qualified user: android.app.ContextImpl.sendBroadcastMultiplePermissions:1264 android.content.Context.sendBroadcastMultiplePermissions:2215 com.android.server.TelephonyRegistry.broadcastDataConnectionStateChanged:3107 com.android.server.TelephonyRegistry.notifyDataConnectionForSubscriber:2023 com.android.internal.telephony.ITelephonyRegistry$Stub.onTransact:544 
12-11 13:17:10.992 W/ContextImpl(  651): Calling a method in the system process without a qualified user: android.app.ContextImpl.sendBroadcastMultiplePermissions:1264 android.content.Context.sendBroadcastMultiplePermissions:2215 com.android.server.TelephonyRegistry.broadcastDataConnectionStateChanged:3107 com.android.server.TelephonyRegistry.notifyDataConnectionForSubscriber:2023 com.android.internal.telephony.ITelephonyRegistry$Stub.onTransact:544 
12-11 13:17:10.993 W/ContextImpl(  651): Calling a method in the system process without a qualified user: android.app.ContextImpl.sendBroadcastMultiplePermissions:1264 android.content.Context.sendBroadcastMultiplePermissions:2215 com.android.server.TelephonyRegistry.broadcastDataConnectionStateChanged:3107 com.android.server.TelephonyRegistry.notifyDataConnectionForSubscriber:2023 com.android.internal.telephony.ITelephonyRegistry$Stub.onTransact:544 
12-11 13:17:10.990 I/getprop ( 1219): type=1400 audit(0.0:4218): avc: denied { open } for path="/dev/__properties__/u:object_r:aac_drc_prop:s0" dev="tmpfs" ino=58 scontext=u:r:shell:s0 tcontext=u:object_r:aac_drc_prop:s0 tclass=file permissive=1
12-11 13:17:10.990 I/getprop ( 1219): type=1400 audit(0.0:4219): avc: denied { getattr } for path="/dev/__properties__/u:object_r:aac_drc_prop:s0" dev="tmpfs" ino=58 scontext=u:r:shell:s0 tcontext=u:object_r:aac_drc_prop:s0 tclass=file permissive=1
12-11 13:17:10.990 I/getprop ( 1219): type=1400 audit(0.0:4220): avc: denied { map } for path="/dev/__properties__/u:object_r:aac_drc_prop:s0" dev="tmpfs" ino=58 scontext=u:r:shell:s0 tcontext=u:object_r:aac_drc_prop:s0 tclass=file permissive=1
12-11 13:17:10.990 I/getprop ( 1219): type=1400 audit(0.0:4221): avc: denied { open } for path="/dev/__properties__/u:object_r:ab_update_gki_prop:s0" dev="tmpfs" ino=60 scontext=u:r:shell:s0 tcontext=u:object_r:ab_update_gki_prop:s0 tclass=file permissive=1
12-11 13:17:10.990 I/getprop ( 1219): type=1400 audit(0.0:4222): avc: denied { getattr } for path="/dev/__properties__/u:object_r:ab_update_gki_prop:s0" dev="tmpfs" ino=60 scontext=u:r:shell:s0 tcontext=u:object_r:ab_update_gki_prop:s0 tclass=file permissive=1
12-11 13:17:10.990 I/getprop ( 1219): type=1400 audit(0.0:4223): avc: denied { map } for path="/dev/__properties__/u:object_r:ab_update_gki_prop:s0" dev="tmpfs" ino=60 scontext=u:r:shell:s0 tcontext=u:object_r:ab_update_gki_prop:s0 tclass=file permissive=1
12-11 13:17:10.994 W/ContextImpl(  651): Calling a method in the system process without a qualified user: android.app.ContextImpl.sendBroadcastMultiplePermissions:1264 android.content.Context.sendBroadcastMultiplePermissions:2215 com.android.server.TelephonyRegistry.broadcastDataConnectionStateChanged:3107 com.android.server.TelephonyRegistry.notifyDataConnectionForSubscriber:2023 com.android.internal.telephony.ITelephonyRegistry$Stub.onTransact:544 
12-11 13:17:10.990 I/getprop ( 1219): type=1400 audit(0.0:4224): avc: denied { open } for path="/dev/__properties__/u:object_r:adbd_prop:s0" dev="tmpfs" ino=62 scontext=u:r:shell:s0 tcontext=u:object_r:adbd_prop:s0 tclass=file permissive=1
12-11 13:17:10.990 I/getprop ( 1219): type=1400 audit(0.0:4225): avc: denied { getattr } for path="/dev/__properties__/u:object_r:adbd_prop:s0" dev="tmpfs" ino=62 scontext=u:r:shell:s0 tcontext=u:object_r:adbd_prop:s0 tclass=file permissive=1
12-11 13:17:10.990 I/getprop ( 1219): type=1400 audit(0.0:4226): avc: denied { map } for path="/dev/__properties__/u:object_r:adbd_prop:s0" dev="tmpfs" ino=62 scontext=u:r:shell:s0 tcontext=u:object_r:adbd_prop:s0 tclass=file permissive=1
12-11 13:17:10.990 I/getprop ( 1219): type=1400 audit(0.0:4227): avc: denied { open } for path="/dev/__properties__/u:object_r:apexd_config_prop:s0" dev="tmpfs" ino=63 scontext=u:r:shell:s0 tcontext=u:object_r:apexd_config_prop:s0 tclass=file permissive=1
12-11 13:17:10.990 I/getprop ( 1219): type=1400 audit(0.0:4228): avc: denied { getattr } for path="/dev/__properties__/u:object_r:apexd_config_prop:s0" dev="tmpfs" ino=63 scontext=u:r:shell:s0 tcontext=u:object_r:apexd_config_prop:s0 tclass=file permissive=1
12-11 13:17:10.990 I/getprop ( 1219): type=1400 audit(0.0:4229): avc: denied { map } for path="/dev/__properties__/u:object_r:apexd_config_prop:s0" dev="tmpfs" ino=63 scontext=u:r:shell:s0 tcontext=u:object_r:apexd_config_prop:s0 tclass=file permissive=1
12-11 13:17:10.990 I/getprop ( 1219): type=1400 audit(0.0:4230): avc: denied { open } for path="/dev/__properties__/u:object_r:apexd_prop:s0" dev="tmpfs" ino=64 scontext=u:r:shell:s0 tcontext=u:object_r:apexd_prop:s0 tclass=file permissive=1
12-11 13:17:10.990 I/getprop ( 1219): type=1400 audit(0.0:4231): avc: denied { getattr } for path="/dev/__properties__/u:object_r:apexd_prop:s0" dev="tmpfs" ino=64 scontext=u:r:shell:s0 tcontext=u:object_r:apexd_prop:s0 tclass=file permissive=1
12-11 13:17:10.990 I/getprop ( 1219): type=1400 audit(0.0:4232): avc: denied { map } for path="/dev/__properties__/u:object_r:apexd_prop:s0" dev="tmpfs" ino=64 scontext=u:r:shell:s0 tcontext=u:object_r:apexd_prop:s0 tclass=file permissive=1
12-11 13:17:10.990 I/getprop ( 1219): type=1400 audit(0.0:4233): avc: denied { open } for path="/dev/__properties__/u:object_r:apk_verity_prop:s0" dev="tmpfs" ino=65 scontext=u:r:shell:s0 tcontext=u:object_r:apk_verity_prop:s0 tclass=file permissive=1
12-11 13:17:10.990 I/getprop ( 1219): type=1400 audit(0.0:4234): avc: denied { getattr } for path="/dev/__properties__/u:object_r:apk_verity_prop:s0" dev="tmpfs" ino=65 scontext=u:r:shell:s0 tcontext=u:object_r:apk_verity_prop:s0 tclass=file permissive=1
12-11 13:17:10.990 I/getprop ( 1219): type=1400 audit(0.0:4235): avc: denied { map } for path="/dev/__properties__/u:object_r:apk_verity_prop:s0" dev="tmpfs" ino=65 scontext=u:r:shell:s0 tcontext=u:object_r:apk_verity_prop:s0 tclass=file permissive=1
12-11 13:17:10.990 I/getprop ( 1219): type=1400 audit(0.0:4236): avc: denied { open } for path="/dev/__properties__/u:object_r:audio_config_prop:s0" dev="tmpfs" ino=67 scontext=u:r:shell:s0 tcontext=u:object_r:audio_config_prop:s0 tclass=file permissive=1
12-11 13:17:10.990 I/getprop ( 1219): type=1400 audit(0.0:4237): avc: denied { getattr } for path="/dev/__properties__/u:object_r:audio_config_prop:s0" dev="tmpfs" ino=67 scontext=u:r:shell:s0 tcontext=u:object_r:audio_config_prop:s0 tclass=file permissive=1
12-11 13:17:10.990 I/getprop ( 1219): type=1400 audit(0.0:4238): avc: denied { map } for path="/dev/__properties__/u:object_r:audio_config_prop:s0" dev="tmpfs" ino=67 scontext=u:r:shell:s0 tcontext=u:object_r:audio_config_prop:s0 tclass=file permissive=1
12-11 13:17:10.990 I/getprop ( 1219): type=1400 audit(0.0:4239): avc: denied { open } for path="/dev/__properties__/u:object_r:bluetooth_a2dp_offload_prop:s0" dev="tmpfs" ino=72 scontext=u:r:shell:s0 tcontext=u:object_r:bluetooth_a2dp_offload_prop:s0 tclass=file permissive=1
12-11 13:17:10.990 I/getprop ( 1219): type=1400 audit(0.0:4240): avc: denied { getattr } for path="/dev/__properties__/u:object_r:bluetooth_a2dp_offload_prop:s0" dev="tmpfs" ino=72 scontext=u:r:shell:s0 tcontext=u:object_r:bluetooth_a2dp_offload_prop:s0 tclass=file permissive=1
12-11 13:17:10.994 W/ContextImpl(  651): Calling a method in the system process without a qualified user: android.app.ContextImpl.sendBroadcastMultiplePermissions:1264 android.content.Context.sendBroadcastMultiplePermissions:2215 com.android.server.TelephonyRegistry.broadcastDataConnectionStateChanged:3107 com.android.server.TelephonyRegistry.notifyDataConnectionForSubscriber:2023 com.android.internal.telephony.ITelephonyRegistry$Stub.onTransact:544 
12-11 13:17:10.990 I/getprop ( 1219): type=1400 audit(0.0:4241): avc: denied { map } for path="/dev/__properties__/u:object_r:bluetooth_a2dp_offload_prop:s0" dev="tmpfs" ino=72 scontext=u:r:shell:s0 tcontext=u:object_r:bluetooth_a2dp_offload_prop:s0 tclass=file permissive=1
12-11 13:17:10.995 W/ContextImpl(  651): Calling a method in the system process without a qualified user: android.app.ContextImpl.sendBroadcastMultiplePermissions:1264 android.content.Context.sendBroadcastMultiplePermissions:2215 com.android.server.TelephonyRegistry.broadcastDataConnectionStateChanged:3107 com.android.server.TelephonyRegistry.notifyDataConnectionForSubscriber:2023 com.android.internal.telephony.ITelephonyRegistry$Stub.onTransact:544 
12-11 13:17:10.990 I/getprop ( 1219): type=1400 audit(0.0:4242): avc: denied { open } for path="/dev/__properties__/u:object_r:bluetooth_audio_hal_prop:s0" dev="tmpfs" ino=73 scontext=u:r:shell:s0 tcontext=u:object_r:bluetooth_audio_hal_prop:s0 tclass=file permissive=1
12-11 13:17:10.990 I/getprop ( 1219): type=1400 audit(0.0:4243): avc: denied { getattr } for path="/dev/__properties__/u:object_r:bluetooth_audio_hal_prop:s0" dev="tmpfs" ino=73 scontext=u:r:shell:s0 tcontext=u:object_r:bluetooth_audio_hal_prop:s0 tclass=file permissive=1
12-11 13:17:10.990 I/getprop ( 1219): type=1400 audit(0.0:4244): avc: denied { map } for path="/dev/__properties__/u:object_r:bluetooth_audio_hal_prop:s0" dev="tmpfs" ino=73 scontext=u:r:shell:s0 tcontext=u:object_r:bluetooth_audio_hal_prop:s0 tclass=file permissive=1
12-11 13:17:10.990 I/getprop ( 1219): type=1400 audit(0.0:4245): avc: denied { open } for path="/dev/__properties__/u:object_r:bluetooth_prop:s0" dev="tmpfs" ino=74 scontext=u:r:shell:s0 tcontext=u:object_r:bluetooth_prop:s0 tclass=file permissive=1
12-11 13:17:10.990 I/getprop ( 1219): type=1400 audit(0.0:4246): avc: denied { getattr } for path="/dev/__properties__/u:object_r:bluetooth_prop:s0" dev="tmpfs" ino=74 scontext=u:r:shell:s0 tcontext=u:object_r:bluetooth_prop:s0 tclass=file permissive=1
12-11 13:17:10.990 I/getprop ( 1219): type=1400 audit(0.0:4247): avc: denied { map } for path="/dev/__properties__/u:object_r:bluetooth_prop:s0" dev="tmpfs" ino=74 scontext=u:r:shell:s0 tcontext=u:object_r:bluetooth_prop:s0 tclass=file permissive=1
12-11 13:17:10.990 I/getprop ( 1219): type=1400 audit(0.0:4248): avc: denied { open } for path="/dev/__properties__/u:object_r:bootanim_config_prop:s0" dev="tmpfs" ino=76 scontext=u:r:shell:s0 tcontext=u:object_r:bootanim_config_prop:s0 tclass=file permissive=1
12-11 13:17:10.990 I/getprop ( 1219): type=1400 audit(0.0:4249): avc: denied { getattr } for path="/dev/__properties__/u:object_r:bootanim_config_prop:s0" dev="tmpfs" ino=76 scontext=u:r:shell:s0 tcontext=u:object_r:bootanim_config_prop:s0 tclass=file permissive=1
12-11 13:17:10.990 I/getprop ( 1219): type=1400 audit(0.0:4250): avc: denied { map } for path="/dev/__properties__/u:object_r:bootanim_config_prop:s0" dev="tmpfs" ino=76 scontext=u:r:shell:s0 tcontext=u:object_r:bootanim_config_prop:s0 tclass=file permissive=1
12-11 13:17:10.990 I/getprop ( 1219): type=1400 audit(0.0:4251): avc: denied { open } for path="/dev/__properties__/u:object_r:bootanim_system_prop:s0" dev="tmpfs" ino=77 scontext=u:r:shell:s0 tcontext=u:object_r:bootanim_system_prop:s0 tclass=file permissive=1
12-11 13:17:10.990 I/getprop ( 1219): type=1400 audit(0.0:4252): avc: denied { getattr } for path="/dev/__properties__/u:object_r:bootanim_system_prop:s0" dev="tmpfs" ino=77 scontext=u:r:shell:s0 tcontext=u:object_r:bootanim_system_prop:s0 tclass=file permissive=1
12-11 13:17:10.990 I/getprop ( 1219): type=1400 audit(0.0:4253): avc: denied { map } for path="/dev/__properties__/u:object_r:bootanim_system_prop:s0" dev="tmpfs" ino=77 scontext=u:r:shell:s0 tcontext=u:object_r:bootanim_system_prop:s0 tclass=file permissive=1
12-11 13:17:10.990 I/getprop ( 1219): type=1400 audit(0.0:4254): avc: denied { map } for path="/dev/__properties__/u:object_r:boottime_prop:s0" dev="tmpfs" ino=80 scontext=u:r:shell:s0 tcontext=u:object_r:boottime_prop:s0 tclass=file permissive=1
12-11 13:17:10.990 I/getprop ( 1219): type=1400 audit(0.0:4255): avc: denied { open } for path="/dev/__properties__/u:object_r:boottime_public_prop:s0" dev="tmpfs" ino=81 scontext=u:r:shell:s0 tcontext=u:object_r:boottime_public_prop:s0 tclass=file permissive=1
12-11 13:17:10.990 I/getprop ( 1219): type=1400 audit(0.0:4256): avc: denied { getattr } for path="/dev/__properties__/u:object_r:boottime_public_prop:s0" dev="tmpfs" ino=81 scontext=u:r:shell:s0 tcontext=u:object_r:boottime_public_prop:s0 tclass=file permissive=1
12-11 13:17:10.990 I/getprop ( 1219): type=1400 audit(0.0:4257): avc: denied { map } for path="/dev/__properties__/u:object_r:boottime_public_prop:s0" dev="tmpfs" ino=81 scontext=u:r:shell:s0 tcontext=u:object_r:boottime_public_prop:s0 tclass=file permissive=1
12-11 13:17:10.990 I/getprop ( 1219): type=1400 audit(0.0:4258): avc: denied { open } for path="/dev/__properties__/u:object_r:bpf_progs_loaded_prop:s0" dev="tmpfs" ino=82 scontext=u:r:shell:s0 tcontext=u:object_r:bpf_progs_loaded_prop:s0 tclass=file permissive=1
12-11 13:17:10.990 I/getprop ( 1219): type=1400 audit(0.0:4259): avc: denied { getattr } for path="/dev/__properties__/u:object_r:bpf_progs_loaded_prop:s0" dev="tmpfs" ino=82 scontext=u:r:shell:s0 tcontext=u:object_r:bpf_progs_loaded_prop:s0 tclass=file permissive=1
12-11 13:17:10.990 I/getprop ( 1219): type=1400 audit(0.0:4260): avc: denied { map } for path="/dev/__properties__/u:object_r:bpf_progs_loaded_prop:s0" dev="tmpfs" ino=82 scontext=u:r:shell:s0 tcontext=u:object_r:bpf_progs_loaded_prop:s0 tclass=file permissive=1
12-11 13:17:10.990 I/getprop ( 1219): type=1400 audit(0.0:4261): avc: denied { open } for path="/dev/__properties__/u:object_r:build_config_prop:s0" dev="tmpfs" ino=85 scontext=u:r:shell:s0 tcontext=u:object_r:build_config_prop:s0 tclass=file permissive=1
12-11 13:17:10.990 I/getprop ( 1219): type=1400 audit(0.0:4262): avc: denied { getattr } for path="/dev/__properties__/u:object_r:build_config_prop:s0" dev="tmpfs" ino=85 scontext=u:r:shell:s0 tcontext=u:object_r:build_config_prop:s0 tclass=file permissive=1
12-11 13:17:10.990 I/getprop ( 1219): type=1400 audit(0.0:4263): avc: denied { map } for path="/dev/__properties__/u:object_r:build_config_prop:s0" dev="tmpfs" ino=85 scontext=u:r:shell:s0 tcontext=u:object_r:build_config_prop:s0 tclass=file permissive=1
12-11 13:17:10.990 I/getprop ( 1219): type=1400 audit(0.0:4264): avc: denied { open } for path="/dev/__properties__/u:object_r:charger_config_prop:s0" dev="tmpfs" ino=93 scontext=u:r:shell:s0 tcontext=u:object_r:charger_config_prop:s0 tclass=file permissive=1
12-11 13:17:10.990 I/getprop ( 1219): type=1400 audit(0.0:4265): avc: denied { getattr } for path="/dev/__properties__/u:object_r:charger_config_prop:s0" dev="tmpfs" ino=93 scontext=u:r:shell:s0 tcontext=u:object_r:charger_config_prop:s0 tclass=file permissive=1
12-11 13:17:10.990 I/getprop ( 1219): type=1400 audit(0.0:4266): avc: denied { map } for path="/dev/__properties__/u:object_r:charger_config_prop:s0" dev="tmpfs" ino=93 scontext=u:r:shell:s0 tcontext=u:object_r:charger_config_prop:s0 tclass=file permissive=1
12-11 13:17:10.990 I/getprop ( 1219): type=1400 audit(0.0:4267): avc: denied { open } for path="/dev/__properties__/u:object_r:charger_prop:s0" dev="tmpfs" ino=94 scontext=u:r:shell:s0 tcontext=u:object_r:charger_prop:s0 tclass=file permissive=1
12-11 13:17:10.990 I/getprop ( 1219): type=1400 audit(0.0:4268): avc: denied { getattr } for path="/dev/__properties__/u:object_r:charger_prop:s0" dev="tmpfs" ino=94 scontext=u:r:shell:s0 tcontext=u:object_r:charger_prop:s0 tclass=file permissive=1
12-11 13:17:10.990 I/getprop ( 1219): type=1400 audit(0.0:4269): avc: denied { map } for path="/dev/__properties__/u:object_r:charger_prop:s0" dev="tmpfs" ino=94 scontext=u:r:shell:s0 tcontext=u:object_r:charger_prop:s0 tclass=file permissive=1
12-11 13:17:10.990 I/getprop ( 1219): type=1400 audit(0.0:4270): avc: denied { open } for path="/dev/__properties__/u:object_r:charger_status_prop:s0" dev="tmpfs" ino=95 scontext=u:r:shell:s0 tcontext=u:object_r:charger_status_prop:s0 tclass=file permissive=1
12-11 13:17:10.990 I/getprop ( 1219): type=1400 audit(0.0:4271): avc: denied { getattr } for path="/dev/__properties__/u:object_r:charger_status_prop:s0" dev="tmpfs" ino=95 scontext=u:r:shell:s0 tcontext=u:object_r:charger_status_prop:s0 tclass=file permissive=1
12-11 13:17:10.990 I/getprop ( 1219): type=1400 audit(0.0:4272): avc: denied { map } for path="/dev/__properties__/u:object_r:charger_status_prop:s0" dev="tmpfs" ino=95 scontext=u:r:shell:s0 tcontext=u:object_r:charger_status_prop:s0 tclass=file permissive=1
12-11 13:17:10.990 I/getprop ( 1219): type=1400 audit(0.0:4273): avc: denied { open } for path="/dev/__properties__/u:object_r:cold_boot_done_prop:s0" dev="tmpfs" ino=97 scontext=u:r:shell:s0 tcontext=u:object_r:cold_boot_done_prop:s0 tclass=file permissive=1
12-11 13:17:10.990 I/getprop ( 1219): type=1400 audit(0.0:4274): avc: denied { getattr } for path="/dev/__properties__/u:object_r:cold_boot_done_prop:s0" dev="tmpfs" ino=97 scontext=u:r:shell:s0 tcontext=u:object_r:cold_boot_done_prop:s0 tclass=file permissive=1
12-11 13:17:10.995 W/ContextImpl(  651): Calling a method in the system process without a qualified user: android.app.ContextImpl.sendBroadcastMultiplePermissions:1264 android.content.Context.sendBroadcastMultiplePermissions:2215 com.android.server.TelephonyRegistry.broadcastDataConnectionStateChanged:3107 com.android.server.TelephonyRegistry.notifyDataConnectionForSubscriber:2023 com.android.internal.telephony.ITelephonyRegistry$Stub.onTransact:544 
12-11 13:17:10.990 I/getprop ( 1219): type=1400 audit(0.0:4275): avc: denied { map } for path="/dev/__properties__/u:object_r:cold_boot_done_prop:s0" dev="tmpfs" ino=97 scontext=u:r:shell:s0 tcontext=u:object_r:cold_boot_done_prop:s0 tclass=file permissive=1
12-11 13:17:10.990 I/getprop ( 1219): type=1400 audit(0.0:4276): avc: denied { open } for path="/dev/__properties__/u:object_r:cpu_variant_prop:s0" dev="tmpfs" ino=100 scontext=u:r:shell:s0 tcontext=u:object_r:cpu_variant_prop:s0 tclass=file permissive=1
12-11 13:17:10.990 I/getprop ( 1219): type=1400 audit(0.0:4277): avc: denied { getattr } for path="/dev/__properties__/u:object_r:cpu_variant_prop:s0" dev="tmpfs" ino=100 scontext=u:r:shell:s0 tcontext=u:object_r:cpu_variant_prop:s0 tclass=file permissive=1
12-11 13:17:10.990 I/getprop ( 1219): type=1400 audit(0.0:4278): avc: denied { map } for path="/dev/__properties__/u:object_r:cpu_variant_prop:s0" dev="tmpfs" ino=100 scontext=u:r:shell:s0 tcontext=u:object_r:cpu_variant_prop:s0 tclass=file permissive=1
12-11 13:17:10.990 I/getprop ( 1219): type=1400 audit(0.0:4279): avc: denied { open } for path="/dev/__properties__/u:object_r:ctl_adbd_prop:s0" dev="tmpfs" ino=101 scontext=u:r:shell:s0 tcontext=u:object_r:ctl_adbd_prop:s0 tclass=file permissive=1
12-11 13:17:10.990 I/getprop ( 1219): type=1400 audit(0.0:4280): avc: denied { getattr } for path="/dev/__properties__/u:object_r:ctl_adbd_prop:s0" dev="tmpfs" ino=101 scontext=u:r:shell:s0 tcontext=u:object_r:ctl_adbd_prop:s0 tclass=file permissive=1
12-11 13:17:10.990 I/getprop ( 1219): type=1400 audit(0.0:4281): avc: denied { map } for path="/dev/__properties__/u:object_r:ctl_adbd_prop:s0" dev="tmpfs" ino=101 scontext=u:r:shell:s0 tcontext=u:object_r:ctl_adbd_prop:s0 tclass=file permissive=1
12-11 13:17:10.990 I/getprop ( 1219): type=1400 audit(0.0:4282): avc: denied { open } for path="/dev/__properties__/u:object_r:ctl_apexd_prop:s0" dev="tmpfs" ino=102 scontext=u:r:shell:s0 tcontext=u:object_r:ctl_apexd_prop:s0 tclass=file permissive=1
12-11 13:17:10.993 I/getprop ( 1219): type=1400 audit(0.0:4283): avc: denied { open } for path="/dev/__properties__/u:object_r:drm_service_config_prop:s0" dev="tmpfs" ino=150 scontext=u:r:shell:s0 tcontext=u:object_r:drm_service_config_prop:s0 tclass=file permissive=1
12-11 13:17:10.993 I/getprop ( 1219): type=1400 audit(0.0:4284): avc: denied { getattr } for path="/dev/__properties__/u:object_r:drm_service_config_prop:s0" dev="tmpfs" ino=150 scontext=u:r:shell:s0 tcontext=u:object_r:drm_service_config_prop:s0 tclass=file permissive=1
12-11 13:17:10.993 I/getprop ( 1219): type=1400 audit(0.0:4285): avc: denied { map } for path="/dev/__properties__/u:object_r:drm_service_config_prop:s0" dev="tmpfs" ino=150 scontext=u:r:shell:s0 tcontext=u:object_r:drm_service_config_prop:s0 tclass=file permissive=1
12-11 13:17:10.993 I/getprop ( 1219): type=1400 audit(0.0:4286): avc: denied { open } for path="/dev/__properties__/u:object_r:dumpstate_options_prop:s0" dev="tmpfs" ino=151 scontext=u:r:shell:s0 tcontext=u:object_r:dumpstate_options_prop:s0 tclass=file permissive=1
12-11 13:17:10.993 I/getprop ( 1219): type=1400 audit(0.0:4287): avc: denied { getattr } for path="/dev/__properties__/u:object_r:dumpstate_options_prop:s0" dev="tmpfs" ino=151 scontext=u:r:shell:s0 tcontext=u:object_r:dumpstate_options_prop:s0 tclass=file permissive=1
12-11 13:17:10.993 I/getprop ( 1219): type=1400 audit(0.0:4288): avc: denied { map } for path="/dev/__properties__/u:object_r:dumpstate_options_prop:s0" dev="tmpfs" ino=151 scontext=u:r:shell:s0 tcontext=u:object_r:dumpstate_options_prop:s0 tclass=file permissive=1
12-11 13:17:10.993 I/getprop ( 1219): type=1400 audit(0.0:4289): avc: denied { open } for path="/dev/__properties__/u:object_r:exported_bluetooth_prop:s0" dev="tmpfs" ino=155 scontext=u:r:shell:s0 tcontext=u:object_r:exported_bluetooth_prop:s0 tclass=file permissive=1
12-11 13:17:10.993 I/getprop ( 1219): type=1400 audit(0.0:4290): avc: denied { getattr } for path="/dev/__properties__/u:object_r:exported_bluetooth_prop:s0" dev="tmpfs" ino=155 scontext=u:r:shell:s0 tcontext=u:object_r:exported_bluetooth_prop:s0 tclass=file permissive=1
12-11 13:17:10.993 I/getprop ( 1219): type=1400 audit(0.0:4291): avc: denied { map } for path="/dev/__properties__/u:object_r:exported_bluetooth_prop:s0" dev="tmpfs" ino=155 scontext=u:r:shell:s0 tcontext=u:object_r:exported_bluetooth_prop:s0 tclass=file permissive=1
12-11 13:17:10.993 I/getprop ( 1219): type=1400 audit(0.0:4292): avc: denied { open } for path="/dev/__properties__/u:object_r:exported_overlay_prop:s0" dev="tmpfs" ino=159 scontext=u:r:shell:s0 tcontext=u:object_r:exported_overlay_prop:s0 tclass=file permissive=1
12-11 13:17:10.993 I/getprop ( 1219): type=1400 audit(0.0:4293): avc: denied { getattr } for path="/dev/__properties__/u:object_r:exported_overlay_prop:s0" dev="tmpfs" ino=159 scontext=u:r:shell:s0 tcontext=u:object_r:exported_overlay_prop:s0 tclass=file permissive=1
12-11 13:17:10.993 I/getprop ( 1219): type=1400 audit(0.0:4294): avc: denied { map } for path="/dev/__properties__/u:object_r:exported_overlay_prop:s0" dev="tmpfs" ino=159 scontext=u:r:shell:s0 tcontext=u:object_r:exported_overlay_prop:s0 tclass=file permissive=1
12-11 13:17:10.993 I/getprop ( 1219): type=1400 audit(0.0:4295): avc: denied { open } for path="/dev/__properties__/u:object_r:fastbootd_protocol_prop:s0" dev="tmpfs" ino=162 scontext=u:r:shell:s0 tcontext=u:object_r:fastbootd_protocol_prop:s0 tclass=file permissive=1
