12-11 13:17:10.993 I/getprop ( 1219): type=1400 audit(0.0:4296): avc: denied { getattr } for path="/dev/__properties__/u:object_r:fastbootd_protocol_prop:s0" dev="tmpfs" ino=162 scontext=u:r:shell:s0 tcontext=u:object_r:fastbootd_protocol_prop:s0 tclass=file permissive=1
12-11 13:17:10.993 I/getprop ( 1219): type=1400 audit(0.0:4297): avc: denied { map } for path="/dev/__properties__/u:object_r:fastbootd_protocol_prop:s0" dev="tmpfs" ino=162 scontext=u:r:shell:s0 tcontext=u:object_r:fastbootd_protocol_prop:s0 tclass=file permissive=1
12-11 13:17:10.993 I/getprop ( 1219): type=1400 audit(0.0:4298): avc: denied { open } for path="/dev/__properties__/u:object_r:ffs_control_prop:s0" dev="tmpfs" ino=164 scontext=u:r:shell:s0 tcontext=u:object_r:ffs_control_prop:s0 tclass=file permissive=1
12-11 13:17:10.993 I/getprop ( 1219): type=1400 audit(0.0:4299): avc: denied { getattr } for path="/dev/__properties__/u:object_r:ffs_control_prop:s0" dev="tmpfs" ino=164 scontext=u:r:shell:s0 tcontext=u:object_r:ffs_control_prop:s0 tclass=file permissive=1
12-11 13:17:10.993 I/getprop ( 1219): type=1400 audit(0.0:4300): avc: denied { map } for path="/dev/__properties__/u:object_r:ffs_control_prop:s0" dev="tmpfs" ino=164 scontext=u:r:shell:s0 tcontext=u:object_r:ffs_control_prop:s0 tclass=file permissive=1
12-11 13:17:10.993 I/getprop ( 1219): type=1400 audit(0.0:4301): avc: denied { open } for path="/dev/__properties__/u:object_r:firstboot_prop:s0" dev="tmpfs" ino=166 scontext=u:r:shell:s0 tcontext=u:object_r:firstboot_prop:s0 tclass=file permissive=1
12-11 13:17:10.993 I/getprop ( 1219): type=1400 audit(0.0:4302): avc: denied { getattr } for path="/dev/__properties__/u:object_r:firstboot_prop:s0" dev="tmpfs" ino=166 scontext=u:r:shell:s0 tcontext=u:object_r:firstboot_prop:s0 tclass=file permissive=1
12-11 13:17:10.996 W/ContextImpl(  651): Calling a method in the system process without a qualified user: android.app.ContextImpl.sendBroadcastMultiplePermissions:1264 android.content.Context.sendBroadcastMultiplePermissions:2215 com.android.server.TelephonyRegistry.broadcastDataConnectionStateChanged:3107 com.android.server.TelephonyRegistry.notifyDataConnectionForSubscriber:2023 com.android.internal.telephony.ITelephonyRegistry$Stub.onTransact:544 
12-11 13:17:10.993 I/getprop ( 1219): type=1400 audit(0.0:4303): avc: denied { map } for path="/dev/__properties__/u:object_r:firstboot_prop:s0" dev="tmpfs" ino=166 scontext=u:r:shell:s0 tcontext=u:object_r:firstboot_prop:s0 tclass=file permissive=1
12-11 13:17:10.993 I/getprop ( 1219): type=1400 audit(0.0:4304): avc: denied { open } for path="/dev/__properties__/u:object_r:framework_watchdog_config_prop:s0" dev="tmpfs" ino=167 scontext=u:r:shell:s0 tcontext=u:object_r:framework_watchdog_config_prop:s0 tclass=file permissive=1
12-11 13:17:10.993 I/getprop ( 1219): type=1400 audit(0.0:4305): avc: denied { getattr } for path="/dev/__properties__/u:object_r:framework_watchdog_config_prop:s0" dev="tmpfs" ino=167 scontext=u:r:shell:s0 tcontext=u:object_r:framework_watchdog_config_prop:s0 tclass=file permissive=1
12-11 13:17:10.993 I/getprop ( 1219): type=1400 audit(0.0:4306): avc: denied { map } for path="/dev/__properties__/u:object_r:framework_watchdog_config_prop:s0" dev="tmpfs" ino=167 scontext=u:r:shell:s0 tcontext=u:object_r:framework_watchdog_config_prop:s0 tclass=file permissive=1
12-11 13:17:10.998 W/ContextImpl(  651): Calling a method in the system process without a qualified user: android.app.ContextImpl.sendBroadcastMultiplePermissions:1264 android.content.Context.sendBroadcastMultiplePermissions:2215 com.android.server.TelephonyRegistry.broadcastDataConnectionStateChanged:3107 com.android.server.TelephonyRegistry.notifyDataConnectionForSubscriber:2023 com.android.internal.telephony.ITelephonyRegistry$Stub.onTransact:544 
12-11 13:17:10.993 I/getprop ( 1219): type=1400 audit(0.0:4307): avc: denied { open } for path="/dev/__properties__/u:object_r:gsid_prop:s0" dev="tmpfs" ino=169 scontext=u:r:shell:s0 tcontext=u:object_r:gsid_prop:s0 tclass=file permissive=1
12-11 13:17:10.993 I/getprop ( 1219): type=1400 audit(0.0:4308): avc: denied { getattr } for path="/dev/__properties__/u:object_r:gsid_prop:s0" dev="tmpfs" ino=169 scontext=u:r:shell:s0 tcontext=u:object_r:gsid_prop:s0 tclass=file permissive=1
12-11 13:17:10.993 I/getprop ( 1219): type=1400 audit(0.0:4309): avc: denied { map } for path="/dev/__properties__/u:object_r:gsid_prop:s0" dev="tmpfs" ino=169 scontext=u:r:shell:s0 tcontext=u:object_r:gsid_prop:s0 tclass=file permissive=1
12-11 13:17:10.993 I/getprop ( 1219): type=1400 audit(0.0:4310): avc: denied { open } for path="/dev/__properties__/u:object_r:hal_dumpstate_config_prop:s0" dev="tmpfs" ino=170 scontext=u:r:shell:s0 tcontext=u:object_r:hal_dumpstate_config_prop:s0 tclass=file permissive=1
12-11 13:17:10.993 I/getprop ( 1219): type=1400 audit(0.0:4311): avc: denied { getattr } for path="/dev/__properties__/u:object_r:hal_dumpstate_config_prop:s0" dev="tmpfs" ino=170 scontext=u:r:shell:s0 tcontext=u:object_r:hal_dumpstate_config_prop:s0 tclass=file permissive=1
12-11 13:17:10.993 I/getprop ( 1219): type=1400 audit(0.0:4312): avc: denied { map } for path="/dev/__properties__/u:object_r:hal_dumpstate_config_prop:s0" dev="tmpfs" ino=170 scontext=u:r:shell:s0 tcontext=u:object_r:hal_dumpstate_config_prop:s0 tclass=file permissive=1
12-11 13:17:10.993 I/getprop ( 1219): type=1400 audit(0.0:4313): avc: denied { open } for path="/dev/__properties__/u:object_r:hypervisor_prop:s0" dev="tmpfs" ino=177 scontext=u:r:shell:s0 tcontext=u:object_r:hypervisor_prop:s0 tclass=file permissive=1
12-11 13:17:10.993 I/getprop ( 1219): type=1400 audit(0.0:4314): avc: denied { getattr } for path="/dev/__properties__/u:object_r:hypervisor_prop:s0" dev="tmpfs" ino=177 scontext=u:r:shell:s0 tcontext=u:object_r:hypervisor_prop:s0 tclass=file permissive=1
12-11 13:17:10.993 I/getprop ( 1219): type=1400 audit(0.0:4315): avc: denied { map } for path="/dev/__properties__/u:object_r:hypervisor_prop:s0" dev="tmpfs" ino=177 scontext=u:r:shell:s0 tcontext=u:object_r:hypervisor_prop:s0 tclass=file permissive=1
12-11 13:17:10.993 I/getprop ( 1219): type=1400 audit(0.0:4316): avc: denied { open } for path="/dev/__properties__/u:object_r:incremental_prop:s0" dev="tmpfs" ino=178 scontext=u:r:shell:s0 tcontext=u:object_r:incremental_prop:s0 tclass=file permissive=1
12-11 13:17:10.993 I/getprop ( 1219): type=1400 audit(0.0:4317): avc: denied { getattr } for path="/dev/__properties__/u:object_r:incremental_prop:s0" dev="tmpfs" ino=178 scontext=u:r:shell:s0 tcontext=u:object_r:incremental_prop:s0 tclass=file permissive=1
12-11 13:17:10.993 I/getprop ( 1219): type=1400 audit(0.0:4318): avc: denied { map } for path="/dev/__properties__/u:object_r:incremental_prop:s0" dev="tmpfs" ino=178 scontext=u:r:shell:s0 tcontext=u:object_r:incremental_prop:s0 tclass=file permissive=1
12-11 13:17:10.993 I/getprop ( 1219): type=1400 audit(0.0:4319): avc: denied { open } for path="/dev/__properties__/u:object_r:init_svc_debug_prop:s0" dev="tmpfs" ino=182 scontext=u:r:shell:s0 tcontext=u:object_r:init_svc_debug_prop:s0 tclass=file permissive=1
12-11 13:17:10.993 I/getprop ( 1219): type=1400 audit(0.0:4320): avc: denied { getattr } for path="/dev/__properties__/u:object_r:init_svc_debug_prop:s0" dev="tmpfs" ino=182 scontext=u:r:shell:s0 tcontext=u:object_r:init_svc_debug_prop:s0 tclass=file permissive=1
12-11 13:17:10.993 I/getprop ( 1219): type=1400 audit(0.0:4321): avc: denied { map } for path="/dev/__properties__/u:object_r:init_svc_debug_prop:s0" dev="tmpfs" ino=182 scontext=u:r:shell:s0 tcontext=u:object_r:init_svc_debug_prop:s0 tclass=file permissive=1
12-11 13:17:10.993 I/getprop ( 1219): type=1400 audit(0.0:4322): avc: denied { open } for path="/dev/__properties__/u:object_r:keyguard_config_prop:s0" dev="tmpfs" ino=183 scontext=u:r:shell:s0 tcontext=u:object_r:keyguard_config_prop:s0 tclass=file permissive=1
12-11 13:17:10.993 I/getprop ( 1219): type=1400 audit(0.0:4323): avc: denied { getattr } for path="/dev/__properties__/u:object_r:keyguard_config_prop:s0" dev="tmpfs" ino=183 scontext=u:r:shell:s0 tcontext=u:object_r:keyguard_config_prop:s0 tclass=file permissive=1
12-11 13:17:10.993 I/getprop ( 1219): type=1400 audit(0.0:4324): avc: denied { map } for path="/dev/__properties__/u:object_r:keyguard_config_prop:s0" dev="tmpfs" ino=183 scontext=u:r:shell:s0 tcontext=u:object_r:keyguard_config_prop:s0 tclass=file permissive=1
12-11 13:17:10.999 W/ContextImpl(  651): Calling a method in the system process without a qualified user: android.app.ContextImpl.sendBroadcastMultiplePermissions:1264 android.content.Context.sendBroadcastMultiplePermissions:2215 com.android.server.TelephonyRegistry.broadcastDataConnectionStateChanged:3107 com.android.server.TelephonyRegistry.notifyDataConnectionForSubscriber:2023 com.android.internal.telephony.ITelephonyRegistry$Stub.onTransact:544 
12-11 13:17:10.999 I/vol.Events(  840): writeEvent external_ringer_mode_changed normal
12-11 13:17:10.999 I/vol.Events(  840): writeEvent internal_ringer_mode_changed normal
12-11 13:17:10.993 I/getprop ( 1219): type=1400 audit(0.0:4325): avc: denied { open } for path="/dev/__properties__/u:object_r:keystore_crash_prop:s0" dev="tmpfs" ino=184 scontext=u:r:shell:s0 tcontext=u:object_r:keystore_crash_prop:s0 tclass=file permissive=1
12-11 13:17:10.993 I/getprop ( 1219): type=1400 audit(0.0:4326): avc: denied { getattr } for path="/dev/__properties__/u:object_r:keystore_crash_prop:s0" dev="tmpfs" ino=184 scontext=u:r:shell:s0 tcontext=u:object_r:keystore_crash_prop:s0 tclass=file permissive=1
12-11 13:17:10.993 I/getprop ( 1219): type=1400 audit(0.0:4327): avc: denied { map } for path="/dev/__properties__/u:object_r:keystore_crash_prop:s0" dev="tmpfs" ino=184 scontext=u:r:shell:s0 tcontext=u:object_r:keystore_crash_prop:s0 tclass=file permissive=1
12-11 13:17:10.993 I/getprop ( 1219): type=1400 audit(0.0:4328): avc: denied { open } for path="/dev/__properties__/u:object_r:keystore_listen_prop:s0" dev="tmpfs" ino=185 scontext=u:r:shell:s0 tcontext=u:object_r:keystore_listen_prop:s0 tclass=file permissive=1
12-11 13:17:10.993 I/getprop ( 1219): type=1400 audit(0.0:4329): avc: denied { getattr } for path="/dev/__properties__/u:object_r:keystore_listen_prop:s0" dev="tmpfs" ino=185 scontext=u:r:shell:s0 tcontext=u:object_r:keystore_listen_prop:s0 tclass=file permissive=1
12-11 13:17:10.993 I/getprop ( 1219): type=1400 audit(0.0:4330): avc: denied { map } for path="/dev/__properties__/u:object_r:keystore_listen_prop:s0" dev="tmpfs" ino=185 scontext=u:r:shell:s0 tcontext=u:object_r:keystore_listen_prop:s0 tclass=file permissive=1
12-11 13:17:10.993 I/getprop ( 1219): type=1400 audit(0.0:4331): avc: denied { open } for path="/dev/__properties__/u:object_r:llkd_prop:s0" dev="tmpfs" ino=188 scontext=u:r:shell:s0 tcontext=u:object_r:llkd_prop:s0 tclass=file permissive=1
12-11 13:17:10.993 I/getprop ( 1219): type=1400 audit(0.0:4332): avc: denied { getattr } for path="/dev/__properties__/u:object_r:llkd_prop:s0" dev="tmpfs" ino=188 scontext=u:r:shell:s0 tcontext=u:object_r:llkd_prop:s0 tclass=file permissive=1
12-11 13:17:10.993 I/getprop ( 1219): type=1400 audit(0.0:4333): avc: denied { map } for path="/dev/__properties__/u:object_r:llkd_prop:s0" dev="tmpfs" ino=188 scontext=u:r:shell:s0 tcontext=u:object_r:llkd_prop:s0 tclass=file permissive=1
12-11 13:17:10.993 I/getprop ( 1219): type=1400 audit(0.0:4334): avc: denied { open } for path="/dev/__properties__/u:object_r:lmkd_prop:s0" dev="tmpfs" ino=190 scontext=u:r:shell:s0 tcontext=u:object_r:lmkd_prop:s0 tclass=file permissive=1
12-11 13:17:10.993 I/getprop ( 1219): type=1400 audit(0.0:4335): avc: denied { getattr } for path="/dev/__properties__/u:object_r:lmkd_prop:s0" dev="tmpfs" ino=190 scontext=u:r:shell:s0 tcontext=u:object_r:lmkd_prop:s0 tclass=file permissive=1
12-11 13:17:10.993 I/getprop ( 1219): type=1400 audit(0.0:4336): avc: denied { map } for path="/dev/__properties__/u:object_r:lmkd_prop:s0" dev="tmpfs" ino=190 scontext=u:r:shell:s0 tcontext=u:object_r:lmkd_prop:s0 tclass=file permissive=1
12-11 13:17:10.993 I/getprop ( 1219): type=1400 audit(0.0:4337): avc: denied { open } for path="/dev/__properties__/u:object_r:lower_kptr_restrict_prop:s0" dev="tmpfs" ino=196 scontext=u:r:shell:s0 tcontext=u:object_r:lower_kptr_restrict_prop:s0 tclass=file permissive=1
12-11 13:17:10.993 I/getprop ( 1219): type=1400 audit(0.0:4338): avc: denied { getattr } for path="/dev/__properties__/u:object_r:lower_kptr_restrict_prop:s0" dev="tmpfs" ino=196 scontext=u:r:shell:s0 tcontext=u:object_r:lower_kptr_restrict_prop:s0 tclass=file permissive=1
12-11 13:17:10.993 I/getprop ( 1219): type=1400 audit(0.0:4339): avc: denied { map } for path="/dev/__properties__/u:object_r:lower_kptr_restrict_prop:s0" dev="tmpfs" ino=196 scontext=u:r:shell:s0 tcontext=u:object_r:lower_kptr_restrict_prop:s0 tclass=file permissive=1
12-11 13:17:10.993 I/getprop ( 1219): type=1400 audit(0.0:4340): avc: denied { open } for path="/dev/__properties__/u:object_r:lowpan_prop:s0" dev="tmpfs" ino=197 scontext=u:r:shell:s0 tcontext=u:object_r:lowpan_prop:s0 tclass=file permissive=1
12-11 13:17:10.993 I/getprop ( 1219): type=1400 audit(0.0:4341): avc: denied { getattr } for path="/dev/__properties__/u:object_r:lowpan_prop:s0" dev="tmpfs" ino=197 scontext=u:r:shell:s0 tcontext=u:object_r:lowpan_prop:s0 tclass=file permissive=1
12-11 13:17:10.993 I/getprop ( 1219): type=1400 audit(0.0:4342): avc: denied { map } for path="/dev/__properties__/u:object_r:lowpan_prop:s0" dev="tmpfs" ino=197 scontext=u:r:shell:s0 tcontext=u:object_r:lowpan_prop:s0 tclass=file permissive=1
12-11 13:17:10.993 I/getprop ( 1219): type=1400 audit(0.0:4343): avc: denied { open } for path="/dev/__properties__/u:object_r:mm_events_config_prop:s0" dev="tmpfs" ino=202 scontext=u:r:shell:s0 tcontext=u:object_r:mm_events_config_prop:s0 tclass=file permissive=1
12-11 13:17:10.993 I/getprop ( 1219): type=1400 audit(0.0:4344): avc: denied { getattr } for path="/dev/__properties__/u:object_r:mm_events_config_prop:s0" dev="tmpfs" ino=202 scontext=u:r:shell:s0 tcontext=u:object_r:mm_events_config_prop:s0 tclass=file permissive=1
12-11 13:17:10.993 I/getprop ( 1219): type=1400 audit(0.0:4345): avc: denied { map } for path="/dev/__properties__/u:object_r:mm_events_config_prop:s0" dev="tmpfs" ino=202 scontext=u:r:shell:s0 tcontext=u:object_r:mm_events_config_prop:s0 tclass=file permissive=1
12-11 13:17:10.993 I/getprop ( 1219): type=1400 audit(0.0:4346): avc: denied { open } for path="/dev/__properties__/u:object_r:net_464xlat_fromvendor_prop:s0" dev="tmpfs" ino=206 scontext=u:r:shell:s0 tcontext=u:object_r:net_464xlat_fromvendor_prop:s0 tclass=file permissive=1
12-11 13:17:10.993 I/getprop ( 1219): type=1400 audit(0.0:4347): avc: denied { getattr } for path="/dev/__properties__/u:object_r:net_464xlat_fromvendor_prop:s0" dev="tmpfs" ino=206 scontext=u:r:shell:s0 tcontext=u:object_r:net_464xlat_fromvendor_prop:s0 tclass=file permissive=1
12-11 13:17:10.993 I/getprop ( 1219): type=1400 audit(0.0:4348): avc: denied { map } for path="/dev/__properties__/u:object_r:net_464xlat_fromvendor_prop:s0" dev="tmpfs" ino=206 scontext=u:r:shell:s0 tcontext=u:object_r:net_464xlat_fromvendor_prop:s0 tclass=file permissive=1
12-11 13:17:10.993 I/getprop ( 1219): type=1400 audit(0.0:4349): avc: denied { open } for path="/dev/__properties__/u:object_r:net_connectivity_prop:s0" dev="tmpfs" ino=207 scontext=u:r:shell:s0 tcontext=u:object_r:net_connectivity_prop:s0 tclass=file permissive=1
12-11 13:17:10.993 I/getprop ( 1219): type=1400 audit(0.0:4350): avc: denied { getattr } for path="/dev/__properties__/u:object_r:net_connectivity_prop:s0" dev="tmpfs" ino=207 scontext=u:r:shell:s0 tcontext=u:object_r:net_connectivity_prop:s0 tclass=file permissive=1
12-11 13:17:10.993 I/getprop ( 1219): type=1400 audit(0.0:4351): avc: denied { map } for path="/dev/__properties__/u:object_r:net_connectivity_prop:s0" dev="tmpfs" ino=207 scontext=u:r:shell:s0 tcontext=u:object_r:net_connectivity_prop:s0 tclass=file permissive=1
12-11 13:17:10.993 I/getprop ( 1219): type=1400 audit(0.0:4352): avc: denied { map } for path="/dev/__properties__/u:object_r:net_dns_prop:s0" dev="tmpfs" ino=208 scontext=u:r:shell:s0 tcontext=u:object_r:net_dns_prop:s0 tclass=file permissive=1
12-11 13:17:10.993 I/getprop ( 1219): type=1400 audit(0.0:4353): avc: denied { open } for path="/dev/__properties__/u:object_r:netd_stable_secret_prop:s0" dev="tmpfs" ino=210 scontext=u:r:shell:s0 tcontext=u:object_r:netd_stable_secret_prop:s0 tclass=file permissive=1
12-11 13:17:10.993 I/getprop ( 1219): type=1400 audit(0.0:4354): avc: denied { getattr } for path="/dev/__properties__/u:object_r:netd_stable_secret_prop:s0" dev="tmpfs" ino=210 scontext=u:r:shell:s0 tcontext=u:object_r:netd_stable_secret_prop:s0 tclass=file permissive=1
12-11 13:17:10.993 I/getprop ( 1219): type=1400 audit(0.0:4355): avc: denied { map } for path="/dev/__properties__/u:object_r:netd_stable_secret_prop:s0" dev="tmpfs" ino=210 scontext=u:r:shell:s0 tcontext=u:object_r:netd_stable_secret_prop:s0 tclass=file permissive=1
12-11 13:17:10.993 I/getprop ( 1219): type=1400 audit(0.0:4356): avc: denied { open } for path="/dev/__properties__/u:object_r:oem_unlock_prop:s0" dev="tmpfs" ino=214 scontext=u:r:shell:s0 tcontext=u:object_r:oem_unlock_prop:s0 tclass=file permissive=1
12-11 13:17:10.993 I/getprop ( 1219): type=1400 audit(0.0:4357): avc: denied { getattr } for path="/dev/__properties__/u:object_r:oem_unlock_prop:s0" dev="tmpfs" ino=214 scontext=u:r:shell:s0 tcontext=u:object_r:oem_unlock_prop:s0 tclass=file permissive=1
12-11 13:17:10.993 I/getprop ( 1219): type=1400 audit(0.0:4358): avc: denied { map } for path="/dev/__properties__/u:object_r:oem_unlock_prop:s0" dev="tmpfs" ino=214 scontext=u:r:shell:s0 tcontext=u:object_r:oem_unlock_prop:s0 tclass=file permissive=1
12-11 13:17:10.993 I/getprop ( 1219): type=1400 audit(0.0:4359): avc: denied { map } for path="/dev/__properties__/u:object_r:overlay_prop:s0" dev="tmpfs" ino=216 scontext=u:r:shell:s0 tcontext=u:object_r:overlay_prop:s0 tclass=file permissive=1
12-11 13:17:10.993 I/getprop ( 1219): type=1400 audit(0.0:4360): avc: denied { open } for path="/dev/__properties__/u:object_r:persist_vendor_debug_wifi_prop:s0" dev="tmpfs" ino=221 scontext=u:r:shell:s0 tcontext=u:object_r:persist_vendor_debug_wifi_prop:s0 tclass=file permissive=1
12-11 13:17:10.993 I/getprop ( 1219): type=1400 audit(0.0:4361): avc: denied { getattr } for path="/dev/__properties__/u:object_r:persist_vendor_debug_wifi_prop:s0" dev="tmpfs" ino=221 scontext=u:r:shell:s0 tcontext=u:object_r:persist_vendor_debug_wifi_prop:s0 tclass=file permissive=1
12-11 13:17:10.993 I/getprop ( 1219): type=1400 audit(0.0:4362): avc: denied { map } for path="/dev/__properties__/u:object_r:persist_vendor_debug_wifi_prop:s0" dev="tmpfs" ino=221 scontext=u:r:shell:s0 tcontext=u:object_r:persist_vendor_debug_wifi_prop:s0 tclass=file permissive=1
12-11 13:17:10.993 I/getprop ( 1219): type=1400 audit(0.0:4363): avc: denied { map } for path="/dev/__properties__/u:object_r:persistent_properties_ready_prop:s0" dev="tmpfs" ino=222 scontext=u:r:shell:s0 tcontext=u:object_r:persistent_properties_ready_prop:s0 tclass=file permissive=1
12-11 13:17:11.003 D/ConnectivityService(  651): requestNetwork for uid/pid:1001/951 activeRequest: null callbackRequest: 26 [NetworkRequest [ REQUEST id=27, [ Capabilities: INTERNET&NOT_RESTRICTED&TRUSTED&NOT_VCN_MANAGED Uid: 1001 RequestorUid: 1001 RequestorPkg: com.android.phone] ]] callback flags: 0 priority: 2147483647
12-11 13:17:11.003 D/ConnectivityService(  651): NetReassign [no changes]
12-11 13:17:10.993 I/getprop ( 1219): type=1400 audit(0.0:4364): avc: denied { open } for path="/dev/__properties__/u:object_r:power_debug_prop:s0" dev="tmpfs" ino=224 scontext=u:r:shell:s0 tcontext=u:object_r:power_debug_prop:s0 tclass=file permissive=1
12-11 13:17:10.993 I/getprop ( 1219): type=1400 audit(0.0:4365): avc: denied { getattr } for path="/dev/__properties__/u:object_r:power_debug_prop:s0" dev="tmpfs" ino=224 scontext=u:r:shell:s0 tcontext=u:object_r:power_debug_prop:s0 tclass=file permissive=1
12-11 13:17:10.993 I/getprop ( 1219): type=1400 audit(0.0:4366): avc: denied { map } for path="/dev/__properties__/u:object_r:power_debug_prop:s0" dev="tmpfs" ino=224 scontext=u:r:shell:s0 tcontext=u:object_r:power_debug_prop:s0 tclass=file permissive=1
12-11 13:17:10.993 I/getprop ( 1219): type=1400 audit(0.0:4367): avc: denied { open } for path="/dev/__properties__/u:object_r:profcollectd_node_id_prop:s0" dev="tmpfs" ino=226 scontext=u:r:shell:s0 tcontext=u:object_r:profcollectd_node_id_prop:s0 tclass=file permissive=1
12-11 13:17:10.993 I/getprop ( 1219): type=1400 audit(0.0:4368): avc: denied { getattr } for path="/dev/__properties__/u:object_r:profcollectd_node_id_prop:s0" dev="tmpfs" ino=226 scontext=u:r:shell:s0 tcontext=u:object_r:profcollectd_node_id_prop:s0 tclass=file permissive=1
12-11 13:17:10.993 I/getprop ( 1219): type=1400 audit(0.0:4369): avc: denied { map } for path="/dev/__properties__/u:object_r:profcollectd_node_id_prop:s0" dev="tmpfs" ino=226 scontext=u:r:shell:s0 tcontext=u:object_r:profcollectd_node_id_prop:s0 tclass=file permissive=1
12-11 13:17:10.993 I/getprop ( 1219): type=1400 audit(0.0:4370): avc: denied { open } for path="/dev/__properties__/u:object_r:provisioned_prop:s0" dev="tmpfs" ino=228 scontext=u:r:shell:s0 tcontext=u:object_r:provisioned_prop:s0 tclass=file permissive=1
12-11 13:17:10.993 I/getprop ( 1219): type=1400 audit(0.0:4371): avc: denied { getattr } for path="/dev/__properties__/u:object_r:provisioned_prop:s0" dev="tmpfs" ino=228 scontext=u:r:shell:s0 tcontext=u:object_r:provisioned_prop:s0 tclass=file permissive=1
12-11 13:17:10.993 I/getprop ( 1219): type=1400 audit(0.0:4372): avc: denied { map } for path="/dev/__properties__/u:object_r:provisioned_prop:s0" dev="tmpfs" ino=228 scontext=u:r:shell:s0 tcontext=u:object_r:provisioned_prop:s0 tclass=file permissive=1
12-11 13:17:10.993 I/getprop ( 1219): type=1400 audit(0.0:4373): avc: denied { open } for path="/dev/__properties__/u:object_r:qemu_hw_prop:s0" dev="tmpfs" ino=229 scontext=u:r:shell:s0 tcontext=u:object_r:qemu_hw_prop:s0 tclass=file permissive=1
12-11 13:17:10.993 I/getprop ( 1219): type=1400 audit(0.0:4374): avc: denied { getattr } for path="/dev/__properties__/u:object_r:qemu_hw_prop:s0" dev="tmpfs" ino=229 scontext=u:r:shell:s0 tcontext=u:object_r:qemu_hw_prop:s0 tclass=file permissive=1
12-11 13:17:10.993 I/getprop ( 1219): type=1400 audit(0.0:4375): avc: denied { map } for path="/dev/__properties__/u:object_r:qemu_hw_prop:s0" dev="tmpfs" ino=229 scontext=u:r:shell:s0 tcontext=u:object_r:qemu_hw_prop:s0 tclass=file permissive=1
12-11 13:17:10.993 I/getprop ( 1219): type=1400 audit(0.0:4376): avc: denied { open } for path="/dev/__properties__/u:object_r:qemu_sf_lcd_density_prop:s0" dev="tmpfs" ino=230 scontext=u:r:shell:s0 tcontext=u:object_r:qemu_sf_lcd_density_prop:s0 tclass=file permissive=1
12-11 13:17:10.993 I/getprop ( 1219): type=1400 audit(0.0:4377): avc: denied { getattr } for path="/dev/__properties__/u:object_r:qemu_sf_lcd_density_prop:s0" dev="tmpfs" ino=230 scontext=u:r:shell:s0 tcontext=u:object_r:qemu_sf_lcd_density_prop:s0 tclass=file permissive=1
12-11 13:17:11.004 I/OpenGLRenderer(  840): Davey! duration=1430ms; Flags=1, FrameTimelineVsyncId=415, IntendedVsync=18764997865, Vsync=20031664481, InputEventId=0, HandleInputStart=20044305583, AnimationStart=20044306458, PerformTraversalsStart=20044778083, DrawStart=20194571390, FrameDeadline=18781664531, FrameInterval=20044270875, FrameStartTime=16666666, SyncQueued=20194622432, SyncStart=20210292808, IssueDrawCommandsStart=20210314683, SwapBuffers=20211150016, FrameCompleted=20211558933, DequeueBufferDuration=571084, QueueBufferDuration=266584, GpuCompleted=20211450725, SwapBuffersCompleted=20211558933, DisplayPresentTime=0, 
12-11 13:17:10.993 I/getprop ( 1219): type=1400 audit(0.0:4378): avc: denied { map } for path="/dev/__properties__/u:object_r:qemu_sf_lcd_density_prop:s0" dev="tmpfs" ino=230 scontext=u:r:shell:s0 tcontext=u:object_r:qemu_sf_lcd_density_prop:s0 tclass=file permissive=1
12-11 13:17:11.005 D/CompatibilityChangeReporter(  651): Compat change id reported: 182478738; UID 1001; state: ENABLED
12-11 13:17:10.993 I/getprop ( 1219): type=1400 audit(0.0:4379): avc: denied { open } for path="/dev/__properties__/u:object_r:radio_cdma_ecm_prop:s0" dev="tmpfs" ino=231 scontext=u:r:shell:s0 tcontext=u:object_r:radio_cdma_ecm_prop:s0 tclass=file permissive=1
12-11 13:17:10.993 I/getprop ( 1219): type=1400 audit(0.0:4380): avc: denied { getattr } for path="/dev/__properties__/u:object_r:radio_cdma_ecm_prop:s0" dev="tmpfs" ino=231 scontext=u:r:shell:s0 tcontext=u:object_r:radio_cdma_ecm_prop:s0 tclass=file permissive=1
12-11 13:17:10.993 I/getprop ( 1219): type=1400 audit(0.0:4381): avc: denied { map } for path="/dev/__properties__/u:object_r:radio_cdma_ecm_prop:s0" dev="tmpfs" ino=231 scontext=u:r:shell:s0 tcontext=u:object_r:radio_cdma_ecm_prop:s0 tclass=file permissive=1
12-11 13:17:10.993 I/getprop ( 1219): type=1400 audit(0.0:4382): avc: denied { open } for path="/dev/__properties__/u:object_r:rebootescrow_hal_prop:s0" dev="tmpfs" ino=234 scontext=u:r:shell:s0 tcontext=u:object_r:rebootescrow_hal_prop:s0 tclass=file permissive=1
12-11 13:17:10.993 I/getprop ( 1219): type=1400 audit(0.0:4383): avc: denied { getattr } for path="/dev/__properties__/u:object_r:rebootescrow_hal_prop:s0" dev="tmpfs" ino=234 scontext=u:r:shell:s0 tcontext=u:object_r:rebootescrow_hal_prop:s0 tclass=file permissive=1
12-11 13:17:10.993 I/getprop ( 1219): type=1400 audit(0.0:4384): avc: denied { map } for path="/dev/__properties__/u:object_r:rebootescrow_hal_prop:s0" dev="tmpfs" ino=234 scontext=u:r:shell:s0 tcontext=u:object_r:rebootescrow_hal_prop:s0 tclass=file permissive=1
12-11 13:17:10.993 I/getprop ( 1219): type=1400 audit(0.0:4385): avc: denied { open } for path="/dev/__properties__/u:object_r:recovery_config_prop:s0" dev="tmpfs" ino=235 scontext=u:r:shell:s0 tcontext=u:object_r:recovery_config_prop:s0 tclass=file permissive=1
12-11 13:17:10.993 I/getprop ( 1219): type=1400 audit(0.0:4386): avc: denied { getattr } for path="/dev/__properties__/u:object_r:recovery_config_prop:s0" dev="tmpfs" ino=235 scontext=u:r:shell:s0 tcontext=u:object_r:recovery_config_prop:s0 tclass=file permissive=1
12-11 13:17:10.993 I/getprop ( 1219): type=1400 audit(0.0:4387): avc: denied { map } for path="/dev/__properties__/u:object_r:recovery_config_prop:s0" dev="tmpfs" ino=235 scontext=u:r:shell:s0 tcontext=u:object_r:recovery_config_prop:s0 tclass=file permissive=1
12-11 13:17:10.993 I/getprop ( 1219): type=1400 audit(0.0:4388): avc: denied { open } for path="/dev/__properties__/u:object_r:retaildemo_prop:s0" dev="tmpfs" ino=237 scontext=u:r:shell:s0 tcontext=u:object_r:retaildemo_prop:s0 tclass=file permissive=1
12-11 13:17:10.993 I/getprop ( 1219): type=1400 audit(0.0:4389): avc: denied { getattr } for path="/dev/__properties__/u:object_r:retaildemo_prop:s0" dev="tmpfs" ino=237 scontext=u:r:shell:s0 tcontext=u:object_r:retaildemo_prop:s0 tclass=file permissive=1
12-11 13:17:10.993 I/getprop ( 1219): type=1400 audit(0.0:4390): avc: denied { map } for path="/dev/__properties__/u:object_r:retaildemo_prop:s0" dev="tmpfs" ino=237 scontext=u:r:shell:s0 tcontext=u:object_r:retaildemo_prop:s0 tclass=file permissive=1
12-11 13:17:10.993 I/getprop ( 1219): type=1400 audit(0.0:4391): avc: denied { open } for path="/dev/__properties__/u:object_r:storage_config_prop:s0" dev="tmpfs" ino=247 scontext=u:r:shell:s0 tcontext=u:object_r:storage_config_prop:s0 tclass=file permissive=1
12-11 13:17:10.993 I/getprop ( 1219): type=1400 audit(0.0:4392): avc: denied { getattr } for path="/dev/__properties__/u:object_r:storage_config_prop:s0" dev="tmpfs" ino=247 scontext=u:r:shell:s0 tcontext=u:object_r:storage_config_prop:s0 tclass=file permissive=1
12-11 13:17:10.993 I/getprop ( 1219): type=1400 audit(0.0:4393): avc: denied { map } for path="/dev/__properties__/u:object_r:storage_config_prop:s0" dev="tmpfs" ino=247 scontext=u:r:shell:s0 tcontext=u:object_r:storage_config_prop:s0 tclass=file permissive=1
12-11 13:17:10.993 I/getprop ( 1219): type=1400 audit(0.0:4394): avc: denied { open } for path="/dev/__properties__/u:object_r:surfaceflinger_display_prop:s0" dev="tmpfs" ino=250 scontext=u:r:shell:s0 tcontext=u:object_r:surfaceflinger_display_prop:s0 tclass=file permissive=1
12-11 13:17:10.993 I/getprop ( 1219): type=1400 audit(0.0:4395): avc: denied { getattr } for path="/dev/__properties__/u:object_r:surfaceflinger_display_prop:s0" dev="tmpfs" ino=250 scontext=u:r:shell:s0 tcontext=u:object_r:surfaceflinger_display_prop:s0 tclass=file permissive=1
12-11 13:17:10.993 I/getprop ( 1219): type=1400 audit(0.0:4396): avc: denied { map } for path="/dev/__properties__/u:object_r:surfaceflinger_display_prop:s0" dev="tmpfs" ino=250 scontext=u:r:shell:s0 tcontext=u:object_r:surfaceflinger_display_prop:s0 tclass=file permissive=1
12-11 13:17:10.993 I/getprop ( 1219): type=1400 audit(0.0:4397): avc: denied { open } for path="/dev/__properties__/u:object_r:suspend_prop:s0" dev="tmpfs" ino=252 scontext=u:r:shell:s0 tcontext=u:object_r:suspend_prop:s0 tclass=file permissive=1
12-11 13:17:10.993 I/getprop ( 1219): type=1400 audit(0.0:4398): avc: denied { getattr } for path="/dev/__properties__/u:object_r:suspend_prop:s0" dev="tmpfs" ino=252 scontext=u:r:shell:s0 tcontext=u:object_r:suspend_prop:s0 tclass=file permissive=1
12-11 13:17:10.993 I/getprop ( 1219): type=1400 audit(0.0:4399): avc: denied { map } for path="/dev/__properties__/u:object_r:suspend_prop:s0" dev="tmpfs" ino=252 scontext=u:r:shell:s0 tcontext=u:object_r:suspend_prop:s0 tclass=file permissive=1
12-11 13:17:10.993 I/getprop ( 1219): type=1400 audit(0.0:4400): avc: denied { open } for path="/dev/__properties__/u:object_r:system_adbd_prop:s0" dev="tmpfs" ino=253 scontext=u:r:shell:s0 tcontext=u:object_r:system_adbd_prop:s0 tclass=file permissive=1
12-11 13:17:10.993 I/getprop ( 1219): type=1400 audit(0.0:4401): avc: denied { getattr } for path="/dev/__properties__/u:object_r:system_adbd_prop:s0" dev="tmpfs" ino=253 scontext=u:r:shell:s0 tcontext=u:object_r:system_adbd_prop:s0 tclass=file permissive=1
12-11 13:17:10.993 I/getprop ( 1219): type=1400 audit(0.0:4402): avc: denied { map } for path="/dev/__properties__/u:object_r:system_adbd_prop:s0" dev="tmpfs" ino=253 scontext=u:r:shell:s0 tcontext=u:object_r:system_adbd_prop:s0 tclass=file permissive=1
12-11 13:17:10.993 I/getprop ( 1219): type=1400 audit(0.0:4403): avc: denied { open } for path="/dev/__properties__/u:object_r:system_jvmti_agent_prop:s0" dev="tmpfs" ino=255 scontext=u:r:shell:s0 tcontext=u:object_r:system_jvmti_agent_prop:s0 tclass=file permissive=1
12-11 13:17:10.993 I/getprop ( 1219): type=1400 audit(0.0:4404): avc: denied { getattr } for path="/dev/__properties__/u:object_r:system_jvmti_agent_prop:s0" dev="tmpfs" ino=255 scontext=u:r:shell:s0 tcontext=u:object_r:system_jvmti_agent_prop:s0 tclass=file permissive=1
12-11 13:17:10.993 I/getprop ( 1219): type=1400 audit(0.0:4405): avc: denied { map } for path="/dev/__properties__/u:object_r:system_jvmti_agent_prop:s0" dev="tmpfs" ino=255 scontext=u:r:shell:s0 tcontext=u:object_r:system_jvmti_agent_prop:s0 tclass=file permissive=1
12-11 13:17:10.993 I/getprop ( 1219): type=1400 audit(0.0:4406): avc: denied { open } for path="/dev/__properties__/u:object_r:system_lmk_prop:s0" dev="tmpfs" ino=256 scontext=u:r:shell:s0 tcontext=u:object_r:system_lmk_prop:s0 tclass=file permissive=1
12-11 13:17:10.993 I/getprop ( 1219): type=1400 audit(0.0:4407): avc: denied { getattr } for path="/dev/__properties__/u:object_r:system_lmk_prop:s0" dev="tmpfs" ino=256 scontext=u:r:shell:s0 tcontext=u:object_r:system_lmk_prop:s0 tclass=file permissive=1
12-11 13:17:10.993 I/getprop ( 1219): type=1400 audit(0.0:4408): avc: denied { map } for path="/dev/__properties__/u:object_r:system_lmk_prop:s0" dev="tmpfs" ino=256 scontext=u:r:shell:s0 tcontext=u:object_r:system_lmk_prop:s0 tclass=file permissive=1
12-11 13:17:10.993 I/getprop ( 1219): type=1400 audit(0.0:4409): avc: denied { open } for path="/dev/__properties__/u:object_r:system_trace_prop:s0" dev="tmpfs" ino=258 scontext=u:r:shell:s0 tcontext=u:object_r:system_trace_prop:s0 tclass=file permissive=1
12-11 13:17:10.993 I/getprop ( 1219): type=1400 audit(0.0:4410): avc: denied { getattr } for path="/dev/__properties__/u:object_r:system_trace_prop:s0" dev="tmpfs" ino=258 scontext=u:r:shell:s0 tcontext=u:object_r:system_trace_prop:s0 tclass=file permissive=1
12-11 13:17:10.993 I/getprop ( 1219): type=1400 audit(0.0:4411): avc: denied { map } for path="/dev/__properties__/u:object_r:system_trace_prop:s0" dev="tmpfs" ino=258 scontext=u:r:shell:s0 tcontext=u:object_r:system_trace_prop:s0 tclass=file permissive=1
12-11 13:17:10.993 I/getprop ( 1219): type=1400 audit(0.0:4412): avc: denied { open } for path="/dev/__properties__/u:object_r:test_boot_reason_prop:s0" dev="tmpfs" ino=262 scontext=u:r:shell:s0 tcontext=u:object_r:test_boot_reason_prop:s0 tclass=file permissive=1
12-11 13:17:10.993 I/getprop ( 1219): type=1400 audit(0.0:4413): avc: denied { getattr } for path="/dev/__properties__/u:object_r:test_boot_reason_prop:s0" dev="tmpfs" ino=262 scontext=u:r:shell:s0 tcontext=u:object_r:test_boot_reason_prop:s0 tclass=file permissive=1
12-11 13:17:10.993 I/getprop ( 1219): type=1400 audit(0.0:4414): avc: denied { map } for path="/dev/__properties__/u:object_r:test_boot_reason_prop:s0" dev="tmpfs" ino=262 scontext=u:r:shell:s0 tcontext=u:object_r:test_boot_reason_prop:s0 tclass=file permissive=1
12-11 13:17:10.993 I/getprop ( 1219): type=1400 audit(0.0:4415): avc: denied { open } for path="/dev/__properties__/u:object_r:theme_prop:s0" dev="tmpfs" ino=264 scontext=u:r:shell:s0 tcontext=u:object_r:theme_prop:s0 tclass=file permissive=1
12-11 13:17:10.993 I/getprop ( 1219): type=1400 audit(0.0:4416): avc: denied { getattr } for path="/dev/__properties__/u:object_r:theme_prop:s0" dev="tmpfs" ino=264 scontext=u:r:shell:s0 tcontext=u:object_r:theme_prop:s0 tclass=file permissive=1
12-11 13:17:10.993 I/getprop ( 1219): type=1400 audit(0.0:4417): avc: denied { map } for path="/dev/__properties__/u:object_r:theme_prop:s0" dev="tmpfs" ino=264 scontext=u:r:shell:s0 tcontext=u:object_r:theme_prop:s0 tclass=file permissive=1
12-11 13:17:10.993 I/getprop ( 1219): type=1400 audit(0.0:4418): avc: denied { open } for path="/dev/__properties__/u:object_r:time_prop:s0" dev="tmpfs" ino=265 scontext=u:r:shell:s0 tcontext=u:object_r:time_prop:s0 tclass=file permissive=1
12-11 13:17:10.993 I/getprop ( 1219): type=1400 audit(0.0:4419): avc: denied { getattr } for path="/dev/__properties__/u:object_r:time_prop:s0" dev="tmpfs" ino=265 scontext=u:r:shell:s0 tcontext=u:object_r:time_prop:s0 tclass=file permissive=1
12-11 13:17:10.993 I/getprop ( 1219): type=1400 audit(0.0:4420): avc: denied { map } for path="/dev/__properties__/u:object_r:time_prop:s0" dev="tmpfs" ino=265 scontext=u:r:shell:s0 tcontext=u:object_r:time_prop:s0 tclass=file permissive=1
12-11 13:17:10.993 I/getprop ( 1219): type=1400 audit(0.0:4421): avc: denied { open } for path="/dev/__properties__/u:object_r:traced_lazy_prop:s0" dev="tmpfs" ino=268 scontext=u:r:shell:s0 tcontext=u:object_r:traced_lazy_prop:s0 tclass=file permissive=1
12-11 13:17:10.993 I/getprop ( 1219): type=1400 audit(0.0:4422): avc: denied { getattr } for path="/dev/__properties__/u:object_r:traced_lazy_prop:s0" dev="tmpfs" ino=268 scontext=u:r:shell:s0 tcontext=u:object_r:traced_lazy_prop:s0 tclass=file permissive=1
12-11 13:17:10.993 I/getprop ( 1219): type=1400 audit(0.0:4423): avc: denied { map } for path="/dev/__properties__/u:object_r:traced_lazy_prop:s0" dev="tmpfs" ino=268 scontext=u:r:shell:s0 tcontext=u:object_r:traced_lazy_prop:s0 tclass=file permissive=1
12-11 13:17:10.993 I/getprop ( 1219): type=1400 audit(0.0:4424): avc: denied { open } for path="/dev/__properties__/u:object_r:vehicle_hal_prop:s0" dev="tmpfs" ino=278 scontext=u:r:shell:s0 tcontext=u:object_r:vehicle_hal_prop:s0 tclass=file permissive=1
12-11 13:17:10.993 I/getprop ( 1219): type=1400 audit(0.0:4425): avc: denied { getattr } for path="/dev/__properties__/u:object_r:vehicle_hal_prop:s0" dev="tmpfs" ino=278 scontext=u:r:shell:s0 tcontext=u:object_r:vehicle_hal_prop:s0 tclass=file permissive=1
12-11 13:17:10.993 I/getprop ( 1219): type=1400 audit(0.0:4426): avc: denied { map } for path="/dev/__properties__/u:object_r:vehicle_hal_prop:s0" dev="tmpfs" ino=278 scontext=u:r:shell:s0 tcontext=u:object_r:vehicle_hal_prop:s0 tclass=file permissive=1
12-11 13:17:10.993 I/getprop ( 1219): type=1400 audit(0.0:4427): avc: denied { open } for path="/dev/__properties__/u:object_r:vendor_base_prop:s0" dev="tmpfs" ino=279 scontext=u:r:shell:s0 tcontext=u:object_r:vendor_base_prop:s0 tclass=file permissive=1
12-11 13:17:11.009 E/CellBroadcastUtils(  951): getDefaultCellBroadcastReceiverPackageName: no package found
12-11 13:17:10.993 I/getprop ( 1219): type=1400 audit(0.0:4428): avc: denied { getattr } for path="/dev/__properties__/u:object_r:vendor_base_prop:s0" dev="tmpfs" ino=279 scontext=u:r:shell:s0 tcontext=u:object_r:vendor_base_prop:s0 tclass=file permissive=1
12-11 13:17:10.993 I/getprop ( 1219): type=1400 audit(0.0:4429): avc: denied { map } for path="/dev/__properties__/u:object_r:vendor_base_prop:s0" dev="tmpfs" ino=279 scontext=u:r:shell:s0 tcontext=u:object_r:vendor_base_prop:s0 tclass=file permissive=1
12-11 13:17:10.993 I/getprop ( 1219): type=1400 audit(0.0:4430): avc: denied { open } for path="/dev/__properties__/u:object_r:vendor_bluetooth_prop:s0" dev="tmpfs" ino=280 scontext=u:r:shell:s0 tcontext=u:object_r:vendor_bluetooth_prop:s0 tclass=file permissive=1
12-11 13:17:10.993 I/getprop ( 1219): type=1400 audit(0.0:4431): avc: denied { getattr } for path="/dev/__properties__/u:object_r:vendor_bluetooth_prop:s0" dev="tmpfs" ino=280 scontext=u:r:shell:s0 tcontext=u:object_r:vendor_bluetooth_prop:s0 tclass=file permissive=1
12-11 13:17:10.993 I/getprop ( 1219): type=1400 audit(0.0:4432): avc: denied { map } for path="/dev/__properties__/u:object_r:vendor_bluetooth_prop:s0" dev="tmpfs" ino=280 scontext=u:r:shell:s0 tcontext=u:object_r:vendor_bluetooth_prop:s0 tclass=file permissive=1
12-11 13:17:10.993 I/getprop ( 1219): type=1400 audit(0.0:4433): avc: denied { open } for path="/dev/__properties__/u:object_r:vendor_boot_complete_prop:s0" dev="tmpfs" ino=281 scontext=u:r:shell:s0 tcontext=u:object_r:vendor_boot_complete_prop:s0 tclass=file permissive=1
12-11 13:17:10.993 I/getprop ( 1219): type=1400 audit(0.0:4434): avc: denied { getattr } for path="/dev/__properties__/u:object_r:vendor_boot_complete_prop:s0" dev="tmpfs" ino=281 scontext=u:r:shell:s0 tcontext=u:object_r:vendor_boot_complete_prop:s0 tclass=file permissive=1
12-11 13:17:10.993 I/getprop ( 1219): type=1400 audit(0.0:4435): avc: denied { map } for path="/dev/__properties__/u:object_r:vendor_boot_complete_prop:s0" dev="tmpfs" ino=281 scontext=u:r:shell:s0 tcontext=u:object_r:vendor_boot_complete_prop:s0 tclass=file permissive=1
12-11 13:17:10.993 I/getprop ( 1219): type=1400 audit(0.0:4436): avc: denied { open } for path="/dev/__properties__/u:object_r:vendor_camera_prop:s0" dev="tmpfs" ino=282 scontext=u:r:shell:s0 tcontext=u:object_r:vendor_camera_prop:s0 tclass=file permissive=1
12-11 13:17:10.993 I/getprop ( 1219): type=1400 audit(0.0:4437): avc: denied { getattr } for path="/dev/__properties__/u:object_r:vendor_camera_prop:s0" dev="tmpfs" ino=282 scontext=u:r:shell:s0 tcontext=u:object_r:vendor_camera_prop:s0 tclass=file permissive=1
12-11 13:17:10.993 I/getprop ( 1219): type=1400 audit(0.0:4438): avc: denied { map } for path="/dev/__properties__/u:object_r:vendor_camera_prop:s0" dev="tmpfs" ino=282 scontext=u:r:shell:s0 tcontext=u:object_r:vendor_camera_prop:s0 tclass=file permissive=1
12-11 13:17:10.993 I/getprop ( 1219): type=1400 audit(0.0:4439): avc: denied { open } for path="/dev/__properties__/u:object_r:vendor_cec_prop:s0" dev="tmpfs" ino=283 scontext=u:r:shell:s0 tcontext=u:object_r:vendor_cec_prop:s0 tclass=file permissive=1
12-11 13:17:10.993 I/getprop ( 1219): type=1400 audit(0.0:4440): avc: denied { getattr } for path="/dev/__properties__/u:object_r:vendor_cec_prop:s0" dev="tmpfs" ino=283 scontext=u:r:shell:s0 tcontext=u:object_r:vendor_cec_prop:s0 tclass=file permissive=1
12-11 13:17:10.993 I/getprop ( 1219): type=1400 audit(0.0:4441): avc: denied { map } for path="/dev/__properties__/u:object_r:vendor_cec_prop:s0" dev="tmpfs" ino=283 scontext=u:r:shell:s0 tcontext=u:object_r:vendor_cec_prop:s0 tclass=file permissive=1
12-11 13:17:10.993 I/getprop ( 1219): type=1400 audit(0.0:4442): avc: denied { open } for path="/dev/__properties__/u:object_r:vendor_default_prop:s0" dev="tmpfs" ino=284 scontext=u:r:shell:s0 tcontext=u:object_r:vendor_default_prop:s0 tclass=file permissive=1
12-11 13:17:10.993 I/getprop ( 1219): type=1400 audit(0.0:4443): avc: denied { getattr } for path="/dev/__properties__/u:object_r:vendor_default_prop:s0" dev="tmpfs" ino=284 scontext=u:r:shell:s0 tcontext=u:object_r:vendor_default_prop:s0 tclass=file permissive=1
12-11 13:17:10.993 I/getprop ( 1219): type=1400 audit(0.0:4444): avc: denied { map } for path="/dev/__properties__/u:object_r:vendor_default_prop:s0" dev="tmpfs" ino=284 scontext=u:r:shell:s0 tcontext=u:object_r:vendor_default_prop:s0 tclass=file permissive=1
12-11 13:17:10.993 I/getprop ( 1219): type=1400 audit(0.0:4445): avc: denied { open } for path="/dev/__properties__/u:object_r:vendor_drmservice_prop:s0" dev="tmpfs" ino=285 scontext=u:r:shell:s0 tcontext=u:object_r:vendor_drmservice_prop:s0 tclass=file permissive=1
12-11 13:17:10.993 I/getprop ( 1219): type=1400 audit(0.0:4446): avc: denied { getattr } for path="/dev/__properties__/u:object_r:vendor_drmservice_prop:s0" dev="tmpfs" ino=285 scontext=u:r:shell:s0 tcontext=u:object_r:vendor_drmservice_prop:s0 tclass=file permissive=1
12-11 13:17:10.993 I/getprop ( 1219): type=1400 audit(0.0:4447): avc: denied { map } for path="/dev/__properties__/u:object_r:vendor_drmservice_prop:s0" dev="tmpfs" ino=285 scontext=u:r:shell:s0 tcontext=u:object_r:vendor_drmservice_prop:s0 tclass=file permissive=1
12-11 13:17:10.993 I/getprop ( 1219): type=1400 audit(0.0:4448): avc: denied { open } for path="/dev/__properties__/u:object_r:vendor_hwc_prop:s0" dev="tmpfs" ino=286 scontext=u:r:shell:s0 tcontext=u:object_r:vendor_hwc_prop:s0 tclass=file permissive=1
12-11 13:17:10.993 I/getprop ( 1219): type=1400 audit(0.0:4449): avc: denied { getattr } for path="/dev/__properties__/u:object_r:vendor_hwc_prop:s0" dev="tmpfs" ino=286 scontext=u:r:shell:s0 tcontext=u:object_r:vendor_hwc_prop:s0 tclass=file permissive=1
12-11 13:17:10.993 I/getprop ( 1219): type=1400 audit(0.0:4450): avc: denied { map } for path="/dev/__properties__/u:object_r:vendor_hwc_prop:s0" dev="tmpfs" ino=286 scontext=u:r:shell:s0 tcontext=u:object_r:vendor_hwc_prop:s0 tclass=file permissive=1
12-11 13:17:10.993 I/getprop ( 1219): type=1400 audit(0.0:4451): avc: denied { open } for path="/dev/__properties__/u:object_r:vendor_omx_prop:s0" dev="tmpfs" ino=287 scontext=u:r:shell:s0 tcontext=u:object_r:vendor_omx_prop:s0 tclass=file permissive=1
12-11 13:17:10.993 I/getprop ( 1219): type=1400 audit(0.0:4452): avc: denied { getattr } for path="/dev/__properties__/u:object_r:vendor_omx_prop:s0" dev="tmpfs" ino=287 scontext=u:r:shell:s0 tcontext=u:object_r:vendor_omx_prop:s0 tclass=file permissive=1
12-11 13:17:10.993 I/getprop ( 1219): type=1400 audit(0.0:4453): avc: denied { map } for path="/dev/__properties__/u:object_r:vendor_omx_prop:s0" dev="tmpfs" ino=287 scontext=u:r:shell:s0 tcontext=u:object_r:vendor_omx_prop:s0 tclass=file permissive=1
12-11 13:17:10.993 I/getprop ( 1219): type=1400 audit(0.0:4454): avc: denied { open } for path="/dev/__properties__/u:object_r:vendor_power_prop:s0" dev="tmpfs" ino=288 scontext=u:r:shell:s0 tcontext=u:object_r:vendor_power_prop:s0 tclass=file permissive=1
12-11 13:17:10.993 I/getprop ( 1219): type=1400 audit(0.0:4455): avc: denied { getattr } for path="/dev/__properties__/u:object_r:vendor_power_prop:s0" dev="tmpfs" ino=288 scontext=u:r:shell:s0 tcontext=u:object_r:vendor_power_prop:s0 tclass=file permissive=1
12-11 13:17:10.993 I/getprop ( 1219): type=1400 audit(0.0:4456): avc: denied { map } for path="/dev/__properties__/u:object_r:vendor_power_prop:s0" dev="tmpfs" ino=288 scontext=u:r:shell:s0 tcontext=u:object_r:vendor_power_prop:s0 tclass=file permissive=1
12-11 13:17:10.993 I/getprop ( 1219): type=1400 audit(0.0:4457): avc: denied { open } for path="/dev/__properties__/u:object_r:vendor_tv_input_prop:s0" dev="tmpfs" ino=292 scontext=u:r:shell:s0 tcontext=u:object_r:vendor_tv_input_prop:s0 tclass=file permissive=1
12-11 13:17:10.993 I/getprop ( 1219): type=1400 audit(0.0:4458): avc: denied { getattr } for path="/dev/__properties__/u:object_r:vendor_tv_input_prop:s0" dev="tmpfs" ino=292 scontext=u:r:shell:s0 tcontext=u:object_r:vendor_tv_input_prop:s0 tclass=file permissive=1
12-11 13:17:10.993 I/getprop ( 1219): type=1400 audit(0.0:4459): avc: denied { map } for path="/dev/__properties__/u:object_r:vendor_tv_input_prop:s0" dev="tmpfs" ino=292 scontext=u:r:shell:s0 tcontext=u:object_r:vendor_tv_input_prop:s0 tclass=file permissive=1
12-11 13:17:10.993 I/getprop ( 1219): type=1400 audit(0.0:4460): avc: denied { open } for path="/dev/__properties__/u:object_r:vendor_usb_prop:s0" dev="tmpfs" ino=293 scontext=u:r:shell:s0 tcontext=u:object_r:vendor_usb_prop:s0 tclass=file permissive=1
12-11 13:17:10.993 I/getprop ( 1219): type=1400 audit(0.0:4461): avc: denied { getattr } for path="/dev/__properties__/u:object_r:vendor_usb_prop:s0" dev="tmpfs" ino=293 scontext=u:r:shell:s0 tcontext=u:object_r:vendor_usb_prop:s0 tclass=file permissive=1
12-11 13:17:10.993 I/getprop ( 1219): type=1400 audit(0.0:4462): avc: denied { map } for path="/dev/__properties__/u:object_r:vendor_usb_prop:s0" dev="tmpfs" ino=293 scontext=u:r:shell:s0 tcontext=u:object_r:vendor_usb_prop:s0 tclass=file permissive=1
12-11 13:17:10.993 I/getprop ( 1219): type=1400 audit(0.0:4463): avc: denied { open } for path="/dev/__properties__/u:object_r:vendor_vts_status_prop:s0" dev="tmpfs" ino=294 scontext=u:r:shell:s0 tcontext=u:object_r:vendor_vts_status_prop:s0 tclass=file permissive=1
12-11 13:17:10.993 I/getprop ( 1219): type=1400 audit(0.0:4464): avc: denied { getattr } for path="/dev/__properties__/u:object_r:vendor_vts_status_prop:s0" dev="tmpfs" ino=294 scontext=u:r:shell:s0 tcontext=u:object_r:vendor_vts_status_prop:s0 tclass=file permissive=1
12-11 13:17:10.993 I/getprop ( 1219): type=1400 audit(0.0:4465): avc: denied { map } for path="/dev/__properties__/u:object_r:vendor_vts_status_prop:s0" dev="tmpfs" ino=294 scontext=u:r:shell:s0 tcontext=u:object_r:vendor_vts_status_prop:s0 tclass=file permissive=1
12-11 13:17:10.993 I/getprop ( 1219): type=1400 audit(0.0:4466): avc: denied { open } for path="/dev/__properties__/u:object_r:vold_post_fs_data_prop:s0" dev="tmpfs" ino=300 scontext=u:r:shell:s0 tcontext=u:object_r:vold_post_fs_data_prop:s0 tclass=file permissive=1
12-11 13:17:10.993 I/getprop ( 1219): type=1400 audit(0.0:4467): avc: denied { getattr } for path="/dev/__properties__/u:object_r:vold_post_fs_data_prop:s0" dev="tmpfs" ino=300 scontext=u:r:shell:s0 tcontext=u:object_r:vold_post_fs_data_prop:s0 tclass=file permissive=1
12-11 13:17:11.012 I/mediaswcodec(  480): missing struct descriptor #Param::CoreIndex(--004) for field values of struct #Param::CoreIndex(F-12004)
12-11 13:17:10.993 I/getprop ( 1219): type=1400 audit(0.0:4468): avc: denied { map } for path="/dev/__properties__/u:object_r:vold_post_fs_data_prop:s0" dev="tmpfs" ino=300 scontext=u:r:shell:s0 tcontext=u:object_r:vold_post_fs_data_prop:s0 tclass=file permissive=1
12-11 13:17:11.012 D/C2SoftHevcEnc(  480): Given level 6000 does not cover current configuration: adjusting to 6001
12-11 13:17:10.993 I/getprop ( 1219): type=1400 audit(0.0:4469): avc: denied { open } for path="/dev/__properties__/u:object_r:wifi_config_prop:s0" dev="tmpfs" ino=305 scontext=u:r:shell:s0 tcontext=u:object_r:wifi_config_prop:s0 tclass=file permissive=1
12-11 13:17:10.993 I/getprop ( 1219): type=1400 audit(0.0:4470): avc: denied { getattr } for path="/dev/__properties__/u:object_r:wifi_config_prop:s0" dev="tmpfs" ino=305 scontext=u:r:shell:s0 tcontext=u:object_r:wifi_config_prop:s0 tclass=file permissive=1
12-11 13:17:11.012 V/C2Store (  480): in ~ComponentModule
12-11 13:17:11.012 V/C2Store (  480): unloading dll
12-11 13:17:10.993 I/getprop ( 1219): type=1400 audit(0.0:4471): avc: denied { map } for path="/dev/__properties__/u:object_r:wifi_config_prop:s0" dev="tmpfs" ino=305 scontext=u:r:shell:s0 tcontext=u:object_r:wifi_config_prop:s0 tclass=file permissive=1
12-11 13:17:11.012 V/C2Store (  480): in init
12-11 13:17:11.012 V/C2Store (  480): loading dll
12-11 13:17:10.993 I/getprop ( 1219): type=1400 audit(0.0:4472): avc: denied { open } for path="/dev/__properties__/u:object_r:wifi_hal_prop:s0" dev="tmpfs" ino=306 scontext=u:r:shell:s0 tcontext=u:object_r:wifi_hal_prop:s0 tclass=file permissive=1
12-11 13:17:10.993 I/getprop ( 1219): type=1400 audit(0.0:4473): avc: denied { getattr } for path="/dev/__properties__/u:object_r:wifi_hal_prop:s0" dev="tmpfs" ino=306 scontext=u:r:shell:s0 tcontext=u:object_r:wifi_hal_prop:s0 tclass=file permissive=1
12-11 13:17:10.993 I/getprop ( 1219): type=1400 audit(0.0:4474): avc: denied { map } for path="/dev/__properties__/u:object_r:wifi_hal_prop:s0" dev="tmpfs" ino=306 scontext=u:r:shell:s0 tcontext=u:object_r:wifi_hal_prop:s0 tclass=file permissive=1
