12-11 13:17:10.296 I/getprop ( 1099): type=1400 audit(0.0:3465): avc: denied { getattr } for path="/dev/__properties__/u:object_r:vendor_default_prop:s0" dev="tmpfs" ino=284 scontext=u:r:shell:s0 tcontext=u:object_r:vendor_default_prop:s0 tclass=file permissive=1
12-11 13:17:10.296 I/getprop ( 1099): type=1400 audit(0.0:3466): avc: denied { map } for path="/dev/__properties__/u:object_r:vendor_default_prop:s0" dev="tmpfs" ino=284 scontext=u:r:shell:s0 tcontext=u:object_r:vendor_default_prop:s0 tclass=file permissive=1
12-11 13:17:10.296 I/getprop ( 1099): type=1400 audit(0.0:3467): avc: denied { open } for path="/dev/__properties__/u:object_r:vendor_drmservice_prop:s0" dev="tmpfs" ino=285 scontext=u:r:shell:s0 tcontext=u:object_r:vendor_drmservice_prop:s0 tclass=file permissive=1
12-11 13:17:10.296 I/getprop ( 1099): type=1400 audit(0.0:3468): avc: denied { getattr } for path="/dev/__properties__/u:object_r:vendor_drmservice_prop:s0" dev="tmpfs" ino=285 scontext=u:r:shell:s0 tcontext=u:object_r:vendor_drmservice_prop:s0 tclass=file permissive=1
12-11 13:17:10.296 I/getprop ( 1099): type=1400 audit(0.0:3469): avc: denied { map } for path="/dev/__properties__/u:object_r:vendor_drmservice_prop:s0" dev="tmpfs" ino=285 scontext=u:r:shell:s0 tcontext=u:object_r:vendor_drmservice_prop:s0 tclass=file permissive=1
12-11 13:17:10.296 I/getprop ( 1099): type=1400 audit(0.0:3470): avc: denied { open } for path="/dev/__properties__/u:object_r:vendor_hwc_prop:s0" dev="tmpfs" ino=286 scontext=u:r:shell:s0 tcontext=u:object_r:vendor_hwc_prop:s0 tclass=file permissive=1
12-11 13:17:10.296 I/getprop ( 1099): type=1400 audit(0.0:3471): avc: denied { getattr } for path="/dev/__properties__/u:object_r:vendor_hwc_prop:s0" dev="tmpfs" ino=286 scontext=u:r:shell:s0 tcontext=u:object_r:vendor_hwc_prop:s0 tclass=file permissive=1
12-11 13:17:10.296 I/getprop ( 1099): type=1400 audit(0.0:3472): avc: denied { map } for path="/dev/__properties__/u:object_r:vendor_hwc_prop:s0" dev="tmpfs" ino=286 scontext=u:r:shell:s0 tcontext=u:object_r:vendor_hwc_prop:s0 tclass=file permissive=1
12-11 13:17:10.296 I/getprop ( 1099): type=1400 audit(0.0:3473): avc: denied { open } for path="/dev/__properties__/u:object_r:vendor_omx_prop:s0" dev="tmpfs" ino=287 scontext=u:r:shell:s0 tcontext=u:object_r:vendor_omx_prop:s0 tclass=file permissive=1
12-11 13:17:10.296 I/getprop ( 1099): type=1400 audit(0.0:3474): avc: denied { getattr } for path="/dev/__properties__/u:object_r:vendor_omx_prop:s0" dev="tmpfs" ino=287 scontext=u:r:shell:s0 tcontext=u:object_r:vendor_omx_prop:s0 tclass=file permissive=1
12-11 13:17:10.296 I/getprop ( 1099): type=1400 audit(0.0:3475): avc: denied { map } for path="/dev/__properties__/u:object_r:vendor_omx_prop:s0" dev="tmpfs" ino=287 scontext=u:r:shell:s0 tcontext=u:object_r:vendor_omx_prop:s0 tclass=file permissive=1
12-11 13:17:10.296 I/getprop ( 1099): type=1400 audit(0.0:3476): avc: denied { open } for path="/dev/__properties__/u:object_r:vendor_power_prop:s0" dev="tmpfs" ino=288 scontext=u:r:shell:s0 tcontext=u:object_r:vendor_power_prop:s0 tclass=file permissive=1
12-11 13:17:10.296 I/getprop ( 1099): type=1400 audit(0.0:3477): avc: denied { getattr } for path="/dev/__properties__/u:object_r:vendor_power_prop:s0" dev="tmpfs" ino=288 scontext=u:r:shell:s0 tcontext=u:object_r:vendor_power_prop:s0 tclass=file permissive=1
12-11 13:17:10.296 I/getprop ( 1099): type=1400 audit(0.0:3478): avc: denied { map } for path="/dev/__properties__/u:object_r:vendor_power_prop:s0" dev="tmpfs" ino=288 scontext=u:r:shell:s0 tcontext=u:object_r:vendor_power_prop:s0 tclass=file permissive=1
12-11 13:17:10.296 I/getprop ( 1099): type=1400 audit(0.0:3479): avc: denied { open } for path="/dev/__properties__/u:object_r:vendor_tv_input_prop:s0" dev="tmpfs" ino=292 scontext=u:r:shell:s0 tcontext=u:object_r:vendor_tv_input_prop:s0 tclass=file permissive=1
12-11 13:17:10.296 I/getprop ( 1099): type=1400 audit(0.0:3480): avc: denied { getattr } for path="/dev/__properties__/u:object_r:vendor_tv_input_prop:s0" dev="tmpfs" ino=292 scontext=u:r:shell:s0 tcontext=u:object_r:vendor_tv_input_prop:s0 tclass=file permissive=1
12-11 13:17:10.296 I/getprop ( 1099): type=1400 audit(0.0:3481): avc: denied { map } for path="/dev/__properties__/u:object_r:vendor_tv_input_prop:s0" dev="tmpfs" ino=292 scontext=u:r:shell:s0 tcontext=u:object_r:vendor_tv_input_prop:s0 tclass=file permissive=1
12-11 13:17:10.296 I/getprop ( 1099): type=1400 audit(0.0:3482): avc: denied { open } for path="/dev/__properties__/u:object_r:vendor_usb_prop:s0" dev="tmpfs" ino=293 scontext=u:r:shell:s0 tcontext=u:object_r:vendor_usb_prop:s0 tclass=file permissive=1
12-11 13:17:10.296 I/getprop ( 1099): type=1400 audit(0.0:3483): avc: denied { getattr } for path="/dev/__properties__/u:object_r:vendor_usb_prop:s0" dev="tmpfs" ino=293 scontext=u:r:shell:s0 tcontext=u:object_r:vendor_usb_prop:s0 tclass=file permissive=1
12-11 13:17:10.296 I/getprop ( 1099): type=1400 audit(0.0:3484): avc: denied { map } for path="/dev/__properties__/u:object_r:vendor_usb_prop:s0" dev="tmpfs" ino=293 scontext=u:r:shell:s0 tcontext=u:object_r:vendor_usb_prop:s0 tclass=file permissive=1
12-11 13:17:10.296 I/getprop ( 1099): type=1400 audit(0.0:3485): avc: denied { open } for path="/dev/__properties__/u:object_r:vendor_vts_status_prop:s0" dev="tmpfs" ino=294 scontext=u:r:shell:s0 tcontext=u:object_r:vendor_vts_status_prop:s0 tclass=file permissive=1
12-11 13:17:10.296 I/getprop ( 1099): type=1400 audit(0.0:3486): avc: denied { getattr } for path="/dev/__properties__/u:object_r:vendor_vts_status_prop:s0" dev="tmpfs" ino=294 scontext=u:r:shell:s0 tcontext=u:object_r:vendor_vts_status_prop:s0 tclass=file permissive=1
12-11 13:17:10.296 I/getprop ( 1099): type=1400 audit(0.0:3487): avc: denied { map } for path="/dev/__properties__/u:object_r:vendor_vts_status_prop:s0" dev="tmpfs" ino=294 scontext=u:r:shell:s0 tcontext=u:object_r:vendor_vts_status_prop:s0 tclass=file permissive=1
12-11 13:17:10.296 I/getprop ( 1099): type=1400 audit(0.0:3488): avc: denied { open } for path="/dev/__properties__/u:object_r:vendor_wifi_prop:s0" dev="tmpfs" ino=295 scontext=u:r:shell:s0 tcontext=u:object_r:vendor_wifi_prop:s0 tclass=file permissive=1
12-11 13:17:10.296 I/getprop ( 1099): type=1400 audit(0.0:3489): avc: denied { getattr } for path="/dev/__properties__/u:object_r:vendor_wifi_prop:s0" dev="tmpfs" ino=295 scontext=u:r:shell:s0 tcontext=u:object_r:vendor_wifi_prop:s0 tclass=file permissive=1
12-11 13:17:10.296 I/getprop ( 1099): type=1400 audit(0.0:3490): avc: denied { map } for path="/dev/__properties__/u:object_r:vendor_wifi_prop:s0" dev="tmpfs" ino=295 scontext=u:r:shell:s0 tcontext=u:object_r:vendor_wifi_prop:s0 tclass=file permissive=1
12-11 13:17:10.296 I/getprop ( 1099): type=1400 audit(0.0:3491): avc: denied { open } for path="/dev/__properties__/u:object_r:vold_post_fs_data_prop:s0" dev="tmpfs" ino=300 scontext=u:r:shell:s0 tcontext=u:object_r:vold_post_fs_data_prop:s0 tclass=file permissive=1
12-11 13:17:10.296 I/getprop ( 1099): type=1400 audit(0.0:3492): avc: denied { getattr } for path="/dev/__properties__/u:object_r:vold_post_fs_data_prop:s0" dev="tmpfs" ino=300 scontext=u:r:shell:s0 tcontext=u:object_r:vold_post_fs_data_prop:s0 tclass=file permissive=1
12-11 13:17:10.296 I/getprop ( 1099): type=1400 audit(0.0:3493): avc: denied { map } for path="/dev/__properties__/u:object_r:vold_post_fs_data_prop:s0" dev="tmpfs" ino=300 scontext=u:r:shell:s0 tcontext=u:object_r:vold_post_fs_data_prop:s0 tclass=file permissive=1
12-11 13:17:10.296 I/getprop ( 1099): type=1400 audit(0.0:3494): avc: denied { open } for path="/dev/__properties__/u:object_r:wifi_config_prop:s0" dev="tmpfs" ino=305 scontext=u:r:shell:s0 tcontext=u:object_r:wifi_config_prop:s0 tclass=file permissive=1
12-11 13:17:10.296 I/getprop ( 1099): type=1400 audit(0.0:3495): avc: denied { getattr } for path="/dev/__properties__/u:object_r:wifi_config_prop:s0" dev="tmpfs" ino=305 scontext=u:r:shell:s0 tcontext=u:object_r:wifi_config_prop:s0 tclass=file permissive=1
12-11 13:17:10.296 I/getprop ( 1099): type=1400 audit(0.0:3496): avc: denied { map } for path="/dev/__properties__/u:object_r:wifi_config_prop:s0" dev="tmpfs" ino=305 scontext=u:r:shell:s0 tcontext=u:object_r:wifi_config_prop:s0 tclass=file permissive=1
12-11 13:17:10.296 I/getprop ( 1099): type=1400 audit(0.0:3497): avc: denied { open } for path="/dev/__properties__/u:object_r:wifi_hal_prop:s0" dev="tmpfs" ino=306 scontext=u:r:shell:s0 tcontext=u:object_r:wifi_hal_prop:s0 tclass=file permissive=1
12-11 13:17:10.296 I/getprop ( 1099): type=1400 audit(0.0:3498): avc: denied { getattr } for path="/dev/__properties__/u:object_r:wifi_hal_prop:s0" dev="tmpfs" ino=306 scontext=u:r:shell:s0 tcontext=u:object_r:wifi_hal_prop:s0 tclass=file permissive=1
12-11 13:17:10.304 I/StatusBarManagerService(  651): registerStatusBar bar=com.android.internal.statusbar.IStatusBar$Stub$Proxy@ff9ead6
12-11 13:17:10.296 I/getprop ( 1099): type=1400 audit(0.0:3499): avc: denied { map } for path="/dev/__properties__/u:object_r:wifi_hal_prop:s0" dev="tmpfs" ino=306 scontext=u:r:shell:s0 tcontext=u:object_r:wifi_hal_prop:s0 tclass=file permissive=1
12-11 13:17:10.296 I/getprop ( 1099): type=1400 audit(0.0:3500): avc: denied { map } for path="/dev/__properties__/u:object_r:wifi_prop:s0" dev="tmpfs" ino=308 scontext=u:r:shell:s0 tcontext=u:object_r:wifi_prop:s0 tclass=file permissive=1
12-11 13:17:10.296 I/getprop ( 1099): type=1400 audit(0.0:3501): avc: denied { open } for path="/dev/__properties__/u:object_r:zram_config_prop:s0" dev="tmpfs" ino=309 scontext=u:r:shell:s0 tcontext=u:object_r:zram_config_prop:s0 tclass=file permissive=1
12-11 13:17:10.296 I/getprop ( 1099): type=1400 audit(0.0:3502): avc: denied { getattr } for path="/dev/__properties__/u:object_r:zram_config_prop:s0" dev="tmpfs" ino=309 scontext=u:r:shell:s0 tcontext=u:object_r:zram_config_prop:s0 tclass=file permissive=1
12-11 13:17:10.296 I/getprop ( 1099): type=1400 audit(0.0:3503): avc: denied { map } for path="/dev/__properties__/u:object_r:zram_config_prop:s0" dev="tmpfs" ino=309 scontext=u:r:shell:s0 tcontext=u:object_r:zram_config_prop:s0 tclass=file permissive=1
12-11 13:17:10.296 I/getprop ( 1099): type=1400 audit(0.0:3504): avc: denied { open } for path="/dev/__properties__/u:object_r:zram_control_prop:s0" dev="tmpfs" ino=310 scontext=u:r:shell:s0 tcontext=u:object_r:zram_control_prop:s0 tclass=file permissive=1
12-11 13:17:10.296 I/getprop ( 1099): type=1400 audit(0.0:3505): avc: denied { getattr } for path="/dev/__properties__/u:object_r:zram_control_prop:s0" dev="tmpfs" ino=310 scontext=u:r:shell:s0 tcontext=u:object_r:zram_control_prop:s0 tclass=file permissive=1
12-11 13:17:10.296 I/getprop ( 1099): type=1400 audit(0.0:3506): avc: denied { map } for path="/dev/__properties__/u:object_r:zram_control_prop:s0" dev="tmpfs" ino=310 scontext=u:r:shell:s0 tcontext=u:object_r:zram_control_prop:s0 tclass=file permissive=1
12-11 13:17:10.314 I/CameraManagerGlobal(  840): Connecting to camera service
12-11 13:17:10.320 D/CompatibilityChangeReporter(  840): Compat change id reported: 170233598; UID 10073; state: DISABLED
12-11 13:17:10.330 I/getprop ( 1104): type=1400 audit(0.0:3507): avc: denied { map } for path="/dev/__properties__/u:object_r:ctl_default_prop:s0" dev="tmpfs" ino=106 scontext=u:r:shell:s0 tcontext=u:object_r:ctl_default_prop:s0 tclass=file permissive=1
12-11 13:17:10.330 I/getprop ( 1104): type=1400 audit(0.0:3508): avc: denied { map } for path="/dev/__properties__/u:object_r:ctl_fuse_prop:s0" dev="tmpfs" ino=108 scontext=u:r:shell:s0 tcontext=u:object_r:ctl_fuse_prop:s0 tclass=file permissive=1
12-11 13:17:10.330 I/getprop ( 1104): type=1400 audit(0.0:3509): avc: denied { map } for path="/dev/__properties__/u:object_r:ctl_interface_restart_prop:s0" dev="tmpfs" ino=110 scontext=u:r:shell:s0 tcontext=u:object_r:ctl_interface_restart_prop:s0 tclass=file permissive=1
12-11 13:17:10.330 I/getprop ( 1104): type=1400 audit(0.0:3510): avc: denied { map } for path="/dev/__properties__/u:object_r:ctl_interface_start_prop:s0" dev="tmpfs" ino=111 scontext=u:r:shell:s0 tcontext=u:object_r:ctl_interface_start_prop:s0 tclass=file permissive=1
12-11 13:17:10.330 I/getprop ( 1104): type=1400 audit(0.0:3511): avc: denied { map } for path="/dev/__properties__/u:object_r:ctl_interface_stop_prop:s0" dev="tmpfs" ino=112 scontext=u:r:shell:s0 tcontext=u:object_r:ctl_interface_stop_prop:s0 tclass=file permissive=1
12-11 13:17:10.330 I/getprop ( 1104): type=1400 audit(0.0:3512): avc: denied { map } for path="/dev/__properties__/u:object_r:ctl_mdnsd_prop:s0" dev="tmpfs" ino=113 scontext=u:r:shell:s0 tcontext=u:object_r:ctl_mdnsd_prop:s0 tclass=file permissive=1
12-11 13:17:10.330 I/getprop ( 1104): type=1400 audit(0.0:3513): avc: denied { open } for path="/dev/__properties__/u:object_r:ctl_mediatranscoding_prop:s0" dev="tmpfs" ino=114 scontext=u:r:shell:s0 tcontext=u:object_r:ctl_mediatranscoding_prop:s0 tclass=file permissive=1
12-11 13:17:10.330 I/getprop ( 1104): type=1400 audit(0.0:3514): avc: denied { getattr } for path="/dev/__properties__/u:object_r:ctl_mediatranscoding_prop:s0" dev="tmpfs" ino=114 scontext=u:r:shell:s0 tcontext=u:object_r:ctl_mediatranscoding_prop:s0 tclass=file permissive=1
12-11 13:17:10.330 I/getprop ( 1104): type=1400 audit(0.0:3515): avc: denied { map } for path="/dev/__properties__/u:object_r:ctl_mediatranscoding_prop:s0" dev="tmpfs" ino=114 scontext=u:r:shell:s0 tcontext=u:object_r:ctl_mediatranscoding_prop:s0 tclass=file permissive=1
12-11 13:17:10.330 I/getprop ( 1104): type=1400 audit(0.0:3516): avc: denied { open } for path="/dev/__properties__/u:object_r:ctl_odsign_prop:s0" dev="tmpfs" ino=115 scontext=u:r:shell:s0 tcontext=u:object_r:ctl_odsign_prop:s0 tclass=file permissive=1
12-11 13:17:10.330 I/getprop ( 1104): type=1400 audit(0.0:3517): avc: denied { getattr } for path="/dev/__properties__/u:object_r:ctl_odsign_prop:s0" dev="tmpfs" ino=115 scontext=u:r:shell:s0 tcontext=u:object_r:ctl_odsign_prop:s0 tclass=file permissive=1
12-11 13:17:10.330 I/getprop ( 1104): type=1400 audit(0.0:3518): avc: denied { map } for path="/dev/__properties__/u:object_r:ctl_odsign_prop:s0" dev="tmpfs" ino=115 scontext=u:r:shell:s0 tcontext=u:object_r:ctl_odsign_prop:s0 tclass=file permissive=1
12-11 13:17:10.330 I/getprop ( 1104): type=1400 audit(0.0:3519): avc: denied { map } for path="/dev/__properties__/u:object_r:ctl_restart_prop:s0" dev="tmpfs" ino=116 scontext=u:r:shell:s0 tcontext=u:object_r:ctl_restart_prop:s0 tclass=file permissive=1
12-11 13:17:10.330 I/getprop ( 1104): type=1400 audit(0.0:3520): avc: denied { open } for path="/dev/__properties__/u:object_r:ctl_sigstop_prop:s0" dev="tmpfs" ino=118 scontext=u:r:shell:s0 tcontext=u:object_r:ctl_sigstop_prop:s0 tclass=file permissive=1
12-11 13:17:10.330 I/getprop ( 1104): type=1400 audit(0.0:3521): avc: denied { getattr } for path="/dev/__properties__/u:object_r:ctl_sigstop_prop:s0" dev="tmpfs" ino=118 scontext=u:r:shell:s0 tcontext=u:object_r:ctl_sigstop_prop:s0 tclass=file permissive=1
12-11 13:17:10.330 I/getprop ( 1104): type=1400 audit(0.0:3522): avc: denied { map } for path="/dev/__properties__/u:object_r:ctl_sigstop_prop:s0" dev="tmpfs" ino=118 scontext=u:r:shell:s0 tcontext=u:object_r:ctl_sigstop_prop:s0 tclass=file permissive=1
12-11 13:17:10.330 I/getprop ( 1104): type=1400 audit(0.0:3523): avc: denied { open } for path="/dev/__properties__/u:object_r:ctl_start_prop:s0" dev="tmpfs" ino=120 scontext=u:r:shell:s0 tcontext=u:object_r:ctl_start_prop:s0 tclass=file permissive=1
12-11 13:17:10.330 I/getprop ( 1104): type=1400 audit(0.0:3524): avc: denied { getattr } for path="/dev/__properties__/u:object_r:ctl_start_prop:s0" dev="tmpfs" ino=120 scontext=u:r:shell:s0 tcontext=u:object_r:ctl_start_prop:s0 tclass=file permissive=1
12-11 13:17:10.330 I/getprop ( 1104): type=1400 audit(0.0:3525): avc: denied { map } for path="/dev/__properties__/u:object_r:ctl_start_prop:s0" dev="tmpfs" ino=120 scontext=u:r:shell:s0 tcontext=u:object_r:ctl_start_prop:s0 tclass=file permissive=1
12-11 13:17:10.330 I/getprop ( 1104): type=1400 audit(0.0:3526): avc: denied { open } for path="/dev/__properties__/u:object_r:debugfs_restriction_prop:s0" dev="tmpfs" ino=127 scontext=u:r:shell:s0 tcontext=u:object_r:debugfs_restriction_prop:s0 tclass=file permissive=1
12-11 13:17:10.330 I/getprop ( 1104): type=1400 audit(0.0:3527): avc: denied { getattr } for path="/dev/__properties__/u:object_r:debugfs_restriction_prop:s0" dev="tmpfs" ino=127 scontext=u:r:shell:s0 tcontext=u:object_r:debugfs_restriction_prop:s0 tclass=file permissive=1
12-11 13:17:10.330 I/getprop ( 1104): type=1400 audit(0.0:3528): avc: denied { map } for path="/dev/__properties__/u:object_r:debugfs_restriction_prop:s0" dev="tmpfs" ino=127 scontext=u:r:shell:s0 tcontext=u:object_r:debugfs_restriction_prop:s0 tclass=file permissive=1
12-11 13:17:10.330 I/getprop ( 1104): type=1400 audit(0.0:3529): avc: denied { open } for path="/dev/__properties__/u:object_r:device_config_activity_manager_native_boot_prop:s0" dev="tmpfs" ino=130 scontext=u:r:shell:s0 tcontext=u:object_r:device_config_activity_manager_native_boot_prop:s0 tclass=file permissive=1
12-11 13:17:10.330 I/getprop ( 1104): type=1400 audit(0.0:3530): avc: denied { getattr } for path="/dev/__properties__/u:object_r:device_config_activity_manager_native_boot_prop:s0" dev="tmpfs" ino=130 scontext=u:r:shell:s0 tcontext=u:object_r:device_config_activity_manager_native_boot_prop:s0 tclass=file permissive=1
12-11 13:17:10.330 I/getprop ( 1104): type=1400 audit(0.0:3531): avc: denied { map } for path="/dev/__properties__/u:object_r:device_config_activity_manager_native_boot_prop:s0" dev="tmpfs" ino=130 scontext=u:r:shell:s0 tcontext=u:object_r:device_config_activity_manager_native_boot_prop:s0 tclass=file permissive=1
12-11 13:17:10.330 I/getprop ( 1104): type=1400 audit(0.0:3532): avc: denied { open } for path="/dev/__properties__/u:object_r:device_config_boot_count_prop:s0" dev="tmpfs" ino=131 scontext=u:r:shell:s0 tcontext=u:object_r:device_config_boot_count_prop:s0 tclass=file permissive=1
12-11 13:17:10.330 I/getprop ( 1104): type=1400 audit(0.0:3533): avc: denied { getattr } for path="/dev/__properties__/u:object_r:device_config_boot_count_prop:s0" dev="tmpfs" ino=131 scontext=u:r:shell:s0 tcontext=u:object_r:device_config_boot_count_prop:s0 tclass=file permissive=1
12-11 13:17:10.330 I/getprop ( 1104): type=1400 audit(0.0:3534): avc: denied { map } for path="/dev/__properties__/u:object_r:device_config_boot_count_prop:s0" dev="tmpfs" ino=131 scontext=u:r:shell:s0 tcontext=u:object_r:device_config_boot_count_prop:s0 tclass=file permissive=1
12-11 13:17:10.330 I/getprop ( 1104): type=1400 audit(0.0:3535): avc: denied { open } for path="/dev/__properties__/u:object_r:device_config_configuration_prop:s0" dev="tmpfs" ino=132 scontext=u:r:shell:s0 tcontext=u:object_r:device_config_configuration_prop:s0 tclass=file permissive=1
12-11 13:17:10.330 I/getprop ( 1104): type=1400 audit(0.0:3536): avc: denied { getattr } for path="/dev/__properties__/u:object_r:device_config_configuration_prop:s0" dev="tmpfs" ino=132 scontext=u:r:shell:s0 tcontext=u:object_r:device_config_configuration_prop:s0 tclass=file permissive=1
12-11 13:17:10.330 I/getprop ( 1104): type=1400 audit(0.0:3537): avc: denied { map } for path="/dev/__properties__/u:object_r:device_config_configuration_prop:s0" dev="tmpfs" ino=132 scontext=u:r:shell:s0 tcontext=u:object_r:device_config_configuration_prop:s0 tclass=file permissive=1
12-11 13:17:10.330 I/getprop ( 1104): type=1400 audit(0.0:3538): avc: denied { open } for path="/dev/__properties__/u:object_r:device_config_connectivity_prop:s0" dev="tmpfs" ino=133 scontext=u:r:shell:s0 tcontext=u:object_r:device_config_connectivity_prop:s0 tclass=file permissive=1
12-11 13:17:10.330 I/getprop ( 1104): type=1400 audit(0.0:3539): avc: denied { getattr } for path="/dev/__properties__/u:object_r:device_config_connectivity_prop:s0" dev="tmpfs" ino=133 scontext=u:r:shell:s0 tcontext=u:object_r:device_config_connectivity_prop:s0 tclass=file permissive=1
12-11 13:17:10.330 I/getprop ( 1104): type=1400 audit(0.0:3540): avc: denied { map } for path="/dev/__properties__/u:object_r:device_config_connectivity_prop:s0" dev="tmpfs" ino=133 scontext=u:r:shell:s0 tcontext=u:object_r:device_config_connectivity_prop:s0 tclass=file permissive=1
12-11 13:17:10.330 I/getprop ( 1104): type=1400 audit(0.0:3541): avc: denied { open } for path="/dev/__properties__/u:object_r:device_config_input_native_boot_prop:s0" dev="tmpfs" ino=134 scontext=u:r:shell:s0 tcontext=u:object_r:device_config_input_native_boot_prop:s0 tclass=file permissive=1
12-11 13:17:10.330 I/getprop ( 1104): type=1400 audit(0.0:3542): avc: denied { getattr } for path="/dev/__properties__/u:object_r:device_config_input_native_boot_prop:s0" dev="tmpfs" ino=134 scontext=u:r:shell:s0 tcontext=u:object_r:device_config_input_native_boot_prop:s0 tclass=file permissive=1
12-11 13:17:10.330 I/getprop ( 1104): type=1400 audit(0.0:3543): avc: denied { map } for path="/dev/__properties__/u:object_r:device_config_input_native_boot_prop:s0" dev="tmpfs" ino=134 scontext=u:r:shell:s0 tcontext=u:object_r:device_config_input_native_boot_prop:s0 tclass=file permissive=1
12-11 13:17:10.333 I/getprop ( 1104): type=1400 audit(0.0:3544): avc: denied { open } for path="/dev/__properties__/u:object_r:device_config_lmkd_native_prop:s0" dev="tmpfs" ino=135 scontext=u:r:shell:s0 tcontext=u:object_r:device_config_lmkd_native_prop:s0 tclass=file permissive=1
12-11 13:17:10.333 I/getprop ( 1104): type=1400 audit(0.0:3545): avc: denied { getattr } for path="/dev/__properties__/u:object_r:device_config_lmkd_native_prop:s0" dev="tmpfs" ino=135 scontext=u:r:shell:s0 tcontext=u:object_r:device_config_lmkd_native_prop:s0 tclass=file permissive=1
12-11 13:17:10.333 I/getprop ( 1104): type=1400 audit(0.0:3546): avc: denied { map } for path="/dev/__properties__/u:object_r:device_config_lmkd_native_prop:s0" dev="tmpfs" ino=135 scontext=u:r:shell:s0 tcontext=u:object_r:device_config_lmkd_native_prop:s0 tclass=file permissive=1
12-11 13:17:10.333 I/getprop ( 1104): type=1400 audit(0.0:3547): avc: denied { open } for path="/dev/__properties__/u:object_r:device_config_media_native_prop:s0" dev="tmpfs" ino=136 scontext=u:r:shell:s0 tcontext=u:object_r:device_config_media_native_prop:s0 tclass=file permissive=1
12-11 13:17:10.333 I/getprop ( 1104): type=1400 audit(0.0:3548): avc: denied { getattr } for path="/dev/__properties__/u:object_r:device_config_media_native_prop:s0" dev="tmpfs" ino=136 scontext=u:r:shell:s0 tcontext=u:object_r:device_config_media_native_prop:s0 tclass=file permissive=1
12-11 13:17:10.333 I/getprop ( 1104): type=1400 audit(0.0:3549): avc: denied { map } for path="/dev/__properties__/u:object_r:device_config_media_native_prop:s0" dev="tmpfs" ino=136 scontext=u:r:shell:s0 tcontext=u:object_r:device_config_media_native_prop:s0 tclass=file permissive=1
12-11 13:17:10.333 I/getprop ( 1104): type=1400 audit(0.0:3550): avc: denied { open } for path="/dev/__properties__/u:object_r:device_config_netd_native_prop:s0" dev="tmpfs" ino=137 scontext=u:r:shell:s0 tcontext=u:object_r:device_config_netd_native_prop:s0 tclass=file permissive=1
12-11 13:17:10.333 I/getprop ( 1104): type=1400 audit(0.0:3551): avc: denied { getattr } for path="/dev/__properties__/u:object_r:device_config_netd_native_prop:s0" dev="tmpfs" ino=137 scontext=u:r:shell:s0 tcontext=u:object_r:device_config_netd_native_prop:s0 tclass=file permissive=1
12-11 13:17:10.333 I/getprop ( 1104): type=1400 audit(0.0:3552): avc: denied { map } for path="/dev/__properties__/u:object_r:device_config_netd_native_prop:s0" dev="tmpfs" ino=137 scontext=u:r:shell:s0 tcontext=u:object_r:device_config_netd_native_prop:s0 tclass=file permissive=1
12-11 13:17:10.333 I/getprop ( 1104): type=1400 audit(0.0:3553): avc: denied { open } for path="/dev/__properties__/u:object_r:device_config_statsd_native_boot_prop:s0" dev="tmpfs" ino=142 scontext=u:r:shell:s0 tcontext=u:object_r:device_config_statsd_native_boot_prop:s0 tclass=file permissive=1
12-11 13:17:10.333 I/getprop ( 1104): type=1400 audit(0.0:3554): avc: denied { getattr } for path="/dev/__properties__/u:object_r:device_config_statsd_native_boot_prop:s0" dev="tmpfs" ino=142 scontext=u:r:shell:s0 tcontext=u:object_r:device_config_statsd_native_boot_prop:s0 tclass=file permissive=1
12-11 13:17:10.333 I/getprop ( 1104): type=1400 audit(0.0:3555): avc: denied { map } for path="/dev/__properties__/u:object_r:device_config_statsd_native_boot_prop:s0" dev="tmpfs" ino=142 scontext=u:r:shell:s0 tcontext=u:object_r:device_config_statsd_native_boot_prop:s0 tclass=file permissive=1
12-11 13:17:10.333 I/getprop ( 1104): type=1400 audit(0.0:3556): avc: denied { open } for path="/dev/__properties__/u:object_r:device_config_statsd_native_prop:s0" dev="tmpfs" ino=143 scontext=u:r:shell:s0 tcontext=u:object_r:device_config_statsd_native_prop:s0 tclass=file permissive=1
12-11 13:17:10.333 I/getprop ( 1104): type=1400 audit(0.0:3557): avc: denied { getattr } for path="/dev/__properties__/u:object_r:device_config_statsd_native_prop:s0" dev="tmpfs" ino=143 scontext=u:r:shell:s0 tcontext=u:object_r:device_config_statsd_native_prop:s0 tclass=file permissive=1
12-11 13:17:10.333 I/getprop ( 1104): type=1400 audit(0.0:3558): avc: denied { map } for path="/dev/__properties__/u:object_r:device_config_statsd_native_prop:s0" dev="tmpfs" ino=143 scontext=u:r:shell:s0 tcontext=u:object_r:device_config_statsd_native_prop:s0 tclass=file permissive=1
12-11 13:17:10.333 I/getprop ( 1104): type=1400 audit(0.0:3559): avc: denied { open } for path="/dev/__properties__/u:object_r:device_config_storage_native_boot_prop:s0" dev="tmpfs" ino=144 scontext=u:r:shell:s0 tcontext=u:object_r:device_config_storage_native_boot_prop:s0 tclass=file permissive=1
12-11 13:17:10.333 I/getprop ( 1104): type=1400 audit(0.0:3560): avc: denied { getattr } for path="/dev/__properties__/u:object_r:device_config_storage_native_boot_prop:s0" dev="tmpfs" ino=144 scontext=u:r:shell:s0 tcontext=u:object_r:device_config_storage_native_boot_prop:s0 tclass=file permissive=1
12-11 13:17:10.333 I/getprop ( 1104): type=1400 audit(0.0:3561): avc: denied { map } for path="/dev/__properties__/u:object_r:device_config_storage_native_boot_prop:s0" dev="tmpfs" ino=144 scontext=u:r:shell:s0 tcontext=u:object_r:device_config_storage_native_boot_prop:s0 tclass=file permissive=1
12-11 13:17:10.333 I/getprop ( 1104): type=1400 audit(0.0:3562): avc: denied { open } for path="/dev/__properties__/u:object_r:device_config_swcodec_native_prop:s0" dev="tmpfs" ino=145 scontext=u:r:shell:s0 tcontext=u:object_r:device_config_swcodec_native_prop:s0 tclass=file permissive=1
12-11 13:17:10.333 I/getprop ( 1104): type=1400 audit(0.0:3563): avc: denied { getattr } for path="/dev/__properties__/u:object_r:device_config_swcodec_native_prop:s0" dev="tmpfs" ino=145 scontext=u:r:shell:s0 tcontext=u:object_r:device_config_swcodec_native_prop:s0 tclass=file permissive=1
12-11 13:17:10.333 I/getprop ( 1104): type=1400 audit(0.0:3564): avc: denied { map } for path="/dev/__properties__/u:object_r:device_config_swcodec_native_prop:s0" dev="tmpfs" ino=145 scontext=u:r:shell:s0 tcontext=u:object_r:device_config_swcodec_native_prop:s0 tclass=file permissive=1
12-11 13:17:10.333 I/getprop ( 1104): type=1400 audit(0.0:3565): avc: denied { open } for path="/dev/__properties__/u:object_r:device_config_sys_traced_prop:s0" dev="tmpfs" ino=146 scontext=u:r:shell:s0 tcontext=u:object_r:device_config_sys_traced_prop:s0 tclass=file permissive=1
12-11 13:17:10.333 I/getprop ( 1104): type=1400 audit(0.0:3566): avc: denied { getattr } for path="/dev/__properties__/u:object_r:device_config_sys_traced_prop:s0" dev="tmpfs" ino=146 scontext=u:r:shell:s0 tcontext=u:object_r:device_config_sys_traced_prop:s0 tclass=file permissive=1
12-11 13:17:10.333 I/getprop ( 1104): type=1400 audit(0.0:3567): avc: denied { map } for path="/dev/__properties__/u:object_r:device_config_sys_traced_prop:s0" dev="tmpfs" ino=146 scontext=u:r:shell:s0 tcontext=u:object_r:device_config_sys_traced_prop:s0 tclass=file permissive=1
12-11 13:17:10.333 I/getprop ( 1104): type=1400 audit(0.0:3568): avc: denied { open } for path="/dev/__properties__/u:object_r:device_config_window_manager_native_boot_prop:s0" dev="tmpfs" ino=147 scontext=u:r:shell:s0 tcontext=u:object_r:device_config_window_manager_native_boot_prop:s0 tclass=file permissive=1
12-11 13:17:10.333 I/getprop ( 1104): type=1400 audit(0.0:3569): avc: denied { getattr } for path="/dev/__properties__/u:object_r:device_config_window_manager_native_boot_prop:s0" dev="tmpfs" ino=147 scontext=u:r:shell:s0 tcontext=u:object_r:device_config_window_manager_native_boot_prop:s0 tclass=file permissive=1
12-11 13:17:10.333 I/getprop ( 1104): type=1400 audit(0.0:3570): avc: denied { map } for path="/dev/__properties__/u:object_r:device_config_window_manager_native_boot_prop:s0" dev="tmpfs" ino=147 scontext=u:r:shell:s0 tcontext=u:object_r:device_config_window_manager_native_boot_prop:s0 tclass=file permissive=1
12-11 13:17:10.333 I/getprop ( 1104): type=1400 audit(0.0:3571): avc: denied { open } for path="/dev/__properties__/u:object_r:drm_service_config_prop:s0" dev="tmpfs" ino=150 scontext=u:r:shell:s0 tcontext=u:object_r:drm_service_config_prop:s0 tclass=file permissive=1
12-11 13:17:10.333 I/getprop ( 1104): type=1400 audit(0.0:3572): avc: denied { getattr } for path="/dev/__properties__/u:object_r:drm_service_config_prop:s0" dev="tmpfs" ino=150 scontext=u:r:shell:s0 tcontext=u:object_r:drm_service_config_prop:s0 tclass=file permissive=1
12-11 13:17:10.333 I/getprop ( 1104): type=1400 audit(0.0:3573): avc: denied { map } for path="/dev/__properties__/u:object_r:drm_service_config_prop:s0" dev="tmpfs" ino=150 scontext=u:r:shell:s0 tcontext=u:object_r:drm_service_config_prop:s0 tclass=file permissive=1
12-11 13:17:10.333 I/getprop ( 1104): type=1400 audit(0.0:3574): avc: denied { open } for path="/dev/__properties__/u:object_r:dumpstate_options_prop:s0" dev="tmpfs" ino=151 scontext=u:r:shell:s0 tcontext=u:object_r:dumpstate_options_prop:s0 tclass=file permissive=1
12-11 13:17:10.333 I/getprop ( 1104): type=1400 audit(0.0:3575): avc: denied { getattr } for path="/dev/__properties__/u:object_r:dumpstate_options_prop:s0" dev="tmpfs" ino=151 scontext=u:r:shell:s0 tcontext=u:object_r:dumpstate_options_prop:s0 tclass=file permissive=1
12-11 13:17:10.333 I/getprop ( 1104): type=1400 audit(0.0:3576): avc: denied { map } for path="/dev/__properties__/u:object_r:dumpstate_options_prop:s0" dev="tmpfs" ino=151 scontext=u:r:shell:s0 tcontext=u:object_r:dumpstate_options_prop:s0 tclass=file permissive=1
12-11 13:17:10.333 I/getprop ( 1104): type=1400 audit(0.0:3577): avc: denied { open } for path="/dev/__properties__/u:object_r:suspend_prop:s0" dev="tmpfs" ino=252 scontext=u:r:shell:s0 tcontext=u:object_r:suspend_prop:s0 tclass=file permissive=1
12-11 13:17:10.333 I/getprop ( 1104): type=1400 audit(0.0:3578): avc: denied { getattr } for path="/dev/__properties__/u:object_r:suspend_prop:s0" dev="tmpfs" ino=252 scontext=u:r:shell:s0 tcontext=u:object_r:suspend_prop:s0 tclass=file permissive=1
12-11 13:17:10.333 I/getprop ( 1104): type=1400 audit(0.0:3579): avc: denied { map } for path="/dev/__properties__/u:object_r:suspend_prop:s0" dev="tmpfs" ino=252 scontext=u:r:shell:s0 tcontext=u:object_r:suspend_prop:s0 tclass=file permissive=1
12-11 13:17:10.333 I/getprop ( 1104): type=1400 audit(0.0:3580): avc: denied { open } for path="/dev/__properties__/u:object_r:system_jvmti_agent_prop:s0" dev="tmpfs" ino=255 scontext=u:r:shell:s0 tcontext=u:object_r:system_jvmti_agent_prop:s0 tclass=file permissive=1
12-11 13:17:10.333 I/getprop ( 1104): type=1400 audit(0.0:3581): avc: denied { getattr } for path="/dev/__properties__/u:object_r:system_jvmti_agent_prop:s0" dev="tmpfs" ino=255 scontext=u:r:shell:s0 tcontext=u:object_r:system_jvmti_agent_prop:s0 tclass=file permissive=1
12-11 13:17:10.333 I/getprop ( 1104): type=1400 audit(0.0:3582): avc: denied { map } for path="/dev/__properties__/u:object_r:system_jvmti_agent_prop:s0" dev="tmpfs" ino=255 scontext=u:r:shell:s0 tcontext=u:object_r:system_jvmti_agent_prop:s0 tclass=file permissive=1
12-11 13:17:10.333 I/getprop ( 1104): type=1400 audit(0.0:3583): avc: denied { open } for path="/dev/__properties__/u:object_r:system_lmk_prop:s0" dev="tmpfs" ino=256 scontext=u:r:shell:s0 tcontext=u:object_r:system_lmk_prop:s0 tclass=file permissive=1
12-11 13:17:10.333 I/getprop ( 1104): type=1400 audit(0.0:3584): avc: denied { getattr } for path="/dev/__properties__/u:object_r:system_lmk_prop:s0" dev="tmpfs" ino=256 scontext=u:r:shell:s0 tcontext=u:object_r:system_lmk_prop:s0 tclass=file permissive=1
12-11 13:17:10.333 I/getprop ( 1104): type=1400 audit(0.0:3585): avc: denied { map } for path="/dev/__properties__/u:object_r:system_lmk_prop:s0" dev="tmpfs" ino=256 scontext=u:r:shell:s0 tcontext=u:object_r:system_lmk_prop:s0 tclass=file permissive=1
12-11 13:17:10.333 I/getprop ( 1104): type=1400 audit(0.0:3586): avc: denied { open } for path="/dev/__properties__/u:object_r:system_trace_prop:s0" dev="tmpfs" ino=258 scontext=u:r:shell:s0 tcontext=u:object_r:system_trace_prop:s0 tclass=file permissive=1
12-11 13:17:10.333 I/getprop ( 1104): type=1400 audit(0.0:3587): avc: denied { getattr } for path="/dev/__properties__/u:object_r:system_trace_prop:s0" dev="tmpfs" ino=258 scontext=u:r:shell:s0 tcontext=u:object_r:system_trace_prop:s0 tclass=file permissive=1
12-11 13:17:10.333 I/getprop ( 1104): type=1400 audit(0.0:3588): avc: denied { map } for path="/dev/__properties__/u:object_r:system_trace_prop:s0" dev="tmpfs" ino=258 scontext=u:r:shell:s0 tcontext=u:object_r:system_trace_prop:s0 tclass=file permissive=1
12-11 13:17:10.333 I/getprop ( 1104): type=1400 audit(0.0:3589): avc: denied { open } for path="/dev/__properties__/u:object_r:tombstone_config_prop:s0" dev="tmpfs" ino=266 scontext=u:r:shell:s0 tcontext=u:object_r:tombstone_config_prop:s0 tclass=file permissive=1
12-11 13:17:10.333 I/getprop ( 1104): type=1400 audit(0.0:3590): avc: denied { getattr } for path="/dev/__properties__/u:object_r:tombstone_config_prop:s0" dev="tmpfs" ino=266 scontext=u:r:shell:s0 tcontext=u:object_r:tombstone_config_prop:s0 tclass=file permissive=1
12-11 13:17:10.333 I/getprop ( 1104): type=1400 audit(0.0:3591): avc: denied { map } for path="/dev/__properties__/u:object_r:tombstone_config_prop:s0" dev="tmpfs" ino=266 scontext=u:r:shell:s0 tcontext=u:object_r:tombstone_config_prop:s0 tclass=file permissive=1
12-11 13:17:10.333 I/getprop ( 1104): type=1400 audit(0.0:3592): avc: denied { open } for path="/dev/__properties__/u:object_r:vehicle_hal_prop:s0" dev="tmpfs" ino=278 scontext=u:r:shell:s0 tcontext=u:object_r:vehicle_hal_prop:s0 tclass=file permissive=1
12-11 13:17:10.333 I/getprop ( 1104): type=1400 audit(0.0:3593): avc: denied { getattr } for path="/dev/__properties__/u:object_r:vehicle_hal_prop:s0" dev="tmpfs" ino=278 scontext=u:r:shell:s0 tcontext=u:object_r:vehicle_hal_prop:s0 tclass=file permissive=1
12-11 13:17:10.333 I/getprop ( 1104): type=1400 audit(0.0:3594): avc: denied { map } for path="/dev/__properties__/u:object_r:vehicle_hal_prop:s0" dev="tmpfs" ino=278 scontext=u:r:shell:s0 tcontext=u:object_r:vehicle_hal_prop:s0 tclass=file permissive=1
12-11 13:17:10.333 I/getprop ( 1104): type=1400 audit(0.0:3595): avc: denied { open } for path="/dev/__properties__/u:object_r:vendor_base_prop:s0" dev="tmpfs" ino=279 scontext=u:r:shell:s0 tcontext=u:object_r:vendor_base_prop:s0 tclass=file permissive=1
12-11 13:17:10.333 I/getprop ( 1104): type=1400 audit(0.0:3596): avc: denied { getattr } for path="/dev/__properties__/u:object_r:vendor_base_prop:s0" dev="tmpfs" ino=279 scontext=u:r:shell:s0 tcontext=u:object_r:vendor_base_prop:s0 tclass=file permissive=1
12-11 13:17:10.333 I/getprop ( 1104): type=1400 audit(0.0:3597): avc: denied { map } for path="/dev/__properties__/u:object_r:vendor_base_prop:s0" dev="tmpfs" ino=279 scontext=u:r:shell:s0 tcontext=u:object_r:vendor_base_prop:s0 tclass=file permissive=1
12-11 13:17:10.333 I/getprop ( 1104): type=1400 audit(0.0:3598): avc: denied { open } for path="/dev/__properties__/u:object_r:vendor_bluetooth_prop:s0" dev="tmpfs" ino=280 scontext=u:r:shell:s0 tcontext=u:object_r:vendor_bluetooth_prop:s0 tclass=file permissive=1
12-11 13:17:10.333 I/getprop ( 1104): type=1400 audit(0.0:3599): avc: denied { getattr } for path="/dev/__properties__/u:object_r:vendor_bluetooth_prop:s0" dev="tmpfs" ino=280 scontext=u:r:shell:s0 tcontext=u:object_r:vendor_bluetooth_prop:s0 tclass=file permissive=1
12-11 13:17:10.333 I/getprop ( 1104): type=1400 audit(0.0:3600): avc: denied { map } for path="/dev/__properties__/u:object_r:vendor_bluetooth_prop:s0" dev="tmpfs" ino=280 scontext=u:r:shell:s0 tcontext=u:object_r:vendor_bluetooth_prop:s0 tclass=file permissive=1
12-11 13:17:10.333 I/getprop ( 1104): type=1400 audit(0.0:3601): avc: denied { open } for path="/dev/__properties__/u:object_r:vendor_boot_complete_prop:s0" dev="tmpfs" ino=281 scontext=u:r:shell:s0 tcontext=u:object_r:vendor_boot_complete_prop:s0 tclass=file permissive=1
12-11 13:17:10.333 I/getprop ( 1104): type=1400 audit(0.0:3602): avc: denied { getattr } for path="/dev/__properties__/u:object_r:vendor_boot_complete_prop:s0" dev="tmpfs" ino=281 scontext=u:r:shell:s0 tcontext=u:object_r:vendor_boot_complete_prop:s0 tclass=file permissive=1
12-11 13:17:10.333 I/getprop ( 1104): type=1400 audit(0.0:3603): avc: denied { map } for path="/dev/__properties__/u:object_r:vendor_boot_complete_prop:s0" dev="tmpfs" ino=281 scontext=u:r:shell:s0 tcontext=u:object_r:vendor_boot_complete_prop:s0 tclass=file permissive=1
12-11 13:17:10.333 I/getprop ( 1104): type=1400 audit(0.0:3604): avc: denied { open } for path="/dev/__properties__/u:object_r:vendor_wifi_prop:s0" dev="tmpfs" ino=295 scontext=u:r:shell:s0 tcontext=u:object_r:vendor_wifi_prop:s0 tclass=file permissive=1
12-11 13:17:10.333 I/getprop ( 1104): type=1400 audit(0.0:3605): avc: denied { getattr } for path="/dev/__properties__/u:object_r:vendor_wifi_prop:s0" dev="tmpfs" ino=295 scontext=u:r:shell:s0 tcontext=u:object_r:vendor_wifi_prop:s0 tclass=file permissive=1
12-11 13:17:10.333 I/getprop ( 1104): type=1400 audit(0.0:3606): avc: denied { map } for path="/dev/__properties__/u:object_r:vendor_wifi_prop:s0" dev="tmpfs" ino=295 scontext=u:r:shell:s0 tcontext=u:object_r:vendor_wifi_prop:s0 tclass=file permissive=1
12-11 13:17:10.373 D/NavigationModeController(  840): getCurrentInteractionMode: mode=0 contextUser=0
12-11 13:17:10.373 D/NavigationModeController(  840): getCurrentInteractionMode: mode=0 contextUser=0
12-11 13:17:10.393 E/droid.bluetoot(  821): [1211/131710.393384:ERROR:hal_version_manager.h(125)] HalVersionManager No supported HAL version
12-11 13:17:10.393 I/droid.bluetoot(  821): [1211/131710.393904:INFO:btif_config_cache.cc(61)] BtifConfigCache, capacity: 10000
12-11 13:17:10.405 V/GraphicsEnvironment( 1022): ANGLE Developer option for 'com.android.launcher3' set to: 'default'
12-11 13:17:10.406 V/GraphicsEnvironment( 1022): ANGLE GameManagerService for com.android.launcher3: false
12-11 13:17:10.406 V/GraphicsEnvironment( 1022): Neither updatable production driver nor prerelease driver is supported.
12-11 13:17:10.406 D/NetworkSecurityConfig( 1022): No Network Security Config specified, using platform default
12-11 13:17:10.406 D/NetworkSecurityConfig( 1022): No Network Security Config specified, using platform default
12-11 13:17:10.407 I/DropBoxManagerService(  651): add tag=system_app_strictmode isTagEnabled=true flags=0x2
12-11 13:17:10.407 I/DropBoxManagerService(  651): add tag=system_app_strictmode isTagEnabled=true flags=0x2
12-11 13:17:10.420 E/OMXNodeInstance(  478): getExtensionIndex(0xec5001d0:google.vp8.decoder, OMX.google.android.index.configureVideoTunnelMode) ERROR: UnsupportedIndex(0x8000101a)
12-11 13:17:10.420 D/MediaCodecInfo(  475): detail feature-tunneled-playback wasn't present to remove
12-11 13:17:10.420 E/OMXNodeInstance(  478): getExtensionIndex(0xec5001d0:google.vp8.decoder, OMX.google.android.index.enableAndroidNativeBuffers) ERROR: UnsupportedIndex(0x8000101a)
12-11 13:17:10.421 I/OMXClient(  475): IOmx service obtained
12-11 13:17:10.421 I/OMXStore(  478): makeComponentInstance(OMX.google.vp9.decoder) in android.hardwar process
12-11 13:17:10.422 E/OMXNodeInstance(  478): getExtensionIndex(0xec5001d0:google.vp9.decoder, OMX.google.android.index.configureVideoTunnelMode) ERROR: UnsupportedIndex(0x8000101a)
12-11 13:17:10.422 D/MediaCodecInfo(  475): detail feature-tunneled-playback wasn't present to remove
12-11 13:17:10.422 E/OMXNodeInstance(  478): getExtensionIndex(0xec5001d0:google.vp9.decoder, OMX.google.android.index.enableAndroidNativeBuffers) ERROR: UnsupportedIndex(0x8000101a)
12-11 13:17:10.422 I/OMXClient(  475): IOmx service obtained
12-11 13:17:10.422 I/OMXStore(  478): makeComponentInstance(OMX.google.h264.encoder) in android.hardwar process
12-11 13:17:10.454 D/ControlsListingControllerImpl(  840): Initializing
12-11 13:17:10.455 D/ControlsListingControllerImpl(  840): Subscribing callback, service count: 0
12-11 13:17:10.467 D/StatusBar(  840): Received new disable state. Old: enaihbcrso.qingr | New: enaihbcrso.qingr
12-11 13:17:10.469 E/OverviewProxyService(  840): Failed to get overview proxy for disable flags.
12-11 13:17:10.469 D/NavigationModeController(  840): getCurrentInteractionMode: mode=0 contextUser=0
12-11 13:17:10.469 D/NavigationModeController(  840): getCurrentUserContext: contextUser=0 currentUser=0
12-11 13:17:10.471 E/OverviewProxyService(  840): Failed to get overview proxy to update nav buttons dark intensity
12-11 13:17:10.474 V/GraphicsEnvironment(  955): ANGLE Developer option for 'com.android.settings' set to: 'default'
12-11 13:17:10.474 V/GraphicsEnvironment(  955): ANGLE GameManagerService for com.android.settings: false
12-11 13:17:10.474 V/GraphicsEnvironment(  955): Neither updatable production driver nor prerelease driver is supported.
12-11 13:17:10.474 D/NetworkSecurityConfig(  955): No Network Security Config specified, using platform default
12-11 13:17:10.474 D/NetworkSecurityConfig(  955): No Network Security Config specified, using platform default
12-11 13:17:10.497 I/BluetoothServiceJni(  821): hal_util_load_bt_library: loaded Bluetooth library successfully
12-11 13:17:10.497 D/BluetoothAdapterService(  821): onCreate()
12-11 13:17:10.501 D/AdapterState(  821): make() - Creating AdapterState
12-11 13:17:10.502 I/AdapterState(  821): OFF : entered 
12-11 13:17:10.502 D/AdapterProperties(  821): Setting state to OFF
12-11 13:17:10.502 D/BluetoothKeystoreService(  821): new BluetoothKeystoreService isCommonCriteriaMode: false
12-11 13:17:10.502 D/BluetoothKeystoreService(  821): start
12-11 13:17:10.503 I/droid.bluetoot(  821): [1211/131710.503223:INFO:com_android_bluetooth_btservice_BluetoothKeystore.cpp(97)] classInitNative: succeeds
12-11 13:17:10.503 D/BluetoothKeystoreService(  821): setBluetoothKeystoreService(): set to: com.android.bluetooth.btservice.bluetoothkeystore.BluetoothKeystoreService@74ad4e7
12-11 13:17:10.504 D/BluetoothKeystoreService(  821): loadConfigData
12-11 13:17:10.509 I/droid.bluetoot(  821): [1211/131710.509604:INFO:com_android_bluetooth_btservice_ActivityAttribution.cpp(96)] classInitNative: succeeds
12-11 13:17:10.509 D/BluetoothKeystoreService(  821): getCompareResult: 0
12-11 13:17:10.511 I/bt_btif (  821): system/bt/btif/src/bluetooth.cc:162 init: init: start restricted = 0 ; common criteria mode = 0, config compare result = 0
12-11 13:17:10.511 I/bt      (  821): bt_common::init_flags: Flags loaded: gd_core=false gd_advertising=false gd_scanning=false gd_security=false gd_acl=false gd_l2cap=false gd_hci=false gd_controller=false gatt_robust_caching=false btaa_hci=false gd_rust=false gd_link_policy=false 
12-11 13:17:10.511 I/bt_osi_allocation_tracker(  821): system/bt/osi/src/allocation_tracker.cc:59 allocation_tracker_init: canary initialized
12-11 13:17:10.511 I/droid.bluetoot(  821): [1211/131710.511551:INFO:message_loop_thread.cc(224)] Run: message loop starting for thread bt_stack_manager_thread
12-11 13:17:10.511 I/bt_stack_manager(  821): system/bt/btif/src/stack_manager.cc:210 event_init_stack: is initializing the stack
12-11 13:17:10.544 W/ServiceManager(  651): Permission failure: android.permission.HIGH_SAMPLING_RATE_SENSORS from uid=10070 pid=1022
12-11 13:17:10.546 W/OMXUtils(  475): do not know color format 0x7f000789 = 2130708361
12-11 13:17:10.547 I/OMXClient(  475): IOmx service obtained
12-11 13:17:10.547 I/OMXStore(  478): makeComponentInstance(OMX.google.h263.encoder) in android.hardwar process
12-11 13:17:10.560 E/bt_btif_config(  821): system/bt/btif/src/btif_config.cc:352 btif_config_open: Config is missing adapter section
12-11 13:17:10.560 W/bt_btif_config(  821): system/bt/btif/src/btif_config.cc:272 init: init unable to load config file: /data/misc/bluedroid/bt_config.conf; using backup.
12-11 13:17:10.561 D/CarrierProvider(  951): onCreate
12-11 13:17:10.565 D/StatusBar(  840): mUserSetupObserver - DeviceProvisionedListener called for current user
12-11 13:17:10.565 D/StatusBar(  840): updateQsExpansionEnabled - QS Expand enabled: true
12-11 13:17:10.565 D/OpenGLRenderer(  840): profile bars disabled
12-11 13:17:10.565 D/OpenGLRenderer(  840): ambientRatio = 1.50
12-11 13:17:10.576 D/NotifPipeline(  840): Notif pipeline initialized
12-11 13:17:10.579 V/WifiManager(  840): registerSoftApCallback: callback=com.android.systemui.statusbar.policy.HotspotControllerImpl@f804c97, executor=android.os.HandlerExecutor@4c0ce84
12-11 13:17:10.580 D/ApConfigUtil(  651): Update Softap capability, add client control feature support
12-11 13:17:10.580 D/ApConfigUtil(  651): Update Softap capability, add MAC customization support
12-11 13:17:10.580 D/ApConfigUtil(  651): Update Softap capability, add 2.4G support
12-11 13:17:10.580 D/ApConfigUtil(  651): Update Softap capability, add 5G support
12-11 13:17:10.580 V/WifiManager(  840): SoftApCallbackProxy: send InfoChanged, newInfo: SoftApInfo{bandwidth= 0, frequency= 0, wifiStandard= 0, mApInstanceIdentifier= null, mIdleShutdownTimeoutMillis= 0}
12-11 13:17:10.580 V/WifiManager(  840): SoftApCallbackProxy: send InfoChanged, changedInfoList: []
12-11 13:17:10.580 D/ApConfigUtil(  651): Update Softap capability, max client = 16
12-11 13:17:10.580 V/WifiManager(  840): SoftApCallbackProxy: send onConnectedClientsChanged(clients): []
12-11 13:17:10.581 D/NavigationModeController(  840): getCurrentInteractionMode: mode=0 contextUser=0
12-11 13:17:10.583 W/ActivityThread(  840): Failed to find provider info for com.android.contacts (user not unlocked)
12-11 13:17:10.583 V/SystemUIBootTiming(  840): StartServicescom.android.systemui.statusbar.phone.StatusBar took to complete: 837ms
12-11 13:17:10.585 D/StorageNotification(  840): Notifying about private volume: VolumeInfo{private}:
12-11 13:17:10.585 D/StorageNotification(  840):     type=PRIVATE diskId=null partGuid=null mountFlags=0 mountUserId=-10000 
12-11 13:17:10.585 D/StorageNotification(  840):     state=MOUNTED 
12-11 13:17:10.585 D/StorageNotification(  840):     fsType=null fsUuid=null fsLabel=null 
12-11 13:17:10.585 D/StorageNotification(  840):     path=/data internalPath=null 
12-11 13:17:10.585 V/SystemUIBootTiming(  840): StartServicescom.android.systemui.usb.StorageNotification took to complete: 1ms
12-11 13:17:10.606 D/TouchInteractionService( 1022): Touch service connected: user=0
12-11 13:17:10.606 I/DropBoxManagerService(  651): add tag=system_app_strictmode isTagEnabled=true flags=0x2
12-11 13:17:10.607 I/DropBoxManagerService(  651): add tag=system_app_strictmode isTagEnabled=true flags=0x2
12-11 13:17:10.618 D/SettingsSliceProvider(  955): init
12-11 13:17:10.618 D/SettingsSliceProvider(  955): onCreateSliceProvider
12-11 13:17:10.621 D/EmbeddingCompat(  955): Embedding extension version not found
12-11 13:17:10.621 D/EmbeddingBackend(  955): No supported embedding extension found
12-11 13:17:10.622 D/ActivityEmbeddingUtils(  955): isFlagEnabled = true
12-11 13:17:10.622 D/ActivityEmbeddingUtils(  955): isSplitSupported = false
12-11 13:17:10.622 D/ActivityEmbeddingCtrl(  955): Not support this feature now
12-11 13:17:10.624 D/DeferredSmsMmsRestoreService(  951): startIfFilesExist: no files to restore
12-11 13:17:10.624 D/DeferredSmsMmsRestoreService(  951): addAllSharedPrefToLocalLog
12-11 13:17:10.625 E/bt_btif_config(  821): system/bt/btif/src/btif_config.cc:352 btif_config_open: Config is missing adapter section
12-11 13:17:10.626 W/bt_btif_config(  821): system/bt/btif/src/btif_config.cc:281 init: init unable to load backup; attempting to transcode legacy file.
12-11 13:17:10.626 E/bt_btif_config_transcode(  821): system/bt/btif/src/btif_config_transcode.cc:33 btif_config_transcode: btif_config_transcode unable to load XML file '/data/misc/bluedroid/bt_config.xml': 3
12-11 13:17:10.626 E/bt_btif_config(  821): system/bt/btif/src/btif_config.cc:288 init: init unable to transcode legacy file; creating empty config.
12-11 13:17:10.626 W/droid.bluetoot(  821): [1211/131710.626105:WARNING:btif_config.cc(166)] read_or_set_metrics_salt: Failed to read metrics salt from config
12-11 13:17:10.626 I/droid.bluetoot(  821): [1211/131710.626155:INFO:btif_config.cc(177)] read_or_set_metrics_salt: Metrics salt is not invalid, creating new one
12-11 13:17:10.626 E/bt_osi_alarm(  821): system/bt/osi/src/alarm.cc:683 timer_create_internal: timer_create_internal unable to create timer with clock 9: Operation not supported on transport endpoint
