12-11 13:17:19.322 E/perfetto(  464): ing_service_impl.cc:531 Failed to attach consumer, session 'traceur' not found for uid 10023
12-11 13:17:19.326 D/LoaderTask( 1022): update icon cache
12-11 13:17:19.326 D/LoaderTask( 1022): save shortcuts in icon cache
12-11 13:17:19.326 D/LoaderTask( 1022): step 2 complete
12-11 13:17:19.327 D/LoaderTask( 1022): loadDeepShortcuts
12-11 13:17:19.327 D/LoaderTask( 1022): bindDeepShortcuts
12-11 13:17:19.327 D/LoaderTask( 1022): save deep shortcuts in icon cache
12-11 13:17:19.328 D/CompatibilityChangeReporter(  651): Compat change id reported: 168419799; UID 1000; state: DISABLED
12-11 13:17:19.328 D/NetworkSecurityConfig(  651): No Network Security Config specified, using platform default
12-11 13:17:19.328 W/nsconfig(  651): system: New config does not match the previously set config.
12-11 13:17:19.328 D/LoaderTask( 1022): step 3 complete
12-11 13:17:19.329 I/RecoverySystem(  651): No recovery log file
12-11 13:17:19.332 I/DropBoxManagerService(  651): add tag=SYSTEM_BOOT isTagEnabled=true flags=0x2
12-11 13:17:19.332 I/BootReceiver(  651): Copying audit failures to DropBox
12-11 13:17:19.333 I/BootReceiver(  651): Checking for fsck errors
12-11 13:17:19.333 I/BootReceiver(  651): fs_stat, partition:cache stat:0x3
12-11 13:17:19.333 I/BootReceiver(  651): fs_stat, partition:userdata stat:0x3
12-11 13:17:19.334 D/StressTest( 1414): =========onReceive===rebootFlag:0
12-11 13:17:19.335 D/CompatibilityChangeReporter(  651): Compat change id reported: 135634846; UID 1000; state: DISABLED
12-11 13:17:19.335 D/CompatibilityChangeReporter(  651): Compat change id reported: 177438394; UID 1000; state: DISABLED
12-11 13:17:19.335 D/CompatibilityChangeReporter(  651): Compat change id reported: 135772972; UID 1000; state: DISABLED
12-11 13:17:19.335 D/CompatibilityChangeReporter(  651): Compat change id reported: 135754954; UID 1000; state: DISABLED
12-11 13:17:19.342 D/Zygote  (  403): Forked child process 1623
12-11 13:17:19.342 I/ActivityManager(  651): Start proc 1623:com.rockchip.devicetest/1000 for broadcast {com.rockchip.devicetest/com.rockchip.devicetest.BootReceiver}
12-11 13:17:19.343 D/CompatibilityChangeReporter(  651): Compat change id reported: 135634846; UID 10014; state: DISABLED
12-11 13:17:19.343 D/CompatibilityChangeReporter(  651): Compat change id reported: 177438394; UID 10014; state: DISABLED
12-11 13:17:19.343 D/CompatibilityChangeReporter(  651): Compat change id reported: 135772972; UID 10014; state: DISABLED
12-11 13:17:19.343 D/CompatibilityChangeReporter(  651): Compat change id reported: 135754954; UID 10014; state: ENABLED
12-11 13:17:19.343 D/CompatibilityChangeReporter(  651): Compat change id reported: 143937733; UID 10014; state: ENABLED
12-11 13:17:19.344 D/LoaderTask( 1022): load widgets
12-11 13:17:19.345 I/Zygote  ( 1623): seccomp disabled by setenforce 0
12-11 13:17:19.345 I/libc    ( 1623): SetHeapTaggingLevel: tag level set to 0
12-11 13:17:19.349 D/LoaderTask( 1022): bindWidgets
12-11 13:17:19.350 D/Zygote  (  403): Forked child process 1631
12-11 13:17:19.350 D/LoaderTask( 1022): save widgets in icon cache
12-11 13:17:19.350 I/ActivityManager(  651): Start proc 1631:android.process.media/u0a14 for content provider {com.android.providers.downloads/com.android.providers.downloads.DownloadProvider}
12-11 13:17:19.351 I/adbd    (  460): jdwp connection from 1623
12-11 13:17:19.353 I/Zygote  ( 1631): seccomp disabled by setenforce 0
12-11 13:17:19.357 D/CompatibilityChangeReporter( 1623): Compat change id reported: 171979766; UID 1000; state: DISABLED
12-11 13:17:19.358 I/adbd    (  460): jdwp connection from 1631
12-11 13:17:19.360 D/ApplicationLoaders( 1623): Returning zygote-cached class loader: /system/framework/android.test.base.jar
12-11 13:17:19.360 D/ApplicationLoaders( 1623): Returning zygote-cached class loader: /system/framework/android.hidl.manager-V1.0-java.jar
12-11 13:17:19.360 D/ApplicationLoaders( 1623): Returning zygote-cached class loader: /system/framework/android.hidl.base-V1.0-java.jar
12-11 13:17:19.363 D/CompatibilityChangeReporter(  651): Compat change id reported: 168419799; UID 10014; state: DISABLED
12-11 13:17:19.365 I/netd    (  402): bandwidthAddNiceApp(10014) <0.05ms>
12-11 13:17:19.365 D/CompatibilityChangeReporter( 1631): Compat change id reported: 171979766; UID 10014; state: ENABLED
12-11 13:17:19.385 V/GraphicsEnvironment( 1623): ANGLE Developer option for 'com.rockchip.devicetest' set to: 'default'
12-11 13:17:19.386 V/GraphicsEnvironment( 1623): ANGLE GameManagerService for com.rockchip.devicetest: false
12-11 13:17:19.386 V/GraphicsEnvironment( 1623): Neither updatable production driver nor prerelease driver is supported.
12-11 13:17:19.386 V/GraphicsEnvironment( 1631): ANGLE Developer option for 'com.android.providers.downloads' set to: 'default'
12-11 13:17:19.387 D/NetworkSecurityConfig( 1623): No Network Security Config specified, using platform default
12-11 13:17:19.387 V/GraphicsEnvironment( 1631): ANGLE GameManagerService for com.android.providers.downloads: false
12-11 13:17:19.387 D/LoaderTask( 1022): finish icon update
12-11 13:17:19.387 V/GraphicsEnvironment( 1631): Neither updatable production driver nor prerelease driver is supported.
12-11 13:17:19.387 D/NetworkSecurityConfig( 1623): No Network Security Config specified, using platform default
12-11 13:17:19.387 D/NetworkSecurityConfig( 1631): No Network Security Config specified, using platform default
12-11 13:17:19.387 D/NetworkSecurityConfig( 1631): No Network Security Config specified, using platform default
12-11 13:17:19.388 D/QuickstepModelDelegate( 1022): Successfully registered for launcher snapshot logging!
12-11 13:17:19.388 W/Binder  (  651): Caught a RuntimeException from the binder stub implementation.
12-11 13:17:19.388 W/Binder  (  651): java.lang.SecurityException: Need REGISTER_STATS_PULL_ATOM permission.: Neither user 10070 nor current process has android.permission.REGISTER_STATS_PULL_ATOM.
12-11 13:17:19.388 W/Binder  (  651): 	at android.app.ContextImpl.enforce(ContextImpl.java:2195)
12-11 13:17:19.388 W/Binder  (  651): 	at android.app.ContextImpl.enforceCallingOrSelfPermission(ContextImpl.java:2223)
12-11 13:17:19.388 W/Binder  (  651): 	at com.android.server.stats.StatsManagerService.enforceRegisterStatsPullAtomPermission(StatsManagerService.java:520)
12-11 13:17:19.388 W/Binder  (  651): 	at com.android.server.stats.StatsManagerService.registerPullAtomCallback(StatsManagerService.java:175)
12-11 13:17:19.388 W/Binder  (  651): 	at android.os.IStatsManagerService$Stub.onTransact(IStatsManagerService.java:337)
12-11 13:17:19.388 W/Binder  (  651): 	at android.os.Binder.execTransactInternal(Binder.java:1184)
12-11 13:17:19.388 W/Binder  (  651): 	at android.os.Binder.execTransact(Binder.java:1143)
12-11 13:17:19.389 W/ContextImpl( 1623): Calling a method in the system process without a qualified user: android.app.ContextImpl.startService:1825 android.content.ContextWrapper.startService:776 android.content.ContextWrapper.startService:776 com.rockchip.devicetest.BootReceiver.onReceive:41 android.app.ActivityThread.handleReceiver:4375 
12-11 13:17:19.391 D/CompatibilityChangeReporter(  651): Compat change id reported: 135634846; UID 10055; state: DISABLED
12-11 13:17:19.391 D/CompatibilityChangeReporter(  651): Compat change id reported: 177438394; UID 10055; state: DISABLED
12-11 13:17:19.391 D/CompatibilityChangeReporter(  651): Compat change id reported: 135772972; UID 10055; state: DISABLED
12-11 13:17:19.391 D/CompatibilityChangeReporter(  651): Compat change id reported: 135754954; UID 10055; state: DISABLED
12-11 13:17:19.391 D/CompatibilityChangeReporter(  651): Compat change id reported: 143937733; UID 10055; state: DISABLED
12-11 13:17:19.392 D/TestService( 1623): Rock Recv boot action. 28614
12-11 13:17:19.400 D/Zygote  (  403): Forked child process 1661
12-11 13:17:19.401 I/ActivityManager(  651): Start proc 1661:com.android.dialer/u0a55 for broadcast {com.android.dialer/com.android.dialer.app.calllog.CallLogReceiver}
12-11 13:17:19.403 I/Zygote  ( 1661): seccomp disabled by setenforce 0
12-11 13:17:19.403 I/libc    ( 1661): SetHeapTaggingLevel: tag level set to 0
12-11 13:17:19.407 I/adbd    (  460): jdwp connection from 1661
12-11 13:17:19.410 D/CompatibilityChangeReporter(  651): Compat change id reported: 168419799; UID 10055; state: DISABLED
12-11 13:17:19.414 D/CompatibilityChangeReporter( 1661): Compat change id reported: 171979766; UID 10055; state: DISABLED
12-11 13:17:19.415 D/TestService( 1623): Rock check storage 0
12-11 13:17:19.418 D/ApplicationLoaders( 1661): Returning zygote-cached class loader: /system/framework/android.test.base.jar
12-11 13:17:19.441 D/nativeloader( 1661): classloader namespace configured for unbundled product apk. library_path=/product/priv-app/Dialer/lib/arm64:/product/lib64:/system/product/lib64
12-11 13:17:19.471 W/HdmiCecController(  651): Failed to send <Set Osd Name> 40:47 <Redacted len=11> with errorCode=3
12-11 13:17:19.471 I/hdmicec (  418): send msg LEN:2,opcode:7d,addr:45
12-11 13:17:19.471 E/hdmicec (  418): ioctl err:-1 Machine is not on the network
12-11 13:17:19.516 V/GraphicsEnvironment( 1661): ANGLE Developer option for 'com.android.dialer' set to: 'default'
12-11 13:17:19.517 V/GraphicsEnvironment( 1661): ANGLE GameManagerService for com.android.dialer: false
12-11 13:17:19.517 V/GraphicsEnvironment( 1661): Neither updatable production driver nor prerelease driver is supported.
12-11 13:17:19.517 D/NetworkSecurityConfig( 1661): No Network Security Config specified, using platform default
12-11 13:17:19.518 D/NetworkSecurityConfig( 1661): No Network Security Config specified, using platform default
12-11 13:17:19.526 D/b/223498680( 1022): Launcher onInitialBindComplete onEnd
12-11 13:17:19.584 V/PerfettoTrigger(  840): Triggering /system/bin/trigger_perfetto com.android.telemetry.interaction-jank-monitor-12
12-11 13:17:19.618 I/GenericSource(  475): start
12-11 13:17:19.618 D/MediaRouter(  840): onRestoreRoute() : route=RouteInfo{ name=Tablet, description=null, status=null, category=RouteCategory{ name=System types=ROUTE_TYPE_LIVE_AUDIO ROUTE_TYPE_LIVE_VIDEO  groupable=false }, supportedTypes=ROUTE_TYPE_LIVE_AUDIO ROUTE_TYPE_LIVE_VIDEO , presentationDisplay=Display id 2: DisplayInfo{"HDMI Screen", displayId 2", displayGroupId 0, FLAG_SECURE, FLAG_SUPPORTS_PROTECTED_BUFFERS, FLAG_PRESENTATION, FLAG_TRUSTED, real 800 x 1280, largest app 1280 x 1280, smallest app 800 x 800, appVsyncOff 1000000, presDeadline 16666666, mode 2, defaultMode 2, modes [{id=2, width=800, height=1280, fps=60.000004, alternativeRefreshRates=[]}], hdrCapabilities HdrCapabilities{mSupportedHdrTypes=[], mMaxLuminance=500.0, mMaxAverageLuminance=500.0, mMinLuminance=0.0}, userDisabledHdrTypes [], minimalPostProcessingSupported false, rotation 0, state ON}, DisplayMetrics{density=1.5, width=800, height=1280, scaledDensity=1.5, xdpi=160.0, ydpi=163.376}, isValid=true }
12-11 13:17:19.618 V/MediaRouter(  840): Selecting route: RouteInfo{ name=Tablet, description=null, status=null, category=RouteCategory{ name=System types=ROUTE_TYPE_LIVE_AUDIO ROUTE_TYPE_LIVE_VIDEO  groupable=false }, supportedTypes=ROUTE_TYPE_LIVE_AUDIO ROUTE_TYPE_LIVE_VIDEO , presentationDisplay=Display id 2: DisplayInfo{"HDMI Screen", displayId 2", displayGroupId 0, FLAG_SECURE, FLAG_SUPPORTS_PROTECTED_BUFFERS, FLAG_PRESENTATION, FLAG_TRUSTED, real 800 x 1280, largest app 1280 x 1280, smallest app 800 x 800, appVsyncOff 1000000, presDeadline 16666666, mode 2, defaultMode 2, modes [{id=2, width=800, height=1280, fps=60.000004, alternativeRefreshRates=[]}], hdrCapabilities HdrCapabilities{mSupportedHdrTypes=[], mMaxLuminance=500.0, mMaxAverageLuminance=500.0, mMinLuminance=0.0}, userDisabledHdrTypes [], minimalPostProcessingSupported false, rotation 0, state ON}, DisplayMetrics{density=1.5, width=800, height=1280, scaledDensity=1.5, xdpi=160.0, ydpi=163.376}, isValid=true }
12-11 13:17:19.620 I/Dialer  ( 1661): DialerExecutorModule.newThread - creating low priority thread
12-11 13:17:19.621 D/CCodec  (  475): allocate(c2.android.vorbis.decoder)
12-11 13:17:19.623 I/CCodec  (  475): setting up 'default' as default (vendor) store
12-11 13:17:19.623 V/C2Store (  480): in init
12-11 13:17:19.623 V/C2Store (  480): loading dll
12-11 13:17:19.625 I/CCodec  (  475): Created component [c2.android.vorbis.decoder]
12-11 13:17:19.625 D/CCodecConfig(  475): read media type: audio/vorbis
12-11 13:17:19.628 I/Dialer  ( 1661): CallLogConfigImpl.schedulePollingJob - scheduling
12-11 13:17:19.628 D/ReflectedParamUpdater(  475): extent() != 1 for single value type: algo.buffers.max-count.values
12-11 13:17:19.628 D/ReflectedParamUpdater(  475): extent() != 1 for single value type: output.subscribed-indices.values
12-11 13:17:19.628 D/ReflectedParamUpdater(  475): extent() != 1 for single value type: input.buffers.allocator-ids.values
12-11 13:17:19.628 D/ReflectedParamUpdater(  475): extent() != 1 for single value type: output.buffers.allocator-ids.values
12-11 13:17:19.628 D/ReflectedParamUpdater(  475): extent() != 1 for single value type: algo.buffers.allocator-ids.values
12-11 13:17:19.628 D/ReflectedParamUpdater(  475): extent() != 1 for single value type: output.buffers.pool-ids.values
12-11 13:17:19.628 D/ReflectedParamUpdater(  475): extent() != 1 for single value type: algo.buffers.pool-ids.values
12-11 13:17:19.630 I/CCodecConfig(  475): query failed after returning 7 values (BAD_INDEX)
12-11 13:17:19.630 I/Dialer  ( 1661): DialerApplication.initializeAnnotatedCallLog - framework not enabled
12-11 13:17:19.630 D/CCodecConfig(  475): c2 config diff is Dict {
12-11 13:17:19.630 D/CCodecConfig(  475):   c2::u32 coded.bitrate.value = 64000
12-11 13:17:19.630 D/CCodecConfig(  475):   c2::u32 input.buffers.max-size.value = 32768
12-11 13:17:19.630 D/CCodecConfig(  475):   c2::u32 input.delay.value = 0
12-11 13:17:19.630 D/CCodecConfig(  475):   string input.media-type.value = "audio/vorbis"
12-11 13:17:19.630 D/CCodecConfig(  475):   string output.media-type.value = "audio/raw"
12-11 13:17:19.630 D/CCodecConfig(  475):   c2::u32 raw.channel-count.value = 1
12-11 13:17:19.630 D/CCodecConfig(  475):   c2::u32 raw.sample-rate.value = 48000
12-11 13:17:19.630 D/CCodecConfig(  475): }
12-11 13:17:19.630 D/CCodec  (  475): [c2.android.vorbis.decoder] buffers are bound to CCodec for this session
12-11 13:17:19.630 D/CCodecConfig(  475): no c2 equivalents for durationUs
12-11 13:17:19.630 D/CCodecConfig(  475): no c2 equivalents for csd-1
12-11 13:17:19.630 D/CCodecConfig(  475): no c2 equivalents for channel-mask
12-11 13:17:19.630 D/CCodecConfig(  475): no c2 equivalents for flags
12-11 13:17:19.631 D/CCodecConfig(  475): c2 config diff is   c2::u32 coded.bitrate.value = 80000
12-11 13:17:19.631 D/CCodecConfig(  475):   c2::u32 raw.sample-rate.value = 44100
12-11 13:17:19.631 W/Codec2Client(  475): query -- param skipped: index = 1107298332.
12-11 13:17:19.631 D/CCodec  (  475): setup formats input: AMessage(what = 0x00000000) = {
12-11 13:17:19.631 D/CCodec  (  475):   int32_t bitrate = 80000
12-11 13:17:19.631 D/CCodec  (  475):   int32_t channel-count = 1
12-11 13:17:19.631 D/CCodec  (  475):   int32_t max-input-size = 32768
12-11 13:17:19.631 D/CCodec  (  475):   string mime = "audio/vorbis"
12-11 13:17:19.631 D/CCodec  (  475):   int32_t sample-rate = 44100
12-11 13:17:19.631 D/CCodec  (  475): }
12-11 13:17:19.631 D/CCodec  (  475): setup formats output: AMessage(what = 0x00000000) = {
12-11 13:17:19.631 D/CCodec  (  475):   int32_t channel-count = 1
12-11 13:17:19.631 D/CCodec  (  475):   string mime = "audio/raw"
12-11 13:17:19.631 D/CCodec  (  475):   int32_t sample-rate = 44100
12-11 13:17:19.631 D/CCodec  (  475):   int32_t channel-mask = 1
12-11 13:17:19.631 D/CCodec  (  475): }
12-11 13:17:19.632 I/CCodecConfig(  475): query failed after returning 7 values (BAD_INDEX)
12-11 13:17:19.632 I/MediaCodec(  475): MediaCodec will operate in async mode
12-11 13:17:19.632 D/MediaCodec(  475): keep callback message for reclaim
12-11 13:17:19.632 W/Codec2Client(  475): query -- param skipped: index = 1342179345.
12-11 13:17:19.632 W/Codec2Client(  475): query -- param skipped: index = 2415921170.
12-11 13:17:19.633 D/C2Store (  475): Using DMABUF Heaps
12-11 13:17:19.634 D/CCodecBufferChannel(  475): [c2.android.vorbis.decoder#91] Created input block pool with allocatorID 16 => poolID 17 - OK (0)
12-11 13:17:19.634 D/BufferPoolAccessor2.0(  651): Destruction - bufferpool2 0xb40000707ab8ab48 cached: 0/0M, 0/0% in use; allocs: 7, 14% recycled; transfers: 24, 75% unfetched
12-11 13:17:19.634 D/BufferPoolAccessor2.0(  651): Destruction - bufferpool2 0xb40000707ab8c268 cached: 0/0M, 0/0% in use; allocs: 7, 14% recycled; transfers: 18, 67% unfetched
12-11 13:17:19.635 D/BufferPoolAccessor2.0(  651): Destruction - bufferpool2 0xb40000707ab8a458 cached: 0/0M, 0/0% in use; allocs: 7, 29% recycled; transfers: 24, 79% unfetched
12-11 13:17:19.635 D/BufferPoolAccessor2.0(  651): Destruction - bufferpool2 0xb40000707ab839f8 cached: 0/0M, 0/0% in use; allocs: 7, 14% recycled; transfers: 34, 82% unfetched
12-11 13:17:19.635 D/BufferPoolAccessor2.0(  651): Destruction - bufferpool2 0xb40000707ab8d048 cached: 0/0M, 0/0% in use; allocs: 7, 14% recycled; transfers: 26, 65% unfetched
12-11 13:17:19.635 D/BufferPoolAccessor2.0(  651): Destruction - bufferpool2 0xb40000707ab88d38 cached: 0/0M, 0/0% in use; allocs: 7, 29% recycled; transfers: 34, 74% unfetched
12-11 13:17:19.635 D/BufferPoolAccessor2.0(  840): Destruction - bufferpool2 0xb40000707ab65b48 cached: 0/0M, 0/0% in use; allocs: 7, 14% recycled; transfers: 38, 63% unfetched
12-11 13:17:19.635 I/CCodecBufferChannel(  475): [c2.android.vorbis.decoder#91] Created output block pool with allocatorID 16 => poolID 26 - OK
12-11 13:17:19.635 D/BufferPoolAccessor2.0(  840): Destruction - bufferpool2 0xb40000707ab60ef8 cached: 0/0M, 0/0% in use; allocs: 7, 14% recycled; transfers: 36, 69% unfetched
12-11 13:17:19.635 D/CCodecBufferChannel(  475): [c2.android.vorbis.decoder#91] Configured output block pool ids 26 => OK
12-11 13:17:19.635 D/BufferPoolAccessor2.0(  840): Destruction - bufferpool2 0xb40000707ab61cd8 cached: 0/0M, 0/0% in use; allocs: 7, 29% recycled; transfers: 18, 72% unfetched
12-11 13:17:19.635 I/DMABUFHEAPS(  475): Using DMA-BUF heap named: system
12-11 13:17:19.636 D/SimpleC2Component(  480): Using output block pool with poolID 26 => got 26 - 0
12-11 13:17:19.639 D/RKMultiAudio(  475): multiaudio_A 34 sessionid:97
12-11 13:17:19.639 D/AudioTrack(  475): flags: 0x0
12-11 13:17:19.640 D/AudioFlinger(  426): Client defaulted notificationFrames to 11025 for frameCount 22050
12-11 13:17:19.640 I/Dialer  ( 1661): DialerExecutorModule.newThread - creating low priority thread
12-11 13:17:19.641 D/AF::TrackHandle(  426): OpPlayAudio: track:55 usage:5 not muted
12-11 13:17:19.641 I/Dialer  ( 1661): VisualVoicemailUpdateTask.updateNotification - enter
12-11 13:17:19.641 D/RKMultiAudio(  475): multiaudio_B 64
12-11 13:17:19.653 D/modules.primary.audio_hal(  406): card0 id:rockchipes8316
12-11 13:17:19.653 D/modules.primary.audio_hal(  406): card1 id:rockchiphdmi0
12-11 13:17:19.653 D/modules.primary.audio_hal(  406): HDMI card, got card=1,device=0
12-11 13:17:19.653 D/modules.primary.audio_hal(  406): dump out device info
12-11 13:17:19.653 D/modules.primary.audio_hal(  406): dev_info HDMI  card=1, device:0
12-11 13:17:19.653 D/modules.primary.audio_hal(  406): start_output_stream: i = 0, device = 0x2
12-11 13:17:19.653 E/alsa_route(  406): route_pcm_card_open() card -1 error!
12-11 13:17:19.653 E/modules.primary.audio_hal(  406): invalid card num.
12-11 13:17:19.653 D/modules.primary.audio_hal(  406): card0 id:rockchipes8316
12-11 13:17:19.653 D/modules.primary.audio_hal(  406): card1 id:rockchiphdmi0
12-11 13:17:19.653 D/modules.primary.audio_hal(  406): dump out device info
12-11 13:17:19.653 D/modules.primary.audio_hal(  406): dev_info HDMI  card=1, device:0
12-11 13:17:19.653 D/modules.primary.audio_hal(  406): start_output_stream: i = 0, device = 0x2
12-11 13:17:19.653 E/alsa_route(  406): route_pcm_card_open() card -1 error!
12-11 13:17:19.653 E/modules.primary.audio_hal(  406): invalid card num.
12-11 13:17:19.653 D/modules.primary.audio_hal(  406): card0 id:rockchipes8316
12-11 13:17:19.653 D/modules.primary.audio_hal(  406): card1 id:rockchiphdmi0
12-11 13:17:19.653 D/modules.primary.audio_hal(  406): dump out device info
12-11 13:17:19.653 D/modules.primary.audio_hal(  406): dev_info HDMI  card=1, device:0
12-11 13:17:19.653 D/modules.primary.audio_hal(  406): start_output_stream: i = 0, device = 0x2
12-11 13:17:19.653 E/alsa_route(  406): route_pcm_card_open() card -1 error!
12-11 13:17:19.653 E/modules.primary.audio_hal(  406): invalid card num.
12-11 13:17:19.653 D/modules.primary.audio_hal(  406): card0 id:rockchipes8316
12-11 13:17:19.653 D/modules.primary.audio_hal(  406): card1 id:rockchiphdmi0
12-11 13:17:19.653 D/modules.primary.audio_hal(  406): dump out device info
12-11 13:17:19.653 D/modules.primary.audio_hal(  406): dev_info HDMI  card=1, device:0
12-11 13:17:19.653 D/modules.primary.audio_hal(  406): start_output_stream: i = 0, device = 0x2
12-11 13:17:19.653 E/alsa_route(  406): route_pcm_card_open() card -1 error!
12-11 13:17:19.653 E/modules.primary.audio_hal(  406): invalid card num.
12-11 13:17:19.653 D/modules.primary.audio_hal(  406): card0 id:rockchipes8316
12-11 13:17:19.653 D/modules.primary.audio_hal(  406): card1 id:rockchiphdmi0
12-11 13:17:19.654 D/modules.primary.audio_hal(  406): dump out device info
12-11 13:17:19.654 D/modules.primary.audio_hal(  406): dev_info HDMI  card=1, device:0
12-11 13:17:19.654 D/modules.primary.audio_hal(  406): start_output_stream: i = 0, device = 0x2
12-11 13:17:19.654 E/alsa_route(  406): route_pcm_card_open() card -1 error!
12-11 13:17:19.654 E/modules.primary.audio_hal(  406): invalid card num.
12-11 13:17:19.654 D/modules.primary.audio_hal(  406): card0 id:rockchipes8316
12-11 13:17:19.654 D/modules.primary.audio_hal(  406): card1 id:rockchiphdmi0
12-11 13:17:19.654 D/modules.primary.audio_hal(  406): dump out device info
12-11 13:17:19.654 D/modules.primary.audio_hal(  406): dev_info HDMI  card=1, device:0
12-11 13:17:19.654 D/modules.primary.audio_hal(  406): start_output_stream: i = 0, device = 0x2
12-11 13:17:19.654 E/alsa_route(  406): route_pcm_card_open() card -1 error!
12-11 13:17:19.654 E/modules.primary.audio_hal(  406): invalid card num.
12-11 13:17:19.654 D/modules.primary.audio_hal(  406): card0 id:rockchipes8316
12-11 13:17:19.654 D/modules.primary.audio_hal(  406): card1 id:rockchiphdmi0
12-11 13:17:19.654 D/modules.primary.audio_hal(  406): dump out device info
12-11 13:17:19.654 D/modules.primary.audio_hal(  406): dev_info HDMI  card=1, device:0
12-11 13:17:19.654 D/modules.primary.audio_hal(  406): start_output_stream: i = 0, device = 0x2
12-11 13:17:19.654 E/alsa_route(  406): route_pcm_card_open() card -1 error!
12-11 13:17:19.654 E/modules.primary.audio_hal(  406): invalid card num.
12-11 13:17:19.654 D/modules.primary.audio_hal(  406): card0 id:rockchipes8316
12-11 13:17:19.654 D/modules.primary.audio_hal(  406): card1 id:rockchiphdmi0
12-11 13:17:19.654 D/modules.primary.audio_hal(  406): dump out device info
12-11 13:17:19.654 D/modules.primary.audio_hal(  406): dev_info HDMI  card=1, device:0
12-11 13:17:19.654 D/modules.primary.audio_hal(  406): start_output_stream: i = 0, device = 0x2
12-11 13:17:19.654 E/alsa_route(  406): route_pcm_card_open() card -1 error!
12-11 13:17:19.654 E/modules.primary.audio_hal(  406): invalid card num.
12-11 13:17:19.654 D/modules.primary.audio_hal(  406): card0 id:rockchipes8316
12-11 13:17:19.654 D/modules.primary.audio_hal(  406): card1 id:rockchiphdmi0
12-11 13:17:19.654 D/modules.primary.audio_hal(  406): dump out device info
12-11 13:17:19.654 D/modules.primary.audio_hal(  406): dev_info HDMI  card=1, device:0
12-11 13:17:19.654 D/modules.primary.audio_hal(  406): start_output_stream: i = 0, device = 0x2
12-11 13:17:19.654 E/alsa_route(  406): route_pcm_card_open() card -1 error!
12-11 13:17:19.654 E/modules.primary.audio_hal(  406): invalid card num.
12-11 13:17:19.654 D/modules.primary.audio_hal(  406): card0 id:rockchipes8316
12-11 13:17:19.654 D/modules.primary.audio_hal(  406): card1 id:rockchiphdmi0
12-11 13:17:19.654 D/modules.primary.audio_hal(  406): dump out device info
12-11 13:17:19.654 D/modules.primary.audio_hal(  406): dev_info HDMI  card=1, device:0
12-11 13:17:19.654 D/modules.primary.audio_hal(  406): start_output_stream: i = 0, device = 0x2
12-11 13:17:19.654 E/alsa_route(  406): route_pcm_card_open() card -1 error!
12-11 13:17:19.654 E/modules.primary.audio_hal(  406): invalid card num.
12-11 13:17:19.656 I/Dialer  ( 1661): VisualVoicemailUpdateTask.updateNotification - no voicemails to notify about
12-11 13:17:19.656 I/Dialer  ( 1661): VisualVoicemailNotifier.cancelAllVoicemailNotifications - enter
12-11 13:17:19.656 I/Dialer  ( 1661): VoicemailNotificationJobService.scheduleJob - job canceled
12-11 13:17:19.656 I/Dialer  ( 1661): VisualVoicemailUpdateTask.scheduleTask - update successful
12-11 13:17:19.658 D/WifiSleepController(  651): onReceive, action=android.intent.action.BOOT_COMPLETED
12-11 13:17:19.658 D/WifiSleepController(  651): mWifiSleepFlag is false
12-11 13:17:19.658 D/WifiSleepController(  651): mBtSleepFlag is false
12-11 13:17:19.659 I/Telecom (  651): DefaultDialerCache: Refreshing default dialer for user 0: now com.android.dialer: DDC.oR@AA8
12-11 13:17:19.660 D/CarrierConfigLoader(  951): mHandler: EVENT_SYSTEM_UNLOCKED phoneId: 0
12-11 13:17:19.662 D/CompatibilityChangeReporter(  651): Compat change id reported: 168419799; UID 1001; state: DISABLED
12-11 13:17:19.663 I/Telecom (  651): MissedCallNotifierImpl: reloadAfterBootComplete: user=0: TSBCR.oR@ABA
12-11 13:17:19.664 D/modules.primary.audio_hal(  406): card0 id:rockchipes8316
12-11 13:17:19.664 D/modules.primary.audio_hal(  406): card1 id:rockchiphdmi0
12-11 13:17:19.664 D/modules.primary.audio_hal(  406): dump out device info
12-11 13:17:19.664 D/modules.primary.audio_hal(  406): dev_info HDMI  card=1, device:0
12-11 13:17:19.664 D/modules.primary.audio_hal(  406): start_output_stream: i = 0, device = 0x2
12-11 13:17:19.664 E/alsa_route(  406): route_pcm_card_open() card -1 error!
12-11 13:17:19.664 E/modules.primary.audio_hal(  406): invalid card num.
12-11 13:17:19.664 W/StreamHAL(  406): Error from HAL stream in function get_presentation_position: Operation not permitted
12-11 13:17:19.664 D/modules.primary.audio_hal(  406): card0 id:rockchipes8316
12-11 13:17:19.664 D/modules.primary.audio_hal(  406): card1 id:rockchiphdmi0
12-11 13:17:19.664 D/modules.primary.audio_hal(  406): dump out device info
12-11 13:17:19.664 D/modules.primary.audio_hal(  406): dev_info HDMI  card=1, device:0
12-11 13:17:19.664 D/modules.primary.audio_hal(  406): start_output_stream: i = 0, device = 0x2
12-11 13:17:19.664 E/alsa_route(  406): route_pcm_card_open() card -1 error!
12-11 13:17:19.664 E/modules.primary.audio_hal(  406): invalid card num.
12-11 13:17:19.664 W/StreamHAL(  406): Error from HAL stream in function get_presentation_position: Operation not permitted
12-11 13:17:19.664 I/Telecom (  651): MissedCallNotifierImpl: reloadAfterBootComplete: user=0: TSBCR.oR@ABA
12-11 13:17:19.665 D/CompatibilityChangeReporter(  651): Compat change id reported: 135634846; UID 1000; state: DISABLED
12-11 13:17:19.665 D/CompatibilityChangeReporter(  651): Compat change id reported: 177438394; UID 1000; state: DISABLED
12-11 13:17:19.665 D/CompatibilityChangeReporter(  651): Compat change id reported: 135772972; UID 1000; state: DISABLED
12-11 13:17:19.665 D/CompatibilityChangeReporter(  651): Compat change id reported: 135754954; UID 1000; state: DISABLED
12-11 13:17:19.673 D/Zygote  (  403): Forked child process 1705
12-11 13:17:19.673 I/ActivityManager(  651): Start proc 1705:android.rockchip.update.service/1000 for broadcast {android.rockchip.update.service/android.rockchip.update.service.RKUpdateReceiver}
12-11 13:17:19.674 D/modules.primary.audio_hal(  406): card0 id:rockchipes8316
12-11 13:17:19.674 D/modules.primary.audio_hal(  406): card1 id:rockchiphdmi0
12-11 13:17:19.674 D/modules.primary.audio_hal(  406): dump out device info
12-11 13:17:19.674 D/modules.primary.audio_hal(  406): dev_info HDMI  card=1, device:0
12-11 13:17:19.674 D/modules.primary.audio_hal(  406): start_output_stream: i = 0, device = 0x2
12-11 13:17:19.674 E/alsa_route(  406): route_pcm_card_open() card -1 error!
12-11 13:17:19.674 E/modules.primary.audio_hal(  406): invalid card num.
12-11 13:17:19.674 W/StreamHAL(  406): Error from HAL stream in function get_presentation_position: Operation not permitted
12-11 13:17:19.674 D/modules.primary.audio_hal(  406): card0 id:rockchipes8316
12-11 13:17:19.674 D/modules.primary.audio_hal(  406): card1 id:rockchiphdmi0
12-11 13:17:19.674 D/modules.primary.audio_hal(  406): dump out device info
12-11 13:17:19.674 D/modules.primary.audio_hal(  406): dev_info HDMI  card=1, device:0
12-11 13:17:19.674 D/modules.primary.audio_hal(  406): start_output_stream: i = 0, device = 0x2
12-11 13:17:19.674 E/alsa_route(  406): route_pcm_card_open() card -1 error!
12-11 13:17:19.674 E/modules.primary.audio_hal(  406): invalid card num.
12-11 13:17:19.674 W/StreamHAL(  406): Error from HAL stream in function get_presentation_position: Operation not permitted
12-11 13:17:19.675 I/Zygote  ( 1705): seccomp disabled by setenforce 0
12-11 13:17:19.675 I/libc    ( 1705): SetHeapTaggingLevel: tag level set to 0
12-11 13:17:19.681 I/adbd    (  460): jdwp connection from 1705
12-11 13:17:19.683 D/modules.primary.audio_hal(  406): card0 id:rockchipes8316
12-11 13:17:19.683 D/modules.primary.audio_hal(  406): card1 id:rockchiphdmi0
12-11 13:17:19.683 D/modules.primary.audio_hal(  406): dump out device info
12-11 13:17:19.683 D/modules.primary.audio_hal(  406): dev_info HDMI  card=1, device:0
12-11 13:17:19.683 D/modules.primary.audio_hal(  406): start_output_stream: i = 0, device = 0x2
12-11 13:17:19.683 E/alsa_route(  406): route_pcm_card_open() card -1 error!
12-11 13:17:19.683 E/modules.primary.audio_hal(  406): invalid card num.
12-11 13:17:19.684 W/StreamHAL(  406): Error from HAL stream in function get_presentation_position: Operation not permitted
12-11 13:17:19.684 D/modules.primary.audio_hal(  406): card0 id:rockchipes8316
12-11 13:17:19.684 D/modules.primary.audio_hal(  406): card1 id:rockchiphdmi0
12-11 13:17:19.684 D/modules.primary.audio_hal(  406): dump out device info
12-11 13:17:19.684 D/modules.primary.audio_hal(  406): dev_info HDMI  card=1, device:0
12-11 13:17:19.684 D/modules.primary.audio_hal(  406): start_output_stream: i = 0, device = 0x2
12-11 13:17:19.684 E/alsa_route(  406): route_pcm_card_open() card -1 error!
12-11 13:17:19.684 E/modules.primary.audio_hal(  406): invalid card num.
12-11 13:17:19.684 W/StreamHAL(  406): Error from HAL stream in function get_presentation_position: Operation not permitted
12-11 13:17:19.684 D/CompatibilityChangeReporter(  651): Compat change id reported: 168419799; UID 1000; state: DISABLED
12-11 13:17:19.685 D/CompatibilityChangeReporter( 1705): Compat change id reported: 171979766; UID 1000; state: DISABLED
12-11 13:17:19.688 D/ApplicationLoaders( 1705): Returning zygote-cached class loader: /system/framework/android.test.base.jar
12-11 13:17:19.688 D/ApplicationLoaders( 1705): Returning zygote-cached class loader: /system/framework/android.hidl.manager-V1.0-java.jar
12-11 13:17:19.688 D/ApplicationLoaders( 1705): Returning zygote-cached class loader: /system/framework/android.hidl.base-V1.0-java.jar
12-11 13:17:19.693 D/modules.primary.audio_hal(  406): card0 id:rockchipes8316
12-11 13:17:19.693 D/modules.primary.audio_hal(  406): card1 id:rockchiphdmi0
12-11 13:17:19.693 D/modules.primary.audio_hal(  406): dump out device info
12-11 13:17:19.693 D/modules.primary.audio_hal(  406): dev_info HDMI  card=1, device:0
12-11 13:17:19.693 D/modules.primary.audio_hal(  406): start_output_stream: i = 0, device = 0x2
12-11 13:17:19.693 E/alsa_route(  406): route_pcm_card_open() card -1 error!
12-11 13:17:19.693 E/modules.primary.audio_hal(  406): invalid card num.
12-11 13:17:19.693 W/StreamHAL(  406): Error from HAL stream in function get_presentation_position: Operation not permitted
12-11 13:17:19.693 D/modules.primary.audio_hal(  406): card0 id:rockchipes8316
12-11 13:17:19.693 D/modules.primary.audio_hal(  406): card1 id:rockchiphdmi0
12-11 13:17:19.693 D/modules.primary.audio_hal(  406): dump out device info
12-11 13:17:19.693 D/modules.primary.audio_hal(  406): dev_info HDMI  card=1, device:0
12-11 13:17:19.693 D/modules.primary.audio_hal(  406): start_output_stream: i = 0, device = 0x2
12-11 13:17:19.693 E/alsa_route(  406): route_pcm_card_open() card -1 error!
12-11 13:17:19.693 E/modules.primary.audio_hal(  406): invalid card num.
12-11 13:17:19.693 W/StreamHAL(  406): Error from HAL stream in function get_presentation_position: Operation not permitted
12-11 13:17:19.703 D/modules.primary.audio_hal(  406): card0 id:rockchipes8316
12-11 13:17:19.703 D/modules.primary.audio_hal(  406): card1 id:rockchiphdmi0
12-11 13:17:19.703 D/modules.primary.audio_hal(  406): dump out device info
12-11 13:17:19.703 D/modules.primary.audio_hal(  406): dev_info HDMI  card=1, device:0
12-11 13:17:19.703 D/modules.primary.audio_hal(  406): start_output_stream: i = 0, device = 0x2
12-11 13:17:19.703 E/alsa_route(  406): route_pcm_card_open() card -1 error!
12-11 13:17:19.703 E/modules.primary.audio_hal(  406): invalid card num.
12-11 13:17:19.703 W/StreamHAL(  406): Error from HAL stream in function get_presentation_position: Operation not permitted
12-11 13:17:19.703 D/modules.primary.audio_hal(  406): card0 id:rockchipes8316
12-11 13:17:19.703 D/modules.primary.audio_hal(  406): card1 id:rockchiphdmi0
12-11 13:17:19.703 D/modules.primary.audio_hal(  406): dump out device info
12-11 13:17:19.703 D/modules.primary.audio_hal(  406): dev_info HDMI  card=1, device:0
12-11 13:17:19.703 D/modules.primary.audio_hal(  406): start_output_stream: i = 0, device = 0x2
12-11 13:17:19.703 E/alsa_route(  406): route_pcm_card_open() card -1 error!
12-11 13:17:19.703 E/modules.primary.audio_hal(  406): invalid card num.
12-11 13:17:19.703 W/StreamHAL(  406): Error from HAL stream in function get_presentation_position: Operation not permitted
12-11 13:17:19.704 V/GraphicsEnvironment( 1705): ANGLE Developer option for 'android.rockchip.update.service' set to: 'default'
12-11 13:17:19.705 V/GraphicsEnvironment( 1705): ANGLE GameManagerService for android.rockchip.update.service: false
12-11 13:17:19.705 V/GraphicsEnvironment( 1705): Neither updatable production driver nor prerelease driver is supported.
12-11 13:17:19.705 D/NetworkSecurityConfig( 1705): No Network Security Config specified, using platform default
12-11 13:17:19.706 D/NetworkSecurityConfig( 1705): No Network Security Config specified, using platform default
12-11 13:17:19.706 D/RKUpdateReceiver( 1705): action = android.intent.action.BOOT_COMPLETED
12-11 13:17:19.706 D/RKUpdateReceiver( 1705): RKUpdateReceiver recv ACTION_BOOT_COMPLETED.
12-11 13:17:19.707 W/ContextImpl( 1705): Calling a method in the system process without a qualified user: android.app.ContextImpl.startService:1825 android.content.ContextWrapper.startService:776 android.content.ContextWrapper.startService:776 android.rockchip.update.service.RKUpdateReceiver.onReceive:59 android.app.ActivityThread.handleReceiver:4375 
12-11 13:17:19.708 W/ContextImpl( 1705): Calling a method in the system process without a qualified user: android.app.ContextImpl.startService:1825 android.content.ContextWrapper.startService:776 android.content.ContextWrapper.startService:776 android.rockchip.update.service.RKUpdateReceiver.onReceive:65 android.app.ActivityThread.handleReceiver:4375 
12-11 13:17:19.708 D/CompatibilityChangeReporter(  651): Compat change id reported: 135634846; UID 10058; state: DISABLED
12-11 13:17:19.709 D/CompatibilityChangeReporter(  651): Compat change id reported: 177438394; UID 10058; state: DISABLED
12-11 13:17:19.709 D/CompatibilityChangeReporter(  651): Compat change id reported: 135772972; UID 10058; state: DISABLED
12-11 13:17:19.709 D/CompatibilityChangeReporter(  651): Compat change id reported: 135754954; UID 10058; state: DISABLED
12-11 13:17:19.709 D/CompatibilityChangeReporter(  651): Compat change id reported: 143937733; UID 10058; state: DISABLED
12-11 13:17:19.713 D/modules.primary.audio_hal(  406): card0 id:rockchipes8316
12-11 13:17:19.713 D/modules.primary.audio_hal(  406): card1 id:rockchiphdmi0
12-11 13:17:19.713 D/modules.primary.audio_hal(  406): dump out device info
12-11 13:17:19.713 D/modules.primary.audio_hal(  406): dev_info HDMI  card=1, device:0
12-11 13:17:19.713 D/modules.primary.audio_hal(  406): start_output_stream: i = 0, device = 0x2
12-11 13:17:19.713 E/alsa_route(  406): route_pcm_card_open() card -1 error!
12-11 13:17:19.713 E/modules.primary.audio_hal(  406): invalid card num.
12-11 13:17:19.713 W/StreamHAL(  406): Error from HAL stream in function get_presentation_position: Operation not permitted
12-11 13:17:19.713 D/modules.primary.audio_hal(  406): card0 id:rockchipes8316
12-11 13:17:19.713 D/modules.primary.audio_hal(  406): card1 id:rockchiphdmi0
12-11 13:17:19.713 D/modules.primary.audio_hal(  406): dump out device info
12-11 13:17:19.713 D/modules.primary.audio_hal(  406): dev_info HDMI  card=1, device:0
12-11 13:17:19.713 D/modules.primary.audio_hal(  406): start_output_stream: i = 0, device = 0x2
12-11 13:17:19.713 E/alsa_route(  406): route_pcm_card_open() card -1 error!
12-11 13:17:19.713 E/modules.primary.audio_hal(  406): invalid card num.
12-11 13:17:19.713 W/StreamHAL(  406): Error from HAL stream in function get_presentation_position: Operation not permitted
12-11 13:17:19.715 I/android_rockchip_update_UpdateService.cpp( 1705): JNI_OnLoad
12-11 13:17:19.716 D/Zygote  (  403): Forked child process 1726
12-11 13:17:19.716 I/ActivityManager(  651): Start proc 1726:com.android.calendar/u0a58 for broadcast {com.android.calendar/com.android.calendar.alerts.AlertReceiver}
12-11 13:17:19.718 I/Zygote  ( 1726): seccomp disabled by setenforce 0
12-11 13:17:19.718 W/StorageManagerService(  651): Reporting emulated;0 unmounted due to system locked
12-11 13:17:19.718 I/libc    ( 1726): SetHeapTaggingLevel: tag level set to 0
12-11 13:17:19.719 D/RKUpdateService( 1705): Starting RKUpdateService, version is 1.8.9
12-11 13:17:19.719 D/RKUpdateService( 1705): remote uri is http://192.168.1.1:8888/OtaUpdater/android?product=RadxaRock5C&version=1.0.0&sn=8d410b30fad68da8&country=US&language=en
12-11 13:17:19.719 D/RKUpdateService( 1705): remote uri backup is http://172.16.14.202:2300/OtaUpdater/android?product=RadxaRock5C&version=1.0.0&sn=8d410b30fad68da8&country=US&language=en
12-11 13:17:19.719 D/RKUpdateService( 1705): first startup!!!
12-11 13:17:19.720 D/RKUpdateService( 1705): onStartCommand.......
12-11 13:17:19.720 D/RKUpdateService( 1705): command = 1 delaytime = 20000
12-11 13:17:19.720 D/RKUpdateService( 1705): onStartCommand.......
12-11 13:17:19.720 D/RKUpdateService( 1705): command = 2 delaytime = 25000
12-11 13:17:19.722 I/adbd    (  460): jdwp connection from 1726
12-11 13:17:19.723 D/modules.primary.audio_hal(  406): card0 id:rockchipes8316
12-11 13:17:19.723 D/modules.primary.audio_hal(  406): card1 id:rockchiphdmi0
12-11 13:17:19.723 D/modules.primary.audio_hal(  406): dump out device info
12-11 13:17:19.723 D/modules.primary.audio_hal(  406): dev_info HDMI  card=1, device:0
12-11 13:17:19.723 D/modules.primary.audio_hal(  406): start_output_stream: i = 0, device = 0x2
12-11 13:17:19.723 E/alsa_route(  406): route_pcm_card_open() card -1 error!
12-11 13:17:19.723 E/modules.primary.audio_hal(  406): invalid card num.
12-11 13:17:19.723 W/StreamHAL(  406): Error from HAL stream in function get_presentation_position: Operation not permitted
12-11 13:17:19.723 D/modules.primary.audio_hal(  406): card0 id:rockchipes8316
12-11 13:17:19.723 D/modules.primary.audio_hal(  406): card1 id:rockchiphdmi0
12-11 13:17:19.723 D/modules.primary.audio_hal(  406): dump out device info
12-11 13:17:19.723 D/modules.primary.audio_hal(  406): dev_info HDMI  card=1, device:0
12-11 13:17:19.723 D/modules.primary.audio_hal(  406): start_output_stream: i = 0, device = 0x2
12-11 13:17:19.723 E/alsa_route(  406): route_pcm_card_open() card -1 error!
12-11 13:17:19.723 E/modules.primary.audio_hal(  406): invalid card num.
12-11 13:17:19.723 W/StreamHAL(  406): Error from HAL stream in function get_presentation_position: Operation not permitted
12-11 13:17:19.725 D/CompatibilityChangeReporter(  651): Compat change id reported: 168419799; UID 10058; state: DISABLED
12-11 13:17:19.726 D/CompatibilityChangeReporter( 1726): Compat change id reported: 171979766; UID 10058; state: DISABLED
12-11 13:17:19.729 D/ApplicationLoaders( 1726): Returning zygote-cached class loader: /system/framework/android.test.base.jar
12-11 13:17:19.732 D/modules.primary.audio_hal(  406): card0 id:rockchipes8316
12-11 13:17:19.732 D/modules.primary.audio_hal(  406): card1 id:rockchiphdmi0
12-11 13:17:19.732 D/modules.primary.audio_hal(  406): dump out device info
12-11 13:17:19.732 D/modules.primary.audio_hal(  406): dev_info HDMI  card=1, device:0
12-11 13:17:19.732 D/modules.primary.audio_hal(  406): start_output_stream: i = 0, device = 0x2
12-11 13:17:19.733 E/alsa_route(  406): route_pcm_card_open() card -1 error!
12-11 13:17:19.733 E/modules.primary.audio_hal(  406): invalid card num.
12-11 13:17:19.733 W/StreamHAL(  406): Error from HAL stream in function get_presentation_position: Operation not permitted
12-11 13:17:19.733 D/modules.primary.audio_hal(  406): card0 id:rockchipes8316
12-11 13:17:19.733 D/modules.primary.audio_hal(  406): card1 id:rockchiphdmi0
12-11 13:17:19.733 D/modules.primary.audio_hal(  406): dump out device info
12-11 13:17:19.733 D/modules.primary.audio_hal(  406): dev_info HDMI  card=1, device:0
12-11 13:17:19.733 D/modules.primary.audio_hal(  406): start_output_stream: i = 0, device = 0x2
12-11 13:17:19.733 E/alsa_route(  406): route_pcm_card_open() card -1 error!
12-11 13:17:19.733 E/modules.primary.audio_hal(  406): invalid card num.
12-11 13:17:19.733 W/StreamHAL(  406): Error from HAL stream in function get_presentation_position: Operation not permitted
12-11 13:17:19.742 D/modules.primary.audio_hal(  406): card0 id:rockchipes8316
12-11 13:17:19.742 D/modules.primary.audio_hal(  406): card1 id:rockchiphdmi0
12-11 13:17:19.742 D/modules.primary.audio_hal(  406): dump out device info
12-11 13:17:19.742 D/modules.primary.audio_hal(  406): dev_info HDMI  card=1, device:0
12-11 13:17:19.742 D/modules.primary.audio_hal(  406): start_output_stream: i = 0, device = 0x2
12-11 13:17:19.742 E/alsa_route(  406): route_pcm_card_open() card -1 error!
12-11 13:17:19.742 E/modules.primary.audio_hal(  406): invalid card num.
12-11 13:17:19.742 W/StreamHAL(  406): Error from HAL stream in function get_presentation_position: Operation not permitted
12-11 13:17:19.742 D/modules.primary.audio_hal(  406): card0 id:rockchipes8316
12-11 13:17:19.742 D/modules.primary.audio_hal(  406): card1 id:rockchiphdmi0
12-11 13:17:19.742 D/modules.primary.audio_hal(  406): dump out device info
12-11 13:17:19.742 D/modules.primary.audio_hal(  406): dev_info HDMI  card=1, device:0
12-11 13:17:19.742 D/modules.primary.audio_hal(  406): start_output_stream: i = 0, device = 0x2
12-11 13:17:19.742 E/alsa_route(  406): route_pcm_card_open() card -1 error!
12-11 13:17:19.742 E/modules.primary.audio_hal(  406): invalid card num.
12-11 13:17:19.743 W/StreamHAL(  406): Error from HAL stream in function get_presentation_position: Operation not permitted
12-11 13:17:19.746 D/nativeloader( 1726): classloader namespace configured for unbundled product apk. library_path=/product/app/Calendar/lib/arm64:/product/lib64:/system/product/lib64
12-11 13:17:19.750 V/GraphicsEnvironment( 1726): ANGLE Developer option for 'com.android.calendar' set to: 'default'
12-11 13:17:19.750 V/GraphicsEnvironment( 1726): ANGLE GameManagerService for com.android.calendar: false
12-11 13:17:19.750 V/GraphicsEnvironment( 1726): Neither updatable production driver nor prerelease driver is supported.
12-11 13:17:19.751 D/NetworkSecurityConfig( 1726): No Network Security Config specified, using platform default
12-11 13:17:19.751 D/NetworkSecurityConfig( 1726): No Network Security Config specified, using platform default
12-11 13:17:19.752 D/modules.primary.audio_hal(  406): card0 id:rockchipes8316
12-11 13:17:19.752 D/modules.primary.audio_hal(  406): card1 id:rockchiphdmi0
12-11 13:17:19.752 D/modules.primary.audio_hal(  406): dump out device info
12-11 13:17:19.752 D/modules.primary.audio_hal(  406): dev_info HDMI  card=1, device:0
12-11 13:17:19.752 D/modules.primary.audio_hal(  406): start_output_stream: i = 0, device = 0x2
12-11 13:17:19.752 E/alsa_route(  406): route_pcm_card_open() card -1 error!
12-11 13:17:19.752 E/modules.primary.audio_hal(  406): invalid card num.
12-11 13:17:19.752 W/StreamHAL(  406): Error from HAL stream in function get_presentation_position: Operation not permitted
12-11 13:17:19.752 D/modules.primary.audio_hal(  406): card0 id:rockchipes8316
12-11 13:17:19.752 D/modules.primary.audio_hal(  406): card1 id:rockchiphdmi0
12-11 13:17:19.752 D/modules.primary.audio_hal(  406): dump out device info
12-11 13:17:19.752 D/modules.primary.audio_hal(  406): dev_info HDMI  card=1, device:0
12-11 13:17:19.752 D/modules.primary.audio_hal(  406): start_output_stream: i = 0, device = 0x2
12-11 13:17:19.752 E/alsa_route(  406): route_pcm_card_open() card -1 error!
12-11 13:17:19.752 E/modules.primary.audio_hal(  406): invalid card num.
12-11 13:17:19.752 W/StreamHAL(  406): Error from HAL stream in function get_presentation_position: Operation not permitted
12-11 13:17:19.762 D/modules.primary.audio_hal(  406): card0 id:rockchipes8316
12-11 13:17:19.762 D/modules.primary.audio_hal(  406): card1 id:rockchiphdmi0
12-11 13:17:19.762 D/modules.primary.audio_hal(  406): dump out device info
12-11 13:17:19.762 D/modules.primary.audio_hal(  406): dev_info HDMI  card=1, device:0
12-11 13:17:19.762 D/modules.primary.audio_hal(  406): start_output_stream: i = 0, device = 0x2
12-11 13:17:19.762 E/alsa_route(  406): route_pcm_card_open() card -1 error!
12-11 13:17:19.762 E/modules.primary.audio_hal(  406): invalid card num.
12-11 13:17:19.762 W/StreamHAL(  406): Error from HAL stream in function get_presentation_position: Operation not permitted
12-11 13:17:19.762 D/modules.primary.audio_hal(  406): card0 id:rockchipes8316
12-11 13:17:19.762 D/modules.primary.audio_hal(  406): card1 id:rockchiphdmi0
12-11 13:17:19.762 D/modules.primary.audio_hal(  406): dump out device info
12-11 13:17:19.762 D/modules.primary.audio_hal(  406): dev_info HDMI  card=1, device:0
12-11 13:17:19.762 D/modules.primary.audio_hal(  406): start_output_stream: i = 0, device = 0x2
12-11 13:17:19.762 E/alsa_route(  406): route_pcm_card_open() card -1 error!
12-11 13:17:19.762 E/modules.primary.audio_hal(  406): invalid card num.
12-11 13:17:19.762 W/StreamHAL(  406): Error from HAL stream in function get_presentation_position: Operation not permitted
12-11 13:17:19.766 D/AlertReceiver( 1726): onReceive: a=android.intent.action.BOOT_COMPLETED Intent { act=android.intent.action.BOOT_COMPLETED flg=0x89000010 cmp=com.android.calendar/.alerts.AlertReceiver (has extras) }
12-11 13:17:19.767 D/CompatibilityChangeReporter(  651): Compat change id reported: 135634846; UID 10038; state: DISABLED
12-11 13:17:19.767 D/CompatibilityChangeReporter(  651): Compat change id reported: 177438394; UID 10038; state: DISABLED
12-11 13:17:19.767 D/CompatibilityChangeReporter(  651): Compat change id reported: 135772972; UID 10038; state: DISABLED
12-11 13:17:19.767 D/CompatibilityChangeReporter(  651): Compat change id reported: 135754954; UID 10038; state: ENABLED
12-11 13:17:19.767 D/CompatibilityChangeReporter(  651): Compat change id reported: 143937733; UID 10038; state: ENABLED
12-11 13:17:19.771 I/hdmicec (  418): send msg LEN:2,opcode:7d,addr:45
12-11 13:17:19.771 E/hdmicec (  418): ioctl err:-1 Machine is not on the network
12-11 13:17:19.772 D/modules.primary.audio_hal(  406): card0 id:rockchipes8316
12-11 13:17:19.772 D/modules.primary.audio_hal(  406): card1 id:rockchiphdmi0
12-11 13:17:19.772 D/modules.primary.audio_hal(  406): dump out device info
12-11 13:17:19.772 D/modules.primary.audio_hal(  406): dev_info HDMI  card=1, device:0
12-11 13:17:19.772 D/modules.primary.audio_hal(  406): start_output_stream: i = 0, device = 0x2
12-11 13:17:19.772 E/alsa_route(  406): route_pcm_card_open() card -1 error!
12-11 13:17:19.772 E/modules.primary.audio_hal(  406): invalid card num.
12-11 13:17:19.772 W/StreamHAL(  406): Error from HAL stream in function get_presentation_position: Operation not permitted
12-11 13:17:19.772 D/modules.primary.audio_hal(  406): card0 id:rockchipes8316
12-11 13:17:19.772 D/modules.primary.audio_hal(  406): card1 id:rockchiphdmi0
12-11 13:17:19.772 D/modules.primary.audio_hal(  406): dump out device info
12-11 13:17:19.772 D/modules.primary.audio_hal(  406): dev_info HDMI  card=1, device:0
12-11 13:17:19.772 D/modules.primary.audio_hal(  406): start_output_stream: i = 0, device = 0x2
12-11 13:17:19.772 E/alsa_route(  406): route_pcm_card_open() card -1 error!
12-11 13:17:19.772 E/modules.primary.audio_hal(  406): invalid card num.
12-11 13:17:19.772 W/StreamHAL(  406): Error from HAL stream in function get_presentation_position: Operation not permitted
12-11 13:17:19.773 D/Zygote  (  403): Forked child process 1748
