12-11 13:17:11.536 D/InterruptionStateProvider(  840): No heads up: unimportant notification: -1|android|32|null|1000
12-11 13:17:11.537 V/KeyguardUpdateMonitor(  840): onSubscriptionInfoChanged()
12-11 13:17:11.537 D/PeopleSpaceWidgetMgr(  840): Sbn doesn't contain valid PeopleTileKey: null/-1/android
12-11 13:17:11.541 D/WallpaperService(  840): Wallpaper has updated the surface:null
12-11 13:17:11.549 W/View    (  840): requestLayout() improperly called by com.android.systemui.statusbar.phone.StatusIconContainer{159285e V.E...... ......ID 0,0-9,72 #7f0b056d app:id/statusIcons} during layout: running second layout pass
12-11 13:17:11.670 W/View    (  840): requestLayout() improperly called by com.android.systemui.statusbar.phone.StatusIconContainer{f9dd320 V.E...... ......ID 0,0-9,72 #7f0b056d app:id/statusIcons} during layout: running second layout pass
12-11 13:17:11.752 W/View    (  840): requestLayout() improperly called by com.android.systemui.statusbar.phone.StatusIconContainer{f9dd320 V.E...... ......ID 0,0-9,72 #7f0b056d app:id/statusIcons} during layout: running second layout pass
12-11 13:17:11.787 E/hdmicec (  418): set_kernel_logical_address set logic address claim err la:0xff
12-11 13:17:11.788 D/hdmicec (  418): kernel logic addr:ff, preferred logic addr:04
12-11 13:17:11.788 I/hdmicec (  418): kernel logaddr is not existing
12-11 13:17:11.788 D/hdmicec (  418): set_kernel_logical_address, logic address:04
12-11 13:17:11.788 I/hdmicec (  418): primary_device_type:04,log_addr_type:03,log_addr[0]:ff
12-11 13:17:11.883 I/getprop ( 1339): type=1400 audit(0.0:5145): avc: denied { open } for path="/dev/__properties__/u:object_r:audio_config_prop:s0" dev="tmpfs" ino=67 scontext=u:r:shell:s0 tcontext=u:object_r:audio_config_prop:s0 tclass=file permissive=1
12-11 13:17:11.883 I/getprop ( 1339): type=1400 audit(0.0:5146): avc: denied { getattr } for path="/dev/__properties__/u:object_r:audio_config_prop:s0" dev="tmpfs" ino=67 scontext=u:r:shell:s0 tcontext=u:object_r:audio_config_prop:s0 tclass=file permissive=1
12-11 13:17:11.883 I/getprop ( 1339): type=1400 audit(0.0:5147): avc: denied { map } for path="/dev/__properties__/u:object_r:audio_config_prop:s0" dev="tmpfs" ino=67 scontext=u:r:shell:s0 tcontext=u:object_r:audio_config_prop:s0 tclass=file permissive=1
12-11 13:17:11.883 I/getprop ( 1339): type=1400 audit(0.0:5148): avc: denied { open } for path="/dev/__properties__/u:object_r:bluetooth_a2dp_offload_prop:s0" dev="tmpfs" ino=72 scontext=u:r:shell:s0 tcontext=u:object_r:bluetooth_a2dp_offload_prop:s0 tclass=file permissive=1
12-11 13:17:11.883 I/getprop ( 1339): type=1400 audit(0.0:5149): avc: denied { getattr } for path="/dev/__properties__/u:object_r:bluetooth_a2dp_offload_prop:s0" dev="tmpfs" ino=72 scontext=u:r:shell:s0 tcontext=u:object_r:bluetooth_a2dp_offload_prop:s0 tclass=file permissive=1
12-11 13:17:11.883 I/getprop ( 1339): type=1400 audit(0.0:5150): avc: denied { map } for path="/dev/__properties__/u:object_r:bluetooth_a2dp_offload_prop:s0" dev="tmpfs" ino=72 scontext=u:r:shell:s0 tcontext=u:object_r:bluetooth_a2dp_offload_prop:s0 tclass=file permissive=1
12-11 13:17:11.883 I/getprop ( 1339): type=1400 audit(0.0:5151): avc: denied { open } for path="/dev/__properties__/u:object_r:bluetooth_audio_hal_prop:s0" dev="tmpfs" ino=73 scontext=u:r:shell:s0 tcontext=u:object_r:bluetooth_audio_hal_prop:s0 tclass=file permissive=1
12-11 13:17:11.883 I/getprop ( 1339): type=1400 audit(0.0:5152): avc: denied { getattr } for path="/dev/__properties__/u:object_r:bluetooth_audio_hal_prop:s0" dev="tmpfs" ino=73 scontext=u:r:shell:s0 tcontext=u:object_r:bluetooth_audio_hal_prop:s0 tclass=file permissive=1
12-11 13:17:11.883 I/getprop ( 1339): type=1400 audit(0.0:5153): avc: denied { map } for path="/dev/__properties__/u:object_r:bluetooth_audio_hal_prop:s0" dev="tmpfs" ino=73 scontext=u:r:shell:s0 tcontext=u:object_r:bluetooth_audio_hal_prop:s0 tclass=file permissive=1
12-11 13:17:11.883 I/getprop ( 1339): type=1400 audit(0.0:5154): avc: denied { open } for path="/dev/__properties__/u:object_r:hal_dumpstate_config_prop:s0" dev="tmpfs" ino=170 scontext=u:r:shell:s0 tcontext=u:object_r:hal_dumpstate_config_prop:s0 tclass=file permissive=1
12-11 13:17:11.883 I/getprop ( 1339): type=1400 audit(0.0:5155): avc: denied { getattr } for path="/dev/__properties__/u:object_r:hal_dumpstate_config_prop:s0" dev="tmpfs" ino=170 scontext=u:r:shell:s0 tcontext=u:object_r:hal_dumpstate_config_prop:s0 tclass=file permissive=1
12-11 13:17:11.883 I/getprop ( 1339): type=1400 audit(0.0:5156): avc: denied { map } for path="/dev/__properties__/u:object_r:hal_dumpstate_config_prop:s0" dev="tmpfs" ino=170 scontext=u:r:shell:s0 tcontext=u:object_r:hal_dumpstate_config_prop:s0 tclass=file permissive=1
12-11 13:17:11.883 I/getprop ( 1339): type=1400 audit(0.0:5157): avc: denied { open } for path="/dev/__properties__/u:object_r:lower_kptr_restrict_prop:s0" dev="tmpfs" ino=196 scontext=u:r:shell:s0 tcontext=u:object_r:lower_kptr_restrict_prop:s0 tclass=file permissive=1
12-11 13:17:11.883 I/getprop ( 1339): type=1400 audit(0.0:5158): avc: denied { getattr } for path="/dev/__properties__/u:object_r:lower_kptr_restrict_prop:s0" dev="tmpfs" ino=196 scontext=u:r:shell:s0 tcontext=u:object_r:lower_kptr_restrict_prop:s0 tclass=file permissive=1
12-11 13:17:11.883 I/getprop ( 1339): type=1400 audit(0.0:5159): avc: denied { map } for path="/dev/__properties__/u:object_r:lower_kptr_restrict_prop:s0" dev="tmpfs" ino=196 scontext=u:r:shell:s0 tcontext=u:object_r:lower_kptr_restrict_prop:s0 tclass=file permissive=1
12-11 13:17:11.883 I/getprop ( 1339): type=1400 audit(0.0:5160): avc: denied { open } for path="/dev/__properties__/u:object_r:lowpan_prop:s0" dev="tmpfs" ino=197 scontext=u:r:shell:s0 tcontext=u:object_r:lowpan_prop:s0 tclass=file permissive=1
12-11 13:17:11.883 I/getprop ( 1339): type=1400 audit(0.0:5161): avc: denied { getattr } for path="/dev/__properties__/u:object_r:lowpan_prop:s0" dev="tmpfs" ino=197 scontext=u:r:shell:s0 tcontext=u:object_r:lowpan_prop:s0 tclass=file permissive=1
12-11 13:17:11.883 I/getprop ( 1339): type=1400 audit(0.0:5162): avc: denied { map } for path="/dev/__properties__/u:object_r:lowpan_prop:s0" dev="tmpfs" ino=197 scontext=u:r:shell:s0 tcontext=u:object_r:lowpan_prop:s0 tclass=file permissive=1
12-11 13:17:12.111 D/modules.primary.audio_hal(  406): adev_set_parameters: kvpairs = A2dpSuspended=false
12-11 13:17:12.111 D/modules.primary.audio_hal(  406): adev_set_parameters:bt_wb_speech_enabled = 0, sco reroute=0
12-11 13:17:12.111 D/modules.hdmi.audio_hal(  406): adev_set_parameters: kvpairs = A2dpSuspended=false
12-11 13:17:12.111 D/modules.hdmi.audio_hal(  406): adev_set_parameters:bt_wb_speech_enabled = 0, sco reroute=0
12-11 13:17:12.111 D/modules.hdmi_1.audio_hal(  406): adev_set_parameters: kvpairs = A2dpSuspended=false
12-11 13:17:12.111 D/modules.hdmi_1.audio_hal(  406): adev_set_parameters:bt_wb_speech_enabled = 0, sco reroute=0
12-11 13:17:12.111 D/modules.spdif.audio_hal(  406): adev_set_parameters: kvpairs = A2dpSuspended=false
12-11 13:17:12.111 D/modules.spdif.audio_hal(  406): adev_set_parameters:bt_wb_speech_enabled = 0, sco reroute=0
12-11 13:17:12.111 D/modules.spdif_1.audio_hal(  406): adev_set_parameters: kvpairs = A2dpSuspended=false
12-11 13:17:12.111 D/modules.spdif_1.audio_hal(  406): adev_set_parameters:bt_wb_speech_enabled = 0, sco reroute=0
12-11 13:17:12.112 D/modules.primary.audio_hal(  406): adev_set_parameters: kvpairs = BT_SCO=off
12-11 13:17:12.112 D/modules.primary.audio_hal(  406): adev_set_parameters:bt_wb_speech_enabled = 0, sco reroute=0
12-11 13:17:12.112 D/modules.hdmi.audio_hal(  406): adev_set_parameters: kvpairs = BT_SCO=off
12-11 13:17:12.112 D/modules.hdmi.audio_hal(  406): adev_set_parameters:bt_wb_speech_enabled = 0, sco reroute=0
12-11 13:17:12.112 D/modules.hdmi_1.audio_hal(  406): adev_set_parameters: kvpairs = BT_SCO=off
12-11 13:17:12.112 D/modules.hdmi_1.audio_hal(  406): adev_set_parameters:bt_wb_speech_enabled = 0, sco reroute=0
12-11 13:17:12.112 D/modules.spdif.audio_hal(  406): adev_set_parameters: kvpairs = BT_SCO=off
12-11 13:17:12.112 D/modules.spdif.audio_hal(  406): adev_set_parameters:bt_wb_speech_enabled = 0, sco reroute=0
12-11 13:17:12.113 D/modules.spdif_1.audio_hal(  406): adev_set_parameters: kvpairs = BT_SCO=off
12-11 13:17:12.113 D/modules.spdif_1.audio_hal(  406): adev_set_parameters:bt_wb_speech_enabled = 0, sco reroute=0
12-11 13:17:12.113 I/AS.AudioDeviceInventory(  651): removePreferredDevicesForStrategySync, strategy: 14
12-11 13:17:12.165 D/DhcpClient(  651): Broadcasting DHCPDISCOVER
12-11 13:17:12.796 E/hdmicec (  418): set_kernel_logical_address set logic address claim err la:0xff
12-11 13:17:12.896 E/hdmicec (  418): get phy addr err!:ffff
12-11 13:17:12.896 D/hdmicec (  418): kernel logic addr:ff, preferred logic addr:04
12-11 13:17:12.896 I/hdmicec (  418): kernel logaddr is not existing
12-11 13:17:12.896 D/hdmicec (  418): set_kernel_logical_address, logic address:04
12-11 13:17:12.896 I/hdmicec (  418): primary_device_type:04,log_addr_type:03,log_addr[0]:ff
12-11 13:17:13.315 W/WindowManager(  651): App freeze timeout expired.
12-11 13:17:13.346 I/android.hardware.graphics.allocator@4.0-service(  414): alloc_format: FMT:0x1,MOD:0x10000
12-11 13:17:13.346 I/android.hardware.graphics.allocator@4.0-service(  414): mali_gralloc_adjust_dimensions: alloc_format=FMT:0x1,MOD:0x10000 usage=0xb00 alloc_width=1920, alloc_height=1088
12-11 13:17:13.347 D/android.hardware.graphics.allocator@4.0-service(  414): got new private_handle_t instance for buffer 'ViewRootImpl[FallbackHome]#1(BLAST Consumer)1'. share_fd : 8, share_attr_fd : 9, width : 1920, height : 1080, req_format : 0x1, producer_usage : 0xb00, consumer_usage : 0xb00, , stride : 0, alloc_format : 1, size : 8486912, layer_count : 1
12-11 13:17:13.347 D/android.hardware.graphics.allocator@4.0-service(  414): plane_info[0]: offset : 0, byte_stride : 7680, alloc_width : 1920, alloc_height : 1088
12-11 13:17:13.347 D/android.hardware.graphics.allocator@4.0-service(  414): plane_info[1]: offset : 0, byte_stride : 0, alloc_width : 0, alloc_height : 0
12-11 13:17:13.360 I/android.hardware.graphics.allocator@4.0-service(  414): alloc_format: FMT:0x1,MOD:0x10000
12-11 13:17:13.360 I/android.hardware.graphics.allocator@4.0-service(  414): mali_gralloc_adjust_dimensions: alloc_format=FMT:0x1,MOD:0x10000 usage=0xb00 alloc_width=1920, alloc_height=1088
12-11 13:17:13.360 D/android.hardware.graphics.allocator@4.0-service(  414): got new private_handle_t instance for buffer 'ViewRootImpl[FallbackHome]#1(BLAST Consumer)1'. share_fd : 8, share_attr_fd : 9, width : 1920, height : 1080, req_format : 0x1, producer_usage : 0xb00, consumer_usage : 0xb00, , stride : 0, alloc_format : 1, size : 8486912, layer_count : 1
12-11 13:17:13.360 D/android.hardware.graphics.allocator@4.0-service(  414): plane_info[0]: offset : 0, byte_stride : 7680, alloc_width : 1920, alloc_height : 1088
12-11 13:17:13.360 D/android.hardware.graphics.allocator@4.0-service(  414): plane_info[1]: offset : 0, byte_stride : 0, alloc_width : 0, alloc_height : 0
12-11 13:17:13.905 E/hdmicec (  418): set_kernel_logical_address set logic address claim err la:0xff
12-11 13:17:14.005 E/hdmicec (  418): get phy addr err!:ffff
12-11 13:17:14.005 D/hdmicec (  418): kernel logic addr:ff, preferred logic addr:04
12-11 13:17:14.005 I/hdmicec (  418): kernel logaddr is not existing
12-11 13:17:14.005 D/hdmicec (  418): set_kernel_logical_address, logic address:04
12-11 13:17:14.005 I/hdmicec (  418): primary_device_type:04,log_addr_type:03,log_addr[0]:ff
12-11 13:17:14.248 D/DhcpClient(  651): Broadcasting DHCPDISCOVER
12-11 13:17:15.014 E/hdmicec (  418): set_kernel_logical_address set logic address claim err la:0xff
12-11 13:17:15.115 E/hdmicec (  418): get phy addr err!:ffff
12-11 13:17:15.115 I/hdmicec (  418): hdmi_cec_get_vendor_id
12-11 13:17:15.115 D/hdmicec (  418): set_kernel_logical_address, logic address:04
12-11 13:17:15.115 I/hdmicec (  418): primary_device_type:04,log_addr_type:03,log_addr[0]:ff
12-11 13:17:16.124 E/hdmicec (  418): set_kernel_logical_address set logic address claim err la:0xff
12-11 13:17:16.207 D/BufferPoolAccessor2.0(  651): bufferpool2 0xb40000707ab8ab48 : 0(0 size) total buffers - 0(0 size) used buffers - 1/7 (recycle/alloc) - 6/24 (fetch/transfer)
12-11 13:17:16.207 D/BufferPoolAccessor2.0(  651): evictor expired: 1, evicted: 1
12-11 13:17:16.208 D/BufferPoolAccessor2.0(  480): bufferpool2 0xb400007d0b1b3f08 : 0(0 size) total buffers - 0(0 size) used buffers - 7/10 (recycle/alloc) - 3/9 (fetch/transfer)
12-11 13:17:16.208 D/BufferPoolAccessor2.0(  480): evictor expired: 1, evicted: 1
12-11 13:17:16.209 D/BufferPoolAccessor2.0(  840): bufferpool2 0xb40000707ab65b48 : 0(0 size) total buffers - 0(0 size) used buffers - 1/7 (recycle/alloc) - 14/38 (fetch/transfer)
12-11 13:17:16.209 D/BufferPoolAccessor2.0(  840): bufferpool2 0xb40000707ab60ef8 : 0(0 size) total buffers - 0(0 size) used buffers - 1/7 (recycle/alloc) - 11/36 (fetch/transfer)
12-11 13:17:16.209 D/BufferPoolAccessor2.0(  840): evictor expired: 2, evicted: 2
12-11 13:17:16.225 E/hdmicec (  418): get phy addr err!:ffff
12-11 13:17:16.225 I/hdmicec (  418): send msg LEN:2,opcode:8f,addr:40
12-11 13:17:16.225 E/hdmicec (  418): ioctl err:-1 Machine is not on the network
12-11 13:17:16.225 I/hdmicec (  418): hdmi_cec_get_vendor_id
12-11 13:17:16.326 E/hdmicec (  418): get phy addr err!:ffff
12-11 13:17:16.351 I/HdmiCecLocalDeviceSource(  651): queryDisplayStatus already in progress
12-11 13:17:16.351 W/Looper  (  651): Slow dispatch took 4563ms main h=android.os.Handler c=com.android.server.hdmi.WorkSourceUidPreservingRunnable@27f895b m=0
12-11 13:17:16.351 W/Looper  (  651): Slow delivery took 4186ms main h=com.android.server.power.Notifier$NotifierHandler c=null m=7
12-11 13:17:16.458 E/hdmicec (  418): get phy addr err!:ffff
12-11 13:17:16.559 E/hdmicec (  418): get phy addr err!:ffff
12-11 13:17:16.559 I/hdmicec (  418): send msg LEN:2,opcode:8f,addr:40
12-11 13:17:16.559 E/hdmicec (  418): ioctl err:-1 Machine is not on the network
12-11 13:17:16.659 E/hdmicec (  418): get phy addr err!:ffff
12-11 13:17:16.659 I/hdmicec (  418): hdmi_cec_get_vendor_id
12-11 13:17:16.660 D/hdmicec (  418): set_kernel_logical_address, logic address:04
12-11 13:17:16.660 I/hdmicec (  418): primary_device_type:04,log_addr_type:03,log_addr[0]:ff
12-11 13:17:16.859 W/HdmiCecController(  651): Failed to send <Give Device Power Status> 40:8F with errorCode=3
12-11 13:17:17.207 D/BufferPoolAccessor2.0(  651): bufferpool2 0xb40000707ab8c268 : 0(0 size) total buffers - 0(0 size) used buffers - 1/7 (recycle/alloc) - 6/18 (fetch/transfer)
12-11 13:17:17.207 D/BufferPoolAccessor2.0(  651): bufferpool2 0xb40000707ab839f8 : 0(0 size) total buffers - 0(0 size) used buffers - 1/7 (recycle/alloc) - 6/34 (fetch/transfer)
12-11 13:17:17.207 D/BufferPoolAccessor2.0(  651): bufferpool2 0xb40000707ab8d048 : 0(0 size) total buffers - 0(0 size) used buffers - 1/7 (recycle/alloc) - 9/26 (fetch/transfer)
12-11 13:17:17.207 D/BufferPoolAccessor2.0(  651): bufferpool2 0xb40000707ab8a458 : 0(0 size) total buffers - 0(0 size) used buffers - 2/7 (recycle/alloc) - 5/24 (fetch/transfer)
12-11 13:17:17.207 D/BufferPoolAccessor2.0(  651): bufferpool2 0xb40000707ab88d38 : 0(0 size) total buffers - 0(0 size) used buffers - 2/7 (recycle/alloc) - 9/34 (fetch/transfer)
12-11 13:17:17.207 D/BufferPoolAccessor2.0(  651): evictor expired: 5, evicted: 5
12-11 13:17:17.208 D/BufferPoolAccessor2.0(  480): bufferpool2 0xb400007d0b1b2348 : 0(0 size) total buffers - 0(0 size) used buffers - 8/10 (recycle/alloc) - 2/9 (fetch/transfer)
12-11 13:17:17.208 D/BufferPoolAccessor2.0(  480): bufferpool2 0xb400007d0b1b2a38 : 0(0 size) total buffers - 0(0 size) used buffers - 6/11 (recycle/alloc) - 5/10 (fetch/transfer)
12-11 13:17:17.208 D/BufferPoolAccessor2.0(  480): bufferpool2 0xb400007d0b1b20f8 : 0(0 size) total buffers - 0(0 size) used buffers - 12/15 (recycle/alloc) - 3/14 (fetch/transfer)
12-11 13:17:17.208 D/BufferPoolAccessor2.0(  480): bufferpool2 0xb400007d0b1ba718 : 0(0 size) total buffers - 0(0 size) used buffers - 9/15 (recycle/alloc) - 6/14 (fetch/transfer)
12-11 13:17:17.208 D/BufferPoolAccessor2.0(  480): bufferpool2 0xb400007d0b1aee18 : 0(0 size) total buffers - 0(0 size) used buffers - 11/17 (recycle/alloc) - 6/16 (fetch/transfer)
12-11 13:17:17.208 D/BufferPoolAccessor2.0(  480): bufferpool2 0xb400007d0b1b4848 : 0(0 size) total buffers - 0(0 size) used buffers - 9/16 (recycle/alloc) - 7/15 (fetch/transfer)
12-11 13:17:17.208 D/BufferPoolAccessor2.0(  480): bufferpool2 0xb400007d0b1ae978 : 0(0 size) total buffers - 0(0 size) used buffers - 3/7 (recycle/alloc) - 4/6 (fetch/transfer)
12-11 13:17:17.208 D/BufferPoolAccessor2.0(  480): bufferpool2 0xb400007d0b1ae288 : 0(0 size) total buffers - 0(0 size) used buffers - 5/7 (recycle/alloc) - 2/6 (fetch/transfer)
12-11 13:17:17.208 D/BufferPoolAccessor2.0(  480): evictor expired: 8, evicted: 8
12-11 13:17:17.209 D/BufferPoolAccessor2.0(  840): bufferpool2 0xb40000707ab61cd8 : 0(0 size) total buffers - 0(0 size) used buffers - 2/7 (recycle/alloc) - 5/18 (fetch/transfer)
12-11 13:17:17.209 D/BufferPoolAccessor2.0(  840): evictor expired: 1, evicted: 1
12-11 13:17:17.668 E/hdmicec (  418): set_kernel_logical_address set logic address claim err la:0xff
12-11 13:17:17.668 I/hdmicec (  418): send msg LEN:5,opcode:84,addr:4f
12-11 13:17:17.668 E/hdmicec (  418): ioctl err:-1 Machine is not on the network
12-11 13:17:17.769 E/hdmicec (  418): get phy addr err!:ffff
12-11 13:17:17.769 I/hdmicec (  418): hdmi_cec_get_vendor_id
12-11 13:17:17.870 E/hdmicec (  418): get phy addr err!:ffff
12-11 13:17:17.888 W/Looper  (  651): Slow dispatch took 1530ms main h=android.os.Handler c=com.android.server.hdmi.WorkSourceUidPreservingRunnable@57e1936 m=0
12-11 13:17:17.969 I/hdmicec (  418): send msg LEN:5,opcode:84,addr:4f
12-11 13:17:17.969 E/hdmicec (  418): ioctl err:-1 Machine is not on the network
12-11 13:17:18.125 W/Looper  (  651): Drained
12-11 13:17:18.269 W/HdmiCecController(  651): Failed to send <Report Physical Address> 4F:84:FF:FF:04 with errorCode=3
12-11 13:17:18.269 I/hdmicec (  418): send msg LEN:5,opcode:87,addr:4f
12-11 13:17:18.269 E/hdmicec (  418): ioctl err:-1 Machine is not on the network
12-11 13:17:18.457 D/BootAnimation(  346): BootAnimationStopTiming start time: 27679ms
12-11 13:17:18.526 D/DhcpClient(  651): Broadcasting DHCPDISCOVER
01-01 00:00:33.019 I/binder  (  193): undelivered transaction 41648, process died.
01-01 00:00:33.020 I/init    (    1): Service 'bootanim' (pid 346) exited with status 0 oneshot service took 21.582001 seconds in background
01-01 00:00:33.020 I/init    (    1): Sending signal 9 to service 'bootanim' (pid 346) process group...
01-01 00:00:33.021 I/libprocessgroup(    1): Successfully killed process cgroup uid 1003 pid 346 in 0ms
12-11 13:17:18.558 I/WindowManager(  651): ******* TELLING SURFACE FLINGER WE ARE BOOTED!
12-11 13:17:18.559 I/SurfaceFlinger(  345): Boot is finished (21168 ms)
12-11 13:17:18.560 D/ActivityManagerTiming(  651): FinishBooting
12-11 13:17:18.561 W/Zygote  (  403): forkRepeatedly terminated due to non-simple command
12-11 13:17:18.561 D/Zygote  (  403): mbuffer starts with 1 , nice name is , mEnd = 19, mNext = 19, mLinesLeft = 0, mFd = 6
12-11 13:17:18.562 I/ActivityManager(  651): About to commit checkpoint
12-11 13:17:18.562 I/SystemServiceManager(  651): Starting phase 1000
12-11 13:17:18.562 D/ActivityManagerTiming(  651): OnBootPhase_1000
12-11 13:17:18.562 D/ActivityManagerTiming(  651): OnBootPhase_1000_com.android.server.security.FileIntegrityService
12-11 13:17:18.562 V/ActivityManagerTiming(  651): OnBootPhase_1000_com.android.server.security.FileIntegrityService took to complete: 0ms
12-11 13:17:18.562 D/ActivityManagerTiming(  651): OnBootPhase_1000_com.android.server.pm.Installer
12-11 13:17:18.562 V/ActivityManagerTiming(  651): OnBootPhase_1000_com.android.server.pm.Installer took to complete: 0ms
12-11 13:17:18.562 D/ActivityManagerTiming(  651): OnBootPhase_1000_com.android.server.os.DeviceIdentifiersPolicyService
12-11 13:17:18.562 V/ActivityManagerTiming(  651): OnBootPhase_1000_com.android.server.os.DeviceIdentifiersPolicyService took to complete: 0ms
12-11 13:17:18.562 D/ActivityManagerTiming(  651): OnBootPhase_1000_com.android.server.uri.UriGrantsManagerService$Lifecycle
12-11 13:17:18.562 V/ActivityManagerTiming(  651): OnBootPhase_1000_com.android.server.uri.UriGrantsManagerService$Lifecycle took to complete: 0ms
12-11 13:17:18.562 D/ActivityManagerTiming(  651): OnBootPhase_1000_com.android.server.powerstats.PowerStatsService
12-11 13:17:18.562 E/PowerStatsService(  651): Failed to start PowerStatsService loggers
12-11 13:17:18.562 V/ActivityManagerTiming(  651): OnBootPhase_1000_com.android.server.powerstats.PowerStatsService took to complete: 0ms
12-11 13:17:18.562 D/ActivityManagerTiming(  651): OnBootPhase_1000_com.android.server.wm.ActivityTaskManagerService$Lifecycle
12-11 13:17:18.562 V/ActivityManagerTiming(  651): OnBootPhase_1000_com.android.server.wm.ActivityTaskManagerService$Lifecycle took to complete: 0ms
12-11 13:17:18.562 D/ActivityManagerTiming(  651): OnBootPhase_1000_com.android.server.am.ActivityManagerService$Lifecycle
12-11 13:17:18.562 V/ActivityManagerTiming(  651): OnBootPhase_1000_com.android.server.am.ActivityManagerService$Lifecycle took to complete: 0ms
12-11 13:17:18.562 D/ActivityManagerTiming(  651): OnBootPhase_1000_com.android.server.pm.DataLoaderManagerService
12-11 13:17:18.562 V/ActivityManagerTiming(  651): OnBootPhase_1000_com.android.server.pm.DataLoaderManagerService took to complete: 0ms
12-11 13:17:18.562 D/ActivityManagerTiming(  651): OnBootPhase_1000_com.android.server.power.PowerManagerService
12-11 13:17:18.563 V/ActivityManagerTiming(  651): OnBootPhase_1000_com.android.server.power.PowerManagerService took to complete: 0ms
12-11 13:17:18.563 D/ActivityManagerTiming(  651): OnBootPhase_1000_com.android.server.power.ThermalManagerService
12-11 13:17:18.563 V/ActivityManagerTiming(  651): OnBootPhase_1000_com.android.server.power.ThermalManagerService took to complete: 0ms
12-11 13:17:18.563 D/ActivityManagerTiming(  651): OnBootPhase_1000_com.android.server.power.hint.HintManagerService
12-11 13:17:18.563 V/ActivityManagerTiming(  651): OnBootPhase_1000_com.android.server.power.hint.HintManagerService took to complete: 0ms
12-11 13:17:18.563 V/DisplayPowerController[0](  651): Brightness [0.39763778] reason changing to: 'manual', previous reason: 'override'.
12-11 13:17:18.563 D/ActivityManagerTiming(  651): OnBootPhase_1000_com.android.server.recoverysystem.RecoverySystemService$Lifecycle
12-11 13:17:18.563 V/ActivityManagerTiming(  651): OnBootPhase_1000_com.android.server.recoverysystem.RecoverySystemService$Lifecycle took to complete: 0ms
12-11 13:17:18.563 D/ActivityManagerTiming(  651): OnBootPhase_1000_com.android.server.lights.LightsService
12-11 13:17:18.563 V/ActivityManagerTiming(  651): OnBootPhase_1000_com.android.server.lights.LightsService took to complete: 0ms
12-11 13:17:18.563 D/ActivityManagerTiming(  651): OnBootPhase_1000_com.android.server.display.DisplayManagerService
12-11 13:17:18.563 V/ActivityManagerTiming(  651): OnBootPhase_1000_com.android.server.display.DisplayManagerService took to complete: 0ms
12-11 13:17:18.563 D/ActivityManagerTiming(  651): OnBootPhase_1000_com.android.server.pm.verify.domain.DomainVerificationService
12-11 13:17:18.563 V/DisplayPowerController[2](  651): Brightness [0.5] reason changing to: 'manual', previous reason: 'override'.
12-11 13:17:18.563 V/ActivityManagerTiming(  651): OnBootPhase_1000_com.android.server.pm.verify.domain.DomainVerificationService took to complete: 0ms
12-11 13:17:18.563 D/ActivityManagerTiming(  651): OnBootPhase_1000_com.android.server.pm.PackageInstallerService$Lifecycle
12-11 13:17:18.563 V/ActivityManagerTiming(  651): OnBootPhase_1000_com.android.server.pm.PackageInstallerService$Lifecycle took to complete: 0ms
12-11 13:17:18.563 D/ActivityManagerTiming(  651): OnBootPhase_1000_com.android.server.pm.UserManagerService$LifeCycle
12-11 13:17:18.563 V/ActivityManagerTiming(  651): OnBootPhase_1000_com.android.server.pm.UserManagerService$LifeCycle took to complete: 0ms
12-11 13:17:18.563 D/ActivityManagerTiming(  651): OnBootPhase_1000_com.android.server.om.OverlayManagerService
12-11 13:17:18.563 V/ActivityManagerTiming(  651): OnBootPhase_1000_com.android.server.om.OverlayManagerService took to complete: 0ms
12-11 13:17:18.563 D/ActivityManagerTiming(  651): OnBootPhase_1000_com.android.server.SensorPrivacyService
12-11 13:17:18.563 V/ActivityManagerTiming(  651): OnBootPhase_1000_com.android.server.SensorPrivacyService took to complete: 0ms
12-11 13:17:18.563 D/ActivityManagerTiming(  651): OnBootPhase_1000_com.android.server.sensors.SensorService
12-11 13:17:18.563 V/ActivityManagerTiming(  651): OnBootPhase_1000_com.android.server.sensors.SensorService took to complete: 0ms
12-11 13:17:18.563 D/ActivityManagerTiming(  651): OnBootPhase_1000_com.android.server.SystemConfigService
12-11 13:17:18.563 V/ActivityManagerTiming(  651): OnBootPhase_1000_com.android.server.SystemConfigService took to complete: 0ms
12-11 13:17:18.563 D/ActivityManagerTiming(  651): OnBootPhase_1000_com.android.server.BatteryService
12-11 13:17:18.563 V/ActivityManagerTiming(  651): OnBootPhase_1000_com.android.server.BatteryService took to complete: 0ms
12-11 13:17:18.564 D/ActivityManagerTiming(  651): OnBootPhase_1000_com.android.server.usage.UsageStatsService
12-11 13:17:18.564 V/ActivityManagerTiming(  651): OnBootPhase_1000_com.android.server.usage.UsageStatsService took to complete: 0ms
12-11 13:17:18.564 D/ActivityManagerTiming(  651): OnBootPhase_1000_com.android.server.webkit.WebViewUpdateService
12-11 13:17:18.564 V/ActivityManagerTiming(  651): OnBootPhase_1000_com.android.server.webkit.WebViewUpdateService took to complete: 0ms
12-11 13:17:18.564 D/ActivityManagerTiming(  651): OnBootPhase_1000_com.android.server.CachedDeviceStateService
12-11 13:17:18.564 V/ActivityManagerTiming(  651): OnBootPhase_1000_com.android.server.CachedDeviceStateService took to complete: 0ms
12-11 13:17:18.564 D/ActivityManagerTiming(  651): OnBootPhase_1000_com.android.server.BinderCallsStatsService$LifeCycle
12-11 13:17:18.564 V/ActivityManagerTiming(  651): OnBootPhase_1000_com.android.server.BinderCallsStatsService$LifeCycle took to complete: 0ms
12-11 13:17:18.564 D/ActivityManagerTiming(  651): OnBootPhase_1000_com.android.server.LooperStatsService$Lifecycle
12-11 13:17:18.564 V/ActivityManagerTiming(  651): OnBootPhase_1000_com.android.server.LooperStatsService$Lifecycle took to complete: 0ms
12-11 13:17:18.564 D/ActivityManagerTiming(  651): OnBootPhase_1000_com.android.server.rollback.RollbackManagerService
12-11 13:17:18.564 I/netd    (  402): firewallReplaceUidChain(fw_standby, false, []) -> {true} <0.11ms>
12-11 13:17:18.564 I/netd    (  402): firewallEnableChildChain(2, false) <0.03ms>
12-11 13:17:18.564 V/ActivityManagerTiming(  651): OnBootPhase_1000_com.android.server.rollback.RollbackManagerService took to complete: 0ms
12-11 13:17:18.564 D/ActivityManagerTiming(  651): OnBootPhase_1000_com.android.server.os.NativeTombstoneManagerService
12-11 13:17:18.564 V/ActivityManagerTiming(  651): OnBootPhase_1000_com.android.server.os.NativeTombstoneManagerService took to complete: 0ms
12-11 13:17:18.564 D/ActivityManagerTiming(  651): OnBootPhase_1000_com.android.server.os.BugreportManagerService
12-11 13:17:18.564 V/ActivityManagerTiming(  651): OnBootPhase_1000_com.android.server.os.BugreportManagerService took to complete: 0ms
12-11 13:17:18.564 D/ActivityManagerTiming(  651): OnBootPhase_1000_com.android.server.gpu.GpuService
12-11 13:17:18.564 V/ActivityManagerTiming(  651): OnBootPhase_1000_com.android.server.gpu.GpuService took to complete: 0ms
12-11 13:17:18.564 D/ActivityManagerTiming(  651): OnBootPhase_1000_com.android.server.security.KeyChainSystemService
12-11 13:17:18.564 V/ActivityManagerTiming(  651): OnBootPhase_1000_com.android.server.security.KeyChainSystemService took to complete: 0ms
12-11 13:17:18.564 D/ActivityManagerTiming(  651): OnBootPhase_1000_com.android.server.telecom.TelecomLoaderService
12-11 13:17:18.564 D/RollbackManager(  651): mRollbackLifetimeDurationInMillis=1209600000
12-11 13:17:18.564 V/ActivityManagerTiming(  651): OnBootPhase_1000_com.android.server.telecom.TelecomLoaderService took to complete: 0ms
12-11 13:17:18.564 D/ActivityManagerTiming(  651): OnBootPhase_1000_com.android.server.accounts.AccountManagerService$Lifecycle
12-11 13:17:18.564 V/ActivityManagerTiming(  651): OnBootPhase_1000_com.android.server.accounts.AccountManagerService$Lifecycle took to complete: 0ms
12-11 13:17:18.564 D/ActivityManagerTiming(  651): OnBootPhase_1000_com.android.server.content.ContentService$Lifecycle
12-11 13:17:18.564 V/ActivityManagerTiming(  651): OnBootPhase_1000_com.android.server.content.ContentService$Lifecycle took to complete: 0ms
12-11 13:17:18.564 D/ActivityManagerTiming(  651): OnBootPhase_1000_com.android.server.DropBoxManagerService
12-11 13:17:18.564 V/ActivityManagerTiming(  651): OnBootPhase_1000_com.android.server.DropBoxManagerService took to complete: 0ms
12-11 13:17:18.564 D/ActivityManagerTiming(  651): OnBootPhase_1000_com.android.role.RoleService
12-11 13:17:18.564 V/ActivityManagerTiming(  651): OnBootPhase_1000_com.android.role.RoleService took to complete: 0ms
12-11 13:17:18.564 D/ActivityManagerTiming(  651): OnBootPhase_1000_com.android.server.vibrator.VibratorManagerService$Lifecycle
12-11 13:17:18.564 V/ActivityManagerTiming(  651): OnBootPhase_1000_com.android.server.vibrator.VibratorManagerService$Lifecycle took to complete: 0ms
12-11 13:17:18.564 D/ActivityManagerTiming(  651): OnBootPhase_1000_com.android.server.alarm.AlarmManagerService
12-11 13:17:18.564 V/ActivityManagerTiming(  651): OnBootPhase_1000_com.android.server.alarm.AlarmManagerService took to complete: 0ms
12-11 13:17:18.564 D/ActivityManagerTiming(  651): OnBootPhase_1000_com.android.server.devicestate.DeviceStateManagerService
12-11 13:17:18.564 V/ActivityManagerTiming(  651): OnBootPhase_1000_com.android.server.devicestate.DeviceStateManagerService took to complete: 0ms
12-11 13:17:18.564 D/ActivityManagerTiming(  651): OnBootPhase_1000_com.android.server.camera.CameraServiceProxy
12-11 13:17:18.565 D/AppStandbyController(  651): Loading headless system app cache. appIdleEnabled=true
12-11 13:17:18.565 V/ActivityManagerTiming(  651): OnBootPhase_1000_com.android.server.camera.CameraServiceProxy took to complete: 0ms
12-11 13:17:18.565 D/ActivityManagerTiming(  651): OnBootPhase_1000_com.android.server.BluetoothService
12-11 13:17:18.565 V/ActivityManagerTiming(  651): OnBootPhase_1000_com.android.server.BluetoothService took to complete: 0ms
12-11 13:17:18.565 D/ActivityManagerTiming(  651): OnBootPhase_1000_com.android.server.connectivity.IpConnectivityMetrics
12-11 13:17:18.565 V/ActivityManagerTiming(  651): OnBootPhase_1000_com.android.server.connectivity.IpConnectivityMetrics took to complete: 0ms
12-11 13:17:18.565 D/ActivityManagerTiming(  651): OnBootPhase_1000_com.android.server.net.watchlist.NetworkWatchlistService$Lifecycle
12-11 13:17:18.565 V/ActivityManagerTiming(  651): OnBootPhase_1000_com.android.server.net.watchlist.NetworkWatchlistService$Lifecycle took to complete: 0ms
12-11 13:17:18.565 D/ActivityManagerTiming(  651): OnBootPhase_1000_com.android.server.PinnerService
12-11 13:17:18.565 V/ActivityManagerTiming(  651): OnBootPhase_1000_com.android.server.PinnerService took to complete: 0ms
12-11 13:17:18.565 D/ActivityManagerTiming(  651): OnBootPhase_1000_com.google.android.startop.iorap.IorapForwardingService
12-11 13:17:18.565 V/ActivityManagerTiming(  651): OnBootPhase_1000_com.google.android.startop.iorap.IorapForwardingService took to complete: 0ms
12-11 13:17:18.565 D/ActivityManagerTiming(  651): OnBootPhase_1000_com.android.server.integrity.AppIntegrityManagerService
12-11 13:17:18.565 V/ActivityManagerTiming(  651): OnBootPhase_1000_com.android.server.integrity.AppIntegrityManagerService took to complete: 0ms
12-11 13:17:18.565 D/ActivityManagerTiming(  651): OnBootPhase_1000_com.android.server.inputmethod.InputMethodManagerService$Lifecycle
12-11 13:17:18.565 V/ActivityManagerTiming(  651): OnBootPhase_1000_com.android.server.inputmethod.InputMethodManagerService$Lifecycle took to complete: 0ms
12-11 13:17:18.565 D/ActivityManagerTiming(  651): OnBootPhase_1000_com.android.server.accessibility.AccessibilityManagerService$Lifecycle
12-11 13:17:18.565 V/ActivityManagerTiming(  651): OnBootPhase_1000_com.android.server.accessibility.AccessibilityManagerService$Lifecycle took to complete: 0ms
12-11 13:17:18.565 D/ActivityManagerTiming(  651): OnBootPhase_1000_com.android.server.StorageManagerService$Lifecycle
12-11 13:17:18.565 V/ActivityManagerTiming(  651): OnBootPhase_1000_com.android.server.StorageManagerService$Lifecycle took to complete: 0ms
12-11 13:17:18.565 D/ActivityManagerTiming(  651): OnBootPhase_1000_com.android.server.usage.StorageStatsService$Lifecycle
12-11 13:17:18.565 V/ActivityManagerTiming(  651): OnBootPhase_1000_com.android.server.usage.StorageStatsService$Lifecycle took to complete: 0ms
12-11 13:17:18.565 D/StorageManagerService(  651): Thinking about init, mBootCompleted=true, mDaemonConnected=true
12-11 13:17:18.565 D/ActivityManagerTiming(  651): OnBootPhase_1000_com.android.server.UiModeManagerService
12-11 13:17:18.565 D/StorageManagerService(  651): Setting up emulation state, initlocked=false
12-11 13:17:18.565 V/ActivityManagerTiming(  651): OnBootPhase_1000_com.android.server.UiModeManagerService took to complete: 0ms
12-11 13:17:18.565 D/ActivityManagerTiming(  651): OnBootPhase_1000_com.android.server.locksettings.LockSettingsService$Lifecycle
12-11 13:17:18.565 V/ActivityManagerTiming(  651): OnBootPhase_1000_com.android.server.locksettings.LockSettingsService$Lifecycle took to complete: 0ms
12-11 13:17:18.565 D/ActivityManagerTiming(  651): OnBootPhase_1000_com.android.server.testharness.TestHarnessModeService
12-11 13:17:18.565 D/TestHarnessModeService(  651): Completing Test Harness Mode setup.
12-11 13:17:18.565 D/TestHarnessModeService(  651): Getting PersistentDataBlockManagerInternal from LocalServices
12-11 13:17:18.565 E/TestHarnessModeService(  651): Failed to start Test Harness Mode; no implementation of PersistentDataBlockManagerInternal was bound!
12-11 13:17:18.565 V/ActivityManagerTiming(  651): OnBootPhase_1000_com.android.server.testharness.TestHarnessModeService took to complete: 0ms
12-11 13:17:18.565 D/ActivityManagerTiming(  651): OnBootPhase_1000_com.android.server.DeviceIdleController
12-11 13:17:18.565 V/ActivityManagerTiming(  651): OnBootPhase_1000_com.android.server.DeviceIdleController took to complete: 0ms
12-11 13:17:18.565 D/ActivityManagerTiming(  651): OnBootPhase_1000_com.android.server.devicepolicy.DevicePolicyManagerService$Lifecycle
12-11 13:17:18.565 V/ActivityManagerTiming(  651): OnBootPhase_1000_com.android.server.devicepolicy.DevicePolicyManagerService$Lifecycle took to complete: 0ms
12-11 13:17:18.565 D/ActivityManagerTiming(  651): OnBootPhase_1000_com.android.server.texttospeech.TextToSpeechManagerService
12-11 13:17:18.565 V/ActivityManagerTiming(  651): OnBootPhase_1000_com.android.server.texttospeech.TextToSpeechManagerService took to complete: 0ms
12-11 13:17:18.565 D/ActivityManagerTiming(  651): OnBootPhase_1000_com.android.server.speech.SpeechRecognitionManagerService
12-11 13:17:18.565 V/ActivityManagerTiming(  651): OnBootPhase_1000_com.android.server.speech.SpeechRecognitionManagerService took to complete: 0ms
12-11 13:17:18.565 D/ActivityManagerTiming(  651): OnBootPhase_1000_com.android.server.searchui.SearchUiManagerService
12-11 13:17:18.565 V/ActivityManagerTiming(  651): OnBootPhase_1000_com.android.server.searchui.SearchUiManagerService took to complete: 0ms
12-11 13:17:18.565 D/ActivityManagerTiming(  651): OnBootPhase_1000_com.android.server.smartspace.SmartspaceManagerService
12-11 13:17:18.565 V/ActivityManagerTiming(  651): OnBootPhase_1000_com.android.server.smartspace.SmartspaceManagerService took to complete: 0ms
12-11 13:17:18.565 D/ActivityManagerTiming(  651): OnBootPhase_1000_com.android.server.graphics.fonts.FontManagerService$Lifecycle
12-11 13:17:18.565 V/ActivityManagerTiming(  651): OnBootPhase_1000_com.android.server.graphics.fonts.FontManagerService$Lifecycle took to complete: 0ms
12-11 13:17:18.565 D/ActivityManagerTiming(  651): OnBootPhase_1000_com.android.server.textservices.TextServicesManagerService$Lifecycle
12-11 13:17:18.565 V/ActivityManagerTiming(  651): OnBootPhase_1000_com.android.server.textservices.TextServicesManagerService$Lifecycle took to complete: 0ms
12-11 13:17:18.565 D/ActivityManagerTiming(  651): OnBootPhase_1000_com.android.server.textclassifier.TextClassificationManagerService$Lifecycle
12-11 13:17:18.565 V/ActivityManagerTiming(  651): OnBootPhase_1000_com.android.server.textclassifier.TextClassificationManagerService$Lifecycle took to complete: 0ms
12-11 13:17:18.565 D/ActivityManagerTiming(  651): OnBootPhase_1000_com.android.server.NetworkScoreService$Lifecycle
12-11 13:17:18.565 V/ActivityManagerTiming(  651): OnBootPhase_1000_com.android.server.NetworkScoreService$Lifecycle took to complete: 0ms
12-11 13:17:18.565 D/ActivityManagerTiming(  651): OnBootPhase_1000_com.android.server.wifi.WifiService
12-11 13:17:18.566 V/ActivityManagerTiming(  651): OnBootPhase_1000_com.android.server.wifi.WifiService took to complete: 0ms
12-11 13:17:18.566 D/ActivityManagerTiming(  651): OnBootPhase_1000_com.android.server.wifi.scanner.WifiScanningService
12-11 13:17:18.566 V/ActivityManagerTiming(  651): OnBootPhase_1000_com.android.server.wifi.scanner.WifiScanningService took to complete: 0ms
12-11 13:17:18.566 D/ActivityManagerTiming(  651): OnBootPhase_1000_com.android.server.wifi.p2p.WifiP2pService
12-11 13:17:18.566 D/vold    (  309): fscrypt_unlock_user_key 0 serial=0
12-11 13:17:18.566 V/ActivityManagerTiming(  651): OnBootPhase_1000_com.android.server.wifi.p2p.WifiP2pService took to complete: 0ms
12-11 13:17:18.566 D/ActivityManagerTiming(  651): OnBootPhase_1000_com.android.server.ethernet.EthernetService
12-11 13:17:18.566 V/ActivityManagerTiming(  651): OnBootPhase_1000_com.android.server.ethernet.EthernetService took to complete: 0ms
12-11 13:17:18.566 D/ActivityManagerTiming(  651): OnBootPhase_1000_com.android.server.ConnectivityServiceInitializer
12-11 13:17:18.566 V/ActivityManagerTiming(  651): OnBootPhase_1000_com.android.server.ConnectivityServiceInitializer took to complete: 0ms
12-11 13:17:18.566 D/ActivityManagerTiming(  651): OnBootPhase_1000_com.android.server.notification.NotificationManagerService
12-11 13:17:18.566 V/ActivityManagerTiming(  651): OnBootPhase_1000_com.android.server.notification.NotificationManagerService took to complete: 0ms
12-11 13:17:18.566 D/ActivityManagerTiming(  651): OnBootPhase_1000_com.android.server.storage.DeviceStorageMonitorService
12-11 13:17:18.566 V/ActivityManagerTiming(  651): OnBootPhase_1000_com.android.server.storage.DeviceStorageMonitorService took to complete: 0ms
12-11 13:17:18.566 D/ActivityManagerTiming(  651): OnBootPhase_1000_com.android.server.location.LocationManagerService$Lifecycle
12-11 13:17:18.566 V/ActivityManagerTiming(  651): OnBootPhase_1000_com.android.server.location.LocationManagerService$Lifecycle took to complete: 0ms
12-11 13:17:18.566 D/ActivityManagerTiming(  651): OnBootPhase_1000_com.android.server.timedetector.TimeDetectorService$Lifecycle
12-11 13:17:18.566 D/StorageManagerService(  651): Thinking about reset, mBootCompleted=true, mDaemonConnected=true
12-11 13:17:18.566 V/ActivityManagerTiming(  651): OnBootPhase_1000_com.android.server.timedetector.TimeDetectorService$Lifecycle took to complete: 0ms
12-11 13:17:18.566 D/WifiService(  651): Handle boot completed
12-11 13:17:18.566 D/ActivityManagerTiming(  651): OnBootPhase_1000_com.android.server.timezonedetector.TimeZoneDetectorService$Lifecycle
12-11 13:17:18.566 V/ActivityManagerTiming(  651): OnBootPhase_1000_com.android.server.timezonedetector.TimeZoneDetectorService$Lifecycle took to complete: 0ms
12-11 13:17:18.566 D/ActivityManagerTiming(  651): OnBootPhase_1000_com.android.server.timezonedetector.location.LocationTimeZoneManagerService$Lifecycle
12-11 13:17:18.566 V/ActivityManagerTiming(  651): OnBootPhase_1000_com.android.server.timezonedetector.location.LocationTimeZoneManagerService$Lifecycle took to complete: 0ms
12-11 13:17:18.566 D/ActivityManagerTiming(  651): OnBootPhase_1000_com.android.server.search.SearchManagerService$Lifecycle
12-11 13:17:18.566 V/ActivityManagerTiming(  651): OnBootPhase_1000_com.android.server.search.SearchManagerService$Lifecycle took to complete: 0ms
12-11 13:17:18.566 I/StorageSessionController(  651): Started resetting external storage service...
12-11 13:17:18.566 D/ActivityManagerTiming(  651): OnBootPhase_1000_com.android.server.wallpaper.WallpaperManagerService$Lifecycle
12-11 13:17:18.566 I/StorageSessionController(  651): Finished resetting external storage service
12-11 13:17:18.566 I/StorageManagerService(  651): Resetting vold...
12-11 13:17:18.566 V/ActivityManagerTiming(  651): OnBootPhase_1000_com.android.server.wallpaper.WallpaperManagerService$Lifecycle took to complete: 0ms
12-11 13:17:18.566 D/ActivityManagerTiming(  651): OnBootPhase_1000_com.android.server.audio.AudioService$Lifecycle
12-11 13:17:18.566 V/ActivityManagerTiming(  651): OnBootPhase_1000_com.android.server.audio.AudioService$Lifecycle took to complete: 0ms
12-11 13:17:18.566 D/ActivityManagerTiming(  651): OnBootPhase_1000_com.android.server.soundtrigger_middleware.SoundTriggerMiddlewareService$Lifecycle
12-11 13:17:18.566 V/ActivityManagerTiming(  651): OnBootPhase_1000_com.android.server.soundtrigger_middleware.SoundTriggerMiddlewareService$Lifecycle took to complete: 0ms
12-11 13:17:18.566 D/ActivityManagerTiming(  651): OnBootPhase_1000_com.android.server.DockObserver
12-11 13:17:18.566 V/ActivityManagerTiming(  651): OnBootPhase_1000_com.android.server.DockObserver took to complete: 0ms
12-11 13:17:18.566 D/ActivityManagerTiming(  651): OnBootPhase_1000_com.android.server.adb.AdbService$Lifecycle
12-11 13:17:18.566 V/ActivityManagerTiming(  651): OnBootPhase_1000_com.android.server.adb.AdbService$Lifecycle took to complete: 0ms
12-11 13:17:18.566 D/ActivityManagerTiming(  651): OnBootPhase_1000_com.android.server.usb.UsbService$Lifecycle
12-11 13:17:18.566 V/ActivityManagerTiming(  651): OnBootPhase_1000_com.android.server.usb.UsbService$Lifecycle took to complete: 0ms
12-11 13:17:18.566 D/ActivityManagerTiming(  651): OnBootPhase_1000_com.android.server.twilight.TwilightService
12-11 13:17:18.567 V/ActivityManagerTiming(  651): OnBootPhase_1000_com.android.server.twilight.TwilightService took to complete: 1ms
12-11 13:17:18.567 D/ActivityManagerTiming(  651): OnBootPhase_1000_com.android.server.display.color.ColorDisplayService
12-11 13:17:18.567 V/ActivityManagerTiming(  651): OnBootPhase_1000_com.android.server.display.color.ColorDisplayService took to complete: 0ms
12-11 13:17:18.567 D/ActivityManagerTiming(  651): OnBootPhase_1000_com.android.server.job.JobSchedulerService
12-11 13:17:18.567 V/ActivityManagerTiming(  651): OnBootPhase_1000_com.android.server.job.JobSchedulerService took to complete: 0ms
12-11 13:17:18.567 D/ActivityManagerTiming(  651): OnBootPhase_1000_com.android.server.soundtrigger.SoundTriggerService
12-11 13:17:18.567 D/SoundTriggerService(  651): onBootPhase: 1000 : false
12-11 13:17:18.567 I/StorageManagerService(  651): Reset vold
12-11 13:17:18.567 I/vold    (  309): onUserAdded: 0
12-11 13:17:18.567 I/WifiScoreCard(  651): Installing MemoryStore
12-11 13:17:18.567 I/WifiHealthMonitor(  651): Installing MemoryStore
12-11 13:17:18.567 V/ActivityManagerTiming(  651): OnBootPhase_1000_com.android.server.soundtrigger.SoundTriggerService took to complete: 0ms
12-11 13:17:18.568 D/ActivityManagerTiming(  651): OnBootPhase_1000_com.android.server.trust.TrustManagerService
12-11 13:17:18.568 V/ActivityManagerTiming(  651): OnBootPhase_1000_com.android.server.trust.TrustManagerService took to complete: 0ms
12-11 13:17:18.568 D/ActivityManagerTiming(  651): OnBootPhase_1000_com.android.server.backup.BackupManagerService$Lifecycle
12-11 13:17:18.568 V/ActivityManagerTiming(  651): OnBootPhase_1000_com.android.server.backup.BackupManagerService$Lifecycle took to complete: 0ms
12-11 13:17:18.568 D/ActivityManagerTiming(  651): OnBootPhase_1000_com.android.server.appwidget.AppWidgetService
12-11 13:17:18.568 V/ActivityManagerTiming(  651): OnBootPhase_1000_com.android.server.appwidget.AppWidgetService took to complete: 0ms
12-11 13:17:18.569 D/ActivityManagerTiming(  651): OnBootPhase_1000_com.android.server.voiceinteraction.VoiceInteractionManagerService
12-11 13:17:18.569 V/ActivityManagerTiming(  651): OnBootPhase_1000_com.android.server.voiceinteraction.VoiceInteractionManagerService took to complete: 0ms
12-11 13:17:18.569 D/ActivityManagerTiming(  651): OnBootPhase_1000_com.android.server.apphibernation.AppHibernationService
12-11 13:17:18.569 V/ActivityManagerTiming(  651): OnBootPhase_1000_com.android.server.apphibernation.AppHibernationService took to complete: 0ms
12-11 13:17:18.569 D/ActivityManagerTiming(  651): OnBootPhase_1000_com.android.server.GestureLauncherService
12-11 13:17:18.569 V/ActivityManagerTiming(  651): OnBootPhase_1000_com.android.server.GestureLauncherService took to complete: 0ms
12-11 13:17:18.569 D/ActivityManagerTiming(  651): OnBootPhase_1000_com.android.server.SensorNotificationService
12-11 13:17:18.569 I/hdmicec (  418): send msg LEN:5,opcode:87,addr:4f
12-11 13:17:18.569 E/hdmicec (  418): ioctl err:-1 Machine is not on the network
12-11 13:17:18.570 D/CompatibilityChangeReporter(  651): Compat change id reported: 168936375; UID 1000; state: DISABLED
12-11 13:17:18.570 D/CompatibilityChangeReporter(  651): Compat change id reported: 168936375; UID 1000; state: ENABLED
12-11 13:17:18.570 I/Tethering(  651): USB bcast connected:true configured:true rndis:false ncm:false
12-11 13:17:18.570 I/HibernationStateDiskStore(  651): No hibernation file on disk for file /data/system/hibernation/states
12-11 13:17:18.571 D/CompatibilityChangeReporter(  651): Compat change id reported: 73144566; UID 1000; state: DISABLED
12-11 13:17:18.571 D/CompatibilityChangeReporter(  651): Compat change id reported: 73144566; UID 1000; state: ENABLED
12-11 13:17:18.571 I/adbd    (  460): adbd_auth: received a new framework connection
12-11 13:17:18.571 I/adbd    (  460): adbd_auth: received new framework fd 34 (current = -1)
12-11 13:17:18.572 V/ActivityManagerTiming(  651): OnBootPhase_1000_com.android.server.SensorNotificationService took to complete: 3ms
12-11 13:17:18.572 D/ActivityManagerTiming(  651): OnBootPhase_1000_com.android.server.emergency.EmergencyAffordanceService
12-11 13:17:18.572 V/ActivityManagerTiming(  651): OnBootPhase_1000_com.android.server.emergency.EmergencyAffordanceService took to complete: 0ms
12-11 13:17:18.572 D/ActivityManagerTiming(  651): OnBootPhase_1000_com.android.server.blob.BlobStoreManagerService
12-11 13:17:18.572 V/ActivityManagerTiming(  651): OnBootPhase_1000_com.android.server.blob.BlobStoreManagerService took to complete: 0ms
12-11 13:17:18.572 D/ActivityManagerTiming(  651): OnBootPhase_1000_com.android.server.dreams.DreamManagerService
12-11 13:17:18.572 V/ActivityManagerTiming(  651): OnBootPhase_1000_com.android.server.dreams.DreamManagerService took to complete: 0ms
12-11 13:17:18.572 D/ActivityManagerTiming(  651): OnBootPhase_1000_com.android.server.print.PrintManagerService
12-11 13:17:18.572 V/ActivityManagerTiming(  651): OnBootPhase_1000_com.android.server.print.PrintManagerService took to complete: 0ms
12-11 13:17:18.572 D/ActivityManagerTiming(  651): OnBootPhase_1000_com.android.server.companion.CompanionDeviceManagerService
12-11 13:17:18.572 V/ActivityManagerTiming(  651): OnBootPhase_1000_com.android.server.companion.CompanionDeviceManagerService took to complete: 0ms
12-11 13:17:18.572 D/ActivityManagerTiming(  651): OnBootPhase_1000_com.android.server.restrictions.RestrictionsManagerService
12-11 13:17:18.572 V/ActivityManagerTiming(  651): OnBootPhase_1000_com.android.server.restrictions.RestrictionsManagerService took to complete: 0ms
12-11 13:17:18.572 D/ActivityManagerTiming(  651): OnBootPhase_1000_com.android.server.media.MediaSessionService
12-11 13:17:18.572 V/ActivityManagerTiming(  651): OnBootPhase_1000_com.android.server.media.MediaSessionService took to complete: 0ms
12-11 13:17:18.572 D/ActivityManagerTiming(  651): OnBootPhase_1000_com.android.server.hdmi.HdmiControlService
12-11 13:17:18.572 V/ActivityManagerTiming(  651): OnBootPhase_1000_com.android.server.hdmi.HdmiControlService took to complete: 0ms
12-11 13:17:18.572 D/ActivityManagerTiming(  651): OnBootPhase_1000_com.android.server.media.MediaResourceMonitorService
12-11 13:17:18.572 V/ActivityManagerTiming(  651): OnBootPhase_1000_com.android.server.media.MediaResourceMonitorService took to complete: 0ms
12-11 13:17:18.572 D/ActivityManagerTiming(  651): OnBootPhase_1000_com.android.server.biometrics.BiometricService
12-11 13:17:18.572 V/ActivityManagerTiming(  651): OnBootPhase_1000_com.android.server.biometrics.BiometricService took to complete: 0ms
12-11 13:17:18.572 D/ActivityManagerTiming(  651): OnBootPhase_1000_com.android.server.biometrics.AuthService
12-11 13:17:18.572 V/ActivityManagerTiming(  651): OnBootPhase_1000_com.android.server.biometrics.AuthService took to complete: 0ms
