12-11 13:17:09.308 D/SystemServerTiming(  651): ssm.onStartUser-0_com.android.server.emergency.EmergencyAffordanceService
12-11 13:17:09.308 V/SystemServerTiming(  651): ssm.onStartUser-0_com.android.server.emergency.EmergencyAffordanceService took to complete: 0ms
12-11 13:17:09.308 D/SystemServerTiming(  651): ssm.onStartUser-0_com.android.server.blob.BlobStoreManagerService
12-11 13:17:09.308 V/SystemServerTiming(  651): ssm.onStartUser-0_com.android.server.blob.BlobStoreManagerService took to complete: 0ms
12-11 13:17:09.308 D/SystemServerTiming(  651): ssm.onStartUser-0_com.android.server.dreams.DreamManagerService
12-11 13:17:09.308 V/SystemServerTiming(  651): ssm.onStartUser-0_com.android.server.dreams.DreamManagerService took to complete: 0ms
12-11 13:17:09.308 D/SystemServerTiming(  651): ssm.onStartUser-0_com.android.server.print.PrintManagerService
12-11 13:17:09.308 V/SystemServerTiming(  651): ssm.onStartUser-0_com.android.server.print.PrintManagerService took to complete: 0ms
12-11 13:17:09.308 D/SystemServerTiming(  651): ssm.onStartUser-0_com.android.server.companion.CompanionDeviceManagerService
12-11 13:17:09.308 V/SystemServerTiming(  651): ssm.onStartUser-0_com.android.server.companion.CompanionDeviceManagerService took to complete: 0ms
12-11 13:17:09.308 D/SystemServerTiming(  651): ssm.onStartUser-0_com.android.server.restrictions.RestrictionsManagerService
12-11 13:17:09.308 V/SystemServerTiming(  651): ssm.onStartUser-0_com.android.server.restrictions.RestrictionsManagerService took to complete: 0ms
12-11 13:17:09.308 D/SystemServerTiming(  651): ssm.onStartUser-0_com.android.server.media.MediaSessionService
12-11 13:17:09.308 V/SystemServerTiming(  651): ssm.onStartUser-0_com.android.server.media.MediaSessionService took to complete: 0ms
12-11 13:17:09.308 D/SystemServerTiming(  651): ssm.onStartUser-0_com.android.server.hdmi.HdmiControlService
12-11 13:17:09.308 V/SystemServerTiming(  651): ssm.onStartUser-0_com.android.server.hdmi.HdmiControlService took to complete: 0ms
12-11 13:17:09.308 D/SystemServerTiming(  651): ssm.onStartUser-0_com.android.server.media.MediaResourceMonitorService
12-11 13:17:09.308 V/SystemServerTiming(  651): ssm.onStartUser-0_com.android.server.media.MediaResourceMonitorService took to complete: 0ms
12-11 13:17:09.308 D/SystemServerTiming(  651): ssm.onStartUser-0_com.android.server.biometrics.BiometricService
12-11 13:17:09.308 V/SystemServerTiming(  651): ssm.onStartUser-0_com.android.server.biometrics.BiometricService took to complete: 0ms
12-11 13:17:09.308 D/SystemServerTiming(  651): ssm.onStartUser-0_com.android.server.biometrics.AuthService
12-11 13:17:09.308 V/SystemServerTiming(  651): ssm.onStartUser-0_com.android.server.biometrics.AuthService took to complete: 0ms
12-11 13:17:09.308 D/SystemServerTiming(  651): ssm.onStartUser-0_com.android.server.pm.ShortcutService$Lifecycle
12-11 13:17:09.308 V/SystemServerTiming(  651): ssm.onStartUser-0_com.android.server.pm.ShortcutService$Lifecycle took to complete: 0ms
12-11 13:17:09.308 D/SystemServerTiming(  651): ssm.onStartUser-0_com.android.server.pm.LauncherAppsService
12-11 13:17:09.308 V/SystemServerTiming(  651): ssm.onStartUser-0_com.android.server.pm.LauncherAppsService took to complete: 0ms
12-11 13:17:09.308 D/SystemServerTiming(  651): ssm.onStartUser-0_com.android.server.pm.CrossProfileAppsService
12-11 13:17:09.308 V/SystemServerTiming(  651): ssm.onStartUser-0_com.android.server.pm.CrossProfileAppsService took to complete: 0ms
12-11 13:17:09.308 D/SystemServerTiming(  651): ssm.onStartUser-0_com.android.server.people.PeopleService
12-11 13:17:09.308 V/SystemServerTiming(  651): ssm.onStartUser-0_com.android.server.people.PeopleService took to complete: 0ms
12-11 13:17:09.308 D/SystemServerTiming(  651): ssm.onStartUser-0_com.android.server.media.metrics.MediaMetricsManagerService
12-11 13:17:09.308 V/SystemServerTiming(  651): ssm.onStartUser-0_com.android.server.media.metrics.MediaMetricsManagerService took to complete: 0ms
12-11 13:17:09.308 D/SystemServerTiming(  651): ssm.onStartUser-0_com.android.server.media.projection.MediaProjectionManagerService
12-11 13:17:09.308 V/SystemServerTiming(  651): ssm.onStartUser-0_com.android.server.media.projection.MediaProjectionManagerService took to complete: 0ms
12-11 13:17:09.308 D/SystemServerTiming(  651): ssm.onStartUser-0_com.android.server.slice.SliceManagerService$Lifecycle
12-11 13:17:09.309 V/SystemServerTiming(  651): ssm.onStartUser-0_com.android.server.slice.SliceManagerService$Lifecycle took to complete: 0ms
12-11 13:17:09.309 D/SystemServerTiming(  651): ssm.onStartUser-0_com.android.server.stats.StatsCompanion$Lifecycle
12-11 13:17:09.309 V/SystemServerTiming(  651): ssm.onStartUser-0_com.android.server.stats.StatsCompanion$Lifecycle took to complete: 0ms
12-11 13:17:09.309 D/SystemServerTiming(  651): ssm.onStartUser-0_com.android.server.scheduling.RebootReadinessManagerService$Lifecycle
12-11 13:17:09.309 V/SystemServerTiming(  651): ssm.onStartUser-0_com.android.server.scheduling.RebootReadinessManagerService$Lifecycle took to complete: 0ms
12-11 13:17:09.309 D/SystemServerTiming(  651): ssm.onStartUser-0_com.android.server.stats.pull.StatsPullAtomService
12-11 13:17:09.309 V/SystemServerTiming(  651): ssm.onStartUser-0_com.android.server.stats.pull.StatsPullAtomService took to complete: 0ms
12-11 13:17:09.309 D/SystemServerTiming(  651): ssm.onStartUser-0_com.android.server.incident.IncidentCompanionService
12-11 13:17:09.309 V/SystemServerTiming(  651): ssm.onStartUser-0_com.android.server.incident.IncidentCompanionService took to complete: 0ms
12-11 13:17:09.309 D/SystemServerTiming(  651): ssm.onStartUser-0_com.android.server.MmsServiceBroker
12-11 13:17:09.309 V/SystemServerTiming(  651): ssm.onStartUser-0_com.android.server.MmsServiceBroker took to complete: 0ms
12-11 13:17:09.309 D/SystemServerTiming(  651): ssm.onStartUser-0_com.android.server.radxaoverlay.RadxaOverlay
12-11 13:17:09.309 V/SystemServerTiming(  651): ssm.onStartUser-0_com.android.server.radxaoverlay.RadxaOverlay took to complete: 0ms
12-11 13:17:09.309 D/SystemServerTiming(  651): ssm.onStartUser-0_com.android.server.autofill.AutofillManagerService
12-11 13:17:09.309 V/SystemServerTiming(  651): ssm.onStartUser-0_com.android.server.autofill.AutofillManagerService took to complete: 0ms
12-11 13:17:09.309 D/SystemServerTiming(  651): ssm.onStartUser-0_com.android.server.clipboard.ClipboardService
12-11 13:17:09.309 V/SystemServerTiming(  651): ssm.onStartUser-0_com.android.server.clipboard.ClipboardService took to complete: 0ms
12-11 13:17:09.309 D/SystemServerTiming(  651): ssm.onStartUser-0_com.android.server.appbinding.AppBindingService$Lifecycle
12-11 13:17:09.309 V/SystemServerTiming(  651): ssm.onStartUser-0_com.android.server.appbinding.AppBindingService$Lifecycle took to complete: 0ms
12-11 13:17:09.309 D/SystemServerTiming(  651): ssm.onStartUser-0_com.android.server.tracing.TracingServiceProxy
12-11 13:17:09.309 V/SystemServerTiming(  651): ssm.onStartUser-0_com.android.server.tracing.TracingServiceProxy took to complete: 0ms
12-11 13:17:09.309 D/SystemServerTiming(  651): ssm.onStartUser-0_com.android.server.policy.PermissionPolicyService
12-11 13:17:09.309 V/SystemServerTiming(  651): ssm.onStartUser-0_com.android.server.policy.PermissionPolicyService took to complete: 0ms
12-11 13:17:09.309 D/SystemServerTiming(  651): ssm.onStartUser-0_com.android.server.pm.StagingManager$Lifecycle
12-11 13:17:09.309 V/SystemServerTiming(  651): ssm.onStartUser-0_com.android.server.pm.StagingManager$Lifecycle took to complete: 0ms
12-11 13:17:09.309 D/SystemServerTiming(  651): ssm.onStartUser-0_com.android.server.app.GameManagerService$Lifecycle
12-11 13:17:09.322 V/GameManagerService(  651): Settings file doesn't exists, skip reading
12-11 13:17:09.322 V/SystemServerTiming(  651): ssm.onStartUser-0_com.android.server.app.GameManagerService$Lifecycle took to complete: 12ms
12-11 13:17:09.322 D/SystemServerTiming(  651): ssm.onStartUser-0_com.android.server.appsearch.AppSearchManagerService
12-11 13:17:09.322 V/SystemServerTiming(  651): ssm.onStartUser-0_com.android.server.appsearch.AppSearchManagerService took to complete: 0ms
12-11 13:17:09.322 D/SystemServerTiming(  651): ssm.onStartUser-0_com.android.server.media.MediaCommunicationService
12-11 13:17:09.322 V/SystemServerTiming(  651): ssm.onStartUser-0_com.android.server.media.MediaCommunicationService took to complete: 0ms
12-11 13:17:09.322 D/SystemServerTiming(  651): ssm.onStartUser-0_com.android.server.compat.overrides.AppCompatOverridesService$Lifecycle
12-11 13:17:09.323 V/SystemServerTiming(  651): ssm.onStartUser-0_com.android.server.compat.overrides.AppCompatOverridesService$Lifecycle took to complete: 0ms
12-11 13:17:09.323 V/SystemServerTiming(  651): ssm.StartUser-0 took to complete: 23ms
12-11 13:17:09.323 D/SystemServerTiming(  651): startPersistentApps
12-11 13:17:09.323 D/CompatibilityChangeReporter(  651): Compat change id reported: 135634846; UID 1068; state: DISABLED
12-11 13:17:09.323 E/AppHibernationService(  651): Attempt to call isHibernatingForUser on stopped or nonexistent user 0
12-11 13:17:09.324 D/CompatibilityChangeReporter(  651): Compat change id reported: 135634846; UID 1001; state: DISABLED
12-11 13:17:09.324 D/CompatibilityChangeReporter(  651): Compat change id reported: 177438394; UID 1001; state: DISABLED
12-11 13:17:09.324 D/CompatibilityChangeReporter(  651): Compat change id reported: 135772972; UID 1001; state: DISABLED
12-11 13:17:09.324 D/CompatibilityChangeReporter(  651): Compat change id reported: 135754954; UID 1001; state: ENABLED
12-11 13:17:09.324 V/SystemServerTiming(  651): startPersistentApps took to complete: 1ms
12-11 13:17:09.324 D/SystemServerTiming(  651): startHomeOnAllDisplays
12-11 13:17:09.325 I/ActivityTaskManager(  651): START u0 {act=android.intent.action.MAIN cat=[android.intent.category.HOME] flg=0x10000100 cmp=com.android.settings/.FallbackHome (has extras)} from uid 0
12-11 13:17:09.325 E/AppHibernationService(  651): Attempt to call isHibernatingForUser on stopped or nonexistent user 0
12-11 13:17:09.325 E/AppHibernationService(  651): Attempt to call isHibernatingForUser on stopped or nonexistent user 0
12-11 13:17:09.328 D/CompatibilityChangeReporter(  651): Compat change id reported: 174042980; UID 1000; state: DISABLED
12-11 13:17:09.331 W/PackageManager(  651): Loading a package that does not exist for the calling user. package=null, user=0
12-11 13:17:09.333 W/PackageManager(  651): Loading a package that does not exist for the calling user. package=null, user=0
12-11 13:17:09.334 D/StatsPullAtomService(  651): Registering NetworkStats pullers with statsd
12-11 13:17:09.338 D/CompatibilityChangeReporter(  651): Compat change id reported: 197654537; UID 1000; state: ENABLED
12-11 13:17:09.341 E/AppHibernationService(  651): Attempt to call isHibernatingForUser on stopped or nonexistent user 0
12-11 13:17:09.342 V/SystemServerTiming(  651): startHomeOnAllDisplays took to complete: 18ms
12-11 13:17:09.342 D/SystemServerTiming(  651): showSystemReadyErrorDialogs
12-11 13:17:09.345 W/StorageManagerService(  651): No primary storage defined yet; hacking together a stub
12-11 13:17:09.463 V/SystemServerTiming(  651): showSystemReadyErrorDialogs took to complete: 121ms
12-11 13:17:09.463 D/SystemServerTiming(  651): sendUserStartBroadcast
12-11 13:17:09.463 V/SystemServerTiming(  651): sendUserStartBroadcast took to complete: 0ms
12-11 13:17:09.463 D/SystemServerTiming(  651): resumeTopActivities
12-11 13:17:09.463 E/AppHibernationService(  651): Attempt to call isHibernatingForUser on stopped or nonexistent user 0
12-11 13:17:09.463 V/SystemServerTiming(  651): resumeTopActivities took to complete: 0ms
12-11 13:17:09.463 D/SystemServerTiming(  651): sendUserSwitchBroadcasts
12-11 13:17:09.463 V/SystemServerTiming(  651): sendUserSwitchBroadcasts took to complete: 1ms
12-11 13:17:09.464 D/SystemServerTiming(  651): setBinderProxies
12-11 13:17:09.464 V/SystemServerTiming(  651): setBinderProxies took to complete: 0ms
12-11 13:17:09.464 V/SystemServerTiming(  651): ActivityManagerStartApps took to complete: 164ms
12-11 13:17:09.464 V/SystemServerTiming(  651): PhaseActivityManagerReady took to complete: 444ms
12-11 13:17:09.464 D/SystemServerTiming(  651): StartSystemUI
12-11 13:17:09.464 W/ActivityManager(  651): Slow operation: 141ms so far, now at startProcess: done updating battery stats
12-11 13:17:09.464 W/ActivityManager(  651): Slow operation: 141ms so far, now at startProcess: building log message
12-11 13:17:09.464 I/ActivityManager(  651): Start proc 917:com.android.se/1068 for added application com.android.se
12-11 13:17:09.464 W/ActivityManager(  651): Slow operation: 141ms so far, now at startProcess: starting to update pids map
12-11 13:17:09.464 W/ActivityManager(  651): Slow operation: 141ms so far, now at startProcess: done updating pids map
12-11 13:17:09.464 W/ActivityManager(  651): Slow operation: 140ms so far, now at startProcess: asking zygote to start proc
12-11 13:17:09.464 D/CompatibilityChangeReporter(  651): Compat change id reported: 168419799; UID 1068; state: DISABLED
12-11 13:17:09.467 D/CompatibilityChangeReporter(  651): Compat change id reported: 135634846; UID 1000; state: DISABLED
12-11 13:17:09.467 D/CompatibilityChangeReporter(  651): Compat change id reported: 177438394; UID 1000; state: DISABLED
12-11 13:17:09.467 D/CompatibilityChangeReporter(  651): Compat change id reported: 135772972; UID 1000; state: DISABLED
12-11 13:17:09.467 D/CompatibilityChangeReporter(  651): Compat change id reported: 135754954; UID 1000; state: ENABLED
12-11 13:17:09.468 E/AppHibernationService(  651): Attempt to call isHibernatingForUser on stopped or nonexistent user 0
12-11 13:17:09.468 E/AppHibernationService(  651): Attempt to call isHibernatingForUser on stopped or nonexistent user 0
12-11 13:17:09.468 V/SystemServerTiming(  651): StartSystemUI took to complete: 4ms
12-11 13:17:09.468 V/SystemServerTiming(  651): startOtherServices took to complete: 1532ms
12-11 13:17:09.468 V/SystemServerTiming(  651): StartServices took to complete: 3986ms
12-11 13:17:09.470 W/Looper  (  651): Slow delivery took 3741ms main h=android.app.PropertyInvalidatedCache$AutoCorker$1 c=null m=0
12-11 13:17:09.472 D/LocalDisplayAdapter(  651): mPhysicalDisplayId1 set rotation 0
12-11 13:17:09.473 D/ConditionProviders.SCP(  651): onConnected
12-11 13:17:09.473 D/ConditionProviders(  651): Subscribing to condition://android/event?userId=-10000&calendar=&reply=1 with ComponentInfo{android/com.android.server.notification.EventConditionProvider}
12-11 13:17:09.473 D/ConditionProviders(  651): Subscribing to condition://android/schedule?days=1.2.3.4.5.6.7&start=22.0&end=7.0&exitAtAlarm=true with ComponentInfo{android/com.android.server.notification.ScheduleConditionProvider}
12-11 13:17:09.474 W/ActivityManager(  651): Slow operation: 150ms so far, now at startProcess: returned from zygote!
12-11 13:17:09.475 W/ActivityManager(  651): Slow operation: 151ms so far, now at startProcess: done updating battery stats
12-11 13:17:09.475 I/Watchdog(  651): Interesting Java process com.android.phone started. Pid 951
12-11 13:17:09.475 W/ActivityManager(  651): Slow operation: 151ms so far, now at startProcess: building log message
12-11 13:17:09.475 I/ActivityManager(  651): Start proc 951:com.android.phone/1001 for added application com.android.phone
12-11 13:17:09.475 W/ActivityManager(  651): Slow operation: 151ms so far, now at startProcess: starting to update pids map
12-11 13:17:09.475 W/ActivityManager(  651): Slow operation: 151ms so far, now at startProcess: done updating pids map
12-11 13:17:09.480 I/ActivityManager(  651): Start proc 955:com.android.settings/1000 for top-activity {com.android.settings/com.android.settings.FallbackHome}
12-11 13:17:09.485 D/CompatibilityChangeReporter(  651): Compat change id reported: 168419799; UID 1001; state: DISABLED
12-11 13:17:09.486 D/CompatibilityChangeReporter(  651): Compat change id reported: 181136395; UID 1000; state: DISABLED
12-11 13:17:09.486 D/CompatibilityChangeReporter(  651): Compat change id reported: 174042936; UID 1000; state: DISABLED
12-11 13:17:09.536 D/CompatibilityChangeReporter(  651): Compat change id reported: 171306433; UID 1000; state: ENABLED
12-11 13:17:09.590 D/CompatibilityChangeReporter(  651): Compat change id reported: 157233955; UID 10073; state: ENABLED
12-11 13:17:09.641 V/SystemUIBootTiming(  840): DependencyInjection took to complete: 1ms
12-11 13:17:09.645 V/SystemUIBootTiming(  840): StartServicescom.android.systemui.util.NotificationChannels took to complete: 1ms
12-11 13:17:09.678 I/DropBoxManagerService(  651): add tag=system_app_strictmode isTagEnabled=true flags=0x2
12-11 13:17:09.685 V/SystemUIBootTiming(  840): StartServicescom.android.systemui.keyguard.KeyguardViewMediator took to complete: 40ms
12-11 13:17:09.687 E/AppHibernationService(  651): Attempt to call isHibernatingForUser on stopped or nonexistent user 0
12-11 13:17:09.688 D/CompatibilityChangeReporter(  651): Compat change id reported: 135634846; UID 10070; state: DISABLED
12-11 13:17:09.688 D/CompatibilityChangeReporter(  651): Compat change id reported: 177438394; UID 10070; state: DISABLED
12-11 13:17:09.688 D/CompatibilityChangeReporter(  651): Compat change id reported: 135772972; UID 10070; state: DISABLED
12-11 13:17:09.688 D/CompatibilityChangeReporter(  651): Compat change id reported: 135754954; UID 10070; state: ENABLED
12-11 13:17:09.688 D/CompatibilityChangeReporter(  651): Compat change id reported: 143937733; UID 10070; state: ENABLED
12-11 13:17:09.688 V/SystemUIBootTiming(  840): StartServicescom.android.systemui.recents.Recents took to complete: 3ms
12-11 13:17:09.690 E/AppHibernationService(  651): Attempt to call isHibernatingForUser on stopped or nonexistent user 0
12-11 13:17:09.691 I/DropBoxManagerService(  651): add tag=system_app_strictmode isTagEnabled=true flags=0x2
12-11 13:17:09.693 I/ActivityManager(  651): Start proc 1022:com.android.launcher3/u0a70 for service {com.android.launcher3/com.android.quickstep.TouchInteractionService}
12-11 13:17:09.702 D/CompatibilityChangeReporter(  651): Compat change id reported: 168419799; UID 10070; state: DISABLED
01-01 00:00:24.220 W/audit_log_start( 1041): 575 callbacks suppressed
01-01 00:00:24.220 W/audit   ( 1041): audit_backlog=65 > audit_backlog_limit=64
01-01 00:00:24.220 W/audit   ( 1041): audit_lost=498 audit_rate_limit=0 audit_backlog_limit=64
01-01 00:00:24.220 E/audit   ( 1041): backlog limit exceeded
01-01 00:00:24.220 W/audit   ( 1041): audit_backlog=65 > audit_backlog_limit=64
01-01 00:00:24.220 W/audit   ( 1041): audit_lost=499 audit_rate_limit=0 audit_backlog_limit=64
01-01 00:00:24.220 E/audit   ( 1041): backlog limit exceeded
01-01 00:00:24.220 W/audit   ( 1041): audit_backlog=65 > audit_backlog_limit=64
01-01 00:00:24.220 W/audit   ( 1041): audit_lost=500 audit_rate_limit=0 audit_backlog_limit=64
01-01 00:00:24.220 E/audit   ( 1041): backlog limit exceeded
01-01 00:00:24.220 W/audit   ( 1041): audit_backlog=65 > audit_backlog_limit=64
--------- beginning of main
12-11 13:17:09.723 I/getprop ( 1041): type=1400 audit(0.0:2634): avc: denied { getattr } for path="/dev/__properties__/u:object_r:hal_dumpstate_config_prop:s0" dev="tmpfs" ino=170 scontext=u:r:shell:s0 tcontext=u:object_r:hal_dumpstate_config_prop:s0 tclass=file permissive=1
12-11 13:17:09.723 I/getprop ( 1041): type=1400 audit(0.0:2635): avc: denied { map } for path="/dev/__properties__/u:object_r:hal_dumpstate_config_prop:s0" dev="tmpfs" ino=170 scontext=u:r:shell:s0 tcontext=u:object_r:hal_dumpstate_config_prop:s0 tclass=file permissive=1
12-11 13:17:09.723 I/getprop ( 1041): type=1400 audit(0.0:2636): avc: denied { open } for path="/dev/__properties__/u:object_r:hypervisor_prop:s0" dev="tmpfs" ino=177 scontext=u:r:shell:s0 tcontext=u:object_r:hypervisor_prop:s0 tclass=file permissive=1
12-11 13:17:09.723 I/getprop ( 1041): type=1400 audit(0.0:2637): avc: denied { getattr } for path="/dev/__properties__/u:object_r:hypervisor_prop:s0" dev="tmpfs" ino=177 scontext=u:r:shell:s0 tcontext=u:object_r:hypervisor_prop:s0 tclass=file permissive=1
12-11 13:17:09.723 I/getprop ( 1041): type=1400 audit(0.0:2638): avc: denied { map } for path="/dev/__properties__/u:object_r:hypervisor_prop:s0" dev="tmpfs" ino=177 scontext=u:r:shell:s0 tcontext=u:object_r:hypervisor_prop:s0 tclass=file permissive=1
12-11 13:17:09.723 I/getprop ( 1041): type=1400 audit(0.0:2639): avc: denied { open } for path="/dev/__properties__/u:object_r:incremental_prop:s0" dev="tmpfs" ino=178 scontext=u:r:shell:s0 tcontext=u:object_r:incremental_prop:s0 tclass=file permissive=1
12-11 13:17:09.723 I/getprop ( 1041): type=1400 audit(0.0:2640): avc: denied { getattr } for path="/dev/__properties__/u:object_r:incremental_prop:s0" dev="tmpfs" ino=178 scontext=u:r:shell:s0 tcontext=u:object_r:incremental_prop:s0 tclass=file permissive=1
12-11 13:17:09.723 I/getprop ( 1041): type=1400 audit(0.0:2641): avc: denied { map } for path="/dev/__properties__/u:object_r:incremental_prop:s0" dev="tmpfs" ino=178 scontext=u:r:shell:s0 tcontext=u:object_r:incremental_prop:s0 tclass=file permissive=1
12-11 13:17:09.726 I/getprop ( 1041): type=1400 audit(0.0:2642): avc: denied { open } for path="/dev/__properties__/u:object_r:init_svc_debug_prop:s0" dev="tmpfs" ino=182 scontext=u:r:shell:s0 tcontext=u:object_r:init_svc_debug_prop:s0 tclass=file permissive=1
12-11 13:17:09.726 I/getprop ( 1041): type=1400 audit(0.0:2643): avc: denied { getattr } for path="/dev/__properties__/u:object_r:init_svc_debug_prop:s0" dev="tmpfs" ino=182 scontext=u:r:shell:s0 tcontext=u:object_r:init_svc_debug_prop:s0 tclass=file permissive=1
12-11 13:17:09.726 I/getprop ( 1041): type=1400 audit(0.0:2644): avc: denied { map } for path="/dev/__properties__/u:object_r:init_svc_debug_prop:s0" dev="tmpfs" ino=182 scontext=u:r:shell:s0 tcontext=u:object_r:init_svc_debug_prop:s0 tclass=file permissive=1
12-11 13:17:09.726 I/getprop ( 1041): type=1400 audit(0.0:2645): avc: denied { open } for path="/dev/__properties__/u:object_r:keyguard_config_prop:s0" dev="tmpfs" ino=183 scontext=u:r:shell:s0 tcontext=u:object_r:keyguard_config_prop:s0 tclass=file permissive=1
12-11 13:17:09.726 I/getprop ( 1041): type=1400 audit(0.0:2646): avc: denied { getattr } for path="/dev/__properties__/u:object_r:keyguard_config_prop:s0" dev="tmpfs" ino=183 scontext=u:r:shell:s0 tcontext=u:object_r:keyguard_config_prop:s0 tclass=file permissive=1
12-11 13:17:09.726 I/getprop ( 1041): type=1400 audit(0.0:2647): avc: denied { map } for path="/dev/__properties__/u:object_r:keyguard_config_prop:s0" dev="tmpfs" ino=183 scontext=u:r:shell:s0 tcontext=u:object_r:keyguard_config_prop:s0 tclass=file permissive=1
12-11 13:17:09.726 I/getprop ( 1041): type=1400 audit(0.0:2648): avc: denied { open } for path="/dev/__properties__/u:object_r:keystore_crash_prop:s0" dev="tmpfs" ino=184 scontext=u:r:shell:s0 tcontext=u:object_r:keystore_crash_prop:s0 tclass=file permissive=1
12-11 13:17:09.726 I/getprop ( 1041): type=1400 audit(0.0:2649): avc: denied { getattr } for path="/dev/__properties__/u:object_r:keystore_crash_prop:s0" dev="tmpfs" ino=184 scontext=u:r:shell:s0 tcontext=u:object_r:keystore_crash_prop:s0 tclass=file permissive=1
12-11 13:17:09.726 I/getprop ( 1041): type=1400 audit(0.0:2650): avc: denied { map } for path="/dev/__properties__/u:object_r:keystore_crash_prop:s0" dev="tmpfs" ino=184 scontext=u:r:shell:s0 tcontext=u:object_r:keystore_crash_prop:s0 tclass=file permissive=1
12-11 13:17:09.726 I/getprop ( 1041): type=1400 audit(0.0:2651): avc: denied { open } for path="/dev/__properties__/u:object_r:keystore_listen_prop:s0" dev="tmpfs" ino=185 scontext=u:r:shell:s0 tcontext=u:object_r:keystore_listen_prop:s0 tclass=file permissive=1
12-11 13:17:09.726 I/getprop ( 1041): type=1400 audit(0.0:2652): avc: denied { getattr } for path="/dev/__properties__/u:object_r:keystore_listen_prop:s0" dev="tmpfs" ino=185 scontext=u:r:shell:s0 tcontext=u:object_r:keystore_listen_prop:s0 tclass=file permissive=1
12-11 13:17:09.726 I/getprop ( 1041): type=1400 audit(0.0:2653): avc: denied { map } for path="/dev/__properties__/u:object_r:keystore_listen_prop:s0" dev="tmpfs" ino=185 scontext=u:r:shell:s0 tcontext=u:object_r:keystore_listen_prop:s0 tclass=file permissive=1
12-11 13:17:09.726 I/getprop ( 1041): type=1400 audit(0.0:2654): avc: denied { open } for path="/dev/__properties__/u:object_r:llkd_prop:s0" dev="tmpfs" ino=188 scontext=u:r:shell:s0 tcontext=u:object_r:llkd_prop:s0 tclass=file permissive=1
12-11 13:17:09.726 I/getprop ( 1041): type=1400 audit(0.0:2655): avc: denied { getattr } for path="/dev/__properties__/u:object_r:llkd_prop:s0" dev="tmpfs" ino=188 scontext=u:r:shell:s0 tcontext=u:object_r:llkd_prop:s0 tclass=file permissive=1
12-11 13:17:09.726 I/getprop ( 1041): type=1400 audit(0.0:2656): avc: denied { map } for path="/dev/__properties__/u:object_r:llkd_prop:s0" dev="tmpfs" ino=188 scontext=u:r:shell:s0 tcontext=u:object_r:llkd_prop:s0 tclass=file permissive=1
12-11 13:17:09.726 I/getprop ( 1041): type=1400 audit(0.0:2657): avc: denied { open } for path="/dev/__properties__/u:object_r:lower_kptr_restrict_prop:s0" dev="tmpfs" ino=196 scontext=u:r:shell:s0 tcontext=u:object_r:lower_kptr_restrict_prop:s0 tclass=file permissive=1
12-11 13:17:09.726 I/getprop ( 1041): type=1400 audit(0.0:2658): avc: denied { getattr } for path="/dev/__properties__/u:object_r:lower_kptr_restrict_prop:s0" dev="tmpfs" ino=196 scontext=u:r:shell:s0 tcontext=u:object_r:lower_kptr_restrict_prop:s0 tclass=file permissive=1
12-11 13:17:09.726 I/getprop ( 1041): type=1400 audit(0.0:2659): avc: denied { map } for path="/dev/__properties__/u:object_r:lower_kptr_restrict_prop:s0" dev="tmpfs" ino=196 scontext=u:r:shell:s0 tcontext=u:object_r:lower_kptr_restrict_prop:s0 tclass=file permissive=1
12-11 13:17:09.726 I/getprop ( 1041): type=1400 audit(0.0:2660): avc: denied { open } for path="/dev/__properties__/u:object_r:lowpan_prop:s0" dev="tmpfs" ino=197 scontext=u:r:shell:s0 tcontext=u:object_r:lowpan_prop:s0 tclass=file permissive=1
12-11 13:17:09.741 I/OMXClient(  475): IOmx service obtained
12-11 13:17:09.726 I/getprop ( 1041): type=1400 audit(0.0:2661): avc: denied { getattr } for path="/dev/__properties__/u:object_r:lowpan_prop:s0" dev="tmpfs" ino=197 scontext=u:r:shell:s0 tcontext=u:object_r:lowpan_prop:s0 tclass=file permissive=1
12-11 13:17:09.726 I/getprop ( 1041): type=1400 audit(0.0:2662): avc: denied { map } for path="/dev/__properties__/u:object_r:lowpan_prop:s0" dev="tmpfs" ino=197 scontext=u:r:shell:s0 tcontext=u:object_r:lowpan_prop:s0 tclass=file permissive=1
12-11 13:17:09.741 I/OMXStore(  478): makeComponentInstance(OMX.google.h264.decoder) in android.hardwar process
12-11 13:17:09.726 I/getprop ( 1041): type=1400 audit(0.0:2663): avc: denied { map } for path="/dev/__properties__/u:object_r:net_dns_prop:s0" dev="tmpfs" ino=208 scontext=u:r:shell:s0 tcontext=u:object_r:net_dns_prop:s0 tclass=file permissive=1
12-11 13:17:09.726 I/getprop ( 1041): type=1400 audit(0.0:2664): avc: denied { open } for path="/dev/__properties__/u:object_r:odsign_prop:s0" dev="tmpfs" ino=213 scontext=u:r:shell:s0 tcontext=u:object_r:odsign_prop:s0 tclass=file permissive=1
12-11 13:17:09.726 I/getprop ( 1041): type=1400 audit(0.0:2665): avc: denied { getattr } for path="/dev/__properties__/u:object_r:odsign_prop:s0" dev="tmpfs" ino=213 scontext=u:r:shell:s0 tcontext=u:object_r:odsign_prop:s0 tclass=file permissive=1
12-11 13:17:09.726 I/getprop ( 1041): type=1400 audit(0.0:2666): avc: denied { map } for path="/dev/__properties__/u:object_r:odsign_prop:s0" dev="tmpfs" ino=213 scontext=u:r:shell:s0 tcontext=u:object_r:odsign_prop:s0 tclass=file permissive=1
12-11 13:17:09.726 I/getprop ( 1041): type=1400 audit(0.0:2667): avc: denied { open } for path="/dev/__properties__/u:object_r:oem_unlock_prop:s0" dev="tmpfs" ino=214 scontext=u:r:shell:s0 tcontext=u:object_r:oem_unlock_prop:s0 tclass=file permissive=1
12-11 13:17:09.726 I/getprop ( 1041): type=1400 audit(0.0:2668): avc: denied { getattr } for path="/dev/__properties__/u:object_r:oem_unlock_prop:s0" dev="tmpfs" ino=214 scontext=u:r:shell:s0 tcontext=u:object_r:oem_unlock_prop:s0 tclass=file permissive=1
12-11 13:17:09.726 I/getprop ( 1041): type=1400 audit(0.0:2669): avc: denied { map } for path="/dev/__properties__/u:object_r:oem_unlock_prop:s0" dev="tmpfs" ino=214 scontext=u:r:shell:s0 tcontext=u:object_r:oem_unlock_prop:s0 tclass=file permissive=1
12-11 13:17:09.726 I/getprop ( 1041): type=1400 audit(0.0:2670): avc: denied { map } for path="/dev/__properties__/u:object_r:overlay_prop:s0" dev="tmpfs" ino=216 scontext=u:r:shell:s0 tcontext=u:object_r:overlay_prop:s0 tclass=file permissive=1
12-11 13:17:09.726 I/getprop ( 1041): type=1400 audit(0.0:2671): avc: denied { open } for path="/dev/__properties__/u:object_r:persist_vendor_debug_wifi_prop:s0" dev="tmpfs" ino=221 scontext=u:r:shell:s0 tcontext=u:object_r:persist_vendor_debug_wifi_prop:s0 tclass=file permissive=1
12-11 13:17:09.726 I/getprop ( 1041): type=1400 audit(0.0:2672): avc: denied { getattr } for path="/dev/__properties__/u:object_r:persist_vendor_debug_wifi_prop:s0" dev="tmpfs" ino=221 scontext=u:r:shell:s0 tcontext=u:object_r:persist_vendor_debug_wifi_prop:s0 tclass=file permissive=1
12-11 13:17:09.726 I/getprop ( 1041): type=1400 audit(0.0:2673): avc: denied { map } for path="/dev/__properties__/u:object_r:persist_vendor_debug_wifi_prop:s0" dev="tmpfs" ino=221 scontext=u:r:shell:s0 tcontext=u:object_r:persist_vendor_debug_wifi_prop:s0 tclass=file permissive=1
12-11 13:17:09.726 I/getprop ( 1041): type=1400 audit(0.0:2674): avc: denied { map } for path="/dev/__properties__/u:object_r:persistent_properties_ready_prop:s0" dev="tmpfs" ino=222 scontext=u:r:shell:s0 tcontext=u:object_r:persistent_properties_ready_prop:s0 tclass=file permissive=1
12-11 13:17:09.726 I/getprop ( 1041): type=1400 audit(0.0:2675): avc: denied { open } for path="/dev/__properties__/u:object_r:power_debug_prop:s0" dev="tmpfs" ino=224 scontext=u:r:shell:s0 tcontext=u:object_r:power_debug_prop:s0 tclass=file permissive=1
12-11 13:17:09.726 I/getprop ( 1041): type=1400 audit(0.0:2676): avc: denied { getattr } for path="/dev/__properties__/u:object_r:power_debug_prop:s0" dev="tmpfs" ino=224 scontext=u:r:shell:s0 tcontext=u:object_r:power_debug_prop:s0 tclass=file permissive=1
12-11 13:17:09.726 I/getprop ( 1041): type=1400 audit(0.0:2677): avc: denied { map } for path="/dev/__properties__/u:object_r:power_debug_prop:s0" dev="tmpfs" ino=224 scontext=u:r:shell:s0 tcontext=u:object_r:power_debug_prop:s0 tclass=file permissive=1
12-11 13:17:09.726 I/getprop ( 1041): type=1400 audit(0.0:2678): avc: denied { open } for path="/dev/__properties__/u:object_r:profcollectd_node_id_prop:s0" dev="tmpfs" ino=226 scontext=u:r:shell:s0 tcontext=u:object_r:profcollectd_node_id_prop:s0 tclass=file permissive=1
12-11 13:17:09.726 I/getprop ( 1041): type=1400 audit(0.0:2679): avc: denied { getattr } for path="/dev/__properties__/u:object_r:profcollectd_node_id_prop:s0" dev="tmpfs" ino=226 scontext=u:r:shell:s0 tcontext=u:object_r:profcollectd_node_id_prop:s0 tclass=file permissive=1
12-11 13:17:09.726 I/getprop ( 1041): type=1400 audit(0.0:2680): avc: denied { map } for path="/dev/__properties__/u:object_r:profcollectd_node_id_prop:s0" dev="tmpfs" ino=226 scontext=u:r:shell:s0 tcontext=u:object_r:profcollectd_node_id_prop:s0 tclass=file permissive=1
12-11 13:17:09.726 I/getprop ( 1041): type=1400 audit(0.0:2681): avc: denied { open } for path="/dev/__properties__/u:object_r:provisioned_prop:s0" dev="tmpfs" ino=228 scontext=u:r:shell:s0 tcontext=u:object_r:provisioned_prop:s0 tclass=file permissive=1
12-11 13:17:09.726 I/getprop ( 1041): type=1400 audit(0.0:2682): avc: denied { getattr } for path="/dev/__properties__/u:object_r:provisioned_prop:s0" dev="tmpfs" ino=228 scontext=u:r:shell:s0 tcontext=u:object_r:provisioned_prop:s0 tclass=file permissive=1
12-11 13:17:09.726 I/getprop ( 1041): type=1400 audit(0.0:2683): avc: denied { map } for path="/dev/__properties__/u:object_r:provisioned_prop:s0" dev="tmpfs" ino=228 scontext=u:r:shell:s0 tcontext=u:object_r:provisioned_prop:s0 tclass=file permissive=1
12-11 13:17:09.726 I/getprop ( 1041): type=1400 audit(0.0:2684): avc: denied { open } for path="/dev/__properties__/u:object_r:qemu_hw_prop:s0" dev="tmpfs" ino=229 scontext=u:r:shell:s0 tcontext=u:object_r:qemu_hw_prop:s0 tclass=file permissive=1
12-11 13:17:09.726 I/getprop ( 1041): type=1400 audit(0.0:2685): avc: denied { getattr } for path="/dev/__properties__/u:object_r:qemu_hw_prop:s0" dev="tmpfs" ino=229 scontext=u:r:shell:s0 tcontext=u:object_r:qemu_hw_prop:s0 tclass=file permissive=1
12-11 13:17:09.726 I/getprop ( 1041): type=1400 audit(0.0:2686): avc: denied { map } for path="/dev/__properties__/u:object_r:qemu_hw_prop:s0" dev="tmpfs" ino=229 scontext=u:r:shell:s0 tcontext=u:object_r:qemu_hw_prop:s0 tclass=file permissive=1
12-11 13:17:09.726 I/getprop ( 1041): type=1400 audit(0.0:2687): avc: denied { open } for path="/dev/__properties__/u:object_r:rebootescrow_hal_prop:s0" dev="tmpfs" ino=234 scontext=u:r:shell:s0 tcontext=u:object_r:rebootescrow_hal_prop:s0 tclass=file permissive=1
12-11 13:17:09.726 I/getprop ( 1041): type=1400 audit(0.0:2688): avc: denied { getattr } for path="/dev/__properties__/u:object_r:rebootescrow_hal_prop:s0" dev="tmpfs" ino=234 scontext=u:r:shell:s0 tcontext=u:object_r:rebootescrow_hal_prop:s0 tclass=file permissive=1
12-11 13:17:09.726 I/getprop ( 1041): type=1400 audit(0.0:2689): avc: denied { map } for path="/dev/__properties__/u:object_r:rebootescrow_hal_prop:s0" dev="tmpfs" ino=234 scontext=u:r:shell:s0 tcontext=u:object_r:rebootescrow_hal_prop:s0 tclass=file permissive=1
12-11 13:17:09.726 I/getprop ( 1041): type=1400 audit(0.0:2690): avc: denied { open } for path="/dev/__properties__/u:object_r:recovery_config_prop:s0" dev="tmpfs" ino=235 scontext=u:r:shell:s0 tcontext=u:object_r:recovery_config_prop:s0 tclass=file permissive=1
12-11 13:17:09.726 I/getprop ( 1041): type=1400 audit(0.0:2691): avc: denied { getattr } for path="/dev/__properties__/u:object_r:recovery_config_prop:s0" dev="tmpfs" ino=235 scontext=u:r:shell:s0 tcontext=u:object_r:recovery_config_prop:s0 tclass=file permissive=1
12-11 13:17:09.726 I/getprop ( 1041): type=1400 audit(0.0:2692): avc: denied { map } for path="/dev/__properties__/u:object_r:recovery_config_prop:s0" dev="tmpfs" ino=235 scontext=u:r:shell:s0 tcontext=u:object_r:recovery_config_prop:s0 tclass=file permissive=1
12-11 13:17:09.726 I/getprop ( 1041): type=1400 audit(0.0:2693): avc: denied { open } for path="/dev/__properties__/u:object_r:retaildemo_prop:s0" dev="tmpfs" ino=237 scontext=u:r:shell:s0 tcontext=u:object_r:retaildemo_prop:s0 tclass=file permissive=1
12-11 13:17:09.726 I/getprop ( 1041): type=1400 audit(0.0:2694): avc: denied { getattr } for path="/dev/__properties__/u:object_r:retaildemo_prop:s0" dev="tmpfs" ino=237 scontext=u:r:shell:s0 tcontext=u:object_r:retaildemo_prop:s0 tclass=file permissive=1
12-11 13:17:09.726 I/getprop ( 1041): type=1400 audit(0.0:2695): avc: denied { map } for path="/dev/__properties__/u:object_r:retaildemo_prop:s0" dev="tmpfs" ino=237 scontext=u:r:shell:s0 tcontext=u:object_r:retaildemo_prop:s0 tclass=file permissive=1
12-11 13:17:09.726 I/getprop ( 1041): type=1400 audit(0.0:2696): avc: denied { open } for path="/dev/__properties__/u:object_r:storage_config_prop:s0" dev="tmpfs" ino=247 scontext=u:r:shell:s0 tcontext=u:object_r:storage_config_prop:s0 tclass=file permissive=1
12-11 13:17:09.726 I/getprop ( 1041): type=1400 audit(0.0:2697): avc: denied { getattr } for path="/dev/__properties__/u:object_r:storage_config_prop:s0" dev="tmpfs" ino=247 scontext=u:r:shell:s0 tcontext=u:object_r:storage_config_prop:s0 tclass=file permissive=1
12-11 13:17:09.726 I/getprop ( 1041): type=1400 audit(0.0:2698): avc: denied { map } for path="/dev/__properties__/u:object_r:storage_config_prop:s0" dev="tmpfs" ino=247 scontext=u:r:shell:s0 tcontext=u:object_r:storage_config_prop:s0 tclass=file permissive=1
12-11 13:17:09.726 I/getprop ( 1041): type=1400 audit(0.0:2699): avc: denied { open } for path="/dev/__properties__/u:object_r:surfaceflinger_display_prop:s0" dev="tmpfs" ino=250 scontext=u:r:shell:s0 tcontext=u:object_r:surfaceflinger_display_prop:s0 tclass=file permissive=1
12-11 13:17:09.726 I/getprop ( 1041): type=1400 audit(0.0:2700): avc: denied { getattr } for path="/dev/__properties__/u:object_r:surfaceflinger_display_prop:s0" dev="tmpfs" ino=250 scontext=u:r:shell:s0 tcontext=u:object_r:surfaceflinger_display_prop:s0 tclass=file permissive=1
12-11 13:17:09.726 I/getprop ( 1041): type=1400 audit(0.0:2701): avc: denied { map } for path="/dev/__properties__/u:object_r:surfaceflinger_display_prop:s0" dev="tmpfs" ino=250 scontext=u:r:shell:s0 tcontext=u:object_r:surfaceflinger_display_prop:s0 tclass=file permissive=1
12-11 13:17:09.726 I/getprop ( 1041): type=1400 audit(0.0:2702): avc: denied { open } for path="/dev/__properties__/u:object_r:suspend_prop:s0" dev="tmpfs" ino=252 scontext=u:r:shell:s0 tcontext=u:object_r:suspend_prop:s0 tclass=file permissive=1
12-11 13:17:09.726 I/getprop ( 1041): type=1400 audit(0.0:2703): avc: denied { getattr } for path="/dev/__properties__/u:object_r:suspend_prop:s0" dev="tmpfs" ino=252 scontext=u:r:shell:s0 tcontext=u:object_r:suspend_prop:s0 tclass=file permissive=1
12-11 13:17:09.726 I/getprop ( 1041): type=1400 audit(0.0:2704): avc: denied { map } for path="/dev/__properties__/u:object_r:suspend_prop:s0" dev="tmpfs" ino=252 scontext=u:r:shell:s0 tcontext=u:object_r:suspend_prop:s0 tclass=file permissive=1
12-11 13:17:09.726 I/getprop ( 1041): type=1400 audit(0.0:2705): avc: denied { open } for path="/dev/__properties__/u:object_r:system_adbd_prop:s0" dev="tmpfs" ino=253 scontext=u:r:shell:s0 tcontext=u:object_r:system_adbd_prop:s0 tclass=file permissive=1
12-11 13:17:09.726 I/getprop ( 1041): type=1400 audit(0.0:2706): avc: denied { getattr } for path="/dev/__properties__/u:object_r:system_adbd_prop:s0" dev="tmpfs" ino=253 scontext=u:r:shell:s0 tcontext=u:object_r:system_adbd_prop:s0 tclass=file permissive=1
12-11 13:17:09.726 I/getprop ( 1041): type=1400 audit(0.0:2707): avc: denied { map } for path="/dev/__properties__/u:object_r:system_adbd_prop:s0" dev="tmpfs" ino=253 scontext=u:r:shell:s0 tcontext=u:object_r:system_adbd_prop:s0 tclass=file permissive=1
12-11 13:17:09.726 I/getprop ( 1041): type=1400 audit(0.0:2708): avc: denied { open } for path="/dev/__properties__/u:object_r:system_jvmti_agent_prop:s0" dev="tmpfs" ino=255 scontext=u:r:shell:s0 tcontext=u:object_r:system_jvmti_agent_prop:s0 tclass=file permissive=1
12-11 13:17:09.726 I/getprop ( 1041): type=1400 audit(0.0:2709): avc: denied { getattr } for path="/dev/__properties__/u:object_r:system_jvmti_agent_prop:s0" dev="tmpfs" ino=255 scontext=u:r:shell:s0 tcontext=u:object_r:system_jvmti_agent_prop:s0 tclass=file permissive=1
12-11 13:17:09.726 I/getprop ( 1041): type=1400 audit(0.0:2710): avc: denied { map } for path="/dev/__properties__/u:object_r:system_jvmti_agent_prop:s0" dev="tmpfs" ino=255 scontext=u:r:shell:s0 tcontext=u:object_r:system_jvmti_agent_prop:s0 tclass=file permissive=1
12-11 13:17:09.726 I/getprop ( 1041): type=1400 audit(0.0:2711): avc: denied { open } for path="/dev/__properties__/u:object_r:system_lmk_prop:s0" dev="tmpfs" ino=256 scontext=u:r:shell:s0 tcontext=u:object_r:system_lmk_prop:s0 tclass=file permissive=1
12-11 13:17:09.726 I/getprop ( 1041): type=1400 audit(0.0:2712): avc: denied { getattr } for path="/dev/__properties__/u:object_r:system_lmk_prop:s0" dev="tmpfs" ino=256 scontext=u:r:shell:s0 tcontext=u:object_r:system_lmk_prop:s0 tclass=file permissive=1
12-11 13:17:09.726 I/getprop ( 1041): type=1400 audit(0.0:2713): avc: denied { map } for path="/dev/__properties__/u:object_r:system_lmk_prop:s0" dev="tmpfs" ino=256 scontext=u:r:shell:s0 tcontext=u:object_r:system_lmk_prop:s0 tclass=file permissive=1
12-11 13:17:09.726 I/getprop ( 1041): type=1400 audit(0.0:2714): avc: denied { open } for path="/dev/__properties__/u:object_r:system_trace_prop:s0" dev="tmpfs" ino=258 scontext=u:r:shell:s0 tcontext=u:object_r:system_trace_prop:s0 tclass=file permissive=1
12-11 13:17:09.726 I/getprop ( 1041): type=1400 audit(0.0:2715): avc: denied { getattr } for path="/dev/__properties__/u:object_r:system_trace_prop:s0" dev="tmpfs" ino=258 scontext=u:r:shell:s0 tcontext=u:object_r:system_trace_prop:s0 tclass=file permissive=1
12-11 13:17:09.726 I/getprop ( 1041): type=1400 audit(0.0:2716): avc: denied { map } for path="/dev/__properties__/u:object_r:system_trace_prop:s0" dev="tmpfs" ino=258 scontext=u:r:shell:s0 tcontext=u:object_r:system_trace_prop:s0 tclass=file permissive=1
12-11 13:17:09.726 I/getprop ( 1041): type=1400 audit(0.0:2717): avc: denied { open } for path="/dev/__properties__/u:object_r:test_boot_reason_prop:s0" dev="tmpfs" ino=262 scontext=u:r:shell:s0 tcontext=u:object_r:test_boot_reason_prop:s0 tclass=file permissive=1
12-11 13:17:09.726 I/getprop ( 1041): type=1400 audit(0.0:2718): avc: denied { getattr } for path="/dev/__properties__/u:object_r:test_boot_reason_prop:s0" dev="tmpfs" ino=262 scontext=u:r:shell:s0 tcontext=u:object_r:test_boot_reason_prop:s0 tclass=file permissive=1
12-11 13:17:09.726 I/getprop ( 1041): type=1400 audit(0.0:2719): avc: denied { map } for path="/dev/__properties__/u:object_r:test_boot_reason_prop:s0" dev="tmpfs" ino=262 scontext=u:r:shell:s0 tcontext=u:object_r:test_boot_reason_prop:s0 tclass=file permissive=1
12-11 13:17:09.726 I/getprop ( 1041): type=1400 audit(0.0:2720): avc: denied { open } for path="/dev/__properties__/u:object_r:theme_prop:s0" dev="tmpfs" ino=264 scontext=u:r:shell:s0 tcontext=u:object_r:theme_prop:s0 tclass=file permissive=1
12-11 13:17:09.726 I/getprop ( 1041): type=1400 audit(0.0:2721): avc: denied { getattr } for path="/dev/__properties__/u:object_r:theme_prop:s0" dev="tmpfs" ino=264 scontext=u:r:shell:s0 tcontext=u:object_r:theme_prop:s0 tclass=file permissive=1
12-11 13:17:09.726 I/getprop ( 1041): type=1400 audit(0.0:2722): avc: denied { map } for path="/dev/__properties__/u:object_r:theme_prop:s0" dev="tmpfs" ino=264 scontext=u:r:shell:s0 tcontext=u:object_r:theme_prop:s0 tclass=file permissive=1
12-11 13:17:09.726 I/getprop ( 1041): type=1400 audit(0.0:2723): avc: denied { open } for path="/dev/__properties__/u:object_r:time_prop:s0" dev="tmpfs" ino=265 scontext=u:r:shell:s0 tcontext=u:object_r:time_prop:s0 tclass=file permissive=1
12-11 13:17:09.726 I/getprop ( 1041): type=1400 audit(0.0:2724): avc: denied { getattr } for path="/dev/__properties__/u:object_r:time_prop:s0" dev="tmpfs" ino=265 scontext=u:r:shell:s0 tcontext=u:object_r:time_prop:s0 tclass=file permissive=1
12-11 13:17:09.726 I/getprop ( 1041): type=1400 audit(0.0:2725): avc: denied { map } for path="/dev/__properties__/u:object_r:time_prop:s0" dev="tmpfs" ino=265 scontext=u:r:shell:s0 tcontext=u:object_r:time_prop:s0 tclass=file permissive=1
12-11 13:17:09.726 I/getprop ( 1041): type=1400 audit(0.0:2726): avc: denied { open } for path="/dev/__properties__/u:object_r:tombstone_config_prop:s0" dev="tmpfs" ino=266 scontext=u:r:shell:s0 tcontext=u:object_r:tombstone_config_prop:s0 tclass=file permissive=1
12-11 13:17:09.726 I/getprop ( 1041): type=1400 audit(0.0:2727): avc: denied { getattr } for path="/dev/__properties__/u:object_r:tombstone_config_prop:s0" dev="tmpfs" ino=266 scontext=u:r:shell:s0 tcontext=u:object_r:tombstone_config_prop:s0 tclass=file permissive=1
12-11 13:17:09.726 I/getprop ( 1041): type=1400 audit(0.0:2728): avc: denied { map } for path="/dev/__properties__/u:object_r:tombstone_config_prop:s0" dev="tmpfs" ino=266 scontext=u:r:shell:s0 tcontext=u:object_r:tombstone_config_prop:s0 tclass=file permissive=1
12-11 13:17:09.726 I/getprop ( 1041): type=1400 audit(0.0:2729): avc: denied { open } for path="/dev/__properties__/u:object_r:traced_lazy_prop:s0" dev="tmpfs" ino=268 scontext=u:r:shell:s0 tcontext=u:object_r:traced_lazy_prop:s0 tclass=file permissive=1
12-11 13:17:09.726 I/getprop ( 1041): type=1400 audit(0.0:2730): avc: denied { getattr } for path="/dev/__properties__/u:object_r:traced_lazy_prop:s0" dev="tmpfs" ino=268 scontext=u:r:shell:s0 tcontext=u:object_r:traced_lazy_prop:s0 tclass=file permissive=1
12-11 13:17:09.726 I/getprop ( 1041): type=1400 audit(0.0:2731): avc: denied { map } for path="/dev/__properties__/u:object_r:traced_lazy_prop:s0" dev="tmpfs" ino=268 scontext=u:r:shell:s0 tcontext=u:object_r:traced_lazy_prop:s0 tclass=file permissive=1
12-11 13:17:09.726 I/getprop ( 1041): type=1400 audit(0.0:2732): avc: denied { open } for path="/dev/__properties__/u:object_r:vehicle_hal_prop:s0" dev="tmpfs" ino=278 scontext=u:r:shell:s0 tcontext=u:object_r:vehicle_hal_prop:s0 tclass=file permissive=1
12-11 13:17:09.726 I/getprop ( 1041): type=1400 audit(0.0:2733): avc: denied { getattr } for path="/dev/__properties__/u:object_r:vehicle_hal_prop:s0" dev="tmpfs" ino=278 scontext=u:r:shell:s0 tcontext=u:object_r:vehicle_hal_prop:s0 tclass=file permissive=1
12-11 13:17:09.726 I/getprop ( 1041): type=1400 audit(0.0:2734): avc: denied { map } for path="/dev/__properties__/u:object_r:vehicle_hal_prop:s0" dev="tmpfs" ino=278 scontext=u:r:shell:s0 tcontext=u:object_r:vehicle_hal_prop:s0 tclass=file permissive=1
12-11 13:17:09.726 I/getprop ( 1041): type=1400 audit(0.0:2735): avc: denied { open } for path="/dev/__properties__/u:object_r:vendor_base_prop:s0" dev="tmpfs" ino=279 scontext=u:r:shell:s0 tcontext=u:object_r:vendor_base_prop:s0 tclass=file permissive=1
12-11 13:17:09.726 I/getprop ( 1041): type=1400 audit(0.0:2736): avc: denied { getattr } for path="/dev/__properties__/u:object_r:vendor_base_prop:s0" dev="tmpfs" ino=279 scontext=u:r:shell:s0 tcontext=u:object_r:vendor_base_prop:s0 tclass=file permissive=1
12-11 13:17:09.726 I/getprop ( 1041): type=1400 audit(0.0:2737): avc: denied { map } for path="/dev/__properties__/u:object_r:vendor_base_prop:s0" dev="tmpfs" ino=279 scontext=u:r:shell:s0 tcontext=u:object_r:vendor_base_prop:s0 tclass=file permissive=1
12-11 13:17:09.726 I/getprop ( 1041): type=1400 audit(0.0:2738): avc: denied { open } for path="/dev/__properties__/u:object_r:wifi_config_prop:s0" dev="tmpfs" ino=305 scontext=u:r:shell:s0 tcontext=u:object_r:wifi_config_prop:s0 tclass=file permissive=1
12-11 13:17:09.726 I/getprop ( 1041): type=1400 audit(0.0:2739): avc: denied { map } for path="/dev/__properties__/u:object_r:wifi_prop:s0" dev="tmpfs" ino=308 scontext=u:r:shell:s0 tcontext=u:object_r:wifi_prop:s0 tclass=file permissive=1
12-11 13:17:09.744 I/vol.Events(  840): writeEvent level_changed STREAM_VOICE_CALL 3
12-11 13:17:09.745 I/vol.Events(  840): writeEvent level_changed STREAM_SYSTEM 5
12-11 13:17:09.745 I/vol.Events(  840): writeEvent level_changed STREAM_RING 5
12-11 13:17:09.746 I/vol.Events(  840): writeEvent level_changed STREAM_MUSIC 5
12-11 13:17:09.746 I/vol.Events(  840): writeEvent level_changed STREAM_ALARM 6
12-11 13:17:09.746 I/vol.Events(  840): writeEvent level_changed STREAM_BLUETOOTH_SCO 7
12-11 13:17:09.747 V/SystemUIBootTiming(  840): StartServicescom.android.systemui.volume.VolumeUI took to complete: 59ms
12-11 13:17:09.748 I/netd    (  402): trafficSwapActiveStatsMap() <18.02ms>
12-11 13:17:09.748 I/vol.Events(  840): writeEvent external_ringer_mode_changed unknown
12-11 13:17:09.748 I/vol.Events(  840): writeEvent zen_mode_config_changed [disallowAlarms=false disallowMedia=false disallowSystem=true disallowRinger=false]
12-11 13:17:09.749 I/netd    (  402): tetherGetStats() -> {[]} <0.65ms>
12-11 13:17:09.749 W/BestClock(  651): java.time.DateTimeException: Missing NTP fix
12-11 13:17:09.750 W/BestClock(  651): java.time.DateTimeException: Missing NTP fix
12-11 13:17:09.750 W/BestClock(  651): java.time.DateTimeException: Missing NTP fix
12-11 13:17:09.751 W/BestClock(  651): java.time.DateTimeException: Missing NTP fix
12-11 13:17:09.753 D/InterruptionStateProvider(  840): heads up is enabled
12-11 13:17:09.754 D/NavigationModeController(  840): getCurrentInteractionMode: mode=0 contextUser=0
12-11 13:17:09.756 I/getprop ( 1050): type=1400 audit(0.0:2740): avc: denied { open } for path="/dev/__properties__/u:object_r:aac_drc_prop:s0" dev="tmpfs" ino=58 scontext=u:r:shell:s0 tcontext=u:object_r:aac_drc_prop:s0 tclass=file permissive=1
12-11 13:17:09.756 I/getprop ( 1050): type=1400 audit(0.0:2741): avc: denied { getattr } for path="/dev/__properties__/u:object_r:aac_drc_prop:s0" dev="tmpfs" ino=58 scontext=u:r:shell:s0 tcontext=u:object_r:aac_drc_prop:s0 tclass=file permissive=1
12-11 13:17:09.756 I/getprop ( 1050): type=1400 audit(0.0:2742): avc: denied { map } for path="/dev/__properties__/u:object_r:aac_drc_prop:s0" dev="tmpfs" ino=58 scontext=u:r:shell:s0 tcontext=u:object_r:aac_drc_prop:s0 tclass=file permissive=1
12-11 13:17:09.756 I/getprop ( 1050): type=1400 audit(0.0:2743): avc: denied { open } for path="/dev/__properties__/u:object_r:ab_update_gki_prop:s0" dev="tmpfs" ino=60 scontext=u:r:shell:s0 tcontext=u:object_r:ab_update_gki_prop:s0 tclass=file permissive=1
12-11 13:17:09.756 I/getprop ( 1050): type=1400 audit(0.0:2744): avc: denied { getattr } for path="/dev/__properties__/u:object_r:ab_update_gki_prop:s0" dev="tmpfs" ino=60 scontext=u:r:shell:s0 tcontext=u:object_r:ab_update_gki_prop:s0 tclass=file permissive=1
12-11 13:17:09.756 I/getprop ( 1050): type=1400 audit(0.0:2745): avc: denied { map } for path="/dev/__properties__/u:object_r:ab_update_gki_prop:s0" dev="tmpfs" ino=60 scontext=u:r:shell:s0 tcontext=u:object_r:ab_update_gki_prop:s0 tclass=file permissive=1
