12-11 13:17:11.156 I/getprop ( 1252): type=1400 audit(0.0:4716): avc: denied { getattr } for path="/dev/__properties__/u:object_r:radio_cdma_ecm_prop:s0" dev="tmpfs" ino=231 scontext=u:r:shell:s0 tcontext=u:object_r:radio_cdma_ecm_prop:s0 tclass=file permissive=1
12-11 13:17:11.156 I/getprop ( 1252): type=1400 audit(0.0:4717): avc: denied { map } for path="/dev/__properties__/u:object_r:radio_cdma_ecm_prop:s0" dev="tmpfs" ino=231 scontext=u:r:shell:s0 tcontext=u:object_r:radio_cdma_ecm_prop:s0 tclass=file permissive=1
12-11 13:17:11.165 V/C2Store (  480): in init
12-11 13:17:11.165 V/C2Store (  480): loading dll
12-11 13:17:11.165 V/C2Store (  480): in ~ComponentModule
12-11 13:17:11.165 V/C2Store (  480): unloading dll
12-11 13:17:11.166 I/Codec2InfoBuilder(  475): adding type 'audio/mp4a-latm'
12-11 13:17:11.166 V/C2Store (  480): in ~ComponentModule
12-11 13:17:11.166 V/C2Store (  480): unloading dll
12-11 13:17:11.166 V/C2Store (  480): in init
12-11 13:17:11.166 V/C2Store (  480): loading dll
12-11 13:17:11.167 I/Codec2InfoBuilder(  475): adding type 'audio/3gpp'
12-11 13:17:11.168 V/C2Store (  480): in ~ComponentModule
12-11 13:17:11.168 V/C2Store (  480): unloading dll
12-11 13:17:11.168 V/C2Store (  480): in init
12-11 13:17:11.168 V/C2Store (  480): loading dll
12-11 13:17:11.169 I/Codec2InfoBuilder(  475): adding type 'audio/3gpp'
12-11 13:17:11.169 V/C2Store (  480): in ~ComponentModule
12-11 13:17:11.169 V/C2Store (  480): unloading dll
12-11 13:17:11.169 V/C2Store (  480): in init
12-11 13:17:11.169 V/C2Store (  480): loading dll
12-11 13:17:11.169 I/Codec2InfoBuilder(  475): adding type 'audio/amr-wb'
12-11 13:17:11.170 V/C2Store (  480): in init
12-11 13:17:11.170 V/C2Store (  480): loading dll
12-11 13:17:11.170 V/C2Store (  480): in ~ComponentModule
12-11 13:17:11.170 V/C2Store (  480): unloading dll
12-11 13:17:11.170 I/Codec2InfoBuilder(  475): adding type 'audio/amr-wb'
12-11 13:17:11.171 I/netd    (  402): interfaceSetEnableIPv6(eth0, false) <0.32ms>
12-11 13:17:11.171 D/EthernetNetworkFactory(  651): updateCapabilityFilter: [ Transports: ETHERNET Capabilities: NOT_METERED&INTERNET&NOT_RESTRICTED&TRUSTED&NOT_VPN&NOT_ROAMING&NOT_CONGESTED&NOT_SUSPENDED&NOT_VCN_MANAGED]
12-11 13:17:11.172 D/EthernetNetworkFactory(  651): updateInterfaceLinkState, iface: eth0, up: false
12-11 13:17:11.172 D/EthernetNetworkFactory(  651): updateInterfaceLinkState, iface: eth0, up: false
12-11 13:17:11.172 I/netd    (  402): interfaceClearAddrs(eth0) <0.17ms>
12-11 13:17:11.172 D/Ethernet(  651): got request NetworkRequest [ REQUEST id=19, [ Capabilities: INTERNET&NOT_RESTRICTED&TRUSTED&NOT_VCN_MANAGED Uid: 10073 RequestorUid: 10073 RequestorPkg: com.android.systemui] ]
12-11 13:17:11.172 D/EthernetNetworkFactory(  651): acceptRequest, request: NetworkRequest [ REQUEST id=19, [ Capabilities: INTERNET&NOT_RESTRICTED&TRUSTED&NOT_VCN_MANAGED Uid: 10073 RequestorUid: 10073 RequestorPkg: com.android.systemui] ]
12-11 13:17:11.172 E/IpClient.eth0(  651): Failed to set accept_ra to 2
12-11 13:17:11.172 I/EthernetNetworkFactory(  651): networkForRequest, request: NetworkRequest [ REQUEST id=19, [ Capabilities: INTERNET&NOT_RESTRICTED&TRUSTED&NOT_VCN_MANAGED Uid: 10073 RequestorUid: 10073 RequestorPkg: com.android.systemui] ], network: null
12-11 13:17:11.172 D/Ethernet(  651): got request NetworkRequest [ REQUEST id=14, [ Capabilities: INTERNET&NOT_RESTRICTED&TRUSTED&NOT_VCN_MANAGED Uid: 1000 RequestorUid: 1000 RequestorPkg: android] ]
12-11 13:17:11.172 D/EthernetNetworkFactory(  651): acceptRequest, request: NetworkRequest [ REQUEST id=14, [ Capabilities: INTERNET&NOT_RESTRICTED&TRUSTED&NOT_VCN_MANAGED Uid: 1000 RequestorUid: 1000 RequestorPkg: android] ]
12-11 13:17:11.172 I/EthernetNetworkFactory(  651): networkForRequest, request: NetworkRequest [ REQUEST id=14, [ Capabilities: INTERNET&NOT_RESTRICTED&TRUSTED&NOT_VCN_MANAGED Uid: 1000 RequestorUid: 1000 RequestorPkg: android] ], network: null
12-11 13:17:11.172 D/Ethernet(  651): got request NetworkRequest [ REQUEST id=27, [ Capabilities: INTERNET&NOT_RESTRICTED&TRUSTED&NOT_VCN_MANAGED Uid: 1001 RequestorUid: 1001 RequestorPkg: com.android.phone] ]
12-11 13:17:11.172 D/EthernetNetworkFactory(  651): acceptRequest, request: NetworkRequest [ REQUEST id=27, [ Capabilities: INTERNET&NOT_RESTRICTED&TRUSTED&NOT_VCN_MANAGED Uid: 1001 RequestorUid: 1001 RequestorPkg: com.android.phone] ]
12-11 13:17:11.172 I/EthernetNetworkFactory(  651): networkForRequest, request: NetworkRequest [ REQUEST id=27, [ Capabilities: INTERNET&NOT_RESTRICTED&TRUSTED&NOT_VCN_MANAGED Uid: 1001 RequestorUid: 1001 RequestorPkg: com.android.phone] ], network: null
12-11 13:17:11.172 D/Ethernet(  651): got request NetworkRequest [ REQUEST id=1, [ Capabilities: INTERNET&NOT_RESTRICTED&TRUSTED&NOT_VPN&NOT_VCN_MANAGED RequestorUid: 1000 RequestorPkg: android] ]
12-11 13:17:11.172 D/EthernetNetworkFactory(  651): acceptRequest, request: NetworkRequest [ REQUEST id=1, [ Capabilities: INTERNET&NOT_RESTRICTED&TRUSTED&NOT_VPN&NOT_VCN_MANAGED RequestorUid: 1000 RequestorPkg: android] ]
12-11 13:17:11.172 I/EthernetNetworkFactory(  651): networkForRequest, request: NetworkRequest [ REQUEST id=1, [ Capabilities: INTERNET&NOT_RESTRICTED&TRUSTED&NOT_VPN&NOT_VCN_MANAGED RequestorUid: 1000 RequestorPkg: android] ], network: null
12-11 13:17:11.172 D/Ethernet(  651): got request NetworkRequest [ REQUEST id=17, [ Capabilities: INTERNET&NOT_RESTRICTED&TRUSTED&NOT_VCN_MANAGED Uid: 10073 RequestorUid: 10073 RequestorPkg: com.android.systemui] ]
12-11 13:17:11.172 D/EthernetNetworkFactory(  651): acceptRequest, request: NetworkRequest [ REQUEST id=17, [ Capabilities: INTERNET&NOT_RESTRICTED&TRUSTED&NOT_VCN_MANAGED Uid: 10073 RequestorUid: 10073 RequestorPkg: com.android.systemui] ]
12-11 13:17:11.172 I/EthernetNetworkFactory(  651): networkForRequest, request: NetworkRequest [ REQUEST id=17, [ Capabilities: INTERNET&NOT_RESTRICTED&TRUSTED&NOT_VCN_MANAGED Uid: 10073 RequestorUid: 10073 RequestorPkg: com.android.systemui] ], network: null
12-11 13:17:11.172 D/Ethernet(  651): got request NetworkRequest [ REQUEST id=29, [ Capabilities: INTERNET&NOT_RESTRICTED&TRUSTED&NOT_VCN_MANAGED Uid: 1001 RequestorUid: 1001 RequestorPkg: com.android.phone] ]
12-11 13:17:11.172 D/EthernetNetworkFactory(  651): acceptRequest, request: NetworkRequest [ REQUEST id=29, [ Capabilities: INTERNET&NOT_RESTRICTED&TRUSTED&NOT_VCN_MANAGED Uid: 1001 RequestorUid: 1001 RequestorPkg: com.android.phone] ]
12-11 13:17:11.172 I/EthernetNetworkFactory(  651): networkForRequest, request: NetworkRequest [ REQUEST id=29, [ Capabilities: INTERNET&NOT_RESTRICTED&TRUSTED&NOT_VCN_MANAGED Uid: 1001 RequestorUid: 1001 RequestorPkg: com.android.phone] ], network: null
12-11 13:17:11.173 D/Ethernet(  651): got request NetworkRequest [ REQUEST id=22, [ Capabilities: INTERNET&NOT_RESTRICTED&TRUSTED&NOT_VCN_MANAGED Uid: 1000 RequestorUid: 1000 RequestorPkg: com.android.networkstack.inprocess] ]
12-11 13:17:11.173 D/EthernetNetworkFactory(  651): acceptRequest, request: NetworkRequest [ REQUEST id=22, [ Capabilities: INTERNET&NOT_RESTRICTED&TRUSTED&NOT_VCN_MANAGED Uid: 1000 RequestorUid: 1000 RequestorPkg: com.android.networkstack.inprocess] ]
12-11 13:17:11.173 I/EthernetNetworkFactory(  651): networkForRequest, request: NetworkRequest [ REQUEST id=22, [ Capabilities: INTERNET&NOT_RESTRICTED&TRUSTED&NOT_VCN_MANAGED Uid: 1000 RequestorUid: 1000 RequestorPkg: com.android.networkstack.inprocess] ], network: null
12-11 13:17:11.173 D/Ethernet(  651): got request NetworkRequest [ REQUEST id=7, [ Capabilities: INTERNET&NOT_RESTRICTED&TRUSTED&NOT_VCN_MANAGED Uid: 1000 RequestorUid: 1000 RequestorPkg: android] ]
12-11 13:17:11.173 D/EthernetNetworkFactory(  651): acceptRequest, request: NetworkRequest [ REQUEST id=7, [ Capabilities: INTERNET&NOT_RESTRICTED&TRUSTED&NOT_VCN_MANAGED Uid: 1000 RequestorUid: 1000 RequestorPkg: android] ]
12-11 13:17:11.173 I/EthernetNetworkFactory(  651): networkForRequest, request: NetworkRequest [ REQUEST id=7, [ Capabilities: INTERNET&NOT_RESTRICTED&TRUSTED&NOT_VCN_MANAGED Uid: 1000 RequestorUid: 1000 RequestorPkg: android] ], network: null
12-11 13:17:11.173 V/C2Store (  480): in ~ComponentModule
12-11 13:17:11.173 V/C2Store (  480): unloading dll
12-11 13:17:11.173 V/C2Store (  480): in init
12-11 13:17:11.173 V/C2Store (  480): loading dll
12-11 13:17:11.174 D/Codec2InfoBuilder(  475): codec entry for 'c2.android.av1.decoder' is disabled
12-11 13:17:11.174 V/C2Store (  480): in init
12-11 13:17:11.174 V/C2Store (  480): loading dll
12-11 13:17:11.175 I/Codec2InfoBuilder(  475): adding type 'video/avc'
12-11 13:17:11.175 V/C2Store (  480): in ~ComponentModule
12-11 13:17:11.175 V/C2Store (  480): unloading dll
12-11 13:17:11.176 V/C2Store (  480): in ~ComponentModule
12-11 13:17:11.176 V/C2Store (  480): unloading dll
12-11 13:17:11.176 V/C2Store (  480): in init
12-11 13:17:11.176 V/C2Store (  480): loading dll
12-11 13:17:11.176 I/mediaswcodec(  480): missing struct descriptor #Param::CoreIndex(--004) for field values of struct #Param::CoreIndex(F-12004)
12-11 13:17:11.176 I/mediaswcodec(  480): missing struct descriptor #Param::CoreIndex(--1812) for field values of struct #Param::CoreIndex(F-11812)
12-11 13:17:11.177 I/mediaswcodec(  480): missing struct descriptor #Param::CoreIndex(--004) for field values of struct #Param::CoreIndex(F-12004)
12-11 13:17:11.177 I/mediaswcodec(  480): missing struct descriptor #Param::CoreIndex(--1812) for field values of struct #Param::CoreIndex(F-11812)
12-11 13:17:11.177 I/Codec2InfoBuilder(  475): adding type 'video/avc'
12-11 13:17:11.177 V/C2Store (  480): in ~ComponentModule
12-11 13:17:11.177 V/C2Store (  480): unloading dll
12-11 13:17:11.178 V/C2Store (  480): in init
12-11 13:17:11.178 V/C2Store (  480): loading dll
12-11 13:17:11.178 I/netd    (  402): interfaceSetIPv6PrivacyExtensions(eth0, true) <0.07ms>
12-11 13:17:11.178 I/netd    (  402): setIPv6AddrGenMode(eth0, 2) <0.13ms>
12-11 13:17:11.178 I/Codec2InfoBuilder(  475): adding type 'audio/flac'
12-11 13:17:11.178 I/netd    (  402): interfaceSetEnableIPv6(eth0, true) <0.03ms>
12-11 13:17:11.178 V/C2Store (  480): in ~ComponentModule
12-11 13:17:11.178 V/C2Store (  480): unloading dll
12-11 13:17:11.178 V/C2Store (  480): in init
12-11 13:17:11.178 V/C2Store (  480): loading dll
12-11 13:17:11.179 I/Codec2InfoBuilder(  475): adding type 'audio/flac'
12-11 13:17:11.179 V/C2Store (  480): in ~ComponentModule
12-11 13:17:11.179 V/C2Store (  480): unloading dll
12-11 13:17:11.179 V/C2Store (  480): in init
12-11 13:17:11.179 V/C2Store (  480): loading dll
12-11 13:17:11.179 W/DepthController(  840): Invalid qs expansion
12-11 13:17:11.180 I/netd    (  402): setProcSysNet(4, 2, eth0, retrans_time_ms, 750) <0.07ms>
12-11 13:17:11.180 I/netd    (  402): setProcSysNet(4, 2, eth0, ucast_solicit, 5) <0.04ms>
12-11 13:17:11.180 I/Codec2InfoBuilder(  475): adding type 'audio/g711-alaw'
12-11 13:17:11.180 I/netd    (  402): setProcSysNet(6, 2, eth0, retrans_time_ms, 750) <0.09ms>
12-11 13:17:11.180 V/C2Store (  480): in ~ComponentModule
12-11 13:17:11.180 V/C2Store (  480): unloading dll
12-11 13:17:11.180 V/C2Store (  480): in init
12-11 13:17:11.180 V/C2Store (  480): loading dll
12-11 13:17:11.181 I/netd    (  402): setProcSysNet(6, 2, eth0, ucast_solicit, 5) <0.08ms>
12-11 13:17:11.181 I/netd    (  402): setProcSysNet(4, 2, eth0, retrans_time_ms, 750) <0.04ms>
12-11 13:17:11.181 I/Codec2InfoBuilder(  475): adding type 'audio/g711-mlaw'
12-11 13:17:11.181 V/C2Store (  480): in ~ComponentModule
12-11 13:17:11.181 V/C2Store (  480): unloading dll
12-11 13:17:11.181 V/C2Store (  480): in init
12-11 13:17:11.181 I/netd    (  402): setProcSysNet(4, 2, eth0, ucast_solicit, 10) <0.04ms>
12-11 13:17:11.181 V/C2Store (  480): loading dll
12-11 13:17:11.181 I/netd    (  402): setProcSysNet(6, 2, eth0, retrans_time_ms, 750) <0.06ms>
12-11 13:17:11.182 I/netd    (  402): setProcSysNet(6, 2, eth0, ucast_solicit, 10) <0.02ms>
12-11 13:17:11.182 D/Codec2InfoBuilder(  475): codec entry for 'c2.android.gsm.decoder' is disabled
12-11 13:17:11.182 V/C2Store (  480): in ~ComponentModule
12-11 13:17:11.182 V/C2Store (  480): unloading dll
12-11 13:17:11.182 V/C2Store (  480): in init
12-11 13:17:11.182 V/C2Store (  480): loading dll
12-11 13:17:11.182 I/Codec2InfoBuilder(  475): adding type 'video/3gpp'
12-11 13:17:11.183 V/C2Store (  480): in init
12-11 13:17:11.183 V/C2Store (  480): loading dll
12-11 13:17:11.183 V/C2Store (  480): in ~ComponentModule
12-11 13:17:11.183 V/C2Store (  480): unloading dll
12-11 13:17:11.183 I/Codec2InfoBuilder(  475): adding type 'video/3gpp'
12-11 13:17:11.184 V/C2Store (  480): in ~ComponentModule
12-11 13:17:11.184 V/C2Store (  480): unloading dll
12-11 13:17:11.184 V/C2Store (  480): in init
12-11 13:17:11.184 V/C2Store (  480): loading dll
12-11 13:17:11.184 I/Codec2InfoBuilder(  475): adding type 'video/hevc'
12-11 13:17:11.185 V/C2Store (  480): in ~ComponentModule
12-11 13:17:11.185 V/C2Store (  480): unloading dll
12-11 13:17:11.185 V/C2Store (  480): in init
12-11 13:17:11.185 V/C2Store (  480): loading dll
12-11 13:17:11.185 I/mediaswcodec(  480): missing struct descriptor #Param::CoreIndex(--004) for field values of struct #Param::CoreIndex(F-12004)
12-11 13:17:11.185 D/C2SoftHevcEnc(  480): Given level 6000 does not cover current configuration: adjusting to 6001
12-11 13:17:11.185 I/mediaswcodec(  480): missing struct descriptor #Param::CoreIndex(--004) for field values of struct #Param::CoreIndex(F-12004)
12-11 13:17:11.185 D/C2SoftHevcEnc(  480): Given level 6000 does not cover current configuration: adjusting to 6001
12-11 13:17:11.186 D/Codec2InfoBuilder(  475): codec entry for 'c2.android.hevc.encoder' is disabled
12-11 13:17:11.186 V/C2Store (  480): in init
12-11 13:17:11.186 V/C2Store (  480): loading dll
12-11 13:17:11.186 V/C2Store (  480): in ~ComponentModule
12-11 13:17:11.186 V/C2Store (  480): unloading dll
12-11 13:17:11.186 I/Codec2InfoBuilder(  475): adding type 'audio/mpeg'
12-11 13:17:11.186 V/C2Store (  480): in ~ComponentModule
12-11 13:17:11.186 V/C2Store (  480): unloading dll
12-11 13:17:11.186 V/C2Store (  480): in init
12-11 13:17:11.186 V/C2Store (  480): loading dll
12-11 13:17:11.187 D/Codec2InfoBuilder(  475): codec entry for 'c2.android.mpeg2.decoder' is disabled
12-11 13:17:11.187 V/C2Store (  480): in ~ComponentModule
12-11 13:17:11.187 V/C2Store (  480): unloading dll
12-11 13:17:11.187 V/C2Store (  480): in init
12-11 13:17:11.187 V/C2Store (  480): loading dll
12-11 13:17:11.188 I/Codec2InfoBuilder(  475): adding type 'video/mp4v-es'
12-11 13:17:11.188 V/C2Store (  480): in ~ComponentModule
12-11 13:17:11.188 V/C2Store (  480): unloading dll
12-11 13:17:11.188 V/C2Store (  480): in init
12-11 13:17:11.188 V/C2Store (  480): loading dll
12-11 13:17:11.189 E/DhcpClient(  651): Error retrieving network attributes: ILLEGAL ARGUMENT
12-11 13:17:11.189 I/Codec2InfoBuilder(  475): adding type 'video/mp4v-es'
12-11 13:17:11.189 D/DhcpClient(  651): Broadcasting DHCPDISCOVER
12-11 13:17:11.189 V/C2Store (  480): in ~ComponentModule
12-11 13:17:11.189 V/C2Store (  480): unloading dll
12-11 13:17:11.189 V/C2Store (  480): in init
12-11 13:17:11.189 V/C2Store (  480): loading dll
12-11 13:17:11.190 I/Codec2InfoBuilder(  475): adding type 'audio/opus'
12-11 13:17:11.190 V/C2Store (  480): in ~ComponentModule
12-11 13:17:11.190 V/C2Store (  480): unloading dll
12-11 13:17:11.190 V/C2Store (  480): in init
12-11 13:17:11.190 V/C2Store (  480): loading dll
12-11 13:17:11.190 I/Codec2InfoBuilder(  475): adding type 'audio/opus'
12-11 13:17:11.191 V/C2Store (  480): in init
12-11 13:17:11.191 V/C2Store (  480): in ~ComponentModule
12-11 13:17:11.191 V/C2Store (  480): loading dll
12-11 13:17:11.191 V/C2Store (  480): unloading dll
12-11 13:17:11.191 I/Codec2InfoBuilder(  475): adding type 'audio/raw'
12-11 13:17:11.191 V/C2Store (  480): in ~ComponentModule
12-11 13:17:11.191 V/C2Store (  480): unloading dll
12-11 13:17:11.191 V/C2Store (  480): in init
12-11 13:17:11.191 V/C2Store (  480): loading dll
12-11 13:17:11.192 I/Codec2InfoBuilder(  475): adding type 'audio/vorbis'
12-11 13:17:11.192 V/C2Store (  480): in ~ComponentModule
12-11 13:17:11.192 V/C2Store (  480): unloading dll
12-11 13:17:11.192 V/C2Store (  480): in init
12-11 13:17:11.192 V/C2Store (  480): loading dll
12-11 13:17:11.192 I/Codec2InfoBuilder(  475): adding type 'video/x-vnd.on2.vp8'
12-11 13:17:11.193 V/C2Store (  480): in init
12-11 13:17:11.193 V/C2Store (  480): loading dll
12-11 13:17:11.193 V/C2Store (  480): in ~ComponentModule
12-11 13:17:11.193 V/C2Store (  480): unloading dll
12-11 13:17:11.193 I/C2SoftVp8Enc(  480): setting temporal layering 0 + 0
12-11 13:17:11.193 I/C2SoftVp8Enc(  480): setting temporal layering 0 + 0
12-11 13:17:11.193 I/Codec2InfoBuilder(  475): adding type 'video/x-vnd.on2.vp8'
12-11 13:17:11.194 V/C2Store (  480): in ~ComponentModule
12-11 13:17:11.194 V/C2Store (  480): unloading dll
12-11 13:17:11.194 V/C2Store (  480): in init
12-11 13:17:11.194 V/C2Store (  480): loading dll
12-11 13:17:11.195 I/Codec2InfoBuilder(  475): adding type 'video/x-vnd.on2.vp9'
12-11 13:17:11.195 V/C2Store (  480): in ~ComponentModule
12-11 13:17:11.195 V/C2Store (  480): unloading dll
12-11 13:17:11.195 V/C2Store (  480): in init
12-11 13:17:11.195 V/C2Store (  480): loading dll
12-11 13:17:11.196 I/C2SoftVp9Enc(  480): setting temporal layering 0 + 0
12-11 13:17:11.196 I/C2SoftVp9Enc(  480): setting temporal layering 0 + 0
12-11 13:17:11.196 D/Codec2InfoBuilder(  475): codec entry for 'c2.android.vp9.encoder' is disabled
12-11 13:17:11.196 V/C2Store (  480): in ~ComponentModule
12-11 13:17:11.196 V/C2Store (  480): unloading dll
12-11 13:17:11.197 D/MediaCodecList(  840): codecHandlesFormat: no format, so no extra checks
12-11 13:17:11.197 D/MediaCodecList(  840): codecHandlesFormat: no format, so no extra checks
12-11 13:17:11.197 D/MediaCodecList(  651): codecHandlesFormat: no format, so no extra checks
12-11 13:17:11.197 D/MediaCodecList(  840): codecHandlesFormat: no format, so no extra checks
12-11 13:17:11.197 D/MediaCodecList(  651): codecHandlesFormat: no format, so no extra checks
12-11 13:17:11.197 D/MediaCodecList(  840): codecHandlesFormat: no format, so no extra checks
12-11 13:17:11.197 D/MediaCodecList(  651): codecHandlesFormat: no format, so no extra checks
12-11 13:17:11.197 D/MediaCodecList(  651): codecHandlesFormat: no format, so no extra checks
12-11 13:17:11.198 D/CCodec  (  651): allocate(c2.android.vorbis.decoder)
12-11 13:17:11.198 D/CCodec  (  840): allocate(c2.android.vorbis.decoder)
12-11 13:17:11.198 D/CCodec  (  651): allocate(c2.android.vorbis.decoder)
12-11 13:17:11.198 D/CCodec  (  840): allocate(c2.android.vorbis.decoder)
12-11 13:17:11.199 I/Codec2Client(  651): Available Codec2 services: "default" "software"
12-11 13:17:11.199 I/Codec2Client(  840): Available Codec2 services: "default" "software"
12-11 13:17:11.200 I/CCodec  (  651): setting up 'default' as default (vendor) store
12-11 13:17:11.200 I/CCodec  (  651): setting up 'default' as default (vendor) store
12-11 13:17:11.200 I/CCodec  (  840): setting up 'default' as default (vendor) store
12-11 13:17:11.200 I/CCodec  (  840): setting up 'default' as default (vendor) store
12-11 13:17:11.201 V/C2Store (  480): in init
12-11 13:17:11.201 V/C2Store (  480): loading dll
12-11 13:17:11.203 I/CCodec  (  651): Created component [c2.android.vorbis.decoder]
12-11 13:17:11.203 I/CCodec  (  651): Created component [c2.android.vorbis.decoder]
12-11 13:17:11.203 I/CCodec  (  840): Created component [c2.android.vorbis.decoder]
12-11 13:17:11.203 D/CCodecConfig(  651): read media type: audio/vorbis
12-11 13:17:11.203 D/CCodecConfig(  651): read media type: audio/vorbis
12-11 13:17:11.203 D/CCodecConfig(  840): read media type: audio/vorbis
12-11 13:17:11.203 I/CCodec  (  840): Created component [c2.android.vorbis.decoder]
12-11 13:17:11.203 D/CCodecConfig(  840): read media type: audio/vorbis
12-11 13:17:11.204 D/ReflectedParamUpdater(  651): extent() != 1 for single value type: algo.buffers.max-count.values
12-11 13:17:11.204 D/ReflectedParamUpdater(  651): extent() != 1 for single value type: algo.buffers.max-count.values
12-11 13:17:11.204 D/ReflectedParamUpdater(  651): extent() != 1 for single value type: output.subscribed-indices.values
12-11 13:17:11.204 D/ReflectedParamUpdater(  651): extent() != 1 for single value type: input.buffers.allocator-ids.values
12-11 13:17:11.204 D/ReflectedParamUpdater(  651): extent() != 1 for single value type: output.subscribed-indices.values
12-11 13:17:11.204 D/ReflectedParamUpdater(  651): extent() != 1 for single value type: output.buffers.allocator-ids.values
12-11 13:17:11.204 D/ReflectedParamUpdater(  840): extent() != 1 for single value type: algo.buffers.max-count.values
12-11 13:17:11.204 D/ReflectedParamUpdater(  840): extent() != 1 for single value type: output.subscribed-indices.values
12-11 13:17:11.204 D/ReflectedParamUpdater(  840): extent() != 1 for single value type: input.buffers.allocator-ids.values
12-11 13:17:11.204 D/ReflectedParamUpdater(  840): extent() != 1 for single value type: output.buffers.allocator-ids.values
12-11 13:17:11.204 D/ReflectedParamUpdater(  840): extent() != 1 for single value type: algo.buffers.allocator-ids.values
12-11 13:17:11.205 D/ReflectedParamUpdater(  840): extent() != 1 for single value type: output.buffers.pool-ids.values
12-11 13:17:11.205 D/ReflectedParamUpdater(  651): extent() != 1 for single value type: algo.buffers.allocator-ids.values
12-11 13:17:11.205 D/ReflectedParamUpdater(  840): extent() != 1 for single value type: algo.buffers.pool-ids.values
12-11 13:17:11.205 D/ReflectedParamUpdater(  651): extent() != 1 for single value type: output.buffers.pool-ids.values
12-11 13:17:11.205 D/ReflectedParamUpdater(  651): extent() != 1 for single value type: algo.buffers.pool-ids.values
12-11 13:17:11.205 D/ReflectedParamUpdater(  651): extent() != 1 for single value type: input.buffers.allocator-ids.values
12-11 13:17:11.205 D/ReflectedParamUpdater(  651): extent() != 1 for single value type: output.buffers.allocator-ids.values
12-11 13:17:11.205 D/ReflectedParamUpdater(  651): extent() != 1 for single value type: algo.buffers.allocator-ids.values
12-11 13:17:11.205 D/ReflectedParamUpdater(  840): extent() != 1 for single value type: algo.buffers.max-count.values
12-11 13:17:11.205 D/ReflectedParamUpdater(  651): extent() != 1 for single value type: output.buffers.pool-ids.values
12-11 13:17:11.205 I/CCodecConfig(  840): query failed after returning 7 values (BAD_INDEX)
12-11 13:17:11.205 D/CCodecConfig(  840): c2 config diff is Dict {
12-11 13:17:11.205 D/CCodecConfig(  840):   c2::u32 coded.bitrate.value = 64000
12-11 13:17:11.205 D/CCodecConfig(  840):   c2::u32 input.buffers.max-size.value = 32768
12-11 13:17:11.205 D/CCodecConfig(  840):   c2::u32 input.delay.value = 0
12-11 13:17:11.205 D/CCodecConfig(  840):   string input.media-type.value = "audio/vorbis"
12-11 13:17:11.205 D/CCodecConfig(  840):   string output.media-type.value = "audio/raw"
12-11 13:17:11.205 D/CCodecConfig(  840):   c2::u32 raw.channel-count.value = 1
12-11 13:17:11.205 D/CCodecConfig(  840):   c2::u32 raw.sample-rate.value = 48000
12-11 13:17:11.205 D/CCodecConfig(  840): }
12-11 13:17:11.205 I/CCodecConfig(  651): query failed after returning 7 values (BAD_INDEX)
12-11 13:17:11.205 D/ReflectedParamUpdater(  651): extent() != 1 for single value type: algo.buffers.pool-ids.values
12-11 13:17:11.205 D/CCodecConfig(  651): c2 config diff is Dict {
12-11 13:17:11.205 D/CCodecConfig(  651):   c2::u32 coded.bitrate.value = 64000
12-11 13:17:11.205 D/CCodecConfig(  651):   c2::u32 input.buffers.max-size.value = 32768
12-11 13:17:11.205 D/CCodecConfig(  651):   c2::u32 input.delay.value = 0
12-11 13:17:11.205 D/CCodecConfig(  651):   string input.media-type.value = "audio/vorbis"
12-11 13:17:11.205 D/CCodecConfig(  651):   string output.media-type.value = "audio/raw"
12-11 13:17:11.205 D/CCodecConfig(  651):   c2::u32 raw.channel-count.value = 1
12-11 13:17:11.205 D/CCodecConfig(  651):   c2::u32 raw.sample-rate.value = 48000
12-11 13:17:11.205 D/CCodecConfig(  651): }
12-11 13:17:11.205 D/CCodec  (  840): [c2.android.vorbis.decoder] buffers are bound to CCodec for this session
12-11 13:17:11.205 D/CCodecConfig(  840): no c2 equivalents for durationUs
12-11 13:17:11.205 D/CCodecConfig(  840): no c2 equivalents for track-id
12-11 13:17:11.205 D/CCodecConfig(  840): no c2 equivalents for csd-1
12-11 13:17:11.205 D/CCodecConfig(  840): no c2 equivalents for channel-mask
12-11 13:17:11.205 D/CCodecConfig(  840): no c2 equivalents for flags
12-11 13:17:11.206 D/CCodec  (  651): [c2.android.vorbis.decoder] buffers are bound to CCodec for this session
12-11 13:17:11.206 D/CCodecConfig(  651): no c2 equivalents for durationUs
12-11 13:17:11.206 D/CCodecConfig(  651): no c2 equivalents for track-id
12-11 13:17:11.206 D/CCodecConfig(  651): no c2 equivalents for csd-1
12-11 13:17:11.206 D/CCodecConfig(  651): no c2 equivalents for channel-mask
12-11 13:17:11.206 D/CCodecConfig(  651): no c2 equivalents for flags
12-11 13:17:11.206 D/ReflectedParamUpdater(  840): extent() != 1 for single value type: output.subscribed-indices.values
12-11 13:17:11.206 I/CCodecConfig(  651): query failed after returning 7 values (BAD_INDEX)
12-11 13:17:11.206 D/ReflectedParamUpdater(  840): extent() != 1 for single value type: input.buffers.allocator-ids.values
12-11 13:17:11.206 D/CCodecConfig(  651): c2 config diff is Dict {
12-11 13:17:11.206 D/CCodecConfig(  651):   c2::u32 coded.bitrate.value = 64000
12-11 13:17:11.206 D/CCodecConfig(  651):   c2::u32 input.buffers.max-size.value = 32768
12-11 13:17:11.206 D/CCodecConfig(  651):   c2::u32 input.delay.value = 0
12-11 13:17:11.206 D/CCodecConfig(  651):   string input.media-type.value = "audio/vorbis"
12-11 13:17:11.206 D/CCodecConfig(  651):   string output.media-type.value = "audio/raw"
12-11 13:17:11.206 D/CCodecConfig(  651):   c2::u32 raw.channel-count.value = 1
12-11 13:17:11.206 D/CCodecConfig(  651):   c2::u32 raw.sample-rate.value = 48000
12-11 13:17:11.206 D/CCodecConfig(  651): }
12-11 13:17:11.206 D/ReflectedParamUpdater(  840): extent() != 1 for single value type: output.buffers.allocator-ids.values
12-11 13:17:11.206 D/CCodecConfig(  651): c2 config diff is   c2::u32 coded.bitrate.value = 140000
12-11 13:17:11.206 D/ReflectedParamUpdater(  840): extent() != 1 for single value type: algo.buffers.allocator-ids.values
12-11 13:17:11.206 D/ReflectedParamUpdater(  840): extent() != 1 for single value type: output.buffers.pool-ids.values
12-11 13:17:11.206 D/ReflectedParamUpdater(  840): extent() != 1 for single value type: algo.buffers.pool-ids.values
12-11 13:17:11.206 D/CCodec  (  651): [c2.android.vorbis.decoder] buffers are bound to CCodec for this session
12-11 13:17:11.206 D/CCodecConfig(  651): no c2 equivalents for durationUs
12-11 13:17:11.206 D/CCodecConfig(  651): no c2 equivalents for track-id
12-11 13:17:11.206 D/CCodecConfig(  651): no c2 equivalents for csd-1
12-11 13:17:11.206 D/CCodecConfig(  651): no c2 equivalents for channel-mask
12-11 13:17:11.206 D/CCodecConfig(  651): no c2 equivalents for flags
12-11 13:17:11.206 W/Codec2Client(  651): query -- param skipped: index = 1107298332.
12-11 13:17:11.206 D/CCodec  (  651): setup formats input: AMessage(what = 0x00000000) = {
12-11 13:17:11.206 D/CCodec  (  651):   int32_t bitrate = 140000
12-11 13:17:11.206 D/CCodec  (  651):   int32_t channel-count = 1
12-11 13:17:11.206 D/CCodec  (  651):   int32_t max-input-size = 32768
12-11 13:17:11.206 D/CCodec  (  651):   string mime = "audio/vorbis"
12-11 13:17:11.206 D/CCodec  (  651):   int32_t sample-rate = 48000
12-11 13:17:11.206 D/CCodec  (  651): }
12-11 13:17:11.206 D/CCodec  (  651): setup formats output: AMessage(what = 0x00000000) = {
12-11 13:17:11.206 D/CCodec  (  651):   int32_t channel-count = 1
12-11 13:17:11.206 D/CCodec  (  651):   string mime = "audio/raw"
12-11 13:17:11.206 D/CCodec  (  651):   int32_t sample-rate = 48000
12-11 13:17:11.206 D/CCodec  (  651):   int32_t channel-mask = 1
12-11 13:17:11.206 D/CCodec  (  651): }
12-11 13:17:11.206 I/CCodecConfig(  651): query failed after returning 7 values (BAD_INDEX)
12-11 13:17:11.206 W/Codec2Client(  651): query -- param skipped: index = 1342179345.
12-11 13:17:11.206 W/Codec2Client(  651): query -- param skipped: index = 2415921170.
12-11 13:17:11.206 I/CCodecConfig(  840): query failed after returning 7 values (BAD_INDEX)
12-11 13:17:11.206 D/C2Store (  651): Using DMABUF Heaps
12-11 13:17:11.206 D/CCodecConfig(  840): c2 config diff is Dict {
12-11 13:17:11.206 D/CCodecConfig(  840):   c2::u32 coded.bitrate.value = 64000
12-11 13:17:11.206 D/CCodecConfig(  840):   c2::u32 input.buffers.max-size.value = 32768
12-11 13:17:11.206 D/CCodecConfig(  840):   c2::u32 input.delay.value = 0
12-11 13:17:11.206 D/CCodecConfig(  840):   string input.media-type.value = "audio/vorbis"
12-11 13:17:11.206 D/CCodecConfig(  840):   string output.media-type.value = "audio/raw"
12-11 13:17:11.206 D/CCodecConfig(  840):   c2::u32 raw.channel-count.value = 1
12-11 13:17:11.206 D/CCodecConfig(  840):   c2::u32 raw.sample-rate.value = 48000
12-11 13:17:11.206 D/CCodecConfig(  840): }
12-11 13:17:11.207 D/CCodecConfig(  840): c2 config diff is   c2::u32 coded.bitrate.value = 160000
12-11 13:17:11.207 D/CCodecConfig(  840):   c2::u32 raw.channel-count.value = 2
12-11 13:17:11.207 D/CCodecConfig(  840):   c2::u32 raw.sample-rate.value = 44100
12-11 13:17:11.207 D/CCodecBufferChannel(  651): [c2.android.vorbis.decoder#820] Created input block pool with allocatorID 16 => poolID 17 - OK (0)
12-11 13:17:11.207 D/CCodec  (  840): [c2.android.vorbis.decoder] buffers are bound to CCodec for this session
12-11 13:17:11.207 D/CCodecConfig(  840): no c2 equivalents for durationUs
12-11 13:17:11.207 D/CCodecConfig(  840): no c2 equivalents for track-id
12-11 13:17:11.207 D/CCodecConfig(  840): no c2 equivalents for csd-1
12-11 13:17:11.207 D/CCodecConfig(  840): no c2 equivalents for channel-mask
12-11 13:17:11.207 D/CCodecConfig(  840): no c2 equivalents for flags
12-11 13:17:11.207 D/C2Store (  480): Using DMABUF Heaps
12-11 13:17:11.207 D/CCodecConfig(  840): c2 config diff is   c2::u32 coded.bitrate.value = 160000
12-11 13:17:11.207 D/CCodecConfig(  840):   c2::u32 raw.channel-count.value = 2
12-11 13:17:11.207 D/CCodecConfig(  840):   c2::u32 raw.sample-rate.value = 44100
12-11 13:17:11.207 W/Codec2Client(  840): query -- param skipped: index = 1107298332.
12-11 13:17:11.207 D/CCodec  (  840): setup formats input: AMessage(what = 0x00000000) = {
12-11 13:17:11.207 D/CCodec  (  840):   int32_t bitrate = 160000
12-11 13:17:11.207 D/CCodec  (  840):   int32_t channel-count = 2
12-11 13:17:11.207 D/CCodec  (  840):   int32_t max-input-size = 32768
12-11 13:17:11.207 D/CCodec  (  840):   string mime = "audio/vorbis"
12-11 13:17:11.207 D/CCodec  (  840):   int32_t sample-rate = 44100
12-11 13:17:11.207 D/CCodec  (  840): }
12-11 13:17:11.207 W/Codec2Client(  840): query -- param skipped: index = 1107298332.
12-11 13:17:11.207 D/CCodec  (  840): setup formats output: AMessage(what = 0x00000000) = {
12-11 13:17:11.207 D/CCodec  (  840):   int32_t channel-count = 2
12-11 13:17:11.207 D/CCodec  (  840):   string mime = "audio/raw"
12-11 13:17:11.207 D/CCodec  (  840):   int32_t sample-rate = 44100
12-11 13:17:11.207 D/CCodec  (  840):   int32_t channel-mask = 3
12-11 13:17:11.207 D/CCodec  (  840): }
12-11 13:17:11.207 D/CCodec  (  840): setup formats input: AMessage(what = 0x00000000) = {
12-11 13:17:11.207 D/CCodec  (  840):   int32_t bitrate = 160000
12-11 13:17:11.207 D/CCodec  (  840):   int32_t channel-count = 2
12-11 13:17:11.207 D/CCodec  (  840):   int32_t max-input-size = 32768
12-11 13:17:11.207 D/CCodec  (  840):   string mime = "audio/vorbis"
12-11 13:17:11.207 D/CCodec  (  840):   int32_t sample-rate = 44100
12-11 13:17:11.207 D/CCodec  (  840): }
12-11 13:17:11.207 D/CCodec  (  840): setup formats output: AMessage(what = 0x00000000) = {
12-11 13:17:11.207 D/CCodec  (  840):   int32_t channel-count = 2
12-11 13:17:11.207 D/CCodec  (  840):   string mime = "audio/raw"
12-11 13:17:11.207 D/CCodec  (  840):   int32_t sample-rate = 44100
12-11 13:17:11.207 D/CCodec  (  840):   int32_t channel-mask = 3
12-11 13:17:11.207 D/CCodec  (  840): }
12-11 13:17:11.207 I/CCodecConfig(  840): query failed after returning 7 values (BAD_INDEX)
12-11 13:17:11.207 I/CCodecConfig(  840): query failed after returning 7 values (BAD_INDEX)
12-11 13:17:11.208 I/CCodecBufferChannel(  651): [c2.android.vorbis.decoder#820] Created output block pool with allocatorID 16 => poolID 17 - OK
12-11 13:17:11.208 D/CCodecBufferChannel(  651): [c2.android.vorbis.decoder#820] Configured output block pool ids 17 => OK
12-11 13:17:11.208 W/Codec2Client(  840): query -- param skipped: index = 1342179345.
12-11 13:17:11.208 W/Codec2Client(  840): query -- param skipped: index = 2415921170.
12-11 13:17:11.208 D/CCodecConfig(  651): c2 config diff is   c2::u32 coded.bitrate.value = 96000
12-11 13:17:11.208 D/CCodecConfig(  651):   c2::u32 raw.channel-count.value = 2
12-11 13:17:11.208 D/C2Store (  840): Using DMABUF Heaps
12-11 13:17:11.208 W/Codec2Client(  840): query -- param skipped: index = 1342179345.
12-11 13:17:11.208 W/Codec2Client(  840): query -- param skipped: index = 2415921170.
12-11 13:17:11.208 I/DMABUFHEAPS(  651): Using DMA-BUF heap named: system
12-11 13:17:11.208 W/Codec2Client(  651): query -- param skipped: index = 1107298332.
12-11 13:17:11.208 D/CCodec  (  651): setup formats input: AMessage(what = 0x00000000) = {
12-11 13:17:11.208 D/CCodec  (  651):   int32_t bitrate = 96000
12-11 13:17:11.208 D/CCodec  (  651):   int32_t channel-count = 2
12-11 13:17:11.208 D/CCodec  (  651):   int32_t max-input-size = 32768
12-11 13:17:11.208 D/CCodec  (  651):   string mime = "audio/vorbis"
12-11 13:17:11.208 D/CCodec  (  651):   int32_t sample-rate = 48000
12-11 13:17:11.208 D/CCodec  (  651): }
12-11 13:17:11.208 D/CCodec  (  651): setup formats output: AMessage(what = 0x00000000) = {
12-11 13:17:11.208 D/CCodec  (  651):   int32_t channel-count = 2
12-11 13:17:11.208 D/CCodec  (  651):   string mime = "audio/raw"
12-11 13:17:11.208 D/CCodec  (  651):   int32_t sample-rate = 48000
12-11 13:17:11.208 D/CCodec  (  651):   int32_t channel-mask = 3
12-11 13:17:11.208 D/CCodec  (  651): }
12-11 13:17:11.208 D/CCodecBufferChannel(  840): [c2.android.vorbis.decoder#111] Created input block pool with allocatorID 16 => poolID 17 - OK (0)
12-11 13:17:11.208 D/CCodecBufferChannel(  840): [c2.android.vorbis.decoder#709] Created input block pool with allocatorID 16 => poolID 18 - OK (0)
12-11 13:17:11.208 I/CCodecConfig(  651): query failed after returning 7 values (BAD_INDEX)
12-11 13:17:11.209 I/CCodecBufferChannel(  840): [c2.android.vorbis.decoder#111] Created output block pool with allocatorID 16 => poolID 18 - OK
12-11 13:17:11.209 D/CCodecBufferChannel(  840): [c2.android.vorbis.decoder#111] Configured output block pool ids 18 => OK
12-11 13:17:11.209 D/SimpleC2Component(  480): Using output block pool with poolID 17 => got 17 - 0
12-11 13:17:11.209 I/CCodecBufferChannel(  840): [c2.android.vorbis.decoder#709] Created output block pool with allocatorID 16 => poolID 19 - OK
12-11 13:17:11.209 I/DMABUFHEAPS(  840): Using DMA-BUF heap named: system
12-11 13:17:11.209 D/CCodecBufferChannel(  840): [c2.android.vorbis.decoder#709] Configured output block pool ids 19 => OK
12-11 13:17:11.210 W/Codec2Client(  651): query -- param skipped: index = 1342179345.
12-11 13:17:11.210 W/Codec2Client(  651): query -- param skipped: index = 2415921170.
12-11 13:17:11.210 D/SimpleC2Component(  480): Using output block pool with poolID 18 => got 18 - 0
12-11 13:17:11.210 D/CCodecBufferChannel(  651): [c2.android.vorbis.decoder#423] Created input block pool with allocatorID 16 => poolID 18 - OK (0)
12-11 13:17:11.211 D/SimpleC2Component(  480): Using output block pool with poolID 19 => got 19 - 0
12-11 13:17:11.211 I/CCodecBufferChannel(  651): [c2.android.vorbis.decoder#423] Created output block pool with allocatorID 16 => poolID 20 - OK
12-11 13:17:11.212 D/CCodecBufferChannel(  651): [c2.android.vorbis.decoder#423] Configured output block pool ids 20 => OK
12-11 13:17:11.212 I/DMABUFHEAPS(  480): Using DMA-BUF heap named: system
12-11 13:17:11.213 D/SimpleC2Component(  480): Using output block pool with poolID 20 => got 20 - 0
12-11 13:17:11.218 D/ThemeOverlayController(  840): Boot colors: [WallpaperColors: ff1c36a1 ff483f72 ffac92b2 ff708684 ff848a93 ff414141 h: 6]
12-11 13:17:11.219 D/CCodecBufferChannel(  651): [c2.android.vorbis.decoder#820] MediaCodec discarded an unknown buffer
12-11 13:17:11.219 D/CCodecBufferChannel(  651): [c2.android.vorbis.decoder#820] MediaCodec discarded an unknown buffer
12-11 13:17:11.219 I/hw-BpHwBinder(  651): onLastStrongRef automatically unlinking death recipients
12-11 13:17:11.220 I/hw-BpHwBinder(  651): onLastStrongRef automatically unlinking death recipients
12-11 13:17:11.220 I/hw-BpHwBinder(  480): onLastStrongRef automatically unlinking death recipients
12-11 13:17:11.223 D/MediaCodecList(  651): codecHandlesFormat: no format, so no extra checks
12-11 13:17:11.223 D/MediaCodecList(  651): codecHandlesFormat: no format, so no extra checks
12-11 13:17:11.224 D/MediaCodecList(  651): codecHandlesFormat: no format, so no extra checks
12-11 13:17:11.224 D/MediaCodecList(  651): codecHandlesFormat: no format, so no extra checks
12-11 13:17:11.224 D/CCodec  (  651): allocate(c2.android.vorbis.decoder)
12-11 13:17:11.224 D/CCodec  (  651): allocate(c2.android.vorbis.decoder)
12-11 13:17:11.225 I/CCodec  (  651): setting up 'default' as default (vendor) store
12-11 13:17:11.225 I/CCodec  (  651): setting up 'default' as default (vendor) store
12-11 13:17:11.225 I/CCodec  (  651): Created component [c2.android.vorbis.decoder]
12-11 13:17:11.225 D/CCodecConfig(  651): read media type: audio/vorbis
12-11 13:17:11.226 I/CCodec  (  651): Created component [c2.android.vorbis.decoder]
12-11 13:17:11.226 D/CCodecConfig(  651): read media type: audio/vorbis
12-11 13:17:11.226 D/ReflectedParamUpdater(  651): extent() != 1 for single value type: algo.buffers.max-count.values
12-11 13:17:11.227 D/ReflectedParamUpdater(  651): extent() != 1 for single value type: output.subscribed-indices.values
12-11 13:17:11.227 D/ReflectedParamUpdater(  651): extent() != 1 for single value type: input.buffers.allocator-ids.values
12-11 13:17:11.227 D/ReflectedParamUpdater(  651): extent() != 1 for single value type: output.buffers.allocator-ids.values
12-11 13:17:11.227 D/ReflectedParamUpdater(  651): extent() != 1 for single value type: algo.buffers.allocator-ids.values
12-11 13:17:11.227 D/ReflectedParamUpdater(  651): extent() != 1 for single value type: output.buffers.pool-ids.values
12-11 13:17:11.227 D/ReflectedParamUpdater(  651): extent() != 1 for single value type: algo.buffers.pool-ids.values
12-11 13:17:11.227 D/ReflectedParamUpdater(  651): extent() != 1 for single value type: algo.buffers.max-count.values
12-11 13:17:11.227 D/ReflectedParamUpdater(  651): extent() != 1 for single value type: output.subscribed-indices.values
12-11 13:17:11.227 D/ReflectedParamUpdater(  651): extent() != 1 for single value type: input.buffers.allocator-ids.values
12-11 13:17:11.227 D/ReflectedParamUpdater(  651): extent() != 1 for single value type: output.buffers.allocator-ids.values
12-11 13:17:11.227 D/ReflectedParamUpdater(  651): extent() != 1 for single value type: algo.buffers.allocator-ids.values
12-11 13:17:11.227 D/ReflectedParamUpdater(  651): extent() != 1 for single value type: output.buffers.pool-ids.values
12-11 13:17:11.227 D/ReflectedParamUpdater(  651): extent() != 1 for single value type: algo.buffers.pool-ids.values
12-11 13:17:11.227 I/CCodecConfig(  651): query failed after returning 7 values (BAD_INDEX)
12-11 13:17:11.227 D/CCodecConfig(  651): c2 config diff is Dict {
12-11 13:17:11.227 D/CCodecConfig(  651):   c2::u32 coded.bitrate.value = 64000
12-11 13:17:11.227 D/CCodecConfig(  651):   c2::u32 input.buffers.max-size.value = 32768
12-11 13:17:11.227 D/CCodecConfig(  651):   c2::u32 input.delay.value = 0
12-11 13:17:11.227 D/CCodecConfig(  651):   string input.media-type.value = "audio/vorbis"
12-11 13:17:11.227 D/CCodecConfig(  651):   string output.media-type.value = "audio/raw"
12-11 13:17:11.227 D/CCodecConfig(  651):   c2::u32 raw.channel-count.value = 1
12-11 13:17:11.227 D/CCodecConfig(  651):   c2::u32 raw.sample-rate.value = 48000
12-11 13:17:11.227 D/CCodecConfig(  651): }
12-11 13:17:11.228 I/CCodecConfig(  651): query failed after returning 7 values (BAD_INDEX)
12-11 13:17:11.228 D/CCodecConfig(  651): c2 config diff is Dict {
12-11 13:17:11.228 D/CCodecConfig(  651):   c2::u32 coded.bitrate.value = 64000
12-11 13:17:11.228 D/CCodecConfig(  651):   c2::u32 input.buffers.max-size.value = 32768
12-11 13:17:11.228 D/CCodecConfig(  651):   c2::u32 input.delay.value = 0
12-11 13:17:11.228 D/CCodecConfig(  651):   string input.media-type.value = "audio/vorbis"
12-11 13:17:11.228 D/CCodecConfig(  651):   string output.media-type.value = "audio/raw"
12-11 13:17:11.228 D/CCodecConfig(  651):   c2::u32 raw.channel-count.value = 1
12-11 13:17:11.228 D/CCodecConfig(  651):   c2::u32 raw.sample-rate.value = 48000
12-11 13:17:11.228 D/CCodecConfig(  651): }
12-11 13:17:11.228 D/CCodec  (  651): [c2.android.vorbis.decoder] buffers are bound to CCodec for this session
12-11 13:17:11.228 D/CCodecConfig(  651): no c2 equivalents for durationUs
12-11 13:17:11.228 D/CCodecConfig(  651): no c2 equivalents for track-id
12-11 13:17:11.228 D/CCodecConfig(  651): no c2 equivalents for csd-1
12-11 13:17:11.228 D/CCodecConfig(  651): no c2 equivalents for channel-mask
12-11 13:17:11.228 D/CCodecConfig(  651): no c2 equivalents for flags
12-11 13:17:11.228 D/CCodecConfig(  651): c2 config diff is   c2::u32 coded.bitrate.value = 140000
12-11 13:17:11.228 D/CCodec  (  651): [c2.android.vorbis.decoder] buffers are bound to CCodec for this session
12-11 13:17:11.228 W/Codec2Client(  651): query -- param skipped: index = 1107298332.
12-11 13:17:11.228 D/CCodecConfig(  651): no c2 equivalents for durationUs
12-11 13:17:11.228 D/CCodecConfig(  651): no c2 equivalents for track-id
12-11 13:17:11.228 D/CCodecConfig(  651): no c2 equivalents for csd-1
12-11 13:17:11.228 D/CCodec  (  651): setup formats input: AMessage(what = 0x00000000) = {
12-11 13:17:11.228 D/CCodec  (  651):   int32_t bitrate = 140000
12-11 13:17:11.228 D/CCodec  (  651):   int32_t channel-count = 1
12-11 13:17:11.228 D/CCodec  (  651):   int32_t max-input-size = 32768
12-11 13:17:11.228 D/CCodec  (  651):   string mime = "audio/vorbis"
12-11 13:17:11.228 D/CCodec  (  651):   int32_t sample-rate = 48000
12-11 13:17:11.228 D/CCodec  (  651): }
12-11 13:17:11.228 D/CCodecConfig(  651): no c2 equivalents for channel-mask
12-11 13:17:11.228 D/CCodecConfig(  651): no c2 equivalents for flags
12-11 13:17:11.228 D/CCodec  (  651): setup formats output: AMessage(what = 0x00000000) = {
12-11 13:17:11.228 D/CCodec  (  651):   int32_t channel-count = 1
12-11 13:17:11.228 D/CCodec  (  651):   string mime = "audio/raw"
12-11 13:17:11.228 D/CCodec  (  651):   int32_t sample-rate = 48000
12-11 13:17:11.228 D/CCodec  (  651):   int32_t channel-mask = 1
12-11 13:17:11.228 D/CCodec  (  651): }
12-11 13:17:11.228 I/CCodecConfig(  651): query failed after returning 7 values (BAD_INDEX)
12-11 13:17:11.228 D/CCodecConfig(  651): c2 config diff is   c2::u32 coded.bitrate.value = 140000
12-11 13:17:11.228 W/Codec2Client(  651): query -- param skipped: index = 1342179345.
12-11 13:17:11.229 W/Codec2Client(  651): query -- param skipped: index = 2415921170.
12-11 13:17:11.229 W/Codec2Client(  651): query -- param skipped: index = 1107298332.
12-11 13:17:11.229 D/CCodec  (  651): setup formats input: AMessage(what = 0x00000000) = {
12-11 13:17:11.229 D/CCodec  (  651):   int32_t bitrate = 140000
12-11 13:17:11.229 D/CCodec  (  651):   int32_t channel-count = 1
12-11 13:17:11.229 D/CCodec  (  651):   int32_t max-input-size = 32768
12-11 13:17:11.229 D/CCodec  (  651):   string mime = "audio/vorbis"
12-11 13:17:11.229 D/CCodec  (  651):   int32_t sample-rate = 48000
12-11 13:17:11.229 D/CCodec  (  651): }
12-11 13:17:11.229 D/CCodec  (  651): setup formats output: AMessage(what = 0x00000000) = {
12-11 13:17:11.229 D/CCodec  (  651):   int32_t channel-count = 1
12-11 13:17:11.229 D/CCodec  (  651):   string mime = "audio/raw"
12-11 13:17:11.229 D/CCodec  (  651):   int32_t sample-rate = 48000
12-11 13:17:11.229 D/CCodec  (  651):   int32_t channel-mask = 1
12-11 13:17:11.229 D/CCodec  (  651): }
12-11 13:17:11.229 I/CCodecConfig(  651): query failed after returning 7 values (BAD_INDEX)
12-11 13:17:11.229 W/Codec2Client(  651): query -- param skipped: index = 1342179345.
12-11 13:17:11.229 W/Codec2Client(  651): query -- param skipped: index = 2415921170.
12-11 13:17:11.229 D/CCodecBufferChannel(  651): [c2.android.vorbis.decoder#68] Created input block pool with allocatorID 16 => poolID 19 - OK (0)
12-11 13:17:11.229 D/CCodecBufferChannel(  651): [c2.android.vorbis.decoder#11] Created input block pool with allocatorID 16 => poolID 20 - OK (0)
12-11 13:17:11.229 I/CCodecBufferChannel(  651): [c2.android.vorbis.decoder#68] Created output block pool with allocatorID 16 => poolID 21 - OK
12-11 13:17:11.229 D/CCodecBufferChannel(  651): [c2.android.vorbis.decoder#68] Configured output block pool ids 21 => OK
12-11 13:17:11.230 D/SimpleC2Component(  480): Using output block pool with poolID 21 => got 21 - 0
12-11 13:17:11.230 I/CCodecBufferChannel(  651): [c2.android.vorbis.decoder#11] Created output block pool with allocatorID 16 => poolID 22 - OK
12-11 13:17:11.230 D/CCodecBufferChannel(  651): [c2.android.vorbis.decoder#11] Configured output block pool ids 22 => OK
12-11 13:17:11.232 D/SimpleC2Component(  480): Using output block pool with poolID 22 => got 22 - 0
12-11 13:17:11.237 D/CCodecBufferChannel(  651): [c2.android.vorbis.decoder#68] MediaCodec discarded an unknown buffer
12-11 13:17:11.237 D/CCodecBufferChannel(  651): [c2.android.vorbis.decoder#68] MediaCodec discarded an unknown buffer
12-11 13:17:11.238 I/hw-BpHwBinder(  651): onLastStrongRef automatically unlinking death recipients
12-11 13:17:11.241 D/MediaCodecList(  651): codecHandlesFormat: no format, so no extra checks
12-11 13:17:11.241 D/MediaCodecList(  651): codecHandlesFormat: no format, so no extra checks
12-11 13:17:11.241 D/CCodec  (  651): allocate(c2.android.vorbis.decoder)
12-11 13:17:11.242 I/CCodec  (  651): setting up 'default' as default (vendor) store
12-11 13:17:11.243 I/CCodec  (  651): Created component [c2.android.vorbis.decoder]
12-11 13:17:11.243 D/CCodecConfig(  651): read media type: audio/vorbis
12-11 13:17:11.243 D/ReflectedParamUpdater(  651): extent() != 1 for single value type: algo.buffers.max-count.values
12-11 13:17:11.243 D/ReflectedParamUpdater(  651): extent() != 1 for single value type: output.subscribed-indices.values
12-11 13:17:11.244 D/ReflectedParamUpdater(  651): extent() != 1 for single value type: input.buffers.allocator-ids.values
12-11 13:17:11.244 D/ReflectedParamUpdater(  651): extent() != 1 for single value type: output.buffers.allocator-ids.values
12-11 13:17:11.244 D/ReflectedParamUpdater(  651): extent() != 1 for single value type: algo.buffers.allocator-ids.values
12-11 13:17:11.244 D/ReflectedParamUpdater(  651): extent() != 1 for single value type: output.buffers.pool-ids.values
12-11 13:17:11.244 D/ReflectedParamUpdater(  651): extent() != 1 for single value type: algo.buffers.pool-ids.values
12-11 13:17:11.245 I/CCodecConfig(  651): query failed after returning 7 values (BAD_INDEX)
12-11 13:17:11.245 D/CCodecConfig(  651): c2 config diff is Dict {
12-11 13:17:11.245 D/CCodecConfig(  651):   c2::u32 coded.bitrate.value = 64000
12-11 13:17:11.245 D/CCodecConfig(  651):   c2::u32 input.buffers.max-size.value = 32768
12-11 13:17:11.245 D/CCodecConfig(  651):   c2::u32 input.delay.value = 0
12-11 13:17:11.245 D/CCodecConfig(  651):   string input.media-type.value = "audio/vorbis"
12-11 13:17:11.245 D/CCodecConfig(  651):   string output.media-type.value = "audio/raw"
12-11 13:17:11.245 D/CCodecConfig(  651):   c2::u32 raw.channel-count.value = 1
12-11 13:17:11.245 D/CCodecConfig(  651):   c2::u32 raw.sample-rate.value = 48000
12-11 13:17:11.245 D/CCodecConfig(  651): }
12-11 13:17:11.245 D/CCodec  (  651): [c2.android.vorbis.decoder] buffers are bound to CCodec for this session
12-11 13:17:11.245 D/CCodecConfig(  651): no c2 equivalents for durationUs
12-11 13:17:11.245 D/CCodecConfig(  651): no c2 equivalents for track-id
12-11 13:17:11.245 D/CCodecConfig(  651): no c2 equivalents for csd-1
12-11 13:17:11.245 D/CCodecConfig(  651): no c2 equivalents for channel-mask
12-11 13:17:11.245 D/CCodecConfig(  651): no c2 equivalents for flags
12-11 13:17:11.245 D/CCodecConfig(  651): c2 config diff is   c2::u32 coded.bitrate.value = 140000
12-11 13:17:11.245 W/Codec2Client(  651): query -- param skipped: index = 1107298332.
12-11 13:17:11.245 D/CCodec  (  651): setup formats input: AMessage(what = 0x00000000) = {
12-11 13:17:11.245 D/CCodec  (  651):   int32_t bitrate = 140000
12-11 13:17:11.245 D/CCodec  (  651):   int32_t channel-count = 1
12-11 13:17:11.245 D/CCodec  (  651):   int32_t max-input-size = 32768
12-11 13:17:11.245 D/CCodec  (  651):   string mime = "audio/vorbis"
12-11 13:17:11.245 D/CCodec  (  651):   int32_t sample-rate = 48000
12-11 13:17:11.245 D/CCodec  (  651): }
12-11 13:17:11.245 D/CCodec  (  651): setup formats output: AMessage(what = 0x00000000) = {
12-11 13:17:11.245 D/CCodec  (  651):   int32_t channel-count = 1
12-11 13:17:11.245 D/CCodec  (  651):   string mime = "audio/raw"
