12-11 13:17:20.094 I/StorageSessionController(  651): Notifying volume state changed for session with id: emulated;0
12-11 13:17:20.094 D/modules.primary.audio_hal(  406): card0 id:rockchipes8316
12-11 13:17:20.094 D/modules.primary.audio_hal(  406): card1 id:rockchiphdmi0
12-11 13:17:20.094 D/modules.primary.audio_hal(  406): dump out device info
12-11 13:17:20.094 D/modules.primary.audio_hal(  406): dev_info HDMI  card=1, device:0
12-11 13:17:20.094 D/modules.primary.audio_hal(  406): start_output_stream: i = 0, device = 0x2
12-11 13:17:20.094 E/alsa_route(  406): route_pcm_card_open() card -1 error!
12-11 13:17:20.094 E/modules.primary.audio_hal(  406): invalid card num.
12-11 13:17:20.094 W/StreamHAL(  406): Error from HAL stream in function get_presentation_position: Operation not permitted
12-11 13:17:20.094 D/modules.primary.audio_hal(  406): card0 id:rockchipes8316
12-11 13:17:20.094 D/modules.primary.audio_hal(  406): card1 id:rockchiphdmi0
12-11 13:17:20.094 D/modules.primary.audio_hal(  406): dump out device info
12-11 13:17:20.095 D/modules.primary.audio_hal(  406): dev_info HDMI  card=1, device:0
12-11 13:17:20.095 D/modules.primary.audio_hal(  406): start_output_stream: i = 0, device = 0x2
12-11 13:17:20.095 E/alsa_route(  406): route_pcm_card_open() card -1 error!
12-11 13:17:20.095 E/modules.primary.audio_hal(  406): invalid card num.
12-11 13:17:20.095 W/StreamHAL(  406): Error from HAL stream in function get_presentation_position: Operation not permitted
12-11 13:17:20.098 V/MediaStore( 1418): Examining volume emulated;0 with name external_primary and state mounted
12-11 13:17:20.101 V/GraphicsEnvironment( 1769): ANGLE Developer option for 'com.android.contacts' set to: 'default'
12-11 13:17:20.102 V/GraphicsEnvironment( 1769): ANGLE GameManagerService for com.android.contacts: false
12-11 13:17:20.102 V/GraphicsEnvironment( 1769): Neither updatable production driver nor prerelease driver is supported.
12-11 13:17:20.103 D/CompatibilityChangeReporter(  651): Compat change id reported: 168419799; UID 10079; state: DISABLED
12-11 13:17:20.103 D/NetworkSecurityConfig( 1769): No Network Security Config specified, using platform default
12-11 13:17:20.103 D/NetworkSecurityConfig( 1769): No Network Security Config specified, using platform default
12-11 13:17:20.104 D/modules.primary.audio_hal(  406): card0 id:rockchipes8316
12-11 13:17:20.104 D/modules.primary.audio_hal(  406): card1 id:rockchiphdmi0
12-11 13:17:20.104 D/modules.primary.audio_hal(  406): dump out device info
12-11 13:17:20.104 D/modules.primary.audio_hal(  406): dev_info HDMI  card=1, device:0
12-11 13:17:20.104 D/modules.primary.audio_hal(  406): start_output_stream: i = 0, device = 0x2
12-11 13:17:20.104 E/alsa_route(  406): route_pcm_card_open() card -1 error!
12-11 13:17:20.104 E/modules.primary.audio_hal(  406): invalid card num.
12-11 13:17:20.104 W/StreamHAL(  406): Error from HAL stream in function get_presentation_position: Operation not permitted
12-11 13:17:20.104 D/modules.primary.audio_hal(  406): card0 id:rockchipes8316
12-11 13:17:20.104 D/modules.primary.audio_hal(  406): card1 id:rockchiphdmi0
12-11 13:17:20.104 D/modules.primary.audio_hal(  406): dump out device info
12-11 13:17:20.104 D/modules.primary.audio_hal(  406): dev_info HDMI  card=1, device:0
12-11 13:17:20.104 D/modules.primary.audio_hal(  406): start_output_stream: i = 0, device = 0x2
12-11 13:17:20.104 E/alsa_route(  406): route_pcm_card_open() card -1 error!
12-11 13:17:20.104 E/modules.primary.audio_hal(  406): invalid card num.
12-11 13:17:20.104 W/StreamHAL(  406): Error from HAL stream in function get_presentation_position: Operation not permitted
12-11 13:17:20.106 I/MediaProvider( 1418): Begin Intent { act=com.android.providers.media.action.SCAN_VOLUME (has extras) }
12-11 13:17:20.106 V/MediaStore( 1418): Examining volume emulated;0 with name external_primary and state mounted
12-11 13:17:20.107 D/StorageManagerService(  651): Volume emulated;0 broadcasting mounted to UserHandle{0}
12-11 13:17:20.108 D/installd(  470): Found quota mount /dev/block/by-name/userdata at /data
12-11 13:17:20.108 D/StorageManagerService(  651): Volume emulated;0 broadcasting mounted to UserHandle{0}
12-11 13:17:20.108 D/installd(  470): Found quota mount /dev/block/by-name/userdata at /data/user/0
12-11 13:17:20.108 D/installd(  470): Found quota mount /dev/block/by-name/userdata at /mnt/pass_through/0/emulated
12-11 13:17:20.108 D/installd(  470): Found quota mount /dev/block/by-name/userdata at /mnt/user/0/emulated/0/Android/data
12-11 13:17:20.108 D/installd(  470): Found quota mount /dev/block/by-name/userdata at /storage/emulated/0/Android/data
12-11 13:17:20.108 D/installd(  470): Found quota mount /dev/block/by-name/userdata at /mnt/androidwritable/0/emulated/0/Android/data
12-11 13:17:20.108 D/installd(  470): Found quota mount /dev/block/by-name/userdata at /mnt/installer/0/emulated/0/Android/data
12-11 13:17:20.108 D/installd(  470): Found quota mount /dev/block/by-name/userdata at /mnt/user/0/emulated/0/Android/obb
12-11 13:17:20.108 D/installd(  470): Found quota mount /dev/block/by-name/userdata at /storage/emulated/0/Android/obb
12-11 13:17:20.108 D/installd(  470): Found quota mount /dev/block/by-name/userdata at /mnt/androidwritable/0/emulated/0/Android/obb
12-11 13:17:20.108 D/installd(  470): Found quota mount /dev/block/by-name/userdata at /mnt/installer/0/emulated/0/Android/obb
12-11 13:17:20.109 V/MediaStore( 1418): Examining volume emulated;0 with name external_primary and state mounted
12-11 13:17:20.109 D/installd(  470): Found storage mount /dev/block/by-name/userdata at /mnt/pass_through/0/emulated
12-11 13:17:20.114 D/modules.primary.audio_hal(  406): card0 id:rockchipes8316
12-11 13:17:20.114 V/MediaStore( 1418): Examining volume emulated;0 with name external_primary and state mounted
12-11 13:17:20.114 D/modules.primary.audio_hal(  406): card1 id:rockchiphdmi0
12-11 13:17:20.114 D/modules.primary.audio_hal(  406): dump out device info
12-11 13:17:20.114 D/modules.primary.audio_hal(  406): dev_info HDMI  card=1, device:0
12-11 13:17:20.114 D/modules.primary.audio_hal(  406): start_output_stream: i = 0, device = 0x2
12-11 13:17:20.114 E/alsa_route(  406): route_pcm_card_open() card -1 error!
12-11 13:17:20.114 E/modules.primary.audio_hal(  406): invalid card num.
12-11 13:17:20.114 W/StreamHAL(  406): Error from HAL stream in function get_presentation_position: Operation not permitted
12-11 13:17:20.114 D/modules.primary.audio_hal(  406): card0 id:rockchipes8316
12-11 13:17:20.114 D/modules.primary.audio_hal(  406): card1 id:rockchiphdmi0
12-11 13:17:20.114 D/modules.primary.audio_hal(  406): dump out device info
12-11 13:17:20.114 D/modules.primary.audio_hal(  406): dev_info HDMI  card=1, device:0
12-11 13:17:20.114 D/modules.primary.audio_hal(  406): start_output_stream: i = 0, device = 0x2
12-11 13:17:20.114 E/alsa_route(  406): route_pcm_card_open() card -1 error!
12-11 13:17:20.114 E/modules.primary.audio_hal(  406): invalid card num.
12-11 13:17:20.114 W/StreamHAL(  406): Error from HAL stream in function get_presentation_position: Operation not permitted
12-11 13:17:20.124 D/modules.primary.audio_hal(  406): card0 id:rockchipes8316
12-11 13:17:20.124 D/modules.primary.audio_hal(  406): card1 id:rockchiphdmi0
12-11 13:17:20.124 D/modules.primary.audio_hal(  406): dump out device info
12-11 13:17:20.124 D/modules.primary.audio_hal(  406): dev_info HDMI  card=1, device:0
12-11 13:17:20.124 D/modules.primary.audio_hal(  406): start_output_stream: i = 0, device = 0x2
12-11 13:17:20.124 E/alsa_route(  406): route_pcm_card_open() card -1 error!
12-11 13:17:20.124 E/modules.primary.audio_hal(  406): invalid card num.
12-11 13:17:20.124 W/StreamHAL(  406): Error from HAL stream in function get_presentation_position: Operation not permitted
12-11 13:17:20.124 D/modules.primary.audio_hal(  406): card0 id:rockchipes8316
12-11 13:17:20.124 D/modules.primary.audio_hal(  406): card1 id:rockchiphdmi0
12-11 13:17:20.124 D/modules.primary.audio_hal(  406): dump out device info
12-11 13:17:20.124 D/modules.primary.audio_hal(  406): dev_info HDMI  card=1, device:0
12-11 13:17:20.124 D/modules.primary.audio_hal(  406): start_output_stream: i = 0, device = 0x2
12-11 13:17:20.124 E/alsa_route(  406): route_pcm_card_open() card -1 error!
12-11 13:17:20.124 E/modules.primary.audio_hal(  406): invalid card num.
12-11 13:17:20.124 W/StreamHAL(  406): Error from HAL stream in function get_presentation_position: Operation not permitted
12-11 13:17:20.130 V/MediaProvider( 1418): onConfigure() for internal.db
12-11 13:17:20.133 V/MediaProvider( 1418): onOpen() for internal.db
12-11 13:17:20.133 V/MediaProvider( 1418): onOpen() finished for internal.db
12-11 13:17:20.133 D/modules.primary.audio_hal(  406): card0 id:rockchipes8316
12-11 13:17:20.133 D/modules.primary.audio_hal(  406): card1 id:rockchiphdmi0
12-11 13:17:20.134 D/modules.primary.audio_hal(  406): dump out device info
12-11 13:17:20.134 D/modules.primary.audio_hal(  406): dev_info HDMI  card=1, device:0
12-11 13:17:20.134 D/modules.primary.audio_hal(  406): start_output_stream: i = 0, device = 0x2
12-11 13:17:20.134 E/alsa_route(  406): route_pcm_card_open() card -1 error!
12-11 13:17:20.134 E/modules.primary.audio_hal(  406): invalid card num.
12-11 13:17:20.134 W/StreamHAL(  406): Error from HAL stream in function get_presentation_position: Operation not permitted
12-11 13:17:20.134 D/modules.primary.audio_hal(  406): card0 id:rockchipes8316
12-11 13:17:20.134 D/modules.primary.audio_hal(  406): card1 id:rockchiphdmi0
12-11 13:17:20.134 D/modules.primary.audio_hal(  406): dump out device info
12-11 13:17:20.134 D/modules.primary.audio_hal(  406): dev_info HDMI  card=1, device:0
12-11 13:17:20.134 D/modules.primary.audio_hal(  406): start_output_stream: i = 0, device = 0x2
12-11 13:17:20.134 E/alsa_route(  406): route_pcm_card_open() card -1 error!
12-11 13:17:20.134 E/modules.primary.audio_hal(  406): invalid card num.
12-11 13:17:20.134 W/StreamHAL(  406): Error from HAL stream in function get_presentation_position: Operation not permitted
12-11 13:17:20.140 D/CompatibilityChangeReporter(  651): Compat change id reported: 168419799; UID 10063; state: DISABLED
12-11 13:17:20.140 I/AlarmClock( 1355): AlarmInitReceiver android.intent.action.BOOT_COMPLETED
12-11 13:17:20.143 D/modules.primary.audio_hal(  406): card0 id:rockchipes8316
12-11 13:17:20.143 D/modules.primary.audio_hal(  406): card1 id:rockchiphdmi0
12-11 13:17:20.144 D/modules.primary.audio_hal(  406): dump out device info
12-11 13:17:20.144 D/modules.primary.audio_hal(  406): dev_info HDMI  card=1, device:0
12-11 13:17:20.144 D/modules.primary.audio_hal(  406): start_output_stream: i = 0, device = 0x2
12-11 13:17:20.144 E/alsa_route(  406): route_pcm_card_open() card -1 error!
12-11 13:17:20.144 E/modules.primary.audio_hal(  406): invalid card num.
12-11 13:17:20.144 W/StreamHAL(  406): Error from HAL stream in function get_presentation_position: Operation not permitted
12-11 13:17:20.144 D/modules.primary.audio_hal(  406): card0 id:rockchipes8316
12-11 13:17:20.144 D/modules.primary.audio_hal(  406): card1 id:rockchiphdmi0
12-11 13:17:20.144 D/modules.primary.audio_hal(  406): dump out device info
12-11 13:17:20.144 D/modules.primary.audio_hal(  406): dev_info HDMI  card=1, device:0
12-11 13:17:20.144 D/modules.primary.audio_hal(  406): start_output_stream: i = 0, device = 0x2
12-11 13:17:20.144 E/alsa_route(  406): route_pcm_card_open() card -1 error!
12-11 13:17:20.144 E/modules.primary.audio_hal(  406): invalid card num.
12-11 13:17:20.144 W/StreamHAL(  406): Error from HAL stream in function get_presentation_position: Operation not permitted
12-11 13:17:20.152 I/AlarmClock( 1355): Fixing alarm instances
12-11 13:17:20.152 D/CompatibilityChangeReporter(  651): Compat change id reported: 149924527; UID 10079; state: ENABLED
12-11 13:17:20.152 D/CompatibilityChangeReporter(  651): Compat change id reported: 132649864; UID 10079; state: DISABLED
12-11 13:17:20.153 D/CompatibilityChangeReporter(  651): Compat change id reported: 182734110; UID 10079; state: ENABLED
12-11 13:17:20.153 D/modules.primary.audio_hal(  406): card0 id:rockchipes8316
12-11 13:17:20.154 D/modules.primary.audio_hal(  406): card1 id:rockchiphdmi0
12-11 13:17:20.154 D/modules.primary.audio_hal(  406): dump out device info
12-11 13:17:20.154 D/modules.primary.audio_hal(  406): dev_info HDMI  card=1, device:0
12-11 13:17:20.154 D/modules.primary.audio_hal(  406): start_output_stream: i = 0, device = 0x2
12-11 13:17:20.154 E/alsa_route(  406): route_pcm_card_open() card -1 error!
12-11 13:17:20.154 E/modules.primary.audio_hal(  406): invalid card num.
12-11 13:17:20.154 W/StreamHAL(  406): Error from HAL stream in function get_presentation_position: Operation not permitted
12-11 13:17:20.154 D/modules.primary.audio_hal(  406): card0 id:rockchipes8316
12-11 13:17:20.154 D/modules.primary.audio_hal(  406): card1 id:rockchiphdmi0
12-11 13:17:20.154 D/modules.primary.audio_hal(  406): dump out device info
12-11 13:17:20.154 D/modules.primary.audio_hal(  406): dev_info HDMI  card=1, device:0
12-11 13:17:20.154 D/modules.primary.audio_hal(  406): start_output_stream: i = 0, device = 0x2
12-11 13:17:20.154 E/alsa_route(  406): route_pcm_card_open() card -1 error!
12-11 13:17:20.154 E/modules.primary.audio_hal(  406): invalid card num.
12-11 13:17:20.154 W/StreamHAL(  406): Error from HAL stream in function get_presentation_position: Operation not permitted
12-11 13:17:20.155 V/AlarmClock( 1355): AlarmInitReceiver finished
12-11 13:17:20.163 D/modules.primary.audio_hal(  406): card0 id:rockchipes8316
12-11 13:17:20.163 D/modules.primary.audio_hal(  406): card1 id:rockchiphdmi0
12-11 13:17:20.163 D/modules.primary.audio_hal(  406): dump out device info
12-11 13:17:20.163 D/modules.primary.audio_hal(  406): dev_info HDMI  card=1, device:0
12-11 13:17:20.163 D/modules.primary.audio_hal(  406): start_output_stream: i = 0, device = 0x2
12-11 13:17:20.164 E/alsa_route(  406): route_pcm_card_open() card -1 error!
12-11 13:17:20.164 E/modules.primary.audio_hal(  406): invalid card num.
12-11 13:17:20.164 W/StreamHAL(  406): Error from HAL stream in function get_presentation_position: Operation not permitted
12-11 13:17:20.164 D/modules.primary.audio_hal(  406): card0 id:rockchipes8316
12-11 13:17:20.164 D/modules.primary.audio_hal(  406): card1 id:rockchiphdmi0
12-11 13:17:20.164 D/modules.primary.audio_hal(  406): dump out device info
12-11 13:17:20.164 D/modules.primary.audio_hal(  406): dev_info HDMI  card=1, device:0
12-11 13:17:20.164 D/modules.primary.audio_hal(  406): start_output_stream: i = 0, device = 0x2
12-11 13:17:20.164 E/alsa_route(  406): route_pcm_card_open() card -1 error!
12-11 13:17:20.164 E/modules.primary.audio_hal(  406): invalid card num.
12-11 13:17:20.164 W/StreamHAL(  406): Error from HAL stream in function get_presentation_position: Operation not permitted
12-11 13:17:20.173 D/modules.primary.audio_hal(  406): card0 id:rockchipes8316
12-11 13:17:20.173 D/modules.primary.audio_hal(  406): card1 id:rockchiphdmi0
12-11 13:17:20.173 D/modules.primary.audio_hal(  406): dump out device info
12-11 13:17:20.173 D/modules.primary.audio_hal(  406): dev_info HDMI  card=1, device:0
12-11 13:17:20.173 D/modules.primary.audio_hal(  406): start_output_stream: i = 0, device = 0x2
12-11 13:17:20.173 E/alsa_route(  406): route_pcm_card_open() card -1 error!
12-11 13:17:20.173 E/modules.primary.audio_hal(  406): invalid card num.
12-11 13:17:20.173 W/StreamHAL(  406): Error from HAL stream in function get_presentation_position: Operation not permitted
12-11 13:17:20.173 D/modules.primary.audio_hal(  406): card0 id:rockchipes8316
12-11 13:17:20.173 D/modules.primary.audio_hal(  406): card1 id:rockchiphdmi0
12-11 13:17:20.174 D/modules.primary.audio_hal(  406): dump out device info
12-11 13:17:20.174 D/modules.primary.audio_hal(  406): dev_info HDMI  card=1, device:0
12-11 13:17:20.174 D/modules.primary.audio_hal(  406): start_output_stream: i = 0, device = 0x2
12-11 13:17:20.174 E/alsa_route(  406): route_pcm_card_open() card -1 error!
12-11 13:17:20.174 E/modules.primary.audio_hal(  406): invalid card num.
12-11 13:17:20.174 W/StreamHAL(  406): Error from HAL stream in function get_presentation_position: Operation not permitted
12-11 13:17:20.175 I/Dialer  ( 1661): VoicemailModule.provideVoicemailClient - providing VoicemailClientImpl
12-11 13:17:20.176 I/Dialer  ( 1661): VvmOmtpService - onBoot
12-11 13:17:20.178 I/MediaProvider( 1418): Scanned internal due to REASON_MOUNTED, found 2 items in 44ms, 0 inserts 0 updates 0 deletes
12-11 13:17:20.180 D/ConnectivityService(  651): requestNetwork for uid/pid:1000/651 asUid: 10055 activeRequest: null callbackRequest: 32 [NetworkRequest [ REQUEST id=33, [ Capabilities: INTERNET&NOT_RESTRICTED&TRUSTED&NOT_VCN_MANAGED Uid: 10055 RequestorUid: 1000 RequestorPkg: android] ]] callback flags: 0 priority: 2147483647
12-11 13:17:20.181 D/ConnectivityService(  651): NetReassign [no changes]
12-11 13:17:20.181 D/Ethernet(  651): got request NetworkRequest [ REQUEST id=33, [ Capabilities: INTERNET&NOT_RESTRICTED&TRUSTED&NOT_VCN_MANAGED Uid: 10055 RequestorUid: 1000 RequestorPkg: android] ]
12-11 13:17:20.181 D/EthernetNetworkFactory(  651): acceptRequest, request: NetworkRequest [ REQUEST id=33, [ Capabilities: INTERNET&NOT_RESTRICTED&TRUSTED&NOT_VCN_MANAGED Uid: 10055 RequestorUid: 1000 RequestorPkg: android] ]
12-11 13:17:20.181 I/EthernetNetworkFactory(  651): networkForRequest, request: NetworkRequest [ REQUEST id=33, [ Capabilities: INTERNET&NOT_RESTRICTED&TRUSTED&NOT_VCN_MANAGED Uid: 10055 RequestorUid: 1000 RequestorPkg: android] ], network: null
12-11 13:17:20.182 D/WifiNetworkFactory(  651): got request NetworkRequest [ REQUEST id=33, [ Capabilities: INTERNET&NOT_RESTRICTED&TRUSTED&NOT_VCN_MANAGED Uid: 10055 RequestorUid: 1000 RequestorPkg: android] ]
12-11 13:17:20.182 D/UntrustedWifiNetworkFactory(  651): got request NetworkRequest [ REQUEST id=33, [ Capabilities: INTERNET&NOT_RESTRICTED&TRUSTED&NOT_VCN_MANAGED Uid: 10055 RequestorUid: 1000 RequestorPkg: android] ]
12-11 13:17:20.182 D/OemPaidWifiNetworkFactory(  651): got request NetworkRequest [ REQUEST id=33, [ Capabilities: INTERNET&NOT_RESTRICTED&TRUSTED&NOT_VCN_MANAGED Uid: 10055 RequestorUid: 1000 RequestorPkg: android] ]
12-11 13:17:20.182 W/ModernMediaScanner( 1418): Failed to visit /oem/media: java.nio.file.NoSuchFileException: /oem/media
12-11 13:17:20.183 D/CompatibilityChangeReporter(  651): Compat change id reported: 135634846; UID 1000; state: DISABLED
12-11 13:17:20.183 D/modules.primary.audio_hal(  406): card0 id:rockchipes8316
12-11 13:17:20.183 D/modules.primary.audio_hal(  406): card1 id:rockchiphdmi0
12-11 13:17:20.183 D/CompatibilityChangeReporter(  651): Compat change id reported: 177438394; UID 1000; state: DISABLED
12-11 13:17:20.183 D/modules.primary.audio_hal(  406): dump out device info
12-11 13:17:20.183 D/modules.primary.audio_hal(  406): dev_info HDMI  card=1, device:0
12-11 13:17:20.183 D/modules.primary.audio_hal(  406): start_output_stream: i = 0, device = 0x2
12-11 13:17:20.183 D/CompatibilityChangeReporter(  651): Compat change id reported: 135772972; UID 1000; state: DISABLED
12-11 13:17:20.183 E/alsa_route(  406): route_pcm_card_open() card -1 error!
12-11 13:17:20.183 E/modules.primary.audio_hal(  406): invalid card num.
12-11 13:17:20.183 D/CompatibilityChangeReporter(  651): Compat change id reported: 135754954; UID 1000; state: ENABLED
12-11 13:17:20.183 W/StreamHAL(  406): Error from HAL stream in function get_presentation_position: Operation not permitted
12-11 13:17:20.183 D/modules.primary.audio_hal(  406): card0 id:rockchipes8316
12-11 13:17:20.183 D/modules.primary.audio_hal(  406): card1 id:rockchiphdmi0
12-11 13:17:20.183 D/modules.primary.audio_hal(  406): dump out device info
12-11 13:17:20.183 D/modules.primary.audio_hal(  406): dev_info HDMI  card=1, device:0
12-11 13:17:20.183 D/modules.primary.audio_hal(  406): start_output_stream: i = 0, device = 0x2
12-11 13:17:20.183 E/alsa_route(  406): route_pcm_card_open() card -1 error!
12-11 13:17:20.183 E/modules.primary.audio_hal(  406): invalid card num.
12-11 13:17:20.183 W/StreamHAL(  406): Error from HAL stream in function get_presentation_position: Operation not permitted
12-11 13:17:20.184 I/MediaProvider( 1418): Scanned internal due to REASON_MOUNTED, found 0 items in 3ms, 0 inserts 0 updates 0 deletes
12-11 13:17:20.193 D/Zygote  (  403): Forked child process 1796
12-11 13:17:20.193 D/modules.primary.audio_hal(  406): card0 id:rockchipes8316
12-11 13:17:20.193 D/modules.primary.audio_hal(  406): card1 id:rockchiphdmi0
12-11 13:17:20.193 D/modules.primary.audio_hal(  406): dump out device info
12-11 13:17:20.193 D/modules.primary.audio_hal(  406): dev_info HDMI  card=1, device:0
12-11 13:17:20.193 D/modules.primary.audio_hal(  406): start_output_stream: i = 0, device = 0x2
12-11 13:17:20.193 E/alsa_route(  406): route_pcm_card_open() card -1 error!
12-11 13:17:20.193 E/modules.primary.audio_hal(  406): invalid card num.
12-11 13:17:20.193 W/StreamHAL(  406): Error from HAL stream in function get_presentation_position: Operation not permitted
12-11 13:17:20.193 D/modules.primary.audio_hal(  406): card0 id:rockchipes8316
12-11 13:17:20.193 D/modules.primary.audio_hal(  406): card1 id:rockchiphdmi0
12-11 13:17:20.193 D/modules.primary.audio_hal(  406): dump out device info
12-11 13:17:20.193 D/modules.primary.audio_hal(  406): dev_info HDMI  card=1, device:0
12-11 13:17:20.193 D/modules.primary.audio_hal(  406): start_output_stream: i = 0, device = 0x2
12-11 13:17:20.193 E/alsa_route(  406): route_pcm_card_open() card -1 error!
12-11 13:17:20.193 E/modules.primary.audio_hal(  406): invalid card num.
12-11 13:17:20.193 W/StreamHAL(  406): Error from HAL stream in function get_presentation_position: Operation not permitted
12-11 13:17:20.194 I/ActivityManager(  651): Start proc 1796:com.android.dynsystem/1000 for broadcast {com.android.dynsystem/com.android.dynsystem.BootCompletedReceiver}
12-11 13:17:20.195 I/Zygote  ( 1796): seccomp disabled by setenforce 0
12-11 13:17:20.202 I/adbd    (  460): jdwp connection from 1796
12-11 13:17:20.203 D/modules.primary.audio_hal(  406): card0 id:rockchipes8316
12-11 13:17:20.203 D/modules.primary.audio_hal(  406): card1 id:rockchiphdmi0
12-11 13:17:20.203 D/modules.primary.audio_hal(  406): dump out device info
12-11 13:17:20.203 D/modules.primary.audio_hal(  406): dev_info HDMI  card=1, device:0
12-11 13:17:20.203 D/modules.primary.audio_hal(  406): start_output_stream: i = 0, device = 0x2
12-11 13:17:20.203 E/alsa_route(  406): route_pcm_card_open() card -1 error!
12-11 13:17:20.203 E/modules.primary.audio_hal(  406): invalid card num.
12-11 13:17:20.203 W/StreamHAL(  406): Error from HAL stream in function get_presentation_position: Operation not permitted
12-11 13:17:20.203 D/modules.primary.audio_hal(  406): card0 id:rockchipes8316
12-11 13:17:20.203 D/modules.primary.audio_hal(  406): card1 id:rockchiphdmi0
12-11 13:17:20.203 D/modules.primary.audio_hal(  406): dump out device info
12-11 13:17:20.203 D/modules.primary.audio_hal(  406): dev_info HDMI  card=1, device:0
12-11 13:17:20.203 D/modules.primary.audio_hal(  406): start_output_stream: i = 0, device = 0x2
12-11 13:17:20.203 E/alsa_route(  406): route_pcm_card_open() card -1 error!
12-11 13:17:20.203 E/modules.primary.audio_hal(  406): invalid card num.
12-11 13:17:20.203 W/StreamHAL(  406): Error from HAL stream in function get_presentation_position: Operation not permitted
12-11 13:17:20.206 D/CompatibilityChangeReporter(  651): Compat change id reported: 168419799; UID 1000; state: DISABLED
12-11 13:17:20.207 D/CompatibilityChangeReporter( 1796): Compat change id reported: 171979766; UID 1000; state: ENABLED
12-11 13:17:20.213 D/modules.primary.audio_hal(  406): card0 id:rockchipes8316
12-11 13:17:20.213 D/modules.primary.audio_hal(  406): card1 id:rockchiphdmi0
12-11 13:17:20.213 D/modules.primary.audio_hal(  406): dump out device info
12-11 13:17:20.213 D/modules.primary.audio_hal(  406): dev_info HDMI  card=1, device:0
12-11 13:17:20.213 D/modules.primary.audio_hal(  406): start_output_stream: i = 0, device = 0x2
12-11 13:17:20.213 E/alsa_route(  406): route_pcm_card_open() card -1 error!
12-11 13:17:20.213 E/modules.primary.audio_hal(  406): invalid card num.
12-11 13:17:20.213 W/StreamHAL(  406): Error from HAL stream in function get_presentation_position: Operation not permitted
12-11 13:17:20.213 D/modules.primary.audio_hal(  406): card0 id:rockchipes8316
12-11 13:17:20.213 D/modules.primary.audio_hal(  406): card1 id:rockchiphdmi0
12-11 13:17:20.213 D/modules.primary.audio_hal(  406): dump out device info
12-11 13:17:20.213 D/modules.primary.audio_hal(  406): dev_info HDMI  card=1, device:0
12-11 13:17:20.213 D/modules.primary.audio_hal(  406): start_output_stream: i = 0, device = 0x2
12-11 13:17:20.213 E/alsa_route(  406): route_pcm_card_open() card -1 error!
12-11 13:17:20.213 E/modules.primary.audio_hal(  406): invalid card num.
12-11 13:17:20.213 W/StreamHAL(  406): Error from HAL stream in function get_presentation_position: Operation not permitted
12-11 13:17:20.223 D/modules.primary.audio_hal(  406): card0 id:rockchipes8316
12-11 13:17:20.223 D/modules.primary.audio_hal(  406): card1 id:rockchiphdmi0
12-11 13:17:20.223 D/modules.primary.audio_hal(  406): dump out device info
12-11 13:17:20.223 D/modules.primary.audio_hal(  406): dev_info HDMI  card=1, device:0
12-11 13:17:20.223 D/modules.primary.audio_hal(  406): start_output_stream: i = 0, device = 0x2
12-11 13:17:20.223 E/alsa_route(  406): route_pcm_card_open() card -1 error!
12-11 13:17:20.223 E/modules.primary.audio_hal(  406): invalid card num.
12-11 13:17:20.223 W/StreamHAL(  406): Error from HAL stream in function get_presentation_position: Operation not permitted
12-11 13:17:20.223 D/modules.primary.audio_hal(  406): card0 id:rockchipes8316
12-11 13:17:20.223 D/modules.primary.audio_hal(  406): card1 id:rockchiphdmi0
12-11 13:17:20.223 D/modules.primary.audio_hal(  406): dump out device info
12-11 13:17:20.223 D/modules.primary.audio_hal(  406): dev_info HDMI  card=1, device:0
12-11 13:17:20.223 D/modules.primary.audio_hal(  406): start_output_stream: i = 0, device = 0x2
12-11 13:17:20.223 E/alsa_route(  406): route_pcm_card_open() card -1 error!
12-11 13:17:20.223 E/modules.primary.audio_hal(  406): invalid card num.
12-11 13:17:20.223 W/StreamHAL(  406): Error from HAL stream in function get_presentation_position: Operation not permitted
12-11 13:17:20.226 V/GraphicsEnvironment( 1796): ANGLE Developer option for 'com.android.dynsystem' set to: 'default'
12-11 13:17:20.227 V/GraphicsEnvironment( 1796): ANGLE GameManagerService for com.android.dynsystem: false
12-11 13:17:20.228 V/GraphicsEnvironment( 1796): Neither updatable production driver nor prerelease driver is supported.
12-11 13:17:20.228 D/NetworkSecurityConfig( 1796): No Network Security Config specified, using platform default
12-11 13:17:20.228 D/NetworkSecurityConfig( 1796): No Network Security Config specified, using platform default
12-11 13:17:20.230 D/CompatibilityChangeReporter(  651): Compat change id reported: 135634846; UID 1000; state: DISABLED
12-11 13:17:20.230 D/CompatibilityChangeReporter(  651): Compat change id reported: 177438394; UID 1000; state: DISABLED
12-11 13:17:20.230 D/CompatibilityChangeReporter(  651): Compat change id reported: 135772972; UID 1000; state: DISABLED
12-11 13:17:20.230 D/CompatibilityChangeReporter(  651): Compat change id reported: 135754954; UID 1000; state: ENABLED
12-11 13:17:20.232 D/CompatibilityChangeReporter(  651): Compat change id reported: 168419799; UID 10065; state: DISABLED
12-11 13:17:20.232 D/modules.primary.audio_hal(  406): card0 id:rockchipes8316
12-11 13:17:20.232 D/modules.primary.audio_hal(  406): card1 id:rockchiphdmi0
12-11 13:17:20.232 D/modules.primary.audio_hal(  406): dump out device info
12-11 13:17:20.232 D/modules.primary.audio_hal(  406): dev_info HDMI  card=1, device:0
12-11 13:17:20.232 D/modules.primary.audio_hal(  406): start_output_stream: i = 0, device = 0x2
12-11 13:17:20.232 E/alsa_route(  406): route_pcm_card_open() card -1 error!
12-11 13:17:20.232 E/modules.primary.audio_hal(  406): invalid card num.
12-11 13:17:20.233 W/StreamHAL(  406): Error from HAL stream in function get_presentation_position: Operation not permitted
12-11 13:17:20.233 D/modules.primary.audio_hal(  406): card0 id:rockchipes8316
12-11 13:17:20.233 D/modules.primary.audio_hal(  406): card1 id:rockchiphdmi0
12-11 13:17:20.233 D/modules.primary.audio_hal(  406): dump out device info
12-11 13:17:20.233 D/modules.primary.audio_hal(  406): dev_info HDMI  card=1, device:0
12-11 13:17:20.233 D/modules.primary.audio_hal(  406): start_output_stream: i = 0, device = 0x2
12-11 13:17:20.233 E/alsa_route(  406): route_pcm_card_open() card -1 error!
12-11 13:17:20.233 E/modules.primary.audio_hal(  406): invalid card num.
12-11 13:17:20.233 W/StreamHAL(  406): Error from HAL stream in function get_presentation_position: Operation not permitted
12-11 13:17:20.233 I/SystemBroadcastReceiver( 1364): Boot has been completed
12-11 13:17:20.233 I/SystemBroadcastReceiver( 1364): toggleAppIcon() : FLAG_SYSTEM = true
12-11 13:17:20.236 I/ActivityManager(  651): com.android.managedprovisioning is exempt from freezer
12-11 13:17:20.236 D/CompatibilityChangeReporter(  651): Compat change id reported: 135634846; UID 10025; state: DISABLED
12-11 13:17:20.236 D/CompatibilityChangeReporter(  651): Compat change id reported: 177438394; UID 10025; state: DISABLED
12-11 13:17:20.236 D/CompatibilityChangeReporter(  651): Compat change id reported: 135772972; UID 10025; state: DISABLED
12-11 13:17:20.236 D/CompatibilityChangeReporter(  651): Compat change id reported: 135754954; UID 10025; state: ENABLED
12-11 13:17:20.237 D/Zygote  (  403): Forked child process 1816
12-11 13:17:20.237 I/ActivityManager(  651): Start proc 1816:com.android.dynsystem:dynsystem/1000 for service {com.android.dynsystem/com.android.dynsystem.DynamicSystemInstallationService}
12-11 13:17:20.237 D/CompatibilityChangeReporter(  651): Compat change id reported: 143937733; UID 10025; state: ENABLED
12-11 13:17:20.239 I/Zygote  ( 1816): seccomp disabled by setenforce 0
12-11 13:17:20.242 D/modules.primary.audio_hal(  406): card0 id:rockchipes8316
12-11 13:17:20.242 D/modules.primary.audio_hal(  406): card1 id:rockchiphdmi0
12-11 13:17:20.242 D/modules.primary.audio_hal(  406): dump out device info
12-11 13:17:20.242 D/modules.primary.audio_hal(  406): dev_info HDMI  card=1, device:0
12-11 13:17:20.242 D/modules.primary.audio_hal(  406): start_output_stream: i = 0, device = 0x2
12-11 13:17:20.242 E/alsa_route(  406): route_pcm_card_open() card -1 error!
12-11 13:17:20.242 E/modules.primary.audio_hal(  406): invalid card num.
12-11 13:17:20.242 W/StreamHAL(  406): Error from HAL stream in function get_presentation_position: Operation not permitted
12-11 13:17:20.242 D/modules.primary.audio_hal(  406): card0 id:rockchipes8316
12-11 13:17:20.242 D/modules.primary.audio_hal(  406): card1 id:rockchiphdmi0
12-11 13:17:20.243 D/modules.primary.audio_hal(  406): dump out device info
12-11 13:17:20.243 D/modules.primary.audio_hal(  406): dev_info HDMI  card=1, device:0
12-11 13:17:20.243 D/modules.primary.audio_hal(  406): start_output_stream: i = 0, device = 0x2
12-11 13:17:20.243 E/alsa_route(  406): route_pcm_card_open() card -1 error!
12-11 13:17:20.243 E/modules.primary.audio_hal(  406): invalid card num.
12-11 13:17:20.243 W/StreamHAL(  406): Error from HAL stream in function get_presentation_position: Operation not permitted
12-11 13:17:20.243 D/Zygote  (  403): Forked child process 1823
12-11 13:17:20.244 I/ActivityManager(  651): Start proc 1823:com.android.managedprovisioning/u0a25 for broadcast {com.android.managedprovisioning/com.android.managedprovisioning.BootReminder}
12-11 13:17:20.244 I/adbd    (  460): jdwp connection from 1816
12-11 13:17:20.248 I/Zygote  ( 1823): seccomp disabled by setenforce 0
12-11 13:17:20.250 D/CompatibilityChangeReporter( 1816): Compat change id reported: 171979766; UID 1000; state: ENABLED
12-11 13:17:20.252 D/modules.primary.audio_hal(  406): card0 id:rockchipes8316
12-11 13:17:20.252 D/modules.primary.audio_hal(  406): card1 id:rockchiphdmi0
12-11 13:17:20.252 D/modules.primary.audio_hal(  406): dump out device info
12-11 13:17:20.252 D/modules.primary.audio_hal(  406): dev_info HDMI  card=1, device:0
12-11 13:17:20.252 D/modules.primary.audio_hal(  406): start_output_stream: i = 0, device = 0x2
12-11 13:17:20.252 E/alsa_route(  406): route_pcm_card_open() card -1 error!
12-11 13:17:20.252 E/modules.primary.audio_hal(  406): invalid card num.
12-11 13:17:20.252 W/StreamHAL(  406): Error from HAL stream in function get_presentation_position: Operation not permitted
12-11 13:17:20.252 D/modules.primary.audio_hal(  406): card0 id:rockchipes8316
12-11 13:17:20.252 D/modules.primary.audio_hal(  406): card1 id:rockchiphdmi0
12-11 13:17:20.252 D/modules.primary.audio_hal(  406): dump out device info
12-11 13:17:20.252 D/modules.primary.audio_hal(  406): dev_info HDMI  card=1, device:0
12-11 13:17:20.252 D/modules.primary.audio_hal(  406): start_output_stream: i = 0, device = 0x2
12-11 13:17:20.252 E/alsa_route(  406): route_pcm_card_open() card -1 error!
12-11 13:17:20.252 E/modules.primary.audio_hal(  406): invalid card num.
12-11 13:17:20.252 W/StreamHAL(  406): Error from HAL stream in function get_presentation_position: Operation not permitted
12-11 13:17:20.254 I/adbd    (  460): jdwp connection from 1823
12-11 13:17:20.255 I/dumpstate( 1815): do_vibrate: 0 stream_to_socket: 0 progress_updates_to_socket: 0 do_screenshot: 0 is_remote_mode: 0 show_header_only: 0 telephony_only: 0 wifi_only: 0 do_progress_updates: 0 fd: -1 bugreport_mode:  dumpstate_hal_mode: DEFAULT limited_only: 0 args: /system/bin/dumpstate -D -q last_panic_dump: 0 android_dump_demand: 1
12-11 13:17:20.255 I/dumpstate( 1815): apk trigger a bugreport, reason SYSTEM_BOOT
12-11 13:17:20.255 D/dumpstate( 1815): dumpstate calling_uid = -1 ; calling package =  
12-11 13:17:20.255 D/dumpstate( 1815): Loading stats from /bugreports/dumpstate-stats.txt
12-11 13:17:20.257 I/dumpstate( 1815): Average max progress: 270 in 6 runs; estimated max: 270
12-11 13:17:20.257 D/CompatibilityChangeReporter(  651): Compat change id reported: 168419799; UID 10025; state: DISABLED
12-11 13:17:20.258 D/dumpstate( 1815): Wake lock acquired.
12-11 13:17:20.258 I/dumpstate( 1815): dumpstate info: id=2, args='/system/bin/dumpstate -D -q', bugreport_mode=  bugreport format version: 2.0
12-11 13:17:20.259 D/dumpstate( 1815): Bugreport dir: [/data/user_de/0/com.android.shell/files/bugreports] Base name: [2024-12-11-13-17-20] Suffix: [SYSTEM_BOOT] Log path: [/data/user_de/0/com.android.shell/files/bugreports/2024-12-11-13-17-20-SYSTEM_BOOT-dumpstate_log-1815.txt] Temporary path: [/data/user_de/0/com.android.shell/files/bugreports/2024-12-11-13-17-20-SYSTEM_BOOT.tmp] Screenshot path: []
12-11 13:17:20.259 D/dumpstate( 1815): Creating initial .zip file (/data/user_de/0/com.android.shell/files/bugreports/2024-12-11-13-17-20-SYSTEM_BOOT.zip)
12-11 13:17:20.259 D/CompatibilityChangeReporter( 1823): Compat change id reported: 171979766; UID 10025; state: ENABLED
12-11 13:17:20.260 D/dumpstate( 1815): Adding zip text entry version.txt
12-11 13:17:20.262 D/dumpstate( 1815): Module metadata package name: com.android.modulemetadata
12-11 13:17:20.262 D/modules.primary.audio_hal(  406): card0 id:rockchipes8316
12-11 13:17:20.262 D/modules.primary.audio_hal(  406): card1 id:rockchiphdmi0
12-11 13:17:20.262 D/modules.primary.audio_hal(  406): dump out device info
12-11 13:17:20.262 D/modules.primary.audio_hal(  406): dev_info HDMI  card=1, device:0
12-11 13:17:20.262 D/modules.primary.audio_hal(  406): start_output_stream: i = 0, device = 0x2
12-11 13:17:20.262 E/alsa_route(  406): route_pcm_card_open() card -1 error!
12-11 13:17:20.262 E/modules.primary.audio_hal(  406): invalid card num.
12-11 13:17:20.262 W/StreamHAL(  406): Error from HAL stream in function get_presentation_position: Operation not permitted
12-11 13:17:20.262 D/modules.primary.audio_hal(  406): card0 id:rockchipes8316
12-11 13:17:20.262 D/modules.primary.audio_hal(  406): card1 id:rockchiphdmi0
12-11 13:17:20.262 D/modules.primary.audio_hal(  406): dump out device info
12-11 13:17:20.262 D/modules.primary.audio_hal(  406): dev_info HDMI  card=1, device:0
12-11 13:17:20.262 D/modules.primary.audio_hal(  406): start_output_stream: i = 0, device = 0x2
12-11 13:17:20.262 E/alsa_route(  406): route_pcm_card_open() card -1 error!
12-11 13:17:20.262 E/modules.primary.audio_hal(  406): invalid card num.
12-11 13:17:20.262 W/StreamHAL(  406): Error from HAL stream in function get_presentation_position: Operation not permitted
12-11 13:17:20.263 V/GraphicsEnvironment( 1816): ANGLE Developer option for 'com.android.dynsystem' set to: 'default'
12-11 13:17:20.264 V/GraphicsEnvironment( 1816): ANGLE GameManagerService for com.android.dynsystem: false
12-11 13:17:20.264 V/GraphicsEnvironment( 1816): Neither updatable production driver nor prerelease driver is supported.
12-11 13:17:20.265 D/NetworkSecurityConfig( 1816): No Network Security Config specified, using platform default
12-11 13:17:20.265 D/NetworkSecurityConfig( 1816): No Network Security Config specified, using platform default
12-11 13:17:20.268 D/DynamicSystemInstallationService( 1816): onStartCommand(): action=android.os.image.action.NOTIFY_IF_IN_USE
12-11 13:17:20.269 I/DynamicSystemService(  651): isInstalled(): false
12-11 13:17:20.272 D/modules.primary.audio_hal(  406): card0 id:rockchipes8316
12-11 13:17:20.272 D/modules.primary.audio_hal(  406): card1 id:rockchiphdmi0
12-11 13:17:20.272 D/modules.primary.audio_hal(  406): dump out device info
12-11 13:17:20.272 D/modules.primary.audio_hal(  406): dev_info HDMI  card=1, device:0
12-11 13:17:20.272 D/modules.primary.audio_hal(  406): start_output_stream: i = 0, device = 0x2
12-11 13:17:20.272 E/alsa_route(  406): route_pcm_card_open() card -1 error!
12-11 13:17:20.272 E/modules.primary.audio_hal(  406): invalid card num.
12-11 13:17:20.272 W/StreamHAL(  406): Error from HAL stream in function get_presentation_position: Operation not permitted
12-11 13:17:20.272 D/modules.primary.audio_hal(  406): card0 id:rockchipes8316
12-11 13:17:20.272 D/modules.primary.audio_hal(  406): card1 id:rockchiphdmi0
12-11 13:17:20.272 D/modules.primary.audio_hal(  406): dump out device info
12-11 13:17:20.272 D/modules.primary.audio_hal(  406): dev_info HDMI  card=1, device:0
12-11 13:17:20.272 D/modules.primary.audio_hal(  406): start_output_stream: i = 0, device = 0x2
12-11 13:17:20.272 E/alsa_route(  406): route_pcm_card_open() card -1 error!
12-11 13:17:20.272 E/modules.primary.audio_hal(  406): invalid card num.
12-11 13:17:20.272 W/StreamHAL(  406): Error from HAL stream in function get_presentation_position: Operation not permitted
12-11 13:17:20.281 D/modules.primary.audio_hal(  406): card0 id:rockchipes8316
12-11 13:17:20.281 D/modules.primary.audio_hal(  406): card1 id:rockchiphdmi0
12-11 13:17:20.282 D/modules.primary.audio_hal(  406): dump out device info
12-11 13:17:20.282 D/modules.primary.audio_hal(  406): dev_info HDMI  card=1, device:0
12-11 13:17:20.282 D/modules.primary.audio_hal(  406): start_output_stream: i = 0, device = 0x2
12-11 13:17:20.282 E/alsa_route(  406): route_pcm_card_open() card -1 error!
12-11 13:17:20.282 E/modules.primary.audio_hal(  406): invalid card num.
12-11 13:17:20.282 W/StreamHAL(  406): Error from HAL stream in function get_presentation_position: Operation not permitted
12-11 13:17:20.282 D/modules.primary.audio_hal(  406): card0 id:rockchipes8316
12-11 13:17:20.282 D/modules.primary.audio_hal(  406): card1 id:rockchiphdmi0
12-11 13:17:20.282 D/modules.primary.audio_hal(  406): dump out device info
12-11 13:17:20.282 D/modules.primary.audio_hal(  406): dev_info HDMI  card=1, device:0
12-11 13:17:20.282 D/modules.primary.audio_hal(  406): start_output_stream: i = 0, device = 0x2
12-11 13:17:20.282 E/alsa_route(  406): route_pcm_card_open() card -1 error!
12-11 13:17:20.282 E/modules.primary.audio_hal(  406): invalid card num.
12-11 13:17:20.282 W/StreamHAL(  406): Error from HAL stream in function get_presentation_position: Operation not permitted
12-11 13:17:20.291 D/modules.primary.audio_hal(  406): card0 id:rockchipes8316
12-11 13:17:20.291 D/modules.primary.audio_hal(  406): card1 id:rockchiphdmi0
12-11 13:17:20.291 D/modules.primary.audio_hal(  406): dump out device info
12-11 13:17:20.291 D/modules.primary.audio_hal(  406): dev_info HDMI  card=1, device:0
12-11 13:17:20.291 D/modules.primary.audio_hal(  406): start_output_stream: i = 0, device = 0x2
12-11 13:17:20.291 E/alsa_route(  406): route_pcm_card_open() card -1 error!
12-11 13:17:20.291 E/modules.primary.audio_hal(  406): invalid card num.
12-11 13:17:20.291 W/StreamHAL(  406): Error from HAL stream in function get_presentation_position: Operation not permitted
12-11 13:17:20.291 D/modules.primary.audio_hal(  406): card0 id:rockchipes8316
12-11 13:17:20.291 D/modules.primary.audio_hal(  406): card1 id:rockchiphdmi0
12-11 13:17:20.291 D/modules.primary.audio_hal(  406): dump out device info
12-11 13:17:20.291 D/modules.primary.audio_hal(  406): dev_info HDMI  card=1, device:0
12-11 13:17:20.291 D/modules.primary.audio_hal(  406): start_output_stream: i = 0, device = 0x2
12-11 13:17:20.291 E/alsa_route(  406): route_pcm_card_open() card -1 error!
12-11 13:17:20.291 E/modules.primary.audio_hal(  406): invalid card num.
12-11 13:17:20.291 W/StreamHAL(  406): Error from HAL stream in function get_presentation_position: Operation not permitted
12-11 13:17:20.301 D/modules.primary.audio_hal(  406): card0 id:rockchipes8316
12-11 13:17:20.301 D/modules.primary.audio_hal(  406): card1 id:rockchiphdmi0
12-11 13:17:20.301 D/modules.primary.audio_hal(  406): dump out device info
12-11 13:17:20.301 D/modules.primary.audio_hal(  406): dev_info HDMI  card=1, device:0
12-11 13:17:20.301 D/modules.primary.audio_hal(  406): start_output_stream: i = 0, device = 0x2
12-11 13:17:20.301 E/alsa_route(  406): route_pcm_card_open() card -1 error!
12-11 13:17:20.301 E/modules.primary.audio_hal(  406): invalid card num.
12-11 13:17:20.301 W/StreamHAL(  406): Error from HAL stream in function get_presentation_position: Operation not permitted
12-11 13:17:20.301 D/modules.primary.audio_hal(  406): card0 id:rockchipes8316
12-11 13:17:20.301 D/modules.primary.audio_hal(  406): card1 id:rockchiphdmi0
12-11 13:17:20.301 D/modules.primary.audio_hal(  406): dump out device info
12-11 13:17:20.301 D/modules.primary.audio_hal(  406): dev_info HDMI  card=1, device:0
12-11 13:17:20.301 D/modules.primary.audio_hal(  406): start_output_stream: i = 0, device = 0x2
12-11 13:17:20.301 E/alsa_route(  406): route_pcm_card_open() card -1 error!
12-11 13:17:20.301 E/modules.primary.audio_hal(  406): invalid card num.
12-11 13:17:20.301 W/StreamHAL(  406): Error from HAL stream in function get_presentation_position: Operation not permitted
12-11 13:17:20.306 V/GraphicsEnvironment( 1823): ANGLE Developer option for 'com.android.managedprovisioning' set to: 'default'
12-11 13:17:20.306 V/GraphicsEnvironment( 1823): ANGLE GameManagerService for com.android.managedprovisioning: false
12-11 13:17:20.306 V/GraphicsEnvironment( 1823): Neither updatable production driver nor prerelease driver is supported.
12-11 13:17:20.307 D/NetworkSecurityConfig( 1823): No Network Security Config specified, using platform default
12-11 13:17:20.307 D/NetworkSecurityConfig( 1823): No Network Security Config specified, using platform default
12-11 13:17:20.311 D/modules.primary.audio_hal(  406): card0 id:rockchipes8316
12-11 13:17:20.311 D/modules.primary.audio_hal(  406): card1 id:rockchiphdmi0
12-11 13:17:20.311 D/modules.primary.audio_hal(  406): dump out device info
12-11 13:17:20.311 D/modules.primary.audio_hal(  406): dev_info HDMI  card=1, device:0
12-11 13:17:20.311 D/modules.primary.audio_hal(  406): start_output_stream: i = 0, device = 0x2
12-11 13:17:20.311 E/alsa_route(  406): route_pcm_card_open() card -1 error!
12-11 13:17:20.311 E/modules.primary.audio_hal(  406): invalid card num.
12-11 13:17:20.311 W/StreamHAL(  406): Error from HAL stream in function get_presentation_position: Operation not permitted
12-11 13:17:20.311 D/modules.primary.audio_hal(  406): card0 id:rockchipes8316
12-11 13:17:20.311 D/modules.primary.audio_hal(  406): card1 id:rockchiphdmi0
12-11 13:17:20.311 D/modules.primary.audio_hal(  406): dump out device info
12-11 13:17:20.311 D/modules.primary.audio_hal(  406): dev_info HDMI  card=1, device:0
12-11 13:17:20.311 D/modules.primary.audio_hal(  406): start_output_stream: i = 0, device = 0x2
12-11 13:17:20.311 E/alsa_route(  406): route_pcm_card_open() card -1 error!
12-11 13:17:20.311 E/modules.primary.audio_hal(  406): invalid card num.
12-11 13:17:20.311 W/StreamHAL(  406): Error from HAL stream in function get_presentation_position: Operation not permitted
12-11 13:17:20.321 D/modules.primary.audio_hal(  406): card0 id:rockchipes8316
12-11 13:17:20.321 D/modules.primary.audio_hal(  406): card1 id:rockchiphdmi0
12-11 13:17:20.321 D/modules.primary.audio_hal(  406): dump out device info
12-11 13:17:20.321 D/modules.primary.audio_hal(  406): dev_info HDMI  card=1, device:0
12-11 13:17:20.321 D/modules.primary.audio_hal(  406): start_output_stream: i = 0, device = 0x2
12-11 13:17:20.321 E/alsa_route(  406): route_pcm_card_open() card -1 error!
12-11 13:17:20.321 E/modules.primary.audio_hal(  406): invalid card num.
12-11 13:17:20.321 W/StreamHAL(  406): Error from HAL stream in function get_presentation_position: Operation not permitted
12-11 13:17:20.321 D/modules.primary.audio_hal(  406): card0 id:rockchipes8316
12-11 13:17:20.321 D/modules.primary.audio_hal(  406): card1 id:rockchiphdmi0
12-11 13:17:20.321 D/modules.primary.audio_hal(  406): dump out device info
12-11 13:17:20.321 D/modules.primary.audio_hal(  406): dev_info HDMI  card=1, device:0
12-11 13:17:20.321 D/modules.primary.audio_hal(  406): start_output_stream: i = 0, device = 0x2
12-11 13:17:20.321 E/alsa_route(  406): route_pcm_card_open() card -1 error!
12-11 13:17:20.321 E/modules.primary.audio_hal(  406): invalid card num.
12-11 13:17:20.321 W/StreamHAL(  406): Error from HAL stream in function get_presentation_position: Operation not permitted
12-11 13:17:20.326 D/CompatibilityChangeReporter(  651): Compat change id reported: 135634846; UID 10059; state: DISABLED
12-11 13:17:20.326 D/CompatibilityChangeReporter(  651): Compat change id reported: 177438394; UID 10059; state: DISABLED
12-11 13:17:20.326 D/CompatibilityChangeReporter(  651): Compat change id reported: 135772972; UID 10059; state: DISABLED
12-11 13:17:20.326 D/CompatibilityChangeReporter(  651): Compat change id reported: 135754954; UID 10059; state: DISABLED
12-11 13:17:20.327 D/CompatibilityChangeReporter(  651): Compat change id reported: 143937733; UID 10059; state: DISABLED
12-11 13:17:20.330 D/modules.primary.audio_hal(  406): card0 id:rockchipes8316
12-11 13:17:20.331 D/modules.primary.audio_hal(  406): card1 id:rockchiphdmi0
12-11 13:17:20.331 D/modules.primary.audio_hal(  406): dump out device info
12-11 13:17:20.331 D/modules.primary.audio_hal(  406): dev_info HDMI  card=1, device:0
12-11 13:17:20.331 D/modules.primary.audio_hal(  406): start_output_stream: i = 0, device = 0x2
12-11 13:17:20.331 E/alsa_route(  406): route_pcm_card_open() card -1 error!
12-11 13:17:20.331 E/modules.primary.audio_hal(  406): invalid card num.
12-11 13:17:20.331 W/StreamHAL(  406): Error from HAL stream in function get_presentation_position: Operation not permitted
12-11 13:17:20.331 D/modules.primary.audio_hal(  406): card0 id:rockchipes8316
12-11 13:17:20.331 D/modules.primary.audio_hal(  406): card1 id:rockchiphdmi0
12-11 13:17:20.331 D/modules.primary.audio_hal(  406): dump out device info
12-11 13:17:20.331 D/modules.primary.audio_hal(  406): dev_info HDMI  card=1, device:0
12-11 13:17:20.331 D/modules.primary.audio_hal(  406): start_output_stream: i = 0, device = 0x2
12-11 13:17:20.331 E/alsa_route(  406): route_pcm_card_open() card -1 error!
12-11 13:17:20.331 E/modules.primary.audio_hal(  406): invalid card num.
12-11 13:17:20.331 W/StreamHAL(  406): Error from HAL stream in function get_presentation_position: Operation not permitted
12-11 13:17:20.334 D/Zygote  (  403): Forked child process 1858
12-11 13:17:20.335 I/ActivityManager(  651): Start proc 1858:com.android.messaging/u0a59 for broadcast {com.android.messaging/com.android.messaging.receiver.BootAndPackageReplacedReceiver}
12-11 13:17:20.336 I/Zygote  ( 1858): seccomp disabled by setenforce 0
12-11 13:17:20.337 I/libc    ( 1858): SetHeapTaggingLevel: tag level set to 0
12-11 13:17:20.340 D/modules.primary.audio_hal(  406): card0 id:rockchipes8316
12-11 13:17:20.341 D/modules.primary.audio_hal(  406): card1 id:rockchiphdmi0
12-11 13:17:20.341 D/modules.primary.audio_hal(  406): dump out device info
12-11 13:17:20.341 D/modules.primary.audio_hal(  406): dev_info HDMI  card=1, device:0
12-11 13:17:20.341 D/modules.primary.audio_hal(  406): start_output_stream: i = 0, device = 0x2
12-11 13:17:20.341 E/alsa_route(  406): route_pcm_card_open() card -1 error!
12-11 13:17:20.341 E/modules.primary.audio_hal(  406): invalid card num.
12-11 13:17:20.341 W/StreamHAL(  406): Error from HAL stream in function get_presentation_position: Operation not permitted
12-11 13:17:20.341 D/modules.primary.audio_hal(  406): card0 id:rockchipes8316
12-11 13:17:20.341 D/modules.primary.audio_hal(  406): card1 id:rockchiphdmi0
12-11 13:17:20.341 D/modules.primary.audio_hal(  406): dump out device info
