12-11 13:17:19.774 I/ActivityManager(  651): Start proc 1748:com.android.camera2/u0a38 for broadcast {com.android.camera2/com.android.camera.SetActivitiesCameraReceiver}
12-11 13:17:19.776 I/Zygote  ( 1748): seccomp disabled by setenforce 0
12-11 13:17:19.782 D/modules.primary.audio_hal(  406): card0 id:rockchipes8316
12-11 13:17:19.782 D/modules.primary.audio_hal(  406): card1 id:rockchiphdmi0
12-11 13:17:19.782 D/modules.primary.audio_hal(  406): dump out device info
12-11 13:17:19.782 D/modules.primary.audio_hal(  406): dev_info HDMI  card=1, device:0
12-11 13:17:19.782 D/modules.primary.audio_hal(  406): start_output_stream: i = 0, device = 0x2
12-11 13:17:19.782 E/alsa_route(  406): route_pcm_card_open() card -1 error!
12-11 13:17:19.782 E/modules.primary.audio_hal(  406): invalid card num.
12-11 13:17:19.782 W/StreamHAL(  406): Error from HAL stream in function get_presentation_position: Operation not permitted
12-11 13:17:19.782 D/modules.primary.audio_hal(  406): card0 id:rockchipes8316
12-11 13:17:19.782 D/modules.primary.audio_hal(  406): card1 id:rockchiphdmi0
12-11 13:17:19.782 D/modules.primary.audio_hal(  406): dump out device info
12-11 13:17:19.782 D/modules.primary.audio_hal(  406): dev_info HDMI  card=1, device:0
12-11 13:17:19.782 D/modules.primary.audio_hal(  406): start_output_stream: i = 0, device = 0x2
12-11 13:17:19.782 E/alsa_route(  406): route_pcm_card_open() card -1 error!
12-11 13:17:19.782 E/modules.primary.audio_hal(  406): invalid card num.
12-11 13:17:19.782 W/StreamHAL(  406): Error from HAL stream in function get_presentation_position: Operation not permitted
12-11 13:17:19.784 I/adbd    (  460): jdwp connection from 1748
12-11 13:17:19.787 D/CompatibilityChangeReporter(  651): Compat change id reported: 168419799; UID 10038; state: DISABLED
12-11 13:17:19.789 D/CompatibilityChangeReporter( 1748): Compat change id reported: 171979766; UID 10038; state: ENABLED
12-11 13:17:19.791 D/modules.primary.audio_hal(  406): card0 id:rockchipes8316
12-11 13:17:19.791 D/modules.primary.audio_hal(  406): card1 id:rockchiphdmi0
12-11 13:17:19.792 D/modules.primary.audio_hal(  406): dump out device info
12-11 13:17:19.792 D/modules.primary.audio_hal(  406): dev_info HDMI  card=1, device:0
12-11 13:17:19.792 D/modules.primary.audio_hal(  406): start_output_stream: i = 0, device = 0x2
12-11 13:17:19.792 E/alsa_route(  406): route_pcm_card_open() card -1 error!
12-11 13:17:19.792 E/modules.primary.audio_hal(  406): invalid card num.
12-11 13:17:19.792 W/StreamHAL(  406): Error from HAL stream in function get_presentation_position: Operation not permitted
12-11 13:17:19.792 D/modules.primary.audio_hal(  406): card0 id:rockchipes8316
12-11 13:17:19.792 D/modules.primary.audio_hal(  406): card1 id:rockchiphdmi0
12-11 13:17:19.792 D/modules.primary.audio_hal(  406): dump out device info
12-11 13:17:19.792 D/modules.primary.audio_hal(  406): dev_info HDMI  card=1, device:0
12-11 13:17:19.792 D/modules.primary.audio_hal(  406): start_output_stream: i = 0, device = 0x2
12-11 13:17:19.792 E/alsa_route(  406): route_pcm_card_open() card -1 error!
12-11 13:17:19.792 E/modules.primary.audio_hal(  406): invalid card num.
12-11 13:17:19.792 W/StreamHAL(  406): Error from HAL stream in function get_presentation_position: Operation not permitted
12-11 13:17:19.801 D/modules.primary.audio_hal(  406): card0 id:rockchipes8316
12-11 13:17:19.801 D/modules.primary.audio_hal(  406): card1 id:rockchiphdmi0
12-11 13:17:19.801 D/modules.primary.audio_hal(  406): dump out device info
12-11 13:17:19.801 D/modules.primary.audio_hal(  406): dev_info HDMI  card=1, device:0
12-11 13:17:19.801 D/modules.primary.audio_hal(  406): start_output_stream: i = 0, device = 0x2
12-11 13:17:19.801 E/alsa_route(  406): route_pcm_card_open() card -1 error!
12-11 13:17:19.801 E/modules.primary.audio_hal(  406): invalid card num.
12-11 13:17:19.801 W/StreamHAL(  406): Error from HAL stream in function get_presentation_position: Operation not permitted
12-11 13:17:19.801 D/modules.primary.audio_hal(  406): card0 id:rockchipes8316
12-11 13:17:19.801 D/modules.primary.audio_hal(  406): card1 id:rockchiphdmi0
12-11 13:17:19.801 D/modules.primary.audio_hal(  406): dump out device info
12-11 13:17:19.801 D/modules.primary.audio_hal(  406): dev_info HDMI  card=1, device:0
12-11 13:17:19.801 D/modules.primary.audio_hal(  406): start_output_stream: i = 0, device = 0x2
12-11 13:17:19.801 E/alsa_route(  406): route_pcm_card_open() card -1 error!
12-11 13:17:19.801 E/modules.primary.audio_hal(  406): invalid card num.
12-11 13:17:19.801 W/StreamHAL(  406): Error from HAL stream in function get_presentation_position: Operation not permitted
12-11 13:17:19.811 D/modules.primary.audio_hal(  406): card0 id:rockchipes8316
12-11 13:17:19.811 D/modules.primary.audio_hal(  406): card1 id:rockchiphdmi0
12-11 13:17:19.811 D/modules.primary.audio_hal(  406): dump out device info
12-11 13:17:19.811 D/modules.primary.audio_hal(  406): dev_info HDMI  card=1, device:0
12-11 13:17:19.811 D/modules.primary.audio_hal(  406): start_output_stream: i = 0, device = 0x2
12-11 13:17:19.811 E/alsa_route(  406): route_pcm_card_open() card -1 error!
12-11 13:17:19.811 E/modules.primary.audio_hal(  406): invalid card num.
12-11 13:17:19.811 W/StreamHAL(  406): Error from HAL stream in function get_presentation_position: Operation not permitted
12-11 13:17:19.811 D/modules.primary.audio_hal(  406): card0 id:rockchipes8316
12-11 13:17:19.811 D/modules.primary.audio_hal(  406): card1 id:rockchiphdmi0
12-11 13:17:19.811 D/modules.primary.audio_hal(  406): dump out device info
12-11 13:17:19.812 D/modules.primary.audio_hal(  406): dev_info HDMI  card=1, device:0
12-11 13:17:19.812 D/modules.primary.audio_hal(  406): start_output_stream: i = 0, device = 0x2
12-11 13:17:19.812 E/alsa_route(  406): route_pcm_card_open() card -1 error!
12-11 13:17:19.812 E/modules.primary.audio_hal(  406): invalid card num.
12-11 13:17:19.812 W/StreamHAL(  406): Error from HAL stream in function get_presentation_position: Operation not permitted
12-11 13:17:19.821 D/modules.primary.audio_hal(  406): card0 id:rockchipes8316
12-11 13:17:19.821 D/modules.primary.audio_hal(  406): card1 id:rockchiphdmi0
12-11 13:17:19.821 D/modules.primary.audio_hal(  406): dump out device info
12-11 13:17:19.821 D/modules.primary.audio_hal(  406): dev_info HDMI  card=1, device:0
12-11 13:17:19.821 D/modules.primary.audio_hal(  406): start_output_stream: i = 0, device = 0x2
12-11 13:17:19.821 E/alsa_route(  406): route_pcm_card_open() card -1 error!
12-11 13:17:19.821 E/modules.primary.audio_hal(  406): invalid card num.
12-11 13:17:19.821 W/StreamHAL(  406): Error from HAL stream in function get_presentation_position: Operation not permitted
12-11 13:17:19.821 D/modules.primary.audio_hal(  406): card0 id:rockchipes8316
12-11 13:17:19.821 D/modules.primary.audio_hal(  406): card1 id:rockchiphdmi0
12-11 13:17:19.821 D/modules.primary.audio_hal(  406): dump out device info
12-11 13:17:19.821 D/modules.primary.audio_hal(  406): dev_info HDMI  card=1, device:0
12-11 13:17:19.821 D/modules.primary.audio_hal(  406): start_output_stream: i = 0, device = 0x2
12-11 13:17:19.821 E/alsa_route(  406): route_pcm_card_open() card -1 error!
12-11 13:17:19.821 E/modules.primary.audio_hal(  406): invalid card num.
12-11 13:17:19.822 W/StreamHAL(  406): Error from HAL stream in function get_presentation_position: Operation not permitted
12-11 13:17:19.831 D/modules.primary.audio_hal(  406): card0 id:rockchipes8316
12-11 13:17:19.831 D/modules.primary.audio_hal(  406): card1 id:rockchiphdmi0
12-11 13:17:19.831 D/modules.primary.audio_hal(  406): dump out device info
12-11 13:17:19.831 D/modules.primary.audio_hal(  406): dev_info HDMI  card=1, device:0
12-11 13:17:19.831 D/modules.primary.audio_hal(  406): start_output_stream: i = 0, device = 0x2
12-11 13:17:19.831 E/alsa_route(  406): route_pcm_card_open() card -1 error!
12-11 13:17:19.831 E/modules.primary.audio_hal(  406): invalid card num.
12-11 13:17:19.831 W/StreamHAL(  406): Error from HAL stream in function get_presentation_position: Operation not permitted
12-11 13:17:19.831 D/modules.primary.audio_hal(  406): card0 id:rockchipes8316
12-11 13:17:19.831 D/modules.primary.audio_hal(  406): card1 id:rockchiphdmi0
12-11 13:17:19.831 D/modules.primary.audio_hal(  406): dump out device info
12-11 13:17:19.831 D/modules.primary.audio_hal(  406): dev_info HDMI  card=1, device:0
12-11 13:17:19.831 D/modules.primary.audio_hal(  406): start_output_stream: i = 0, device = 0x2
12-11 13:17:19.831 E/alsa_route(  406): route_pcm_card_open() card -1 error!
12-11 13:17:19.831 E/modules.primary.audio_hal(  406): invalid card num.
12-11 13:17:19.831 W/StreamHAL(  406): Error from HAL stream in function get_presentation_position: Operation not permitted
12-11 13:17:19.841 D/modules.primary.audio_hal(  406): card0 id:rockchipes8316
12-11 13:17:19.841 D/modules.primary.audio_hal(  406): card1 id:rockchiphdmi0
12-11 13:17:19.841 D/modules.primary.audio_hal(  406): dump out device info
12-11 13:17:19.841 D/modules.primary.audio_hal(  406): dev_info HDMI  card=1, device:0
12-11 13:17:19.841 D/modules.primary.audio_hal(  406): start_output_stream: i = 0, device = 0x2
12-11 13:17:19.841 E/alsa_route(  406): route_pcm_card_open() card -1 error!
12-11 13:17:19.841 E/modules.primary.audio_hal(  406): invalid card num.
12-11 13:17:19.841 W/StreamHAL(  406): Error from HAL stream in function get_presentation_position: Operation not permitted
12-11 13:17:19.841 D/modules.primary.audio_hal(  406): card0 id:rockchipes8316
12-11 13:17:19.841 D/modules.primary.audio_hal(  406): card1 id:rockchiphdmi0
12-11 13:17:19.841 D/modules.primary.audio_hal(  406): dump out device info
12-11 13:17:19.841 D/modules.primary.audio_hal(  406): dev_info HDMI  card=1, device:0
12-11 13:17:19.841 D/modules.primary.audio_hal(  406): start_output_stream: i = 0, device = 0x2
12-11 13:17:19.841 E/alsa_route(  406): route_pcm_card_open() card -1 error!
12-11 13:17:19.841 E/modules.primary.audio_hal(  406): invalid card num.
12-11 13:17:19.841 W/StreamHAL(  406): Error from HAL stream in function get_presentation_position: Operation not permitted
12-11 13:17:19.851 D/modules.primary.audio_hal(  406): card0 id:rockchipes8316
12-11 13:17:19.851 D/modules.primary.audio_hal(  406): card1 id:rockchiphdmi0
12-11 13:17:19.851 D/modules.primary.audio_hal(  406): dump out device info
12-11 13:17:19.851 D/modules.primary.audio_hal(  406): dev_info HDMI  card=1, device:0
12-11 13:17:19.851 D/modules.primary.audio_hal(  406): start_output_stream: i = 0, device = 0x2
12-11 13:17:19.851 E/alsa_route(  406): route_pcm_card_open() card -1 error!
12-11 13:17:19.851 E/modules.primary.audio_hal(  406): invalid card num.
12-11 13:17:19.851 W/StreamHAL(  406): Error from HAL stream in function get_presentation_position: Operation not permitted
12-11 13:17:19.851 D/modules.primary.audio_hal(  406): card0 id:rockchipes8316
12-11 13:17:19.851 D/modules.primary.audio_hal(  406): card1 id:rockchiphdmi0
12-11 13:17:19.851 D/modules.primary.audio_hal(  406): dump out device info
12-11 13:17:19.851 D/modules.primary.audio_hal(  406): dev_info HDMI  card=1, device:0
12-11 13:17:19.851 D/modules.primary.audio_hal(  406): start_output_stream: i = 0, device = 0x2
12-11 13:17:19.851 E/alsa_route(  406): route_pcm_card_open() card -1 error!
12-11 13:17:19.851 E/modules.primary.audio_hal(  406): invalid card num.
12-11 13:17:19.852 W/StreamHAL(  406): Error from HAL stream in function get_presentation_position: Operation not permitted
12-11 13:17:19.861 D/modules.primary.audio_hal(  406): card0 id:rockchipes8316
12-11 13:17:19.861 D/modules.primary.audio_hal(  406): card1 id:rockchiphdmi0
12-11 13:17:19.861 D/modules.primary.audio_hal(  406): dump out device info
12-11 13:17:19.861 D/modules.primary.audio_hal(  406): dev_info HDMI  card=1, device:0
12-11 13:17:19.861 D/modules.primary.audio_hal(  406): start_output_stream: i = 0, device = 0x2
12-11 13:17:19.861 E/alsa_route(  406): route_pcm_card_open() card -1 error!
12-11 13:17:19.861 E/modules.primary.audio_hal(  406): invalid card num.
12-11 13:17:19.861 W/StreamHAL(  406): Error from HAL stream in function get_presentation_position: Operation not permitted
12-11 13:17:19.861 D/modules.primary.audio_hal(  406): card0 id:rockchipes8316
12-11 13:17:19.861 D/modules.primary.audio_hal(  406): card1 id:rockchiphdmi0
12-11 13:17:19.862 D/modules.primary.audio_hal(  406): dump out device info
12-11 13:17:19.862 D/modules.primary.audio_hal(  406): dev_info HDMI  card=1, device:0
12-11 13:17:19.862 D/modules.primary.audio_hal(  406): start_output_stream: i = 0, device = 0x2
12-11 13:17:19.862 E/alsa_route(  406): route_pcm_card_open() card -1 error!
12-11 13:17:19.862 E/modules.primary.audio_hal(  406): invalid card num.
12-11 13:17:19.862 W/StreamHAL(  406): Error from HAL stream in function get_presentation_position: Operation not permitted
12-11 13:17:19.871 D/modules.primary.audio_hal(  406): card0 id:rockchipes8316
12-11 13:17:19.871 D/modules.primary.audio_hal(  406): card1 id:rockchiphdmi0
12-11 13:17:19.871 D/modules.primary.audio_hal(  406): dump out device info
12-11 13:17:19.871 D/modules.primary.audio_hal(  406): dev_info HDMI  card=1, device:0
12-11 13:17:19.871 D/modules.primary.audio_hal(  406): start_output_stream: i = 0, device = 0x2
12-11 13:17:19.871 E/alsa_route(  406): route_pcm_card_open() card -1 error!
12-11 13:17:19.871 E/modules.primary.audio_hal(  406): invalid card num.
12-11 13:17:19.871 W/StreamHAL(  406): Error from HAL stream in function get_presentation_position: Operation not permitted
12-11 13:17:19.872 D/modules.primary.audio_hal(  406): card0 id:rockchipes8316
12-11 13:17:19.872 D/modules.primary.audio_hal(  406): card1 id:rockchiphdmi0
12-11 13:17:19.872 D/modules.primary.audio_hal(  406): dump out device info
12-11 13:17:19.872 D/modules.primary.audio_hal(  406): dev_info HDMI  card=1, device:0
12-11 13:17:19.872 D/modules.primary.audio_hal(  406): start_output_stream: i = 0, device = 0x2
12-11 13:17:19.872 E/alsa_route(  406): route_pcm_card_open() card -1 error!
12-11 13:17:19.872 E/modules.primary.audio_hal(  406): invalid card num.
12-11 13:17:19.872 W/StreamHAL(  406): Error from HAL stream in function get_presentation_position: Operation not permitted
12-11 13:17:19.878 V/GraphicsEnvironment( 1748): ANGLE Developer option for 'com.android.camera2' set to: 'default'
12-11 13:17:19.879 V/GraphicsEnvironment( 1748): ANGLE GameManagerService for com.android.camera2: false
12-11 13:17:19.879 V/GraphicsEnvironment( 1748): Neither updatable production driver nor prerelease driver is supported.
12-11 13:17:19.880 D/NetworkSecurityConfig( 1748): No Network Security Config specified, using platform default
12-11 13:17:19.881 D/NetworkSecurityConfig( 1748): No Network Security Config specified, using platform default
12-11 13:17:19.881 D/modules.primary.audio_hal(  406): card0 id:rockchipes8316
12-11 13:17:19.881 D/modules.primary.audio_hal(  406): card1 id:rockchiphdmi0
12-11 13:17:19.881 D/modules.primary.audio_hal(  406): dump out device info
12-11 13:17:19.881 D/modules.primary.audio_hal(  406): dev_info HDMI  card=1, device:0
12-11 13:17:19.881 D/modules.primary.audio_hal(  406): start_output_stream: i = 0, device = 0x2
12-11 13:17:19.881 E/alsa_route(  406): route_pcm_card_open() card -1 error!
12-11 13:17:19.881 E/modules.primary.audio_hal(  406): invalid card num.
12-11 13:17:19.882 W/StreamHAL(  406): Error from HAL stream in function get_presentation_position: Operation not permitted
12-11 13:17:19.882 D/modules.primary.audio_hal(  406): card0 id:rockchipes8316
12-11 13:17:19.882 D/modules.primary.audio_hal(  406): card1 id:rockchiphdmi0
12-11 13:17:19.882 D/modules.primary.audio_hal(  406): dump out device info
12-11 13:17:19.882 D/modules.primary.audio_hal(  406): dev_info HDMI  card=1, device:0
12-11 13:17:19.882 D/modules.primary.audio_hal(  406): start_output_stream: i = 0, device = 0x2
12-11 13:17:19.882 E/alsa_route(  406): route_pcm_card_open() card -1 error!
12-11 13:17:19.882 E/modules.primary.audio_hal(  406): invalid card num.
12-11 13:17:19.882 W/StreamHAL(  406): Error from HAL stream in function get_presentation_position: Operation not permitted
12-11 13:17:19.886 I/getprop ( 1766): type=1400 audit(0.0:9391): avc: denied { open } for path="/dev/__properties__/u:object_r:bluetooth_prop:s0" dev="tmpfs" ino=74 scontext=u:r:shell:s0 tcontext=u:object_r:bluetooth_prop:s0 tclass=file permissive=1
12-11 13:17:19.886 I/getprop ( 1766): type=1400 audit(0.0:9392): avc: denied { getattr } for path="/dev/__properties__/u:object_r:bluetooth_prop:s0" dev="tmpfs" ino=74 scontext=u:r:shell:s0 tcontext=u:object_r:bluetooth_prop:s0 tclass=file permissive=1
12-11 13:17:19.886 I/getprop ( 1766): type=1400 audit(0.0:9393): avc: denied { map } for path="/dev/__properties__/u:object_r:bluetooth_prop:s0" dev="tmpfs" ino=74 scontext=u:r:shell:s0 tcontext=u:object_r:bluetooth_prop:s0 tclass=file permissive=1
12-11 13:17:19.886 I/getprop ( 1766): type=1400 audit(0.0:9394): avc: denied { open } for path="/dev/__properties__/u:object_r:bootanim_config_prop:s0" dev="tmpfs" ino=76 scontext=u:r:shell:s0 tcontext=u:object_r:bootanim_config_prop:s0 tclass=file permissive=1
12-11 13:17:19.886 I/getprop ( 1766): type=1400 audit(0.0:9395): avc: denied { getattr } for path="/dev/__properties__/u:object_r:bootanim_config_prop:s0" dev="tmpfs" ino=76 scontext=u:r:shell:s0 tcontext=u:object_r:bootanim_config_prop:s0 tclass=file permissive=1
12-11 13:17:19.891 D/modules.primary.audio_hal(  406): card0 id:rockchipes8316
12-11 13:17:19.891 D/modules.primary.audio_hal(  406): card1 id:rockchiphdmi0
12-11 13:17:19.891 D/modules.primary.audio_hal(  406): dump out device info
12-11 13:17:19.891 D/modules.primary.audio_hal(  406): dev_info HDMI  card=1, device:0
12-11 13:17:19.891 D/modules.primary.audio_hal(  406): start_output_stream: i = 0, device = 0x2
12-11 13:17:19.891 E/alsa_route(  406): route_pcm_card_open() card -1 error!
12-11 13:17:19.891 E/modules.primary.audio_hal(  406): invalid card num.
12-11 13:17:19.891 W/StreamHAL(  406): Error from HAL stream in function get_presentation_position: Operation not permitted
12-11 13:17:19.892 D/modules.primary.audio_hal(  406): card0 id:rockchipes8316
12-11 13:17:19.892 D/modules.primary.audio_hal(  406): card1 id:rockchiphdmi0
12-11 13:17:19.892 D/modules.primary.audio_hal(  406): dump out device info
12-11 13:17:19.892 D/modules.primary.audio_hal(  406): dev_info HDMI  card=1, device:0
12-11 13:17:19.892 D/modules.primary.audio_hal(  406): start_output_stream: i = 0, device = 0x2
12-11 13:17:19.892 E/alsa_route(  406): route_pcm_card_open() card -1 error!
12-11 13:17:19.892 E/modules.primary.audio_hal(  406): invalid card num.
12-11 13:17:19.892 W/StreamHAL(  406): Error from HAL stream in function get_presentation_position: Operation not permitted
12-11 13:17:19.897 V/CAM_Profiler( 1748): [  0.000ms][ui] GUARD: CameraApp onCreate() - START
12-11 13:17:19.897 V/CAM_Profiler( 1748): [  0.000ms][ui] GUARD: FirstRunDetector getTimeOfFirstRun - START
12-11 13:17:19.899 V/CAM_Profiler( 1748): [  1.767ms][ui] GUARD: FirstRunDetector getTimeOfFirstRun - [ 1.767ms] PreferenceManager.getDefaultSharedPreferences
12-11 13:17:19.901 D/modules.primary.audio_hal(  406): card0 id:rockchipes8316
12-11 13:17:19.901 D/modules.primary.audio_hal(  406): card1 id:rockchiphdmi0
12-11 13:17:19.902 D/modules.primary.audio_hal(  406): dump out device info
12-11 13:17:19.902 D/modules.primary.audio_hal(  406): dev_info HDMI  card=1, device:0
12-11 13:17:19.902 D/modules.primary.audio_hal(  406): start_output_stream: i = 0, device = 0x2
12-11 13:17:19.902 E/alsa_route(  406): route_pcm_card_open() card -1 error!
12-11 13:17:19.902 E/modules.primary.audio_hal(  406): invalid card num.
12-11 13:17:19.902 W/StreamHAL(  406): Error from HAL stream in function get_presentation_position: Operation not permitted
12-11 13:17:19.902 D/modules.primary.audio_hal(  406): card0 id:rockchipes8316
12-11 13:17:19.902 D/modules.primary.audio_hal(  406): card1 id:rockchiphdmi0
12-11 13:17:19.902 V/CAM_Profiler( 1748): [  4.803ms][ui] GUARD: FirstRunDetector getTimeOfFirstRun - [ 3.037ms] preferences.getLong
12-11 13:17:19.902 D/modules.primary.audio_hal(  406): dump out device info
12-11 13:17:19.902 D/modules.primary.audio_hal(  406): dev_info HDMI  card=1, device:0
12-11 13:17:19.902 D/modules.primary.audio_hal(  406): start_output_stream: i = 0, device = 0x2
12-11 13:17:19.902 V/CAM_Profiler( 1748): [  4.983ms][ui] GUARD: FirstRunDetector getTimeOfFirstRun - STOP
12-11 13:17:19.902 E/alsa_route(  406): route_pcm_card_open() card -1 error!
12-11 13:17:19.902 E/modules.primary.audio_hal(  406): invalid card num.
12-11 13:17:19.902 V/CAM_Profiler( 1748): [  8.746ms][ui] GUARD: CameraApp onCreate() - [ 8.746ms] initializeTimeOfFirstRun
12-11 13:17:19.903 W/StreamHAL(  406): Error from HAL stream in function get_presentation_position: Operation not permitted
12-11 13:17:19.903 V/CAM_Profiler( 1748): [  8.989ms][ui] GUARD: CameraApp onCreate() - [ 0.243ms] UsageStatistics.initialize
12-11 13:17:19.903 V/CAM_Profiler( 1748): [  9.118ms][ui] GUARD: CameraApp onCreate() - [ 0.129ms] clearNotifications
12-11 13:17:19.903 V/CAM_Profiler( 1748): [  9.118ms][ui] GUARD: CameraApp onCreate() - STOP
12-11 13:17:19.904 W/CAM_Log ( 1748): Tag SetActivitiesCameraReceiver is 8 chars longer than limit.
12-11 13:17:19.905 D/CompatibilityChangeReporter(  651): Compat change id reported: 135634846; UID 10054; state: DISABLED
12-11 13:17:19.905 D/CompatibilityChangeReporter(  651): Compat change id reported: 177438394; UID 10054; state: DISABLED
12-11 13:17:19.905 D/CompatibilityChangeReporter(  651): Compat change id reported: 135772972; UID 10054; state: DISABLED
12-11 13:17:19.906 D/CompatibilityChangeReporter(  651): Compat change id reported: 135754954; UID 10054; state: ENABLED
12-11 13:17:19.906 D/CompatibilityChangeReporter(  651): Compat change id reported: 143937733; UID 10054; state: ENABLED
12-11 13:17:19.912 D/modules.primary.audio_hal(  406): card0 id:rockchipes8316
12-11 13:17:19.912 D/modules.primary.audio_hal(  406): card1 id:rockchiphdmi0
12-11 13:17:19.912 D/modules.primary.audio_hal(  406): dump out device info
12-11 13:17:19.912 D/modules.primary.audio_hal(  406): dev_info HDMI  card=1, device:0
12-11 13:17:19.912 D/modules.primary.audio_hal(  406): start_output_stream: i = 0, device = 0x2
12-11 13:17:19.912 E/alsa_route(  406): route_pcm_card_open() card -1 error!
12-11 13:17:19.912 E/modules.primary.audio_hal(  406): invalid card num.
12-11 13:17:19.912 W/StreamHAL(  406): Error from HAL stream in function get_presentation_position: Operation not permitted
12-11 13:17:19.912 D/modules.primary.audio_hal(  406): card0 id:rockchipes8316
12-11 13:17:19.912 D/modules.primary.audio_hal(  406): card1 id:rockchiphdmi0
12-11 13:17:19.912 D/modules.primary.audio_hal(  406): dump out device info
12-11 13:17:19.912 D/modules.primary.audio_hal(  406): dev_info HDMI  card=1, device:0
12-11 13:17:19.912 D/modules.primary.audio_hal(  406): start_output_stream: i = 0, device = 0x2
12-11 13:17:19.912 E/alsa_route(  406): route_pcm_card_open() card -1 error!
12-11 13:17:19.912 E/modules.primary.audio_hal(  406): invalid card num.
12-11 13:17:19.912 W/StreamHAL(  406): Error from HAL stream in function get_presentation_position: Operation not permitted
12-11 13:17:19.917 D/Zygote  (  403): Forked child process 1769
12-11 13:17:19.918 I/ActivityManager(  651): Start proc 1769:com.android.contacts/u0a54 for broadcast {com.android.contacts/com.android.contacts.interactions.OnBootOrUpgradeReceiver}
12-11 13:17:19.922 D/modules.primary.audio_hal(  406): card0 id:rockchipes8316
12-11 13:17:19.922 D/modules.primary.audio_hal(  406): card1 id:rockchiphdmi0
12-11 13:17:19.922 D/modules.primary.audio_hal(  406): dump out device info
12-11 13:17:19.922 D/modules.primary.audio_hal(  406): dev_info HDMI  card=1, device:0
12-11 13:17:19.922 D/modules.primary.audio_hal(  406): start_output_stream: i = 0, device = 0x2
12-11 13:17:19.922 E/alsa_route(  406): route_pcm_card_open() card -1 error!
12-11 13:17:19.922 E/modules.primary.audio_hal(  406): invalid card num.
12-11 13:17:19.922 W/StreamHAL(  406): Error from HAL stream in function get_presentation_position: Operation not permitted
12-11 13:17:19.922 D/modules.primary.audio_hal(  406): card0 id:rockchipes8316
12-11 13:17:19.922 D/modules.primary.audio_hal(  406): card1 id:rockchiphdmi0
12-11 13:17:19.922 D/modules.primary.audio_hal(  406): dump out device info
12-11 13:17:19.922 D/modules.primary.audio_hal(  406): dev_info HDMI  card=1, device:0
12-11 13:17:19.922 D/modules.primary.audio_hal(  406): start_output_stream: i = 0, device = 0x2
12-11 13:17:19.922 E/alsa_route(  406): route_pcm_card_open() card -1 error!
12-11 13:17:19.922 E/modules.primary.audio_hal(  406): invalid card num.
12-11 13:17:19.922 W/StreamHAL(  406): Error from HAL stream in function get_presentation_position: Operation not permitted
12-11 13:17:19.924 I/Zygote  ( 1769): seccomp disabled by setenforce 0
12-11 13:17:19.932 D/modules.primary.audio_hal(  406): card0 id:rockchipes8316
12-11 13:17:19.932 D/modules.primary.audio_hal(  406): card1 id:rockchiphdmi0
12-11 13:17:19.932 D/modules.primary.audio_hal(  406): dump out device info
12-11 13:17:19.932 D/modules.primary.audio_hal(  406): dev_info HDMI  card=1, device:0
12-11 13:17:19.932 D/modules.primary.audio_hal(  406): start_output_stream: i = 0, device = 0x2
12-11 13:17:19.932 E/alsa_route(  406): route_pcm_card_open() card -1 error!
12-11 13:17:19.932 E/modules.primary.audio_hal(  406): invalid card num.
12-11 13:17:19.932 W/StreamHAL(  406): Error from HAL stream in function get_presentation_position: Operation not permitted
12-11 13:17:19.932 D/modules.primary.audio_hal(  406): card0 id:rockchipes8316
12-11 13:17:19.932 D/modules.primary.audio_hal(  406): card1 id:rockchiphdmi0
12-11 13:17:19.932 D/modules.primary.audio_hal(  406): dump out device info
12-11 13:17:19.932 D/modules.primary.audio_hal(  406): dev_info HDMI  card=1, device:0
12-11 13:17:19.932 D/modules.primary.audio_hal(  406): start_output_stream: i = 0, device = 0x2
12-11 13:17:19.932 E/alsa_route(  406): route_pcm_card_open() card -1 error!
12-11 13:17:19.932 E/modules.primary.audio_hal(  406): invalid card num.
12-11 13:17:19.933 W/StreamHAL(  406): Error from HAL stream in function get_presentation_position: Operation not permitted
12-11 13:17:19.936 I/adbd    (  460): jdwp connection from 1769
12-11 13:17:19.941 D/CompatibilityChangeReporter(  651): Compat change id reported: 168419799; UID 10054; state: DISABLED
12-11 13:17:19.942 D/modules.primary.audio_hal(  406): card0 id:rockchipes8316
12-11 13:17:19.942 D/modules.primary.audio_hal(  406): card1 id:rockchiphdmi0
12-11 13:17:19.942 D/modules.primary.audio_hal(  406): dump out device info
12-11 13:17:19.942 D/modules.primary.audio_hal(  406): dev_info HDMI  card=1, device:0
12-11 13:17:19.942 D/modules.primary.audio_hal(  406): start_output_stream: i = 0, device = 0x2
12-11 13:17:19.942 E/alsa_route(  406): route_pcm_card_open() card -1 error!
12-11 13:17:19.942 E/modules.primary.audio_hal(  406): invalid card num.
12-11 13:17:19.942 W/StreamHAL(  406): Error from HAL stream in function get_presentation_position: Operation not permitted
12-11 13:17:19.942 D/modules.primary.audio_hal(  406): card0 id:rockchipes8316
12-11 13:17:19.942 D/modules.primary.audio_hal(  406): card1 id:rockchiphdmi0
12-11 13:17:19.942 D/modules.primary.audio_hal(  406): dump out device info
12-11 13:17:19.942 D/modules.primary.audio_hal(  406): dev_info HDMI  card=1, device:0
12-11 13:17:19.942 D/modules.primary.audio_hal(  406): start_output_stream: i = 0, device = 0x2
12-11 13:17:19.942 E/alsa_route(  406): route_pcm_card_open() card -1 error!
12-11 13:17:19.942 E/modules.primary.audio_hal(  406): invalid card num.
12-11 13:17:19.942 W/StreamHAL(  406): Error from HAL stream in function get_presentation_position: Operation not permitted
12-11 13:17:19.948 D/CompatibilityChangeReporter( 1769): Compat change id reported: 171979766; UID 10054; state: ENABLED
12-11 13:17:19.952 D/modules.primary.audio_hal(  406): card0 id:rockchipes8316
12-11 13:17:19.952 D/modules.primary.audio_hal(  406): card1 id:rockchiphdmi0
12-11 13:17:19.952 D/modules.primary.audio_hal(  406): dump out device info
12-11 13:17:19.952 D/modules.primary.audio_hal(  406): dev_info HDMI  card=1, device:0
12-11 13:17:19.952 D/modules.primary.audio_hal(  406): start_output_stream: i = 0, device = 0x2
12-11 13:17:19.952 E/alsa_route(  406): route_pcm_card_open() card -1 error!
12-11 13:17:19.952 E/modules.primary.audio_hal(  406): invalid card num.
12-11 13:17:19.952 W/StreamHAL(  406): Error from HAL stream in function get_presentation_position: Operation not permitted
12-11 13:17:19.952 D/modules.primary.audio_hal(  406): card0 id:rockchipes8316
12-11 13:17:19.952 D/modules.primary.audio_hal(  406): card1 id:rockchiphdmi0
12-11 13:17:19.952 D/modules.primary.audio_hal(  406): dump out device info
12-11 13:17:19.952 D/modules.primary.audio_hal(  406): dev_info HDMI  card=1, device:0
12-11 13:17:19.952 D/modules.primary.audio_hal(  406): start_output_stream: i = 0, device = 0x2
12-11 13:17:19.952 E/alsa_route(  406): route_pcm_card_open() card -1 error!
12-11 13:17:19.952 E/modules.primary.audio_hal(  406): invalid card num.
12-11 13:17:19.952 W/StreamHAL(  406): Error from HAL stream in function get_presentation_position: Operation not permitted
12-11 13:17:19.961 D/modules.primary.audio_hal(  406): card0 id:rockchipes8316
12-11 13:17:19.961 D/modules.primary.audio_hal(  406): card1 id:rockchiphdmi0
12-11 13:17:19.962 D/modules.primary.audio_hal(  406): dump out device info
12-11 13:17:19.962 D/modules.primary.audio_hal(  406): dev_info HDMI  card=1, device:0
12-11 13:17:19.962 D/modules.primary.audio_hal(  406): start_output_stream: i = 0, device = 0x2
12-11 13:17:19.962 E/alsa_route(  406): route_pcm_card_open() card -1 error!
12-11 13:17:19.962 E/modules.primary.audio_hal(  406): invalid card num.
12-11 13:17:19.962 W/StreamHAL(  406): Error from HAL stream in function get_presentation_position: Operation not permitted
12-11 13:17:19.962 D/modules.primary.audio_hal(  406): card0 id:rockchipes8316
12-11 13:17:19.962 D/modules.primary.audio_hal(  406): card1 id:rockchiphdmi0
12-11 13:17:19.962 D/modules.primary.audio_hal(  406): dump out device info
12-11 13:17:19.962 D/modules.primary.audio_hal(  406): dev_info HDMI  card=1, device:0
12-11 13:17:19.962 D/modules.primary.audio_hal(  406): start_output_stream: i = 0, device = 0x2
12-11 13:17:19.962 E/alsa_route(  406): route_pcm_card_open() card -1 error!
12-11 13:17:19.962 E/modules.primary.audio_hal(  406): invalid card num.
12-11 13:17:19.962 W/StreamHAL(  406): Error from HAL stream in function get_presentation_position: Operation not permitted
12-11 13:17:19.967 D/nativeloader( 1769): classloader namespace configured for unbundled product apk. library_path=/product/priv-app/Contacts/lib/arm64:/product/lib64:/system/product/lib64
12-11 13:17:19.971 D/modules.primary.audio_hal(  406): card0 id:rockchipes8316
12-11 13:17:19.971 D/modules.primary.audio_hal(  406): card1 id:rockchiphdmi0
12-11 13:17:19.971 D/modules.primary.audio_hal(  406): dump out device info
12-11 13:17:19.971 D/modules.primary.audio_hal(  406): dev_info HDMI  card=1, device:0
12-11 13:17:19.971 D/modules.primary.audio_hal(  406): start_output_stream: i = 0, device = 0x2
12-11 13:17:19.971 E/alsa_route(  406): route_pcm_card_open() card -1 error!
12-11 13:17:19.971 E/modules.primary.audio_hal(  406): invalid card num.
12-11 13:17:19.971 W/StreamHAL(  406): Error from HAL stream in function get_presentation_position: Operation not permitted
12-11 13:17:19.971 D/modules.primary.audio_hal(  406): card0 id:rockchipes8316
12-11 13:17:19.971 D/modules.primary.audio_hal(  406): card1 id:rockchiphdmi0
12-11 13:17:19.971 D/modules.primary.audio_hal(  406): dump out device info
12-11 13:17:19.971 D/modules.primary.audio_hal(  406): dev_info HDMI  card=1, device:0
12-11 13:17:19.971 D/modules.primary.audio_hal(  406): start_output_stream: i = 0, device = 0x2
12-11 13:17:19.971 E/alsa_route(  406): route_pcm_card_open() card -1 error!
12-11 13:17:19.971 E/modules.primary.audio_hal(  406): invalid card num.
12-11 13:17:19.971 W/StreamHAL(  406): Error from HAL stream in function get_presentation_position: Operation not permitted
12-11 13:17:19.981 D/modules.primary.audio_hal(  406): card0 id:rockchipes8316
12-11 13:17:19.981 D/modules.primary.audio_hal(  406): card1 id:rockchiphdmi0
12-11 13:17:19.981 D/modules.primary.audio_hal(  406): dump out device info
12-11 13:17:19.981 D/modules.primary.audio_hal(  406): dev_info HDMI  card=1, device:0
12-11 13:17:19.981 D/modules.primary.audio_hal(  406): start_output_stream: i = 0, device = 0x2
12-11 13:17:19.981 E/alsa_route(  406): route_pcm_card_open() card -1 error!
12-11 13:17:19.981 E/modules.primary.audio_hal(  406): invalid card num.
12-11 13:17:19.981 W/StreamHAL(  406): Error from HAL stream in function get_presentation_position: Operation not permitted
12-11 13:17:19.981 D/modules.primary.audio_hal(  406): card0 id:rockchipes8316
12-11 13:17:19.982 D/modules.primary.audio_hal(  406): card1 id:rockchiphdmi0
12-11 13:17:19.982 D/modules.primary.audio_hal(  406): dump out device info
12-11 13:17:19.982 D/modules.primary.audio_hal(  406): dev_info HDMI  card=1, device:0
12-11 13:17:19.982 D/modules.primary.audio_hal(  406): start_output_stream: i = 0, device = 0x2
12-11 13:17:19.982 E/alsa_route(  406): route_pcm_card_open() card -1 error!
12-11 13:17:19.982 E/modules.primary.audio_hal(  406): invalid card num.
12-11 13:17:19.982 W/StreamHAL(  406): Error from HAL stream in function get_presentation_position: Operation not permitted
12-11 13:17:19.991 D/modules.primary.audio_hal(  406): card0 id:rockchipes8316
12-11 13:17:19.991 D/modules.primary.audio_hal(  406): card1 id:rockchiphdmi0
12-11 13:17:19.991 D/modules.primary.audio_hal(  406): dump out device info
12-11 13:17:19.991 D/modules.primary.audio_hal(  406): dev_info HDMI  card=1, device:0
12-11 13:17:19.991 D/modules.primary.audio_hal(  406): start_output_stream: i = 0, device = 0x2
12-11 13:17:19.991 E/alsa_route(  406): route_pcm_card_open() card -1 error!
12-11 13:17:19.991 E/modules.primary.audio_hal(  406): invalid card num.
12-11 13:17:19.991 W/StreamHAL(  406): Error from HAL stream in function get_presentation_position: Operation not permitted
12-11 13:17:19.992 D/modules.primary.audio_hal(  406): card0 id:rockchipes8316
12-11 13:17:19.992 D/modules.primary.audio_hal(  406): card1 id:rockchiphdmi0
12-11 13:17:19.992 D/modules.primary.audio_hal(  406): dump out device info
12-11 13:17:19.992 D/modules.primary.audio_hal(  406): dev_info HDMI  card=1, device:0
12-11 13:17:19.992 D/modules.primary.audio_hal(  406): start_output_stream: i = 0, device = 0x2
12-11 13:17:19.992 E/alsa_route(  406): route_pcm_card_open() card -1 error!
12-11 13:17:19.992 E/modules.primary.audio_hal(  406): invalid card num.
12-11 13:17:19.992 W/StreamHAL(  406): Error from HAL stream in function get_presentation_position: Operation not permitted
12-11 13:17:20.001 D/modules.primary.audio_hal(  406): card0 id:rockchipes8316
12-11 13:17:20.001 D/modules.primary.audio_hal(  406): card1 id:rockchiphdmi0
12-11 13:17:20.001 D/modules.primary.audio_hal(  406): dump out device info
12-11 13:17:20.001 D/modules.primary.audio_hal(  406): dev_info HDMI  card=1, device:0
12-11 13:17:20.001 D/modules.primary.audio_hal(  406): start_output_stream: i = 0, device = 0x2
12-11 13:17:20.001 E/alsa_route(  406): route_pcm_card_open() card -1 error!
12-11 13:17:20.001 E/modules.primary.audio_hal(  406): invalid card num.
12-11 13:17:20.001 W/StreamHAL(  406): Error from HAL stream in function get_presentation_position: Operation not permitted
12-11 13:17:20.001 D/modules.primary.audio_hal(  406): card0 id:rockchipes8316
12-11 13:17:20.001 D/modules.primary.audio_hal(  406): card1 id:rockchiphdmi0
12-11 13:17:20.001 D/modules.primary.audio_hal(  406): dump out device info
12-11 13:17:20.001 D/modules.primary.audio_hal(  406): dev_info HDMI  card=1, device:0
12-11 13:17:20.001 D/modules.primary.audio_hal(  406): start_output_stream: i = 0, device = 0x2
12-11 13:17:20.001 E/alsa_route(  406): route_pcm_card_open() card -1 error!
12-11 13:17:20.001 E/modules.primary.audio_hal(  406): invalid card num.
12-11 13:17:20.001 W/StreamHAL(  406): Error from HAL stream in function get_presentation_position: Operation not permitted
12-11 13:17:20.011 D/modules.primary.audio_hal(  406): card0 id:rockchipes8316
12-11 13:17:20.011 D/modules.primary.audio_hal(  406): card1 id:rockchiphdmi0
12-11 13:17:20.011 D/modules.primary.audio_hal(  406): dump out device info
12-11 13:17:20.011 D/modules.primary.audio_hal(  406): dev_info HDMI  card=1, device:0
12-11 13:17:20.011 D/modules.primary.audio_hal(  406): start_output_stream: i = 0, device = 0x2
12-11 13:17:20.011 E/alsa_route(  406): route_pcm_card_open() card -1 error!
12-11 13:17:20.011 E/modules.primary.audio_hal(  406): invalid card num.
12-11 13:17:20.011 W/StreamHAL(  406): Error from HAL stream in function get_presentation_position: Operation not permitted
12-11 13:17:20.011 D/modules.primary.audio_hal(  406): card0 id:rockchipes8316
12-11 13:17:20.011 D/modules.primary.audio_hal(  406): card1 id:rockchiphdmi0
12-11 13:17:20.011 D/modules.primary.audio_hal(  406): dump out device info
12-11 13:17:20.011 D/modules.primary.audio_hal(  406): dev_info HDMI  card=1, device:0
12-11 13:17:20.011 D/modules.primary.audio_hal(  406): start_output_stream: i = 0, device = 0x2
12-11 13:17:20.011 E/alsa_route(  406): route_pcm_card_open() card -1 error!
12-11 13:17:20.011 E/modules.primary.audio_hal(  406): invalid card num.
12-11 13:17:20.011 W/StreamHAL(  406): Error from HAL stream in function get_presentation_position: Operation not permitted
12-11 13:17:20.021 D/modules.primary.audio_hal(  406): card0 id:rockchipes8316
12-11 13:17:20.021 D/modules.primary.audio_hal(  406): card1 id:rockchiphdmi0
12-11 13:17:20.021 D/modules.primary.audio_hal(  406): dump out device info
12-11 13:17:20.021 D/modules.primary.audio_hal(  406): dev_info HDMI  card=1, device:0
12-11 13:17:20.021 D/modules.primary.audio_hal(  406): start_output_stream: i = 0, device = 0x2
12-11 13:17:20.021 E/alsa_route(  406): route_pcm_card_open() card -1 error!
12-11 13:17:20.021 E/modules.primary.audio_hal(  406): invalid card num.
12-11 13:17:20.021 W/StreamHAL(  406): Error from HAL stream in function get_presentation_position: Operation not permitted
12-11 13:17:20.022 D/modules.primary.audio_hal(  406): card0 id:rockchipes8316
12-11 13:17:20.022 D/modules.primary.audio_hal(  406): card1 id:rockchiphdmi0
12-11 13:17:20.022 D/modules.primary.audio_hal(  406): dump out device info
12-11 13:17:20.022 D/modules.primary.audio_hal(  406): dev_info HDMI  card=1, device:0
12-11 13:17:20.022 D/modules.primary.audio_hal(  406): start_output_stream: i = 0, device = 0x2
12-11 13:17:20.022 E/alsa_route(  406): route_pcm_card_open() card -1 error!
12-11 13:17:20.022 E/modules.primary.audio_hal(  406): invalid card num.
12-11 13:17:20.022 W/StreamHAL(  406): Error from HAL stream in function get_presentation_position: Operation not permitted
12-11 13:17:20.031 D/modules.primary.audio_hal(  406): card0 id:rockchipes8316
12-11 13:17:20.031 D/modules.primary.audio_hal(  406): card1 id:rockchiphdmi0
12-11 13:17:20.032 D/modules.primary.audio_hal(  406): dump out device info
12-11 13:17:20.032 D/modules.primary.audio_hal(  406): dev_info HDMI  card=1, device:0
12-11 13:17:20.032 D/modules.primary.audio_hal(  406): start_output_stream: i = 0, device = 0x2
12-11 13:17:20.032 E/alsa_route(  406): route_pcm_card_open() card -1 error!
12-11 13:17:20.032 E/modules.primary.audio_hal(  406): invalid card num.
12-11 13:17:20.032 W/StreamHAL(  406): Error from HAL stream in function get_presentation_position: Operation not permitted
12-11 13:17:20.032 D/modules.primary.audio_hal(  406): card0 id:rockchipes8316
12-11 13:17:20.032 D/modules.primary.audio_hal(  406): card1 id:rockchiphdmi0
12-11 13:17:20.032 D/modules.primary.audio_hal(  406): dump out device info
12-11 13:17:20.032 D/modules.primary.audio_hal(  406): dev_info HDMI  card=1, device:0
12-11 13:17:20.032 D/modules.primary.audio_hal(  406): start_output_stream: i = 0, device = 0x2
12-11 13:17:20.032 E/alsa_route(  406): route_pcm_card_open() card -1 error!
12-11 13:17:20.032 E/modules.primary.audio_hal(  406): invalid card num.
12-11 13:17:20.032 W/StreamHAL(  406): Error from HAL stream in function get_presentation_position: Operation not permitted
12-11 13:17:20.042 D/modules.primary.audio_hal(  406): card0 id:rockchipes8316
12-11 13:17:20.042 D/modules.primary.audio_hal(  406): card1 id:rockchiphdmi0
12-11 13:17:20.042 D/modules.primary.audio_hal(  406): dump out device info
12-11 13:17:20.042 D/modules.primary.audio_hal(  406): dev_info HDMI  card=1, device:0
12-11 13:17:20.042 D/modules.primary.audio_hal(  406): start_output_stream: i = 0, device = 0x2
12-11 13:17:20.042 E/alsa_route(  406): route_pcm_card_open() card -1 error!
12-11 13:17:20.042 E/modules.primary.audio_hal(  406): invalid card num.
12-11 13:17:20.042 W/StreamHAL(  406): Error from HAL stream in function get_presentation_position: Operation not permitted
12-11 13:17:20.042 D/modules.primary.audio_hal(  406): card0 id:rockchipes8316
12-11 13:17:20.042 D/modules.primary.audio_hal(  406): card1 id:rockchiphdmi0
12-11 13:17:20.043 D/modules.primary.audio_hal(  406): dump out device info
12-11 13:17:20.043 D/modules.primary.audio_hal(  406): dev_info HDMI  card=1, device:0
12-11 13:17:20.043 D/modules.primary.audio_hal(  406): start_output_stream: i = 0, device = 0x2
12-11 13:17:20.043 E/alsa_route(  406): route_pcm_card_open() card -1 error!
12-11 13:17:20.043 E/modules.primary.audio_hal(  406): invalid card num.
12-11 13:17:20.043 W/StreamHAL(  406): Error from HAL stream in function get_presentation_position: Operation not permitted
12-11 13:17:20.052 D/modules.primary.audio_hal(  406): card0 id:rockchipes8316
12-11 13:17:20.052 D/modules.primary.audio_hal(  406): card1 id:rockchiphdmi0
12-11 13:17:20.052 D/modules.primary.audio_hal(  406): dump out device info
12-11 13:17:20.052 D/modules.primary.audio_hal(  406): dev_info HDMI  card=1, device:0
12-11 13:17:20.052 D/modules.primary.audio_hal(  406): start_output_stream: i = 0, device = 0x2
12-11 13:17:20.053 E/alsa_route(  406): route_pcm_card_open() card -1 error!
12-11 13:17:20.053 E/modules.primary.audio_hal(  406): invalid card num.
12-11 13:17:20.053 W/StreamHAL(  406): Error from HAL stream in function get_presentation_position: Operation not permitted
12-11 13:17:20.053 D/modules.primary.audio_hal(  406): card0 id:rockchipes8316
12-11 13:17:20.053 D/modules.primary.audio_hal(  406): card1 id:rockchiphdmi0
12-11 13:17:20.053 D/modules.primary.audio_hal(  406): dump out device info
12-11 13:17:20.053 D/modules.primary.audio_hal(  406): dev_info HDMI  card=1, device:0
12-11 13:17:20.053 D/modules.primary.audio_hal(  406): start_output_stream: i = 0, device = 0x2
12-11 13:17:20.053 E/alsa_route(  406): route_pcm_card_open() card -1 error!
12-11 13:17:20.053 E/modules.primary.audio_hal(  406): invalid card num.
12-11 13:17:20.053 W/StreamHAL(  406): Error from HAL stream in function get_presentation_position: Operation not permitted
12-11 13:17:20.063 D/modules.primary.audio_hal(  406): card0 id:rockchipes8316
12-11 13:17:20.063 D/modules.primary.audio_hal(  406): card1 id:rockchiphdmi0
12-11 13:17:20.063 D/modules.primary.audio_hal(  406): dump out device info
12-11 13:17:20.063 D/modules.primary.audio_hal(  406): dev_info HDMI  card=1, device:0
12-11 13:17:20.063 D/modules.primary.audio_hal(  406): start_output_stream: i = 0, device = 0x2
12-11 13:17:20.063 E/alsa_route(  406): route_pcm_card_open() card -1 error!
12-11 13:17:20.063 E/modules.primary.audio_hal(  406): invalid card num.
12-11 13:17:20.063 W/StreamHAL(  406): Error from HAL stream in function get_presentation_position: Operation not permitted
12-11 13:17:20.063 D/modules.primary.audio_hal(  406): card0 id:rockchipes8316
12-11 13:17:20.063 D/modules.primary.audio_hal(  406): card1 id:rockchiphdmi0
12-11 13:17:20.064 D/modules.primary.audio_hal(  406): dump out device info
12-11 13:17:20.064 D/modules.primary.audio_hal(  406): dev_info HDMI  card=1, device:0
12-11 13:17:20.064 D/modules.primary.audio_hal(  406): start_output_stream: i = 0, device = 0x2
12-11 13:17:20.064 E/alsa_route(  406): route_pcm_card_open() card -1 error!
12-11 13:17:20.064 E/modules.primary.audio_hal(  406): invalid card num.
12-11 13:17:20.064 W/StreamHAL(  406): Error from HAL stream in function get_presentation_position: Operation not permitted
12-11 13:17:20.072 W/HdmiCecController(  651): Failed to send <Give System Audio Mode Status> 45:7D with errorCode=3
12-11 13:17:20.072 I/hdmicec (  418): send msg LEN:4,opcode:82,addr:4f
12-11 13:17:20.072 E/hdmicec (  418): ioctl err:-1 Machine is not on the network
12-11 13:17:20.073 D/modules.primary.audio_hal(  406): card0 id:rockchipes8316
12-11 13:17:20.073 D/modules.primary.audio_hal(  406): card1 id:rockchiphdmi0
12-11 13:17:20.073 D/modules.primary.audio_hal(  406): dump out device info
12-11 13:17:20.073 D/modules.primary.audio_hal(  406): dev_info HDMI  card=1, device:0
12-11 13:17:20.073 D/modules.primary.audio_hal(  406): start_output_stream: i = 0, device = 0x2
12-11 13:17:20.073 E/alsa_route(  406): route_pcm_card_open() card -1 error!
12-11 13:17:20.073 E/modules.primary.audio_hal(  406): invalid card num.
12-11 13:17:20.074 W/StreamHAL(  406): Error from HAL stream in function get_presentation_position: Operation not permitted
12-11 13:17:20.074 D/modules.primary.audio_hal(  406): card0 id:rockchipes8316
12-11 13:17:20.074 D/modules.primary.audio_hal(  406): card1 id:rockchiphdmi0
12-11 13:17:20.074 D/modules.primary.audio_hal(  406): dump out device info
12-11 13:17:20.074 D/modules.primary.audio_hal(  406): dev_info HDMI  card=1, device:0
12-11 13:17:20.074 D/modules.primary.audio_hal(  406): start_output_stream: i = 0, device = 0x2
12-11 13:17:20.074 E/alsa_route(  406): route_pcm_card_open() card -1 error!
12-11 13:17:20.074 E/modules.primary.audio_hal(  406): invalid card num.
12-11 13:17:20.074 W/StreamHAL(  406): Error from HAL stream in function get_presentation_position: Operation not permitted
12-11 13:17:20.076 I/vold    (  309): Bind mounting //data/media/0/Android/data on /mnt/user/0/emulated/0/Android/data
12-11 13:17:20.078 I/vold    (  309): Bind mounted //data/media/0/Android/data on /mnt/user/0/emulated/0/Android/data
12-11 13:17:20.078 I/vold    (  309): Bind mounting //data/media/0/Android/obb on /mnt/user/0/emulated/0/Android/obb
12-11 13:17:20.081 I/vold    (  309): Bind mounted //data/media/0/Android/obb on /mnt/user/0/emulated/0/Android/obb
12-11 13:17:20.081 I/vold    (  309): Configuring read_ahead of /mnt/user/0/emulated fuse filesystem to 256kb
12-11 13:17:20.081 I/vold    (  309): Writing 256 to /sys/class/bdi/0:93/read_ahead_kb
12-11 13:17:20.081 I/vold    (  309): Configuring max_ratio of /mnt/user/0/emulated fuse filesystem to 40
12-11 13:17:20.081 I/vold    (  309): Writing 40 to /sys/class/bdi/0:93/max_ratio
12-11 13:17:20.082 I/StorageManagerService(  651): Mounted volume VolumeInfo{emulated;0}:
12-11 13:17:20.082 I/StorageManagerService(  651):     type=EMULATED diskId=null partGuid= mountFlags=PRIMARY|VISIBLE 
12-11 13:17:20.082 I/StorageManagerService(  651):     mountUserId=0 state=MOUNTED 
12-11 13:17:20.082 I/StorageManagerService(  651):     fsType=null fsUuid=null fsLabel=null 
12-11 13:17:20.082 I/StorageManagerService(  651):     path=/storage/emulated internalPath=/data/media 
12-11 13:17:20.083 I/StorageSessionController(  651): Notifying volume state changed for session with id: emulated;0
12-11 13:17:20.083 D/modules.primary.audio_hal(  406): card0 id:rockchipes8316
12-11 13:17:20.083 D/modules.primary.audio_hal(  406): card1 id:rockchiphdmi0
12-11 13:17:20.084 D/modules.primary.audio_hal(  406): dump out device info
12-11 13:17:20.084 D/modules.primary.audio_hal(  406): dev_info HDMI  card=1, device:0
12-11 13:17:20.084 D/modules.primary.audio_hal(  406): start_output_stream: i = 0, device = 0x2
12-11 13:17:20.084 E/alsa_route(  406): route_pcm_card_open() card -1 error!
12-11 13:17:20.084 E/modules.primary.audio_hal(  406): invalid card num.
12-11 13:17:20.084 W/StreamHAL(  406): Error from HAL stream in function get_presentation_position: Operation not permitted
12-11 13:17:20.084 D/modules.primary.audio_hal(  406): card0 id:rockchipes8316
12-11 13:17:20.084 D/modules.primary.audio_hal(  406): card1 id:rockchiphdmi0
12-11 13:17:20.084 D/modules.primary.audio_hal(  406): dump out device info
12-11 13:17:20.084 D/modules.primary.audio_hal(  406): dev_info HDMI  card=1, device:0
12-11 13:17:20.084 D/modules.primary.audio_hal(  406): start_output_stream: i = 0, device = 0x2
12-11 13:17:20.084 E/alsa_route(  406): route_pcm_card_open() card -1 error!
12-11 13:17:20.084 E/modules.primary.audio_hal(  406): invalid card num.
12-11 13:17:20.084 W/StreamHAL(  406): Error from HAL stream in function get_presentation_position: Operation not permitted
12-11 13:17:20.086 V/MediaStore( 1418): Examining volume emulated;0 with name external_primary and state mounted
12-11 13:17:20.089 I/StorageSessionController(  651): Notifying volume state changed for session with id: emulated;0
12-11 13:17:20.089 I/ExternalStorageServiceImpl( 1418): Ignoring volume state for vol:external_primary. State: checking
12-11 13:17:20.091 V/MediaStore( 1418): Examining volume emulated;0 with name external_primary and state mounted
