12-11 13:17:18.764 V/GraphicsEnvironment( 1355): ANGLE GameManagerService for com.android.deskclock: false
12-11 13:17:18.764 V/GraphicsEnvironment( 1355): Neither updatable production driver nor prerelease driver is supported.
12-11 13:17:18.765 D/NetworkSecurityConfig( 1355): No Network Security Config specified, using platform default
12-11 13:17:18.765 D/NetworkSecurityConfig( 1355): No Network Security Config specified, using platform default
12-11 13:17:18.768 D/vold    (  309): DISK gpt 75186A2C-0FAE-49F6-8E4D-CF7FB10AE98F
12-11 13:17:18.768 D/vold    (  309): PART 1 0FC63DAF-8483-4772-8E79-3D69D8477DE4 8A268FED-7011-4EA6-9FEA-DB7F15E52676 security
12-11 13:17:18.768 D/vold    (  309): PART 2 0FC63DAF-8483-4772-8E79-3D69D8477DE4 35B7D4C2-5D0E-4BD3-BE11-F56FD8CBB7FE uboot
12-11 13:17:18.768 D/vold    (  309): PART 3 0FC63DAF-8483-4772-8E79-3D69D8477DE4 DBE37FE9-8AA4-4A51-A9BE-226F49688D4A trust
12-11 13:17:18.768 D/vold    (  309): PART 4 0FC63DAF-8483-4772-8E79-3D69D8477DE4 1BF6DB9E-AE22-4B7B-BEA4-C7BD8526EA6D misc
12-11 13:17:18.768 D/vold    (  309): PART 5 0FC63DAF-8483-4772-8E79-3D69D8477DE4 18B709D2-8685-4CBC-BB66-CECE52BBDB41 dtbo
12-11 13:17:18.768 D/vold    (  309): PART 6 0FC63DAF-8483-4772-8E79-3D69D8477DE4 2C859891-28C1-4ABF-915B-DB1EB846785C vbmeta
12-11 13:17:18.768 D/vold    (  309): PART 7 0FC63DAF-8483-4772-8E79-3D69D8477DE4 A9D3E79D-765A-49F4-954C-50CA433F8382 boot
12-11 13:17:18.768 D/vold    (  309): PART 8 0FC63DAF-8483-4772-8E79-3D69D8477DE4 2F61ECCE-7411-40B5-B4DC-BA1F27A0EAAC recovery
12-11 13:17:18.768 D/vold    (  309): PART 9 0FC63DAF-8483-4772-8E79-3D69D8477DE4 EEDC430A-5DC2-4908-9F78-16E2F20B03B5 backup
12-11 13:17:18.768 D/vold    (  309): PART 10 0FC63DAF-8483-4772-8E79-3D69D8477DE4 0DE2CC7D-234A-44BB-82E8-B21829709380 cache
12-11 13:17:18.768 D/vold    (  309): PART 11 0FC63DAF-8483-4772-8E79-3D69D8477DE4 985A7ED3-AF0D-4D55-8425-3E49684AD349 metadata
12-11 13:17:18.768 D/vold    (  309): PART 12 0FC63DAF-8483-4772-8E79-3D69D8477DE4 F7AFEBCB-1CAB-4776-B2BF-E3EABAAA1977 baseparameter
12-11 13:17:18.768 D/vold    (  309): PART 13 0FC63DAF-8483-4772-8E79-3D69D8477DE4 C702FDFB-D8FF-4E12-8360-01C39B810122 super
12-11 13:17:18.768 D/vold    (  309): PART 14 0FC63DAF-8483-4772-8E79-3D69D8477DE4 312F1B7F-B073-49B6-912E-57A4A232539C userdata
12-11 13:17:18.769 I/vold    (  309): Mounting emulated fuse volume
12-11 13:17:18.772 W/NotificationHistory(  651): Attempted to add notif for locked/gone/disabled user 0
12-11 13:17:18.772 V/SystemServerTimingAsync(  651): ssm.onUnlockingUser-0_com.android.server.StorageManagerService$Lifecycle took to complete: 35ms
12-11 13:17:18.772 D/SystemServerTimingAsync(  651): ssm.onUnlockingUser-0_com.android.server.usage.StorageStatsService$Lifecycle
12-11 13:17:18.772 V/SystemServerTimingAsync(  651): ssm.onUnlockingUser-0_com.android.server.usage.StorageStatsService$Lifecycle took to complete: 0ms
12-11 13:17:18.772 D/SystemServerTimingAsync(  651): ssm.onUnlockingUser-0_com.android.server.UiModeManagerService
12-11 13:17:18.772 V/SystemServerTimingAsync(  651): ssm.onUnlockingUser-0_com.android.server.UiModeManagerService took to complete: 0ms
12-11 13:17:18.772 D/SystemServerTimingAsync(  651): ssm.onUnlockingUser-0_com.android.server.locksettings.LockSettingsService$Lifecycle
12-11 13:17:18.773 V/SystemServerTimingAsync(  651): ssm.onUnlockingUser-0_com.android.server.locksettings.LockSettingsService$Lifecycle took to complete: 0ms
12-11 13:17:18.773 D/SystemServerTimingAsync(  651): ssm.onUnlockingUser-0_com.android.server.testharness.TestHarnessModeService
12-11 13:17:18.773 V/SystemServerTimingAsync(  651): ssm.onUnlockingUser-0_com.android.server.testharness.TestHarnessModeService took to complete: 0ms
12-11 13:17:18.773 D/SystemServerTimingAsync(  651): ssm.onUnlockingUser-0_com.android.server.DeviceIdleController
12-11 13:17:18.773 V/SystemServerTimingAsync(  651): ssm.onUnlockingUser-0_com.android.server.DeviceIdleController took to complete: 0ms
12-11 13:17:18.773 D/SystemServerTimingAsync(  651): ssm.onUnlockingUser-0_com.android.server.devicepolicy.DevicePolicyManagerService$Lifecycle
12-11 13:17:18.773 V/SystemServerTimingAsync(  651): ssm.onUnlockingUser-0_com.android.server.devicepolicy.DevicePolicyManagerService$Lifecycle took to complete: 0ms
12-11 13:17:18.773 D/SystemServerTimingAsync(  651): ssm.onUnlockingUser-0_com.android.server.texttospeech.TextToSpeechManagerService
12-11 13:17:18.773 V/SystemServerTimingAsync(  651): ssm.onUnlockingUser-0_com.android.server.texttospeech.TextToSpeechManagerService took to complete: 0ms
12-11 13:17:18.773 D/SystemServerTimingAsync(  651): ssm.onUnlockingUser-0_com.android.server.speech.SpeechRecognitionManagerService
12-11 13:17:18.773 V/SystemServerTimingAsync(  651): ssm.onUnlockingUser-0_com.android.server.speech.SpeechRecognitionManagerService took to complete: 0ms
12-11 13:17:18.773 D/SystemServerTimingAsync(  651): ssm.onUnlockingUser-0_com.android.server.searchui.SearchUiManagerService
12-11 13:17:18.773 V/SystemServerTimingAsync(  651): ssm.onUnlockingUser-0_com.android.server.searchui.SearchUiManagerService took to complete: 0ms
12-11 13:17:18.773 D/SystemServerTimingAsync(  651): ssm.onUnlockingUser-0_com.android.server.smartspace.SmartspaceManagerService
12-11 13:17:18.773 V/SystemServerTimingAsync(  651): ssm.onUnlockingUser-0_com.android.server.smartspace.SmartspaceManagerService took to complete: 0ms
12-11 13:17:18.773 D/SystemServerTimingAsync(  651): ssm.onUnlockingUser-0_com.android.server.graphics.fonts.FontManagerService$Lifecycle
12-11 13:17:18.773 V/SystemServerTimingAsync(  651): ssm.onUnlockingUser-0_com.android.server.graphics.fonts.FontManagerService$Lifecycle took to complete: 0ms
12-11 13:17:18.773 D/SystemServerTimingAsync(  651): ssm.onUnlockingUser-0_com.android.server.textservices.TextServicesManagerService$Lifecycle
12-11 13:17:18.776 D/AudioFlinger(  426): sessionID 73 is for special use,continue
12-11 13:17:18.776 D/AudioFlinger(  426): sessionID 81 is for special use,continue
12-11 13:17:18.776 D/AudioFlinger(  426): sessionID 89 is for special use,continue
12-11 13:17:18.776 W/AudioFlinger(  426): unique ID overflow for use 1
12-11 13:17:18.777 V/SystemServerTimingAsync(  651): ssm.onUnlockingUser-0_com.android.server.textservices.TextServicesManagerService$Lifecycle took to complete: 4ms
12-11 13:17:18.777 D/SystemServerTimingAsync(  651): ssm.onUnlockingUser-0_com.android.server.textclassifier.TextClassificationManagerService$Lifecycle
12-11 13:17:18.777 V/SystemServerTimingAsync(  651): ssm.onUnlockingUser-0_com.android.server.textclassifier.TextClassificationManagerService$Lifecycle took to complete: 0ms
12-11 13:17:18.777 D/SystemServerTimingAsync(  651): ssm.onUnlockingUser-0_com.android.server.NetworkScoreService$Lifecycle
12-11 13:17:18.777 V/SystemServerTimingAsync(  651): ssm.onUnlockingUser-0_com.android.server.NetworkScoreService$Lifecycle took to complete: 0ms
12-11 13:17:18.777 D/SystemServerTimingAsync(  651): ssm.onUnlockingUser-0_com.android.server.wifi.WifiService
12-11 13:17:18.777 D/WifiService(  651): Handle user unlock 0
12-11 13:17:18.777 V/SystemServerTimingAsync(  651): ssm.onUnlockingUser-0_com.android.server.wifi.WifiService took to complete: 0ms
12-11 13:17:18.777 D/SystemServerTimingAsync(  651): ssm.onUnlockingUser-0_com.android.server.wifi.scanner.WifiScanningService
12-11 13:17:18.777 V/SystemServerTimingAsync(  651): ssm.onUnlockingUser-0_com.android.server.wifi.scanner.WifiScanningService took to complete: 0ms
12-11 13:17:18.777 D/SystemServerTimingAsync(  651): ssm.onUnlockingUser-0_com.android.server.wifi.p2p.WifiP2pService
12-11 13:17:18.777 V/SystemServerTimingAsync(  651): ssm.onUnlockingUser-0_com.android.server.wifi.p2p.WifiP2pService took to complete: 0ms
12-11 13:17:18.777 D/SystemServerTimingAsync(  651): ssm.onUnlockingUser-0_com.android.server.ethernet.EthernetService
12-11 13:17:18.777 V/SystemServerTimingAsync(  651): ssm.onUnlockingUser-0_com.android.server.ethernet.EthernetService took to complete: 0ms
12-11 13:17:18.777 D/SystemServerTimingAsync(  651): ssm.onUnlockingUser-0_com.android.server.ConnectivityServiceInitializer
12-11 13:17:18.777 V/SystemServerTimingAsync(  651): ssm.onUnlockingUser-0_com.android.server.ConnectivityServiceInitializer took to complete: 0ms
12-11 13:17:18.777 D/SystemServerTimingAsync(  651): ssm.onUnlockingUser-0_com.android.server.notification.NotificationManagerService
12-11 13:17:18.778 V/SystemServerTimingAsync(  651): ssm.onUnlockingUser-0_com.android.server.notification.NotificationManagerService took to complete: 0ms
12-11 13:17:18.778 D/SystemServerTimingAsync(  651): ssm.onUnlockingUser-0_com.android.server.storage.DeviceStorageMonitorService
12-11 13:17:18.778 V/SystemServerTimingAsync(  651): ssm.onUnlockingUser-0_com.android.server.storage.DeviceStorageMonitorService took to complete: 0ms
12-11 13:17:18.778 D/SystemServerTimingAsync(  651): ssm.onUnlockingUser-0_com.android.server.location.LocationManagerService$Lifecycle
12-11 13:17:18.778 V/SystemServerTimingAsync(  651): ssm.onUnlockingUser-0_com.android.server.location.LocationManagerService$Lifecycle took to complete: 0ms
12-11 13:17:18.778 D/SystemServerTimingAsync(  651): ssm.onUnlockingUser-0_com.android.server.timedetector.TimeDetectorService$Lifecycle
12-11 13:17:18.778 V/SystemServerTimingAsync(  651): ssm.onUnlockingUser-0_com.android.server.timedetector.TimeDetectorService$Lifecycle took to complete: 0ms
12-11 13:17:18.778 D/SystemServerTimingAsync(  651): ssm.onUnlockingUser-0_com.android.server.timezonedetector.TimeZoneDetectorService$Lifecycle
12-11 13:17:18.778 V/SystemServerTimingAsync(  651): ssm.onUnlockingUser-0_com.android.server.timezonedetector.TimeZoneDetectorService$Lifecycle took to complete: 0ms
12-11 13:17:18.778 D/SystemServerTimingAsync(  651): ssm.onUnlockingUser-0_com.android.server.timezonedetector.location.LocationTimeZoneManagerService$Lifecycle
12-11 13:17:18.778 V/SystemServerTimingAsync(  651): ssm.onUnlockingUser-0_com.android.server.timezonedetector.location.LocationTimeZoneManagerService$Lifecycle took to complete: 0ms
12-11 13:17:18.778 D/SystemServerTimingAsync(  651): ssm.onUnlockingUser-0_com.android.server.search.SearchManagerService$Lifecycle
12-11 13:17:18.778 V/SystemServerTimingAsync(  651): ssm.onUnlockingUser-0_com.android.server.search.SearchManagerService$Lifecycle took to complete: 0ms
12-11 13:17:18.778 D/SystemServerTimingAsync(  651): ssm.onUnlockingUser-0_com.android.server.wallpaper.WallpaperManagerService$Lifecycle
12-11 13:17:18.778 D/WallpaperManagerService(  651): on-unlock-user-0
12-11 13:17:18.778 V/WallpaperManagerService(  651): on-unlock-user-0 took to complete: 0ms
12-11 13:17:18.778 V/SystemServerTimingAsync(  651): ssm.onUnlockingUser-0_com.android.server.wallpaper.WallpaperManagerService$Lifecycle took to complete: 0ms
12-11 13:17:18.778 D/SystemServerTimingAsync(  651): ssm.onUnlockingUser-0_com.android.server.audio.AudioService$Lifecycle
12-11 13:17:18.778 V/SystemServerTimingAsync(  651): ssm.onUnlockingUser-0_com.android.server.audio.AudioService$Lifecycle took to complete: 0ms
12-11 13:17:18.778 D/SystemServerTimingAsync(  651): ssm.onUnlockingUser-0_com.android.server.soundtrigger_middleware.SoundTriggerMiddlewareService$Lifecycle
12-11 13:17:18.778 V/SystemServerTimingAsync(  651): ssm.onUnlockingUser-0_com.android.server.soundtrigger_middleware.SoundTriggerMiddlewareService$Lifecycle took to complete: 0ms
12-11 13:17:18.778 D/SystemServerTimingAsync(  651): ssm.onUnlockingUser-0_com.android.server.DockObserver
12-11 13:17:18.778 V/SystemServerTimingAsync(  651): ssm.onUnlockingUser-0_com.android.server.DockObserver took to complete: 0ms
12-11 13:17:18.778 D/SystemServerTimingAsync(  651): ssm.onUnlockingUser-0_com.android.server.adb.AdbService$Lifecycle
12-11 13:17:18.778 V/SystemServerTimingAsync(  651): ssm.onUnlockingUser-0_com.android.server.adb.AdbService$Lifecycle took to complete: 0ms
12-11 13:17:18.778 D/SystemServerTimingAsync(  651): ssm.onUnlockingUser-0_com.android.server.usb.UsbService$Lifecycle
12-11 13:17:18.778 I/NotificationHistory(  651): Attempted to unlock gone/disabled user 0
12-11 13:17:18.778 V/SystemServerTimingAsync(  651): ssm.onUnlockingUser-0_com.android.server.usb.UsbService$Lifecycle took to complete: 0ms
12-11 13:17:18.778 D/SystemServerTimingAsync(  651): ssm.onUnlockingUser-0_com.android.server.twilight.TwilightService
12-11 13:17:18.778 V/SystemServerTimingAsync(  651): ssm.onUnlockingUser-0_com.android.server.twilight.TwilightService took to complete: 0ms
12-11 13:17:18.778 D/SystemServerTimingAsync(  651): ssm.onUnlockingUser-0_com.android.server.display.color.ColorDisplayService
12-11 13:17:18.778 V/SystemServerTimingAsync(  651): ssm.onUnlockingUser-0_com.android.server.display.color.ColorDisplayService took to complete: 0ms
12-11 13:17:18.778 D/SystemServerTimingAsync(  651): ssm.onUnlockingUser-0_com.android.server.job.JobSchedulerService
12-11 13:17:18.778 V/SystemServerTimingAsync(  651): ssm.onUnlockingUser-0_com.android.server.job.JobSchedulerService took to complete: 0ms
12-11 13:17:18.778 D/SystemServerTimingAsync(  651): ssm.onUnlockingUser-0_com.android.server.soundtrigger.SoundTriggerService
12-11 13:17:18.778 V/SystemServerTimingAsync(  651): ssm.onUnlockingUser-0_com.android.server.soundtrigger.SoundTriggerService took to complete: 0ms
12-11 13:17:18.778 D/SystemServerTimingAsync(  651): ssm.onUnlockingUser-0_com.android.server.trust.TrustManagerService
12-11 13:17:18.778 V/SystemServerTimingAsync(  651): ssm.onUnlockingUser-0_com.android.server.trust.TrustManagerService took to complete: 0ms
12-11 13:17:18.778 D/SystemServerTimingAsync(  651): ssm.onUnlockingUser-0_com.android.server.backup.BackupManagerService$Lifecycle
12-11 13:17:18.779 V/SystemServerTimingAsync(  651): ssm.onUnlockingUser-0_com.android.server.backup.BackupManagerService$Lifecycle took to complete: 0ms
12-11 13:17:18.779 D/SystemServerTimingAsync(  651): ssm.onUnlockingUser-0_com.android.server.appwidget.AppWidgetService
12-11 13:17:18.779 V/SystemServerTimingAsync(  651): ssm.onUnlockingUser-0_com.android.server.appwidget.AppWidgetService took to complete: 0ms
12-11 13:17:18.779 D/SystemServerTimingAsync(  651): ssm.onUnlockingUser-0_com.android.server.voiceinteraction.VoiceInteractionManagerService
12-11 13:17:18.779 W/VoiceInteractionManager(  651): no available voice recognition services found for user 0
12-11 13:17:18.780 I/vold    (  309): Bind mounting /data/media to /mnt/pass_through/0/emulated
12-11 13:17:18.781 I/StorageSessionController(  651): On volume mount VolumeInfo{emulated;0}:
12-11 13:17:18.781 I/StorageSessionController(  651):     type=EMULATED diskId=null partGuid= mountFlags=PRIMARY|VISIBLE 
12-11 13:17:18.781 I/StorageSessionController(  651):     mountUserId=0 state=CHECKING 
12-11 13:17:18.781 I/StorageSessionController(  651):     fsType=null fsUuid=null fsLabel=null 
12-11 13:17:18.781 I/StorageSessionController(  651):     path=/storage/emulated internalPath=/data/media 
12-11 13:17:18.781 V/SystemServerTimingAsync(  651): ssm.onUnlockingUser-0_com.android.server.voiceinteraction.VoiceInteractionManagerService took to complete: 2ms
12-11 13:17:18.781 I/BackupManagerService(  651): Starting service for user: 0
12-11 13:17:18.781 D/SystemServerTimingAsync(  651): ssm.onUnlockingUser-0_com.android.server.apphibernation.AppHibernationService
12-11 13:17:18.781 V/BackupManagerService(  651): [UserID:0] Starting with transport com.android.localtransport/.LocalTransport
12-11 13:17:18.782 D/BackupManagerService(  651): [UserID:0] Started thread backup-0
12-11 13:17:18.782 D/WakeupConfigStoreData(  651): WifiWake user data has been read
12-11 13:17:18.782 V/SystemServerTimingAsync(  651): ssm.onUnlockingUser-0_com.android.server.apphibernation.AppHibernationService took to complete: 1ms
12-11 13:17:18.782 D/SystemServerTimingAsync(  651): ssm.onUnlockingUser-0_com.android.server.GestureLauncherService
12-11 13:17:18.782 V/SystemServerTimingAsync(  651): ssm.onUnlockingUser-0_com.android.server.GestureLauncherService took to complete: 0ms
12-11 13:17:18.782 D/SystemServerTimingAsync(  651): ssm.onUnlockingUser-0_com.android.server.SensorNotificationService
12-11 13:17:18.782 V/SystemServerTimingAsync(  651): ssm.onUnlockingUser-0_com.android.server.SensorNotificationService took to complete: 0ms
12-11 13:17:18.782 D/SystemServerTimingAsync(  651): ssm.onUnlockingUser-0_com.android.server.emergency.EmergencyAffordanceService
12-11 13:17:18.782 V/SystemServerTimingAsync(  651): ssm.onUnlockingUser-0_com.android.server.emergency.EmergencyAffordanceService took to complete: 0ms
12-11 13:17:18.782 D/SystemServerTimingAsync(  651): ssm.onUnlockingUser-0_com.android.server.blob.BlobStoreManagerService
12-11 13:17:18.782 V/SystemServerTimingAsync(  651): ssm.onUnlockingUser-0_com.android.server.blob.BlobStoreManagerService took to complete: 0ms
12-11 13:17:18.782 D/SystemServerTimingAsync(  651): ssm.onUnlockingUser-0_com.android.server.dreams.DreamManagerService
12-11 13:17:18.782 V/SystemServerTimingAsync(  651): ssm.onUnlockingUser-0_com.android.server.dreams.DreamManagerService took to complete: 0ms
12-11 13:17:18.782 D/SystemServerTimingAsync(  651): ssm.onUnlockingUser-0_com.android.server.print.PrintManagerService
12-11 13:17:18.782 I/HibernationStateDiskStore(  651): No hibernation file on disk for file /data/system_ce/0/hibernation/states
12-11 13:17:18.782 V/SystemServerTimingAsync(  651): ssm.onUnlockingUser-0_com.android.server.print.PrintManagerService took to complete: 0ms
12-11 13:17:18.782 D/SystemServerTimingAsync(  651): ssm.onUnlockingUser-0_com.android.server.companion.CompanionDeviceManagerService
12-11 13:17:18.782 V/SystemServerTimingAsync(  651): ssm.onUnlockingUser-0_com.android.server.companion.CompanionDeviceManagerService took to complete: 0ms
12-11 13:17:18.782 D/SystemServerTimingAsync(  651): ssm.onUnlockingUser-0_com.android.server.restrictions.RestrictionsManagerService
12-11 13:17:18.782 V/SystemServerTimingAsync(  651): ssm.onUnlockingUser-0_com.android.server.restrictions.RestrictionsManagerService took to complete: 0ms
12-11 13:17:18.782 D/SystemServerTimingAsync(  651): ssm.onUnlockingUser-0_com.android.server.media.MediaSessionService
12-11 13:17:18.782 V/SystemServerTimingAsync(  651): ssm.onUnlockingUser-0_com.android.server.media.MediaSessionService took to complete: 0ms
12-11 13:17:18.782 D/SystemServerTimingAsync(  651): ssm.onUnlockingUser-0_com.android.server.hdmi.HdmiControlService
12-11 13:17:18.782 V/SystemServerTimingAsync(  651): ssm.onUnlockingUser-0_com.android.server.hdmi.HdmiControlService took to complete: 0ms
12-11 13:17:18.782 D/SystemServerTimingAsync(  651): ssm.onUnlockingUser-0_com.android.server.media.MediaResourceMonitorService
12-11 13:17:18.782 V/SystemServerTimingAsync(  651): ssm.onUnlockingUser-0_com.android.server.media.MediaResourceMonitorService took to complete: 0ms
12-11 13:17:18.782 D/SystemServerTimingAsync(  651): ssm.onUnlockingUser-0_com.android.server.biometrics.BiometricService
12-11 13:17:18.782 V/SystemServerTimingAsync(  651): ssm.onUnlockingUser-0_com.android.server.biometrics.BiometricService took to complete: 0ms
12-11 13:17:18.782 D/WifiConfigStore(  651): Reading from user stores completed in 4 ms.
12-11 13:17:18.782 D/SystemServerTimingAsync(  651): ssm.onUnlockingUser-0_com.android.server.biometrics.AuthService
12-11 13:17:18.782 V/SystemServerTimingAsync(  651): ssm.onUnlockingUser-0_com.android.server.biometrics.AuthService took to complete: 0ms
12-11 13:17:18.782 D/SystemServerTimingAsync(  651): ssm.onUnlockingUser-0_com.android.server.pm.ShortcutService$Lifecycle
12-11 13:17:18.783 V/SystemServerTimingAsync(  651): ssm.onUnlockingUser-0_com.android.server.pm.ShortcutService$Lifecycle took to complete: 0ms
12-11 13:17:18.783 D/SystemServerTimingAsync(  651): ssm.onUnlockingUser-0_com.android.server.pm.LauncherAppsService
12-11 13:17:18.783 V/SystemServerTimingAsync(  651): ssm.onUnlockingUser-0_com.android.server.pm.LauncherAppsService took to complete: 0ms
12-11 13:17:18.783 D/SystemServerTimingAsync(  651): ssm.onUnlockingUser-0_com.android.server.pm.CrossProfileAppsService
12-11 13:17:18.783 V/SystemServerTimingAsync(  651): ssm.onUnlockingUser-0_com.android.server.pm.CrossProfileAppsService took to complete: 0ms
12-11 13:17:18.783 D/SystemServerTimingAsync(  651): ssm.onUnlockingUser-0_com.android.server.people.PeopleService
12-11 13:17:18.783 V/SystemServerTimingAsync(  651): ssm.onUnlockingUser-0_com.android.server.people.PeopleService took to complete: 0ms
12-11 13:17:18.783 D/SystemServerTimingAsync(  651): ssm.onUnlockingUser-0_com.android.server.media.metrics.MediaMetricsManagerService
12-11 13:17:18.783 V/SystemServerTimingAsync(  651): ssm.onUnlockingUser-0_com.android.server.media.metrics.MediaMetricsManagerService took to complete: 0ms
12-11 13:17:18.783 D/SystemServerTimingAsync(  651): ssm.onUnlockingUser-0_com.android.server.media.projection.MediaProjectionManagerService
12-11 13:17:18.783 V/SystemServerTimingAsync(  651): ssm.onUnlockingUser-0_com.android.server.media.projection.MediaProjectionManagerService took to complete: 0ms
12-11 13:17:18.783 D/SystemServerTimingAsync(  651): ssm.onUnlockingUser-0_com.android.server.slice.SliceManagerService$Lifecycle
12-11 13:17:18.783 V/SystemServerTimingAsync(  651): ssm.onUnlockingUser-0_com.android.server.slice.SliceManagerService$Lifecycle took to complete: 0ms
12-11 13:17:18.783 D/SystemServerTimingAsync(  651): ssm.onUnlockingUser-0_com.android.server.stats.StatsCompanion$Lifecycle
12-11 13:17:18.783 V/SystemServerTimingAsync(  651): ssm.onUnlockingUser-0_com.android.server.stats.StatsCompanion$Lifecycle took to complete: 0ms
12-11 13:17:18.783 D/SystemServerTimingAsync(  651): ssm.onUnlockingUser-0_com.android.server.scheduling.RebootReadinessManagerService$Lifecycle
12-11 13:17:18.783 V/SystemServerTimingAsync(  651): ssm.onUnlockingUser-0_com.android.server.scheduling.RebootReadinessManagerService$Lifecycle took to complete: 0ms
12-11 13:17:18.783 D/SystemServerTimingAsync(  651): ssm.onUnlockingUser-0_com.android.server.stats.pull.StatsPullAtomService
12-11 13:17:18.783 V/SystemServerTimingAsync(  651): ssm.onUnlockingUser-0_com.android.server.stats.pull.StatsPullAtomService took to complete: 0ms
12-11 13:17:18.783 D/SystemServerTimingAsync(  651): ssm.onUnlockingUser-0_com.android.server.incident.IncidentCompanionService
12-11 13:17:18.783 V/SystemServerTimingAsync(  651): ssm.onUnlockingUser-0_com.android.server.incident.IncidentCompanionService took to complete: 0ms
12-11 13:17:18.783 D/SystemServerTimingAsync(  651): ssm.onUnlockingUser-0_com.android.server.MmsServiceBroker
12-11 13:17:18.783 V/SystemServerTimingAsync(  651): ssm.onUnlockingUser-0_com.android.server.MmsServiceBroker took to complete: 0ms
12-11 13:17:18.783 D/SystemServerTimingAsync(  651): ssm.onUnlockingUser-0_com.android.server.radxaoverlay.RadxaOverlay
12-11 13:17:18.783 V/SystemServerTimingAsync(  651): ssm.onUnlockingUser-0_com.android.server.radxaoverlay.RadxaOverlay took to complete: 0ms
12-11 13:17:18.783 D/SystemServerTimingAsync(  651): ssm.onUnlockingUser-0_com.android.server.autofill.AutofillManagerService
12-11 13:17:18.783 D/AutofillManagerServiceImpl(  651): Reset component for user 0:
12-11 13:17:18.783 D/AutofillUI(  651): destroySaveUiUiThread(): already destroyed
12-11 13:17:18.783 I/LatinIME( 1364): Hardware accelerated drawing: true
12-11 13:17:18.784 D/FieldClassificationStrategy(  651): reset(): service is not bound. Do nothing.
12-11 13:17:18.784 V/SystemServerTimingAsync(  651): ssm.onUnlockingUser-0_com.android.server.autofill.AutofillManagerService took to complete: 1ms
12-11 13:17:18.784 D/SystemServerTimingAsync(  651): ssm.onUnlockingUser-0_com.android.server.clipboard.ClipboardService
12-11 13:17:18.784 V/SystemServerTimingAsync(  651): ssm.onUnlockingUser-0_com.android.server.clipboard.ClipboardService took to complete: 0ms
12-11 13:17:18.784 D/SystemServerTimingAsync(  651): ssm.onUnlockingUser-0_com.android.server.appbinding.AppBindingService$Lifecycle
12-11 13:17:18.784 V/SystemServerTimingAsync(  651): ssm.onUnlockingUser-0_com.android.server.appbinding.AppBindingService$Lifecycle took to complete: 0ms
12-11 13:17:18.784 D/SystemServerTimingAsync(  651): ssm.onUnlockingUser-0_com.android.server.tracing.TracingServiceProxy
12-11 13:17:18.784 V/SystemServerTimingAsync(  651): ssm.onUnlockingUser-0_com.android.server.tracing.TracingServiceProxy took to complete: 0ms
12-11 13:17:18.784 D/SystemServerTimingAsync(  651): ssm.onUnlockingUser-0_com.android.server.policy.PermissionPolicyService
12-11 13:17:18.784 V/SystemServerTimingAsync(  651): ssm.onUnlockingUser-0_com.android.server.policy.PermissionPolicyService took to complete: 0ms
12-11 13:17:18.784 D/SystemServerTimingAsync(  651): ssm.onUnlockingUser-0_com.android.server.pm.StagingManager$Lifecycle
12-11 13:17:18.784 V/SystemServerTimingAsync(  651): ssm.onUnlockingUser-0_com.android.server.pm.StagingManager$Lifecycle took to complete: 0ms
12-11 13:17:18.784 D/SystemServerTimingAsync(  651): ssm.onUnlockingUser-0_com.android.server.app.GameManagerService$Lifecycle
12-11 13:17:18.784 V/SystemServerTimingAsync(  651): ssm.onUnlockingUser-0_com.android.server.app.GameManagerService$Lifecycle took to complete: 0ms
12-11 13:17:18.784 D/SystemServerTimingAsync(  651): ssm.onUnlockingUser-0_com.android.server.appsearch.AppSearchManagerService
12-11 13:17:18.785 V/SystemServerTimingAsync(  651): ssm.onUnlockingUser-0_com.android.server.appsearch.AppSearchManagerService took to complete: 2ms
12-11 13:17:18.785 D/SystemServerTimingAsync(  651): ssm.onUnlockingUser-0_com.android.server.media.MediaCommunicationService
12-11 13:17:18.785 V/SystemServerTimingAsync(  651): ssm.onUnlockingUser-0_com.android.server.media.MediaCommunicationService took to complete: 0ms
12-11 13:17:18.785 D/SystemServerTimingAsync(  651): ssm.onUnlockingUser-0_com.android.server.compat.overrides.AppCompatOverridesService$Lifecycle
12-11 13:17:18.785 V/SystemServerTimingAsync(  651): ssm.onUnlockingUser-0_com.android.server.compat.overrides.AppCompatOverridesService$Lifecycle took to complete: 0ms
12-11 13:17:18.786 V/SystemServerTimingAsync(  651): ssm.UnlockingUser-0 took to complete: 51ms
12-11 13:17:18.786 I/StorageSessionController(  651): Creating connection for user: 0
12-11 13:17:18.786 I/ActivityTaskManager(  651): Loading recents for user 0 into memory.
12-11 13:17:18.786 W/ActivityManager(  651): UserLifecycleEvent 5 received without an active userJourneySession.
12-11 13:17:18.786 W/ActivityManager(  651): UserLifecycleEvent 6 received without an active userJourneySession.
12-11 13:17:18.786 I/StorageSessionController(  651): Creating and starting session with id: emulated;0
12-11 13:17:18.786 I/ActivityManager(  651): User 0 state changed from RUNNING_UNLOCKING to RUNNING_UNLOCKED
12-11 13:17:18.786 I/StorageUserConnection(  651): Binding to the ExternalStorageService for user 0
12-11 13:17:18.786 V/SystemServerTiming(  651): SystemUserUnlock took to complete: 208ms
12-11 13:17:18.787 I/AppSearchUserInstanceMa(  651): Creating new AppSearch instance at: /data/system_ce/0/appsearch/icing
12-11 13:17:18.787 D/InterruptionStateProvider(  840): No bubble up: not allowed to bubble: -1|android|26|null|1000
12-11 13:17:18.788 I/SELinux (  651): SELinux: Loaded file_contexts
12-11 13:17:18.788 I/UsageStatsService(  651): User[0] Rollover scheduled @ 2024-12-12 13:14:55(1734009295492)
12-11 13:17:18.789 I/UsageStatsService(  651): Time changed in by 1733923010 seconds
12-11 13:17:18.789 W/AppHibernationService(  651): Attempt to call setHibernatingForUser before states have been read from disk
12-11 13:17:18.789 V/PackageConfigPersister(  651): loadPackages: empty list files from /data/system_ce/0/package_configs
12-11 13:17:18.790 W/AppHibernationService(  651): Attempt to call isHibernatingForUser before states have been read from disk
12-11 13:17:18.790 W/UnsafeUtil(  651): platform method missing - proto runtime falling back to safer methods: java.lang.NoSuchMethodException: sun.misc.Unsafe.copyMemory [class java.lang.Object, long, class java.lang.Object, long, long]
12-11 13:17:18.790 D/CompatibilityChangeReporter(  651): Compat change id reported: 135634846; UID 1000; state: DISABLED
12-11 13:17:18.790 D/CompatibilityChangeReporter(  651): Compat change id reported: 177438394; UID 1000; state: DISABLED
12-11 13:17:18.790 D/CompatibilityChangeReporter(  651): Compat change id reported: 135772972; UID 1000; state: DISABLED
12-11 13:17:18.790 D/CompatibilityChangeReporter(  651): Compat change id reported: 135754954; UID 1000; state: DISABLED
12-11 13:17:18.791 D/WindowTokenClient( 1364): Configuration not dispatch to IME because configuration is up to date. Current config={1.0 ?mcc?mnc [en_US] ldltr sw720dp w720dp h1208dp 240dpi lrg long port finger qwerty/v/v -nav/h winConfig={ mBounds=Rect(0, 0 - 1080, 1920) mAppBounds=Rect(0, 0 - 1080, 1848) mMaxBounds=Rect(0, 0 - 1080, 1920) mWindowingMode=fullscreen mDisplayWindowingMode=fullscreen mActivityType=undefined mAlwaysOnTop=undefined mRotation=ROTATION_0} as.2 s.10 fontWeightAdjustment=0}, reported config={1.0 ?mcc?mnc [en_US] ldltr sw720dp w720dp h1208dp 240dpi lrg long port finger qwerty/v/v -nav/h winConfig={ mBounds=Rect(0, 0 - 1080, 1920) mAppBounds=Rect(0, 0 - 1080, 1848) mMaxBounds=Rect(0, 0 - 1080, 1920) mWindowingMode=fullscreen mDisplayWindowingMode=fullscreen mActivityType=undefined mAlwaysOnTop=undefined mRotation=ROTATION_0} as.2 s.10 fontWeightAdjustment=0}, updated config={1.0 ?mcc?mnc [en_US] ldltr sw720dp w720dp h1208dp 240dpi lrg long port finger qwerty/v/v -nav/h winConfig={ mBounds=Rect(0, 0 - 1080, 1920) mAppBounds=Rect(0, 0 - 1080, 1848) mMaxBounds=Rect(0, 0 - 1080, 1920) mWindowingMode=fullscreen mDisplayWindowingMode=fullscreen mActivityType=undefined mAlwaysOnTop=undefined mRotation=ROTATION_0} as.2 s.10 fontWeightAdjustment=0}
12-11 13:17:18.791 W/AppHibernationService(  651): Attempt to call isHibernatingForUser before states have been read from disk
12-11 13:17:18.792 V/ContentProviderHelper(  651): Installing ContentProviderInfo{name=com.android.launcher3 className=com.android.quickstep.LauncherSearchIndexablesProvider}
12-11 13:17:18.792 V/ContentProviderHelper(  651): Installing ContentProviderInfo{name=com.android.launcher3.overview.fileprovider className=androidx.core.content.FileProvider}
12-11 13:17:18.792 V/ContentProviderHelper(  651): Installing ContentProviderInfo{name=com.android.launcher3.settings className=com.android.launcher3.LauncherProvider}
12-11 13:17:18.792 V/ContentProviderHelper(  651): Installing ContentProviderInfo{name=com.android.launcher3.grid_control className=com.android.launcher3.graphics.GridCustomizationsProvider}
12-11 13:17:18.792 D/CompatibilityChangeReporter(  651): Compat change id reported: 135634846; UID 10079; state: DISABLED
12-11 13:17:18.792 D/CompatibilityChangeReporter(  651): Compat change id reported: 177438394; UID 10079; state: DISABLED
12-11 13:17:18.792 D/CompatibilityChangeReporter(  651): Compat change id reported: 135772972; UID 10079; state: DISABLED
12-11 13:17:18.792 D/CompatibilityChangeReporter(  651): Compat change id reported: 135754954; UID 10079; state: ENABLED
12-11 13:17:18.792 I/StorageUserConnection(  651): Bound to the ExternalStorageService for user 0
12-11 13:17:18.793 I/ActivityManager(  651): Posting BOOT_COMPLETED user #0
12-11 13:17:18.796 D/CarrierSvcBindHelper(  951): Received android.intent.action.USER_UNLOCKED
12-11 13:17:18.797 D/FallbackHome(  955): User unlocked and real home found; let's go!
12-11 13:17:18.797 D/Zygote  (  403): Forked child process 1414
12-11 13:17:18.797 E/PhoneInterfaceManager(  951): [PhoneIntfMgr] getCarrierPackageNamesForIntentAndPhone: No UICC
12-11 13:17:18.797 D/CarrierSvcBindHelper(  951): No carrier app for: 0
12-11 13:17:18.798 I/PowerAIDL(  422): version 12.0
12-11 13:17:18.798 I/PowerAIDL(  422): Registered: CPU 
12-11 13:17:18.798 I/PowerAIDL(  422): min: 408000
12-11 13:17:18.798 I/PowerAIDL(  422): max: 2304000
12-11 13:17:18.798 I/PowerAIDL(  422): Registered: CPU 
12-11 13:17:18.798 I/PowerAIDL(  422): min: 408000
12-11 13:17:18.798 I/PowerAIDL(  422): max: 2256000
12-11 13:17:18.798 W/NotifBindPipeline(  840): Row is not set so pipeline will not run. notif = -1|android|26|null|1000
12-11 13:17:18.794 E/BackupPasswordManager(  651): Unable to read backup pw version
12-11 13:17:18.800 E/BackupPasswordManager(  651): Unable to read saved backup pw hash
12-11 13:17:18.800 D/SystemServerTimingAsync(  651): ssm.UnlockedUser-0
12-11 13:17:18.800 I/SystemServiceManager(  651): Calling onUnlockedUser 0
12-11 13:17:18.800 D/SystemServerTimingAsync(  651): ssm.onUnlockedUser-0_com.android.server.security.FileIntegrityService
12-11 13:17:18.800 V/SystemServerTimingAsync(  651): ssm.onUnlockedUser-0_com.android.server.security.FileIntegrityService took to complete: 0ms
12-11 13:17:18.800 D/SystemServerTimingAsync(  651): ssm.onUnlockedUser-0_com.android.server.pm.Installer
12-11 13:17:18.800 V/SystemServerTimingAsync(  651): ssm.onUnlockedUser-0_com.android.server.pm.Installer took to complete: 0ms
12-11 13:17:18.800 D/SystemServerTimingAsync(  651): ssm.onUnlockedUser-0_com.android.server.os.DeviceIdentifiersPolicyService
12-11 13:17:18.800 V/SystemServerTimingAsync(  651): ssm.onUnlockedUser-0_com.android.server.os.DeviceIdentifiersPolicyService took to complete: 0ms
12-11 13:17:18.800 D/SystemServerTimingAsync(  651): ssm.onUnlockedUser-0_com.android.server.uri.UriGrantsManagerService$Lifecycle
12-11 13:17:18.800 V/SystemServerTimingAsync(  651): ssm.onUnlockedUser-0_com.android.server.uri.UriGrantsManagerService$Lifecycle took to complete: 0ms
12-11 13:17:18.800 D/SystemServerTimingAsync(  651): ssm.onUnlockedUser-0_com.android.server.powerstats.PowerStatsService
12-11 13:17:18.800 V/SystemServerTimingAsync(  651): ssm.onUnlockedUser-0_com.android.server.powerstats.PowerStatsService took to complete: 0ms
12-11 13:17:18.800 D/SystemServerTimingAsync(  651): ssm.onUnlockedUser-0_com.android.server.wm.ActivityTaskManagerService$Lifecycle
12-11 13:17:18.800 I/LaunchParamsPersister(  651): Didn't find launch param folder for user 0
12-11 13:17:18.800 V/NotificationAssistants(  651): disabling notification assistant for user 0: ComponentInfo{android.ext.services/android.ext.services.notification.Assistant}
12-11 13:17:18.800 D/NotificationListeners(  651): Removing active service ComponentInfo{android.ext.services/android.ext.services.notification.Assistant}
12-11 13:17:18.801 I/ActivityManager(  651): Start proc 1414:com.cghs.stresstest/1000 for added application com.cghs.stresstest
12-11 13:17:18.801 I/UsageStatsService(  651): User[0] Flushing usage stats to disk
12-11 13:17:18.801 I/AppWidgetServiceImpl(  651): Processing of handleUserUnlocked u0 took 5 ms
12-11 13:17:18.801 D/CompatibilityChangeReporter(  651): Compat change id reported: 143937733; UID 10079; state: ENABLED
12-11 13:17:18.801 D/PeopleSpaceWidgetMgr(  840): Sbn doesn't contain valid PeopleTileKey: null/-1/android
12-11 13:17:18.801 V/SystemServerTimingAsync(  651): ssm.onUnlockedUser-0_com.android.server.wm.ActivityTaskManagerService$Lifecycle took to complete: 2ms
12-11 13:17:18.802 D/SystemServerTimingAsync(  651): ssm.onUnlockedUser-0_com.android.server.am.ActivityManagerService$Lifecycle
12-11 13:17:18.802 V/SystemServerTimingAsync(  651): ssm.onUnlockedUser-0_com.android.server.am.ActivityManagerService$Lifecycle took to complete: 0ms
12-11 13:17:18.802 D/SystemServerTimingAsync(  651): ssm.onUnlockedUser-0_com.android.server.pm.DataLoaderManagerService
12-11 13:17:18.802 V/SystemServerTimingAsync(  651): ssm.onUnlockedUser-0_com.android.server.pm.DataLoaderManagerService took to complete: 0ms
12-11 13:17:18.802 D/SystemServerTimingAsync(  651): ssm.onUnlockedUser-0_com.android.server.power.PowerManagerService
12-11 13:17:18.802 V/SystemServerTimingAsync(  651): ssm.onUnlockedUser-0_com.android.server.power.PowerManagerService took to complete: 0ms
12-11 13:17:18.802 D/SystemServerTimingAsync(  651): ssm.onUnlockedUser-0_com.android.server.power.ThermalManagerService
12-11 13:17:18.802 V/SystemServerTimingAsync(  651): ssm.onUnlockedUser-0_com.android.server.power.ThermalManagerService took to complete: 0ms
12-11 13:17:18.802 D/SystemServerTimingAsync(  651): ssm.onUnlockedUser-0_com.android.server.power.hint.HintManagerService
12-11 13:17:18.802 V/SystemServerTimingAsync(  651): ssm.onUnlockedUser-0_com.android.server.power.hint.HintManagerService took to complete: 0ms
12-11 13:17:18.802 D/SystemServerTimingAsync(  651): ssm.onUnlockedUser-0_com.android.server.recoverysystem.RecoverySystemService$Lifecycle
12-11 13:17:18.802 V/SystemServerTimingAsync(  651): ssm.onUnlockedUser-0_com.android.server.recoverysystem.RecoverySystemService$Lifecycle took to complete: 0ms
12-11 13:17:18.802 D/SystemServerTimingAsync(  651): ssm.onUnlockedUser-0_com.android.server.lights.LightsService
12-11 13:17:18.802 V/SystemServerTimingAsync(  651): ssm.onUnlockedUser-0_com.android.server.lights.LightsService took to complete: 0ms
12-11 13:17:18.802 D/SystemServerTimingAsync(  651): ssm.onUnlockedUser-0_com.android.server.display.DisplayManagerService
12-11 13:17:18.802 V/SystemServerTimingAsync(  651): ssm.onUnlockedUser-0_com.android.server.display.DisplayManagerService took to complete: 0ms
12-11 13:17:18.802 D/SystemServerTimingAsync(  651): ssm.onUnlockedUser-0_com.android.server.pm.verify.domain.DomainVerificationService
12-11 13:17:18.802 V/SystemServerTimingAsync(  651): ssm.onUnlockedUser-0_com.android.server.pm.verify.domain.DomainVerificationService took to complete: 0ms
12-11 13:17:18.802 D/SystemServerTimingAsync(  651): ssm.onUnlockedUser-0_com.android.server.pm.PackageInstallerService$Lifecycle
12-11 13:17:18.802 V/SystemServerTimingAsync(  651): ssm.onUnlockedUser-0_com.android.server.pm.PackageInstallerService$Lifecycle took to complete: 0ms
12-11 13:17:18.802 D/SystemServerTimingAsync(  651): ssm.onUnlockedUser-0_com.android.server.pm.UserManagerService$LifeCycle
12-11 13:17:18.802 V/SystemServerTimingAsync(  651): ssm.onUnlockedUser-0_com.android.server.pm.UserManagerService$LifeCycle took to complete: 0ms
12-11 13:17:18.802 D/SystemServerTimingAsync(  651): ssm.onUnlockedUser-0_com.android.server.om.OverlayManagerService
12-11 13:17:18.802 V/SystemServerTimingAsync(  651): ssm.onUnlockedUser-0_com.android.server.om.OverlayManagerService took to complete: 0ms
12-11 13:17:18.802 D/SystemServerTimingAsync(  651): ssm.onUnlockedUser-0_com.android.server.SensorPrivacyService
12-11 13:17:18.802 V/SystemServerTimingAsync(  651): ssm.onUnlockedUser-0_com.android.server.SensorPrivacyService took to complete: 0ms
12-11 13:17:18.802 D/SystemServerTimingAsync(  651): ssm.onUnlockedUser-0_com.android.server.sensors.SensorService
12-11 13:17:18.802 V/SystemServerTimingAsync(  651): ssm.onUnlockedUser-0_com.android.server.sensors.SensorService took to complete: 0ms
12-11 13:17:18.802 D/SystemServerTimingAsync(  651): ssm.onUnlockedUser-0_com.android.server.SystemConfigService
12-11 13:17:18.802 V/SystemServerTimingAsync(  651): ssm.onUnlockedUser-0_com.android.server.SystemConfigService took to complete: 0ms
12-11 13:17:18.802 D/SystemServerTimingAsync(  651): ssm.onUnlockedUser-0_com.android.server.BatteryService
12-11 13:17:18.802 V/SystemServerTimingAsync(  651): ssm.onUnlockedUser-0_com.android.server.BatteryService took to complete: 0ms
12-11 13:17:18.802 D/SystemServerTimingAsync(  651): ssm.onUnlockedUser-0_com.android.server.usage.UsageStatsService
12-11 13:17:18.802 V/SystemServerTimingAsync(  651): ssm.onUnlockedUser-0_com.android.server.usage.UsageStatsService took to complete: 0ms
12-11 13:17:18.802 D/SystemServerTimingAsync(  651): ssm.onUnlockedUser-0_com.android.server.webkit.WebViewUpdateService
12-11 13:17:18.802 V/SystemServerTimingAsync(  651): ssm.onUnlockedUser-0_com.android.server.webkit.WebViewUpdateService took to complete: 0ms
12-11 13:17:18.802 D/SystemServerTimingAsync(  651): ssm.onUnlockedUser-0_com.android.server.CachedDeviceStateService
12-11 13:17:18.802 V/SystemServerTimingAsync(  651): ssm.onUnlockedUser-0_com.android.server.CachedDeviceStateService took to complete: 0ms
12-11 13:17:18.802 D/SystemServerTimingAsync(  651): ssm.onUnlockedUser-0_com.android.server.BinderCallsStatsService$LifeCycle
12-11 13:17:18.802 V/SystemServerTimingAsync(  651): ssm.onUnlockedUser-0_com.android.server.BinderCallsStatsService$LifeCycle took to complete: 0ms
12-11 13:17:18.802 D/SystemServerTimingAsync(  651): ssm.onUnlockedUser-0_com.android.server.LooperStatsService$Lifecycle
12-11 13:17:18.802 V/SystemServerTimingAsync(  651): ssm.onUnlockedUser-0_com.android.server.LooperStatsService$Lifecycle took to complete: 0ms
12-11 13:17:18.802 D/SystemServerTimingAsync(  651): ssm.onUnlockedUser-0_com.android.server.rollback.RollbackManagerService
12-11 13:17:18.802 V/SystemServerTimingAsync(  651): ssm.onUnlockedUser-0_com.android.server.rollback.RollbackManagerService took to complete: 0ms
12-11 13:17:18.802 D/SystemServerTimingAsync(  651): ssm.onUnlockedUser-0_com.android.server.os.NativeTombstoneManagerService
12-11 13:17:18.802 V/SystemServerTimingAsync(  651): ssm.onUnlockedUser-0_com.android.server.os.NativeTombstoneManagerService took to complete: 0ms
12-11 13:17:18.802 D/SystemServerTimingAsync(  651): ssm.onUnlockedUser-0_com.android.server.os.BugreportManagerService
12-11 13:17:18.802 V/SystemServerTimingAsync(  651): ssm.onUnlockedUser-0_com.android.server.os.BugreportManagerService took to complete: 0ms
12-11 13:17:18.802 D/SystemServerTimingAsync(  651): ssm.onUnlockedUser-0_com.android.server.gpu.GpuService
12-11 13:17:18.802 V/SystemServerTimingAsync(  651): ssm.onUnlockedUser-0_com.android.server.gpu.GpuService took to complete: 0ms
12-11 13:17:18.802 D/SystemServerTimingAsync(  651): ssm.onUnlockedUser-0_com.android.server.security.KeyChainSystemService
12-11 13:17:18.802 V/SystemServerTimingAsync(  651): ssm.onUnlockedUser-0_com.android.server.security.KeyChainSystemService took to complete: 0ms
12-11 13:17:18.802 D/SystemServerTimingAsync(  651): ssm.onUnlockedUser-0_com.android.server.telecom.TelecomLoaderService
12-11 13:17:18.802 V/SystemServerTimingAsync(  651): ssm.onUnlockedUser-0_com.android.server.telecom.TelecomLoaderService took to complete: 0ms
12-11 13:17:18.802 D/SystemServerTimingAsync(  651): ssm.onUnlockedUser-0_com.android.server.accounts.AccountManagerService$Lifecycle
12-11 13:17:18.802 V/SystemServerTimingAsync(  651): ssm.onUnlockedUser-0_com.android.server.accounts.AccountManagerService$Lifecycle took to complete: 0ms
12-11 13:17:18.802 D/SystemServerTimingAsync(  651): ssm.onUnlockedUser-0_com.android.server.content.ContentService$Lifecycle
12-11 13:17:18.802 V/SystemServerTimingAsync(  651): ssm.onUnlockedUser-0_com.android.server.content.ContentService$Lifecycle took to complete: 0ms
12-11 13:17:18.802 D/SystemServerTimingAsync(  651): ssm.onUnlockedUser-0_com.android.server.DropBoxManagerService
12-11 13:17:18.802 V/SystemServerTimingAsync(  651): ssm.onUnlockedUser-0_com.android.server.DropBoxManagerService took to complete: 0ms
12-11 13:17:18.802 D/SystemServerTimingAsync(  651): ssm.onUnlockedUser-0_com.android.role.RoleService
12-11 13:17:18.802 V/SystemServerTimingAsync(  651): ssm.onUnlockedUser-0_com.android.role.RoleService took to complete: 0ms
12-11 13:17:18.802 D/SystemServerTimingAsync(  651): ssm.onUnlockedUser-0_com.android.server.vibrator.VibratorManagerService$Lifecycle
12-11 13:17:18.802 V/SystemServerTimingAsync(  651): ssm.onUnlockedUser-0_com.android.server.vibrator.VibratorManagerService$Lifecycle took to complete: 0ms
12-11 13:17:18.802 D/SystemServerTimingAsync(  651): ssm.onUnlockedUser-0_com.android.server.alarm.AlarmManagerService
12-11 13:17:18.802 V/SystemServerTimingAsync(  651): ssm.onUnlockedUser-0_com.android.server.alarm.AlarmManagerService took to complete: 0ms
12-11 13:17:18.802 D/SystemServerTimingAsync(  651): ssm.onUnlockedUser-0_com.android.server.devicestate.DeviceStateManagerService
12-11 13:17:18.802 V/SystemServerTimingAsync(  651): ssm.onUnlockedUser-0_com.android.server.devicestate.DeviceStateManagerService took to complete: 0ms
12-11 13:17:18.802 D/SystemServerTimingAsync(  651): ssm.onUnlockedUser-0_com.android.server.camera.CameraServiceProxy
12-11 13:17:18.802 V/SystemServerTimingAsync(  651): ssm.onUnlockedUser-0_com.android.server.camera.CameraServiceProxy took to complete: 0ms
12-11 13:17:18.802 D/SystemServerTimingAsync(  651): ssm.onUnlockedUser-0_com.android.server.BluetoothService
12-11 13:17:18.802 V/SystemServerTimingAsync(  651): ssm.onUnlockedUser-0_com.android.server.BluetoothService took to complete: 0ms
12-11 13:17:18.802 D/SystemServerTimingAsync(  651): ssm.onUnlockedUser-0_com.android.server.connectivity.IpConnectivityMetrics
12-11 13:17:18.802 V/SystemServerTimingAsync(  651): ssm.onUnlockedUser-0_com.android.server.connectivity.IpConnectivityMetrics took to complete: 0ms
12-11 13:17:18.802 D/SystemServerTimingAsync(  651): ssm.onUnlockedUser-0_com.android.server.net.watchlist.NetworkWatchlistService$Lifecycle
12-11 13:17:18.802 V/SystemServerTimingAsync(  651): ssm.onUnlockedUser-0_com.android.server.net.watchlist.NetworkWatchlistService$Lifecycle took to complete: 0ms
12-11 13:17:18.802 D/SystemServerTimingAsync(  651): ssm.onUnlockedUser-0_com.android.server.PinnerService
12-11 13:17:18.802 V/SystemServerTimingAsync(  651): ssm.onUnlockedUser-0_com.android.server.PinnerService took to complete: 0ms
12-11 13:17:18.802 D/SystemServerTimingAsync(  651): ssm.onUnlockedUser-0_com.google.android.startop.iorap.IorapForwardingService
12-11 13:17:18.802 V/SystemServerTimingAsync(  651): ssm.onUnlockedUser-0_com.google.android.startop.iorap.IorapForwardingService took to complete: 0ms
12-11 13:17:18.802 D/SystemServerTimingAsync(  651): ssm.onUnlockedUser-0_com.android.server.integrity.AppIntegrityManagerService
12-11 13:17:18.802 V/SystemServerTimingAsync(  651): ssm.onUnlockedUser-0_com.android.server.integrity.AppIntegrityManagerService took to complete: 0ms
12-11 13:17:18.802 D/SystemServerTimingAsync(  651): ssm.onUnlockedUser-0_com.android.server.inputmethod.InputMethodManagerService$Lifecycle
12-11 13:17:18.802 V/SystemServerTimingAsync(  651): ssm.onUnlockedUser-0_com.android.server.inputmethod.InputMethodManagerService$Lifecycle took to complete: 0ms
12-11 13:17:18.802 D/SystemServerTimingAsync(  651): ssm.onUnlockedUser-0_com.android.server.accessibility.AccessibilityManagerService$Lifecycle
12-11 13:17:18.802 V/SystemServerTimingAsync(  651): ssm.onUnlockedUser-0_com.android.server.accessibility.AccessibilityManagerService$Lifecycle took to complete: 0ms
12-11 13:17:18.802 D/SystemServerTimingAsync(  651): ssm.onUnlockedUser-0_com.android.server.StorageManagerService$Lifecycle
12-11 13:17:18.802 V/SystemServerTimingAsync(  651): ssm.onUnlockedUser-0_com.android.server.StorageManagerService$Lifecycle took to complete: 0ms
12-11 13:17:18.802 D/SystemServerTimingAsync(  651): ssm.onUnlockedUser-0_com.android.server.usage.StorageStatsService$Lifecycle
12-11 13:17:18.802 V/SystemServerTimingAsync(  651): ssm.onUnlockedUser-0_com.android.server.usage.StorageStatsService$Lifecycle took to complete: 0ms
12-11 13:17:18.803 D/SystemServerTimingAsync(  651): ssm.onUnlockedUser-0_com.android.server.UiModeManagerService
12-11 13:17:18.803 V/SystemServerTimingAsync(  651): ssm.onUnlockedUser-0_com.android.server.UiModeManagerService took to complete: 0ms
12-11 13:17:18.803 D/SystemServerTimingAsync(  651): ssm.onUnlockedUser-0_com.android.server.locksettings.LockSettingsService$Lifecycle
12-11 13:17:18.803 V/SystemServerTimingAsync(  651): ssm.onUnlockedUser-0_com.android.server.locksettings.LockSettingsService$Lifecycle took to complete: 0ms
12-11 13:17:18.803 D/SystemServerTimingAsync(  651): ssm.onUnlockedUser-0_com.android.server.testharness.TestHarnessModeService
12-11 13:17:18.803 V/SystemServerTimingAsync(  651): ssm.onUnlockedUser-0_com.android.server.testharness.TestHarnessModeService took to complete: 0ms
12-11 13:17:18.803 D/SystemServerTimingAsync(  651): ssm.onUnlockedUser-0_com.android.server.DeviceIdleController
12-11 13:17:18.803 V/SystemServerTimingAsync(  651): ssm.onUnlockedUser-0_com.android.server.DeviceIdleController took to complete: 0ms
12-11 13:17:18.803 D/SystemServerTimingAsync(  651): ssm.onUnlockedUser-0_com.android.server.devicepolicy.DevicePolicyManagerService$Lifecycle
12-11 13:17:18.803 V/SystemServerTimingAsync(  651): ssm.onUnlockedUser-0_com.android.server.devicepolicy.DevicePolicyManagerService$Lifecycle took to complete: 0ms
12-11 13:17:18.803 D/SystemServerTimingAsync(  651): ssm.onUnlockedUser-0_com.android.server.texttospeech.TextToSpeechManagerService
12-11 13:17:18.803 V/SystemServerTimingAsync(  651): ssm.onUnlockedUser-0_com.android.server.texttospeech.TextToSpeechManagerService took to complete: 0ms
12-11 13:17:18.803 D/SystemServerTimingAsync(  651): ssm.onUnlockedUser-0_com.android.server.speech.SpeechRecognitionManagerService
12-11 13:17:18.803 V/SystemServerTimingAsync(  651): ssm.onUnlockedUser-0_com.android.server.speech.SpeechRecognitionManagerService took to complete: 0ms
12-11 13:17:18.803 D/SystemServerTimingAsync(  651): ssm.onUnlockedUser-0_com.android.server.searchui.SearchUiManagerService
12-11 13:17:18.803 V/SystemServerTimingAsync(  651): ssm.onUnlockedUser-0_com.android.server.searchui.SearchUiManagerService took to complete: 0ms
12-11 13:17:18.803 D/SystemServerTimingAsync(  651): ssm.onUnlockedUser-0_com.android.server.smartspace.SmartspaceManagerService
12-11 13:17:18.803 V/SystemServerTimingAsync(  651): ssm.onUnlockedUser-0_com.android.server.smartspace.SmartspaceManagerService took to complete: 0ms
