12-11 13:17:10.800 I/getprop ( 1174): type=1400 audit(0.0:3872): avc: denied { open } for path="/dev/__properties__/u:object_r:theme_prop:s0" dev="tmpfs" ino=264 scontext=u:r:shell:s0 tcontext=u:object_r:theme_prop:s0 tclass=file permissive=1
12-11 13:17:10.800 I/getprop ( 1174): type=1400 audit(0.0:3873): avc: denied { getattr } for path="/dev/__properties__/u:object_r:theme_prop:s0" dev="tmpfs" ino=264 scontext=u:r:shell:s0 tcontext=u:object_r:theme_prop:s0 tclass=file permissive=1
12-11 13:17:10.800 I/getprop ( 1174): type=1400 audit(0.0:3874): avc: denied { map } for path="/dev/__properties__/u:object_r:theme_prop:s0" dev="tmpfs" ino=264 scontext=u:r:shell:s0 tcontext=u:object_r:theme_prop:s0 tclass=file permissive=1
12-11 13:17:10.800 I/getprop ( 1174): type=1400 audit(0.0:3875): avc: denied { open } for path="/dev/__properties__/u:object_r:tombstone_config_prop:s0" dev="tmpfs" ino=266 scontext=u:r:shell:s0 tcontext=u:object_r:tombstone_config_prop:s0 tclass=file permissive=1
12-11 13:17:10.800 I/getprop ( 1174): type=1400 audit(0.0:3876): avc: denied { getattr } for path="/dev/__properties__/u:object_r:tombstone_config_prop:s0" dev="tmpfs" ino=266 scontext=u:r:shell:s0 tcontext=u:object_r:tombstone_config_prop:s0 tclass=file permissive=1
12-11 13:17:10.800 I/getprop ( 1174): type=1400 audit(0.0:3877): avc: denied { map } for path="/dev/__properties__/u:object_r:tombstone_config_prop:s0" dev="tmpfs" ino=266 scontext=u:r:shell:s0 tcontext=u:object_r:tombstone_config_prop:s0 tclass=file permissive=1
12-11 13:17:10.800 I/getprop ( 1174): type=1400 audit(0.0:3878): avc: denied { open } for path="/dev/__properties__/u:object_r:traced_lazy_prop:s0" dev="tmpfs" ino=268 scontext=u:r:shell:s0 tcontext=u:object_r:traced_lazy_prop:s0 tclass=file permissive=1
12-11 13:17:10.800 I/getprop ( 1174): type=1400 audit(0.0:3879): avc: denied { getattr } for path="/dev/__properties__/u:object_r:traced_lazy_prop:s0" dev="tmpfs" ino=268 scontext=u:r:shell:s0 tcontext=u:object_r:traced_lazy_prop:s0 tclass=file permissive=1
12-11 13:17:10.800 I/getprop ( 1174): type=1400 audit(0.0:3880): avc: denied { map } for path="/dev/__properties__/u:object_r:traced_lazy_prop:s0" dev="tmpfs" ino=268 scontext=u:r:shell:s0 tcontext=u:object_r:traced_lazy_prop:s0 tclass=file permissive=1
12-11 13:17:10.800 I/getprop ( 1174): type=1400 audit(0.0:3881): avc: denied { open } for path="/dev/__properties__/u:object_r:vehicle_hal_prop:s0" dev="tmpfs" ino=278 scontext=u:r:shell:s0 tcontext=u:object_r:vehicle_hal_prop:s0 tclass=file permissive=1
12-11 13:17:10.800 I/getprop ( 1174): type=1400 audit(0.0:3882): avc: denied { getattr } for path="/dev/__properties__/u:object_r:vehicle_hal_prop:s0" dev="tmpfs" ino=278 scontext=u:r:shell:s0 tcontext=u:object_r:vehicle_hal_prop:s0 tclass=file permissive=1
12-11 13:17:10.800 I/getprop ( 1174): type=1400 audit(0.0:3883): avc: denied { map } for path="/dev/__properties__/u:object_r:vehicle_hal_prop:s0" dev="tmpfs" ino=278 scontext=u:r:shell:s0 tcontext=u:object_r:vehicle_hal_prop:s0 tclass=file permissive=1
12-11 13:17:10.800 I/getprop ( 1174): type=1400 audit(0.0:3884): avc: denied { open } for path="/dev/__properties__/u:object_r:vendor_base_prop:s0" dev="tmpfs" ino=279 scontext=u:r:shell:s0 tcontext=u:object_r:vendor_base_prop:s0 tclass=file permissive=1
12-11 13:17:10.800 I/getprop ( 1174): type=1400 audit(0.0:3885): avc: denied { getattr } for path="/dev/__properties__/u:object_r:vendor_base_prop:s0" dev="tmpfs" ino=279 scontext=u:r:shell:s0 tcontext=u:object_r:vendor_base_prop:s0 tclass=file permissive=1
12-11 13:17:10.800 I/getprop ( 1174): type=1400 audit(0.0:3886): avc: denied { map } for path="/dev/__properties__/u:object_r:vendor_base_prop:s0" dev="tmpfs" ino=279 scontext=u:r:shell:s0 tcontext=u:object_r:vendor_base_prop:s0 tclass=file permissive=1
12-11 13:17:10.800 I/getprop ( 1174): type=1400 audit(0.0:3887): avc: denied { open } for path="/dev/__properties__/u:object_r:vendor_bluetooth_prop:s0" dev="tmpfs" ino=280 scontext=u:r:shell:s0 tcontext=u:object_r:vendor_bluetooth_prop:s0 tclass=file permissive=1
12-11 13:17:10.800 I/getprop ( 1174): type=1400 audit(0.0:3888): avc: denied { getattr } for path="/dev/__properties__/u:object_r:vendor_bluetooth_prop:s0" dev="tmpfs" ino=280 scontext=u:r:shell:s0 tcontext=u:object_r:vendor_bluetooth_prop:s0 tclass=file permissive=1
12-11 13:17:10.800 I/getprop ( 1174): type=1400 audit(0.0:3889): avc: denied { map } for path="/dev/__properties__/u:object_r:vendor_bluetooth_prop:s0" dev="tmpfs" ino=280 scontext=u:r:shell:s0 tcontext=u:object_r:vendor_bluetooth_prop:s0 tclass=file permissive=1
12-11 13:17:10.800 I/getprop ( 1174): type=1400 audit(0.0:3890): avc: denied { open } for path="/dev/__properties__/u:object_r:vendor_boot_complete_prop:s0" dev="tmpfs" ino=281 scontext=u:r:shell:s0 tcontext=u:object_r:vendor_boot_complete_prop:s0 tclass=file permissive=1
12-11 13:17:10.800 I/getprop ( 1174): type=1400 audit(0.0:3891): avc: denied { getattr } for path="/dev/__properties__/u:object_r:vendor_boot_complete_prop:s0" dev="tmpfs" ino=281 scontext=u:r:shell:s0 tcontext=u:object_r:vendor_boot_complete_prop:s0 tclass=file permissive=1
12-11 13:17:10.800 I/getprop ( 1174): type=1400 audit(0.0:3892): avc: denied { map } for path="/dev/__properties__/u:object_r:vendor_boot_complete_prop:s0" dev="tmpfs" ino=281 scontext=u:r:shell:s0 tcontext=u:object_r:vendor_boot_complete_prop:s0 tclass=file permissive=1
12-11 13:17:10.800 I/getprop ( 1174): type=1400 audit(0.0:3893): avc: denied { open } for path="/dev/__properties__/u:object_r:vendor_camera_prop:s0" dev="tmpfs" ino=282 scontext=u:r:shell:s0 tcontext=u:object_r:vendor_camera_prop:s0 tclass=file permissive=1
12-11 13:17:10.800 I/getprop ( 1174): type=1400 audit(0.0:3894): avc: denied { getattr } for path="/dev/__properties__/u:object_r:vendor_camera_prop:s0" dev="tmpfs" ino=282 scontext=u:r:shell:s0 tcontext=u:object_r:vendor_camera_prop:s0 tclass=file permissive=1
12-11 13:17:10.800 I/getprop ( 1174): type=1400 audit(0.0:3895): avc: denied { map } for path="/dev/__properties__/u:object_r:vendor_camera_prop:s0" dev="tmpfs" ino=282 scontext=u:r:shell:s0 tcontext=u:object_r:vendor_camera_prop:s0 tclass=file permissive=1
12-11 13:17:10.800 I/getprop ( 1174): type=1400 audit(0.0:3896): avc: denied { open } for path="/dev/__properties__/u:object_r:vendor_cec_prop:s0" dev="tmpfs" ino=283 scontext=u:r:shell:s0 tcontext=u:object_r:vendor_cec_prop:s0 tclass=file permissive=1
12-11 13:17:10.800 I/getprop ( 1174): type=1400 audit(0.0:3897): avc: denied { getattr } for path="/dev/__properties__/u:object_r:vendor_cec_prop:s0" dev="tmpfs" ino=283 scontext=u:r:shell:s0 tcontext=u:object_r:vendor_cec_prop:s0 tclass=file permissive=1
12-11 13:17:10.800 I/getprop ( 1174): type=1400 audit(0.0:3898): avc: denied { map } for path="/dev/__properties__/u:object_r:vendor_cec_prop:s0" dev="tmpfs" ino=283 scontext=u:r:shell:s0 tcontext=u:object_r:vendor_cec_prop:s0 tclass=file permissive=1
12-11 13:17:10.800 I/getprop ( 1174): type=1400 audit(0.0:3899): avc: denied { open } for path="/dev/__properties__/u:object_r:vendor_default_prop:s0" dev="tmpfs" ino=284 scontext=u:r:shell:s0 tcontext=u:object_r:vendor_default_prop:s0 tclass=file permissive=1
12-11 13:17:10.800 I/getprop ( 1174): type=1400 audit(0.0:3900): avc: denied { getattr } for path="/dev/__properties__/u:object_r:vendor_default_prop:s0" dev="tmpfs" ino=284 scontext=u:r:shell:s0 tcontext=u:object_r:vendor_default_prop:s0 tclass=file permissive=1
12-11 13:17:10.800 I/getprop ( 1174): type=1400 audit(0.0:3901): avc: denied { map } for path="/dev/__properties__/u:object_r:vendor_default_prop:s0" dev="tmpfs" ino=284 scontext=u:r:shell:s0 tcontext=u:object_r:vendor_default_prop:s0 tclass=file permissive=1
12-11 13:17:10.800 I/getprop ( 1174): type=1400 audit(0.0:3902): avc: denied { open } for path="/dev/__properties__/u:object_r:vendor_drmservice_prop:s0" dev="tmpfs" ino=285 scontext=u:r:shell:s0 tcontext=u:object_r:vendor_drmservice_prop:s0 tclass=file permissive=1
12-11 13:17:10.800 I/getprop ( 1174): type=1400 audit(0.0:3903): avc: denied { getattr } for path="/dev/__properties__/u:object_r:vendor_drmservice_prop:s0" dev="tmpfs" ino=285 scontext=u:r:shell:s0 tcontext=u:object_r:vendor_drmservice_prop:s0 tclass=file permissive=1
12-11 13:17:10.800 I/getprop ( 1174): type=1400 audit(0.0:3904): avc: denied { map } for path="/dev/__properties__/u:object_r:vendor_drmservice_prop:s0" dev="tmpfs" ino=285 scontext=u:r:shell:s0 tcontext=u:object_r:vendor_drmservice_prop:s0 tclass=file permissive=1
12-11 13:17:10.800 I/getprop ( 1174): type=1400 audit(0.0:3905): avc: denied { open } for path="/dev/__properties__/u:object_r:vendor_hwc_prop:s0" dev="tmpfs" ino=286 scontext=u:r:shell:s0 tcontext=u:object_r:vendor_hwc_prop:s0 tclass=file permissive=1
12-11 13:17:10.800 I/getprop ( 1174): type=1400 audit(0.0:3906): avc: denied { getattr } for path="/dev/__properties__/u:object_r:vendor_hwc_prop:s0" dev="tmpfs" ino=286 scontext=u:r:shell:s0 tcontext=u:object_r:vendor_hwc_prop:s0 tclass=file permissive=1
12-11 13:17:10.800 I/getprop ( 1174): type=1400 audit(0.0:3907): avc: denied { map } for path="/dev/__properties__/u:object_r:vendor_hwc_prop:s0" dev="tmpfs" ino=286 scontext=u:r:shell:s0 tcontext=u:object_r:vendor_hwc_prop:s0 tclass=file permissive=1
12-11 13:17:10.800 I/getprop ( 1174): type=1400 audit(0.0:3908): avc: denied { open } for path="/dev/__properties__/u:object_r:vendor_omx_prop:s0" dev="tmpfs" ino=287 scontext=u:r:shell:s0 tcontext=u:object_r:vendor_omx_prop:s0 tclass=file permissive=1
12-11 13:17:10.800 I/getprop ( 1174): type=1400 audit(0.0:3909): avc: denied { getattr } for path="/dev/__properties__/u:object_r:vendor_omx_prop:s0" dev="tmpfs" ino=287 scontext=u:r:shell:s0 tcontext=u:object_r:vendor_omx_prop:s0 tclass=file permissive=1
12-11 13:17:10.800 I/getprop ( 1174): type=1400 audit(0.0:3910): avc: denied { map } for path="/dev/__properties__/u:object_r:vendor_omx_prop:s0" dev="tmpfs" ino=287 scontext=u:r:shell:s0 tcontext=u:object_r:vendor_omx_prop:s0 tclass=file permissive=1
12-11 13:17:10.800 I/getprop ( 1174): type=1400 audit(0.0:3911): avc: denied { open } for path="/dev/__properties__/u:object_r:vendor_power_prop:s0" dev="tmpfs" ino=288 scontext=u:r:shell:s0 tcontext=u:object_r:vendor_power_prop:s0 tclass=file permissive=1
12-11 13:17:10.800 I/getprop ( 1174): type=1400 audit(0.0:3912): avc: denied { getattr } for path="/dev/__properties__/u:object_r:vendor_power_prop:s0" dev="tmpfs" ino=288 scontext=u:r:shell:s0 tcontext=u:object_r:vendor_power_prop:s0 tclass=file permissive=1
12-11 13:17:10.800 I/getprop ( 1174): type=1400 audit(0.0:3913): avc: denied { map } for path="/dev/__properties__/u:object_r:vendor_power_prop:s0" dev="tmpfs" ino=288 scontext=u:r:shell:s0 tcontext=u:object_r:vendor_power_prop:s0 tclass=file permissive=1
12-11 13:17:10.800 I/getprop ( 1174): type=1400 audit(0.0:3914): avc: denied { open } for path="/dev/__properties__/u:object_r:vendor_tv_input_prop:s0" dev="tmpfs" ino=292 scontext=u:r:shell:s0 tcontext=u:object_r:vendor_tv_input_prop:s0 tclass=file permissive=1
12-11 13:17:10.800 I/getprop ( 1174): type=1400 audit(0.0:3915): avc: denied { getattr } for path="/dev/__properties__/u:object_r:vendor_tv_input_prop:s0" dev="tmpfs" ino=292 scontext=u:r:shell:s0 tcontext=u:object_r:vendor_tv_input_prop:s0 tclass=file permissive=1
12-11 13:17:10.800 I/getprop ( 1174): type=1400 audit(0.0:3916): avc: denied { map } for path="/dev/__properties__/u:object_r:vendor_tv_input_prop:s0" dev="tmpfs" ino=292 scontext=u:r:shell:s0 tcontext=u:object_r:vendor_tv_input_prop:s0 tclass=file permissive=1
12-11 13:17:10.800 I/getprop ( 1174): type=1400 audit(0.0:3917): avc: denied { open } for path="/dev/__properties__/u:object_r:vendor_usb_prop:s0" dev="tmpfs" ino=293 scontext=u:r:shell:s0 tcontext=u:object_r:vendor_usb_prop:s0 tclass=file permissive=1
12-11 13:17:10.800 I/getprop ( 1174): type=1400 audit(0.0:3918): avc: denied { getattr } for path="/dev/__properties__/u:object_r:vendor_usb_prop:s0" dev="tmpfs" ino=293 scontext=u:r:shell:s0 tcontext=u:object_r:vendor_usb_prop:s0 tclass=file permissive=1
12-11 13:17:10.800 I/getprop ( 1174): type=1400 audit(0.0:3919): avc: denied { map } for path="/dev/__properties__/u:object_r:vendor_usb_prop:s0" dev="tmpfs" ino=293 scontext=u:r:shell:s0 tcontext=u:object_r:vendor_usb_prop:s0 tclass=file permissive=1
12-11 13:17:10.800 I/getprop ( 1174): type=1400 audit(0.0:3920): avc: denied { open } for path="/dev/__properties__/u:object_r:vendor_vts_status_prop:s0" dev="tmpfs" ino=294 scontext=u:r:shell:s0 tcontext=u:object_r:vendor_vts_status_prop:s0 tclass=file permissive=1
12-11 13:17:10.800 I/getprop ( 1174): type=1400 audit(0.0:3921): avc: denied { getattr } for path="/dev/__properties__/u:object_r:vendor_vts_status_prop:s0" dev="tmpfs" ino=294 scontext=u:r:shell:s0 tcontext=u:object_r:vendor_vts_status_prop:s0 tclass=file permissive=1
12-11 13:17:10.800 I/getprop ( 1174): type=1400 audit(0.0:3922): avc: denied { map } for path="/dev/__properties__/u:object_r:vendor_vts_status_prop:s0" dev="tmpfs" ino=294 scontext=u:r:shell:s0 tcontext=u:object_r:vendor_vts_status_prop:s0 tclass=file permissive=1
12-11 13:17:10.800 I/getprop ( 1174): type=1400 audit(0.0:3923): avc: denied { open } for path="/dev/__properties__/u:object_r:vendor_wifi_prop:s0" dev="tmpfs" ino=295 scontext=u:r:shell:s0 tcontext=u:object_r:vendor_wifi_prop:s0 tclass=file permissive=1
12-11 13:17:10.800 I/getprop ( 1174): type=1400 audit(0.0:3924): avc: denied { getattr } for path="/dev/__properties__/u:object_r:vendor_wifi_prop:s0" dev="tmpfs" ino=295 scontext=u:r:shell:s0 tcontext=u:object_r:vendor_wifi_prop:s0 tclass=file permissive=1
12-11 13:17:10.800 I/getprop ( 1174): type=1400 audit(0.0:3925): avc: denied { map } for path="/dev/__properties__/u:object_r:vendor_wifi_prop:s0" dev="tmpfs" ino=295 scontext=u:r:shell:s0 tcontext=u:object_r:vendor_wifi_prop:s0 tclass=file permissive=1
12-11 13:17:10.800 I/getprop ( 1174): type=1400 audit(0.0:3926): avc: denied { open } for path="/dev/__properties__/u:object_r:vold_post_fs_data_prop:s0" dev="tmpfs" ino=300 scontext=u:r:shell:s0 tcontext=u:object_r:vold_post_fs_data_prop:s0 tclass=file permissive=1
12-11 13:17:10.800 I/getprop ( 1174): type=1400 audit(0.0:3927): avc: denied { getattr } for path="/dev/__properties__/u:object_r:vold_post_fs_data_prop:s0" dev="tmpfs" ino=300 scontext=u:r:shell:s0 tcontext=u:object_r:vold_post_fs_data_prop:s0 tclass=file permissive=1
12-11 13:17:10.800 I/getprop ( 1174): type=1400 audit(0.0:3928): avc: denied { map } for path="/dev/__properties__/u:object_r:vold_post_fs_data_prop:s0" dev="tmpfs" ino=300 scontext=u:r:shell:s0 tcontext=u:object_r:vold_post_fs_data_prop:s0 tclass=file permissive=1
12-11 13:17:10.800 I/getprop ( 1174): type=1400 audit(0.0:3929): avc: denied { open } for path="/dev/__properties__/u:object_r:wifi_config_prop:s0" dev="tmpfs" ino=305 scontext=u:r:shell:s0 tcontext=u:object_r:wifi_config_prop:s0 tclass=file permissive=1
12-11 13:17:10.800 I/getprop ( 1174): type=1400 audit(0.0:3930): avc: denied { getattr } for path="/dev/__properties__/u:object_r:wifi_config_prop:s0" dev="tmpfs" ino=305 scontext=u:r:shell:s0 tcontext=u:object_r:wifi_config_prop:s0 tclass=file permissive=1
12-11 13:17:10.800 I/getprop ( 1174): type=1400 audit(0.0:3931): avc: denied { map } for path="/dev/__properties__/u:object_r:wifi_config_prop:s0" dev="tmpfs" ino=305 scontext=u:r:shell:s0 tcontext=u:object_r:wifi_config_prop:s0 tclass=file permissive=1
12-11 13:17:10.800 I/getprop ( 1174): type=1400 audit(0.0:3932): avc: denied { open } for path="/dev/__properties__/u:object_r:wifi_hal_prop:s0" dev="tmpfs" ino=306 scontext=u:r:shell:s0 tcontext=u:object_r:wifi_hal_prop:s0 tclass=file permissive=1
12-11 13:17:10.800 I/getprop ( 1174): type=1400 audit(0.0:3933): avc: denied { getattr } for path="/dev/__properties__/u:object_r:wifi_hal_prop:s0" dev="tmpfs" ino=306 scontext=u:r:shell:s0 tcontext=u:object_r:wifi_hal_prop:s0 tclass=file permissive=1
12-11 13:17:10.800 I/getprop ( 1174): type=1400 audit(0.0:3934): avc: denied { map } for path="/dev/__properties__/u:object_r:wifi_hal_prop:s0" dev="tmpfs" ino=306 scontext=u:r:shell:s0 tcontext=u:object_r:wifi_hal_prop:s0 tclass=file permissive=1
12-11 13:17:10.800 I/getprop ( 1174): type=1400 audit(0.0:3935): avc: denied { map } for path="/dev/__properties__/u:object_r:wifi_prop:s0" dev="tmpfs" ino=308 scontext=u:r:shell:s0 tcontext=u:object_r:wifi_prop:s0 tclass=file permissive=1
12-11 13:17:10.800 I/getprop ( 1174): type=1400 audit(0.0:3936): avc: denied { open } for path="/dev/__properties__/u:object_r:zram_config_prop:s0" dev="tmpfs" ino=309 scontext=u:r:shell:s0 tcontext=u:object_r:zram_config_prop:s0 tclass=file permissive=1
12-11 13:17:10.807 D/BluetoothDatabase(  821): compactLastConnectionTime: Compacting metadata after load
12-11 13:17:10.807 I/BluetoothDatabase(  821): cacheMetadata
12-11 13:17:10.810 I/android.hardware.graphics.allocator@4.0-service(  414): alloc_format: FMT:0x1,MOD:0
12-11 13:17:10.810 I/android.hardware.graphics.allocator@4.0-service(  414): mali_gralloc_adjust_dimensions: alloc_format=FMT:0x1,MOD:0 usage=0xb00 alloc_width=36, alloc_height=1080
12-11 13:17:10.810 D/android.hardware.graphics.allocator@4.0-service(  414): got new private_handle_t instance for buffer 'ViewRootImpl[ScreenDecorOverlay]#0(BLAST Consumer)0'. share_fd : 8, share_attr_fd : 9, width : 36, height : 1080, req_format : 0x1, producer_usage : 0xb00, consumer_usage : 0xb00, , stride : 0, alloc_format : 1, size : 207360, layer_count : 1
12-11 13:17:10.810 D/android.hardware.graphics.allocator@4.0-service(  414): plane_info[0]: offset : 0, byte_stride : 192, alloc_width : 36, alloc_height : 1080
12-11 13:17:10.810 D/android.hardware.graphics.allocator@4.0-service(  414): plane_info[1]: offset : 0, byte_stride : 0, alloc_width : 0, alloc_height : 0
12-11 13:17:10.811 I/android.hardware.graphics.allocator@4.0-service(  414): alloc_format: FMT:0x1,MOD:0
12-11 13:17:10.811 I/android.hardware.graphics.allocator@4.0-service(  414): mali_gralloc_adjust_dimensions: alloc_format=FMT:0x1,MOD:0 usage=0xb00 alloc_width=36, alloc_height=1080
12-11 13:17:10.811 D/android.hardware.graphics.allocator@4.0-service(  414): got new private_handle_t instance for buffer 'ViewRootImpl[ScreenDecorOverlayBottom]#1(BLAST Consumer)1'. share_fd : 8, share_attr_fd : 9, width : 36, height : 1080, req_format : 0x1, producer_usage : 0xb00, consumer_usage : 0xb00, , stride : 0, alloc_format : 1, size : 207360, layer_count : 1
12-11 13:17:10.811 D/android.hardware.graphics.allocator@4.0-service(  414): plane_info[0]: offset : 0, byte_stride : 192, alloc_width : 36, alloc_height : 1080
12-11 13:17:10.811 D/android.hardware.graphics.allocator@4.0-service(  414): plane_info[1]: offset : 0, byte_stride : 0, alloc_width : 0, alloc_height : 0
12-11 13:17:10.822 I/Choreographer(  840): Skipped 76 frames!  The application may be doing too much work on its main thread.
12-11 13:17:10.822 I/WallpaperController(  840): Won't set zoom. Window not attached com.android.systemui.statusbar.phone.NotificationShadeWindowView{701c9e1 I.E...... ......I. 0,0-0,0}
12-11 13:17:10.825 E/CarrierIdProvider(  951): read carrier list from ota pb failure: java.io.FileNotFoundException: /data/misc/carrierid/carrier_list.pb: open failed: ENOENT (No such file or directory)
12-11 13:17:10.825 D/CarrierIdProvider(  951): latest version: 50331662 need update: false
12-11 13:17:10.834 I/android.hardware.graphics.allocator@4.0-service(  414): alloc_format: FMT:0x1,MOD:0
12-11 13:17:10.835 I/android.hardware.graphics.allocator@4.0-service(  414): mali_gralloc_adjust_dimensions: alloc_format=FMT:0x1,MOD:0 usage=0x20001a00 alloc_width=800, alloc_height=1280
12-11 13:17:10.835 D/android.hardware.graphics.allocator@4.0-service(  414): got new private_handle_t instance for buffer 'FramebufferSurface'. share_fd : 8, share_attr_fd : 9, width : 800, height : 1280, req_format : 0x1, producer_usage : 0x20001a00, consumer_usage : 0x20001a00, , stride : 0, alloc_format : 1, size : 4096000, layer_count : 1
12-11 13:17:10.835 D/android.hardware.graphics.allocator@4.0-service(  414): plane_info[0]: offset : 0, byte_stride : 3200, alloc_width : 800, alloc_height : 1280
12-11 13:17:10.835 D/android.hardware.graphics.allocator@4.0-service(  414): plane_info[1]: offset : 0, byte_stride : 0, alloc_width : 0, alloc_height : 0
12-11 13:17:10.835 D/DeferredSmsMmsRestoreService(  951): startIfFilesExist: no files to restore
12-11 13:17:10.836 D/ControlsListingControllerImpl(  840): Subscribing callback, service count: 0
12-11 13:17:10.845 D/DeferredSmsMmsRestoreService(  951): startIfFilesExist: no files to restore
12-11 13:17:10.846 I/C2RKComponentFactory(  416): in version: git-ee868ef-[C2RKMpiDec]: fix RuntimeException for AdaptivePlaybackTest build-time: 2024-12-09 11:32:33 running on RadxaRock5C
12-11 13:17:10.846 I/C2RKComponentFactory(  416): DestroyRKCodec2Factory enter
12-11 13:17:10.846 D/NetworkSecurityConfig(  651): No Network Security Config specified, using platform default
12-11 13:17:10.846 I/C2RKComponentFactory(  416): in version: git-ee868ef-[C2RKMpiDec]: fix RuntimeException for AdaptivePlaybackTest build-time: 2024-12-09 11:32:33 running on RadxaRock5C
12-11 13:17:10.846 I/C2RKComponentFactory(  416): DestroyRKCodec2Factory enter
12-11 13:17:10.847 I/C2RKComponentFactory(  416): in version: git-ee868ef-[C2RKMpiDec]: fix RuntimeException for AdaptivePlaybackTest build-time: 2024-12-09 11:32:33 running on RadxaRock5C
12-11 13:17:10.847 I/C2RKComponentFactory(  416): DestroyRKCodec2Factory enter
12-11 13:17:10.847 I/C2RKComponentFactory(  416): in version: git-ee868ef-[C2RKMpiDec]: fix RuntimeException for AdaptivePlaybackTest build-time: 2024-12-09 11:32:33 running on RadxaRock5C
12-11 13:17:10.847 I/C2RKMpiEnc(  416): createInterface enter
12-11 13:17:10.848 I/android.hardware.media.c2@1.1-service(  416): missing struct descriptor #Param::CoreIndex(--004) for field values of struct #Param::CoreIndex(F-12004)
12-11 13:17:10.848 I/C2RKMpiEnc(  416): GopSetter enter
12-11 13:17:10.848 I/android.hardware.media.c2@1.1-service(  416): missing struct descriptor #Param::CoreIndex(--1812) for field values of struct #Param::CoreIndex(F-11812)
12-11 13:17:10.848 I/C2RKMpiEnc(  416): PictureQuantizationSetter enter
12-11 13:17:10.848 I/C2RKMpiEnc(  416): InputDelaySetter enter
12-11 13:17:10.848 I/C2RKMpiEnc(  416): LayeringSetter enter
12-11 13:17:10.848 I/C2RKMpiEnc(  416): PrependHeaderModeSetter enter
12-11 13:17:10.848 I/C2RKMpiEnc(  416): MProfileLevelSetter enter
12-11 13:17:10.848 I/C2RKMpiEnc(  416): MSliceSpaceSetter enter
12-11 13:17:10.848 I/C2RKMpiEnc(  416): MNumLTRFrmsSetter enter
12-11 13:17:10.848 I/C2RKMpiEnc(  416): MSarSizeSetter enter
12-11 13:17:10.848 I/C2RKMpiEnc(  416): MInputQueueCtlSetter enter
12-11 13:17:10.848 I/C2RKMpiEnc(  416): MLtrMarkFrmSetter enter
12-11 13:17:10.848 I/C2RKMpiEnc(  416): MLtrUseFrmSetter enter
12-11 13:17:10.848 I/C2RKMpiEnc(  416): MTriggerTimeSetter enter
12-11 13:17:10.848 I/android.hardware.graphics.allocator@4.0-service(  414): alloc_format: FMT:0x1,MOD:0
12-11 13:17:10.848 I/android.hardware.graphics.allocator@4.0-service(  414): mali_gralloc_adjust_dimensions: alloc_format=FMT:0x1,MOD:0 usage=0x20001a00 alloc_width=800, alloc_height=1280
12-11 13:17:10.848 I/C2RKComponentFactory(  416): DestroyRKCodec2Factory enter
12-11 13:17:10.848 I/ServiceWatcher(  651): [fused] connected to {com.android.location.fused/com.android.location.fused.FusedLocationService}
12-11 13:17:10.848 I/C2RKComponentFactory(  416): in version: git-ee868ef-[C2RKMpiDec]: fix RuntimeException for AdaptivePlaybackTest build-time: 2024-12-09 11:32:33 running on RadxaRock5C
12-11 13:17:10.849 I/C2RKComponentFactory(  416): DestroyRKCodec2Factory enter
12-11 13:17:10.849 D/android.hardware.graphics.allocator@4.0-service(  414): got new private_handle_t instance for buffer 'FramebufferSurface'. share_fd : 8, share_attr_fd : 9, width : 800, height : 1280, req_format : 0x1, producer_usage : 0x20001a00, consumer_usage : 0x20001a00, , stride : 0, alloc_format : 1, size : 4096000, layer_count : 1
12-11 13:17:10.849 D/android.hardware.graphics.allocator@4.0-service(  414): plane_info[0]: offset : 0, byte_stride : 3200, alloc_width : 800, alloc_height : 1280
12-11 13:17:10.849 D/android.hardware.graphics.allocator@4.0-service(  414): plane_info[1]: offset : 0, byte_stride : 0, alloc_width : 0, alloc_height : 0
12-11 13:17:10.849 I/C2RKComponentFactory(  416): in version: git-ee868ef-[C2RKMpiDec]: fix RuntimeException for AdaptivePlaybackTest build-time: 2024-12-09 11:32:33 running on RadxaRock5C
12-11 13:17:10.846 I/getprop ( 1181): type=1400 audit(0.0:3937): avc: denied { open } for path="/dev/__properties__/u:object_r:apexd_prop:s0" dev="tmpfs" ino=64 scontext=u:r:shell:s0 tcontext=u:object_r:apexd_prop:s0 tclass=file permissive=1
12-11 13:17:10.846 I/getprop ( 1181): type=1400 audit(0.0:3938): avc: denied { getattr } for path="/dev/__properties__/u:object_r:apexd_prop:s0" dev="tmpfs" ino=64 scontext=u:r:shell:s0 tcontext=u:object_r:apexd_prop:s0 tclass=file permissive=1
12-11 13:17:10.846 I/getprop ( 1181): type=1400 audit(0.0:3939): avc: denied { map } for path="/dev/__properties__/u:object_r:apexd_prop:s0" dev="tmpfs" ino=64 scontext=u:r:shell:s0 tcontext=u:object_r:apexd_prop:s0 tclass=file permissive=1
12-11 13:17:10.846 I/getprop ( 1181): type=1400 audit(0.0:3940): avc: denied { open } for path="/dev/__properties__/u:object_r:apk_verity_prop:s0" dev="tmpfs" ino=65 scontext=u:r:shell:s0 tcontext=u:object_r:apk_verity_prop:s0 tclass=file permissive=1
12-11 13:17:10.846 I/getprop ( 1181): type=1400 audit(0.0:3941): avc: denied { getattr } for path="/dev/__properties__/u:object_r:apk_verity_prop:s0" dev="tmpfs" ino=65 scontext=u:r:shell:s0 tcontext=u:object_r:apk_verity_prop:s0 tclass=file permissive=1
12-11 13:17:10.846 I/getprop ( 1181): type=1400 audit(0.0:3942): avc: denied { map } for path="/dev/__properties__/u:object_r:apk_verity_prop:s0" dev="tmpfs" ino=65 scontext=u:r:shell:s0 tcontext=u:object_r:apk_verity_prop:s0 tclass=file permissive=1
12-11 13:17:10.846 I/getprop ( 1181): type=1400 audit(0.0:3943): avc: denied { open } for path="/dev/__properties__/u:object_r:audio_config_prop:s0" dev="tmpfs" ino=67 scontext=u:r:shell:s0 tcontext=u:object_r:audio_config_prop:s0 tclass=file permissive=1
12-11 13:17:10.850 I/C2RKComponentFactory(  416): DestroyRKCodec2Factory enter
12-11 13:17:10.846 I/getprop ( 1181): type=1400 audit(0.0:3944): avc: denied { getattr } for path="/dev/__properties__/u:object_r:audio_config_prop:s0" dev="tmpfs" ino=67 scontext=u:r:shell:s0 tcontext=u:object_r:audio_config_prop:s0 tclass=file permissive=1
12-11 13:17:10.846 I/getprop ( 1181): type=1400 audit(0.0:3945): avc: denied { map } for path="/dev/__properties__/u:object_r:audio_config_prop:s0" dev="tmpfs" ino=67 scontext=u:r:shell:s0 tcontext=u:object_r:audio_config_prop:s0 tclass=file permissive=1
12-11 13:17:10.846 I/getprop ( 1181): type=1400 audit(0.0:3946): avc: denied { open } for path="/dev/__properties__/u:object_r:bluetooth_a2dp_offload_prop:s0" dev="tmpfs" ino=72 scontext=u:r:shell:s0 tcontext=u:object_r:bluetooth_a2dp_offload_prop:s0 tclass=file permissive=1
12-11 13:17:10.846 I/getprop ( 1181): type=1400 audit(0.0:3947): avc: denied { getattr } for path="/dev/__properties__/u:object_r:bluetooth_a2dp_offload_prop:s0" dev="tmpfs" ino=72 scontext=u:r:shell:s0 tcontext=u:object_r:bluetooth_a2dp_offload_prop:s0 tclass=file permissive=1
12-11 13:17:10.846 I/getprop ( 1181): type=1400 audit(0.0:3948): avc: denied { map } for path="/dev/__properties__/u:object_r:bluetooth_a2dp_offload_prop:s0" dev="tmpfs" ino=72 scontext=u:r:shell:s0 tcontext=u:object_r:bluetooth_a2dp_offload_prop:s0 tclass=file permissive=1
12-11 13:17:10.846 I/getprop ( 1181): type=1400 audit(0.0:3949): avc: denied { open } for path="/dev/__properties__/u:object_r:bluetooth_audio_hal_prop:s0" dev="tmpfs" ino=73 scontext=u:r:shell:s0 tcontext=u:object_r:bluetooth_audio_hal_prop:s0 tclass=file permissive=1
12-11 13:17:10.846 I/getprop ( 1181): type=1400 audit(0.0:3950): avc: denied { getattr } for path="/dev/__properties__/u:object_r:bluetooth_audio_hal_prop:s0" dev="tmpfs" ino=73 scontext=u:r:shell:s0 tcontext=u:object_r:bluetooth_audio_hal_prop:s0 tclass=file permissive=1
12-11 13:17:10.851 I/C2RKComponentFactory(  416): in version: git-ee868ef-[C2RKMpiDec]: fix RuntimeException for AdaptivePlaybackTest build-time: 2024-12-09 11:32:33 running on RadxaRock5C
12-11 13:17:10.846 I/getprop ( 1181): type=1400 audit(0.0:3951): avc: denied { map } for path="/dev/__properties__/u:object_r:bluetooth_audio_hal_prop:s0" dev="tmpfs" ino=73 scontext=u:r:shell:s0 tcontext=u:object_r:bluetooth_audio_hal_prop:s0 tclass=file permissive=1
12-11 13:17:10.846 I/getprop ( 1181): type=1400 audit(0.0:3952): avc: denied { open } for path="/dev/__properties__/u:object_r:device_config_profcollect_native_boot_prop:s0" dev="tmpfs" ino=138 scontext=u:r:shell:s0 tcontext=u:object_r:device_config_profcollect_native_boot_prop:s0 tclass=file permissive=1
12-11 13:17:10.846 I/getprop ( 1181): type=1400 audit(0.0:3953): avc: denied { getattr } for path="/dev/__properties__/u:object_r:device_config_profcollect_native_boot_prop:s0" dev="tmpfs" ino=138 scontext=u:r:shell:s0 tcontext=u:object_r:device_config_profcollect_native_boot_prop:s0 tclass=file permissive=1
12-11 13:17:10.846 I/getprop ( 1181): type=1400 audit(0.0:3954): avc: denied { map } for path="/dev/__properties__/u:object_r:device_config_profcollect_native_boot_prop:s0" dev="tmpfs" ino=138 scontext=u:r:shell:s0 tcontext=u:object_r:device_config_profcollect_native_boot_prop:s0 tclass=file permissive=1
12-11 13:17:10.846 I/getprop ( 1181): type=1400 audit(0.0:3955): avc: denied { open } for path="/dev/__properties__/u:object_r:device_config_reset_performed_prop:s0" dev="tmpfs" ino=139 scontext=u:r:shell:s0 tcontext=u:object_r:device_config_reset_performed_prop:s0 tclass=file permissive=1
12-11 13:17:10.846 I/getprop ( 1181): type=1400 audit(0.0:3956): avc: denied { getattr } for path="/dev/__properties__/u:object_r:device_config_reset_performed_prop:s0" dev="tmpfs" ino=139 scontext=u:r:shell:s0 tcontext=u:object_r:device_config_reset_performed_prop:s0 tclass=file permissive=1
12-11 13:17:10.846 I/getprop ( 1181): type=1400 audit(0.0:3957): avc: denied { map } for path="/dev/__properties__/u:object_r:device_config_reset_performed_prop:s0" dev="tmpfs" ino=139 scontext=u:r:shell:s0 tcontext=u:object_r:device_config_reset_performed_prop:s0 tclass=file permissive=1
12-11 13:17:10.851 I/C2RKComponentFactory(  416): DestroyRKCodec2Factory enter
12-11 13:17:10.851 I/C2RKComponentFactory(  416): in version: git-ee868ef-[C2RKMpiDec]: fix RuntimeException for AdaptivePlaybackTest build-time: 2024-12-09 11:32:33 running on RadxaRock5C
12-11 13:17:10.846 I/getprop ( 1181): type=1400 audit(0.0:3958): avc: denied { open } for path="/dev/__properties__/u:object_r:exported_bluetooth_prop:s0" dev="tmpfs" ino=155 scontext=u:r:shell:s0 tcontext=u:object_r:exported_bluetooth_prop:s0 tclass=file permissive=1
12-11 13:17:10.851 I/C2RKMpiEnc(  416): createInterface enter
12-11 13:17:10.846 I/getprop ( 1181): type=1400 audit(0.0:3959): avc: denied { getattr } for path="/dev/__properties__/u:object_r:exported_bluetooth_prop:s0" dev="tmpfs" ino=155 scontext=u:r:shell:s0 tcontext=u:object_r:exported_bluetooth_prop:s0 tclass=file permissive=1
12-11 13:17:10.846 I/getprop ( 1181): type=1400 audit(0.0:3960): avc: denied { map } for path="/dev/__properties__/u:object_r:exported_bluetooth_prop:s0" dev="tmpfs" ino=155 scontext=u:r:shell:s0 tcontext=u:object_r:exported_bluetooth_prop:s0 tclass=file permissive=1
12-11 13:17:10.851 I/android.hardware.media.c2@1.1-service(  416): missing struct descriptor #Param::CoreIndex(--004) for field values of struct #Param::CoreIndex(F-12004)
12-11 13:17:10.851 I/C2RKMpiEnc(  416): GopSetter enter
12-11 13:17:10.851 I/android.hardware.media.c2@1.1-service(  416): missing struct descriptor #Param::CoreIndex(--1812) for field values of struct #Param::CoreIndex(F-11812)
12-11 13:17:10.851 I/C2RKMpiEnc(  416): PictureQuantizationSetter enter
12-11 13:17:10.851 I/C2RKMpiEnc(  416): InputDelaySetter enter
12-11 13:17:10.846 I/getprop ( 1181): type=1400 audit(0.0:3961): avc: denied { open } for path="/dev/__properties__/u:object_r:exported_overlay_prop:s0" dev="tmpfs" ino=159 scontext=u:r:shell:s0 tcontext=u:object_r:exported_overlay_prop:s0 tclass=file permissive=1
12-11 13:17:10.846 I/getprop ( 1181): type=1400 audit(0.0:3962): avc: denied { getattr } for path="/dev/__properties__/u:object_r:exported_overlay_prop:s0" dev="tmpfs" ino=159 scontext=u:r:shell:s0 tcontext=u:object_r:exported_overlay_prop:s0 tclass=file permissive=1
12-11 13:17:10.846 I/getprop ( 1181): type=1400 audit(0.0:3963): avc: denied { map } for path="/dev/__properties__/u:object_r:exported_overlay_prop:s0" dev="tmpfs" ino=159 scontext=u:r:shell:s0 tcontext=u:object_r:exported_overlay_prop:s0 tclass=file permissive=1
12-11 13:17:10.846 I/getprop ( 1181): type=1400 audit(0.0:3964): avc: denied { open } for path="/dev/__properties__/u:object_r:fastbootd_protocol_prop:s0" dev="tmpfs" ino=162 scontext=u:r:shell:s0 tcontext=u:object_r:fastbootd_protocol_prop:s0 tclass=file permissive=1
12-11 13:17:10.852 I/C2RKMpiEnc(  416): LayeringSetter enter
12-11 13:17:10.852 I/C2RKMpiEnc(  416): PrependHeaderModeSetter enter
12-11 13:17:10.852 I/C2RKMpiEnc(  416): MProfileLevelSetter enter
12-11 13:17:10.852 I/C2RKMpiEnc(  416): MSliceSpaceSetter enter
12-11 13:17:10.852 I/C2RKMpiEnc(  416): MNumLTRFrmsSetter enter
12-11 13:17:10.852 I/C2RKMpiEnc(  416): MSarSizeSetter enter
12-11 13:17:10.852 I/C2RKMpiEnc(  416): MInputQueueCtlSetter enter
12-11 13:17:10.852 I/C2RKMpiEnc(  416): MLtrMarkFrmSetter enter
12-11 13:17:10.852 I/C2RKMpiEnc(  416): MLtrUseFrmSetter enter
12-11 13:17:10.852 I/C2RKMpiEnc(  416): MTriggerTimeSetter enter
12-11 13:17:10.846 I/getprop ( 1181): type=1400 audit(0.0:3965): avc: denied { getattr } for path="/dev/__properties__/u:object_r:fastbootd_protocol_prop:s0" dev="tmpfs" ino=162 scontext=u:r:shell:s0 tcontext=u:object_r:fastbootd_protocol_prop:s0 tclass=file permissive=1
12-11 13:17:10.846 I/getprop ( 1181): type=1400 audit(0.0:3966): avc: denied { map } for path="/dev/__properties__/u:object_r:fastbootd_protocol_prop:s0" dev="tmpfs" ino=162 scontext=u:r:shell:s0 tcontext=u:object_r:fastbootd_protocol_prop:s0 tclass=file permissive=1
12-11 13:17:10.846 I/getprop ( 1181): type=1400 audit(0.0:3967): avc: denied { open } for path="/dev/__properties__/u:object_r:ffs_control_prop:s0" dev="tmpfs" ino=164 scontext=u:r:shell:s0 tcontext=u:object_r:ffs_control_prop:s0 tclass=file permissive=1
12-11 13:17:10.846 I/getprop ( 1181): type=1400 audit(0.0:3968): avc: denied { getattr } for path="/dev/__properties__/u:object_r:ffs_control_prop:s0" dev="tmpfs" ino=164 scontext=u:r:shell:s0 tcontext=u:object_r:ffs_control_prop:s0 tclass=file permissive=1
12-11 13:17:10.846 I/getprop ( 1181): type=1400 audit(0.0:3969): avc: denied { map } for path="/dev/__properties__/u:object_r:ffs_control_prop:s0" dev="tmpfs" ino=164 scontext=u:r:shell:s0 tcontext=u:object_r:ffs_control_prop:s0 tclass=file permissive=1
12-11 13:17:10.846 I/getprop ( 1181): type=1400 audit(0.0:3970): avc: denied { open } for path="/dev/__properties__/u:object_r:firstboot_prop:s0" dev="tmpfs" ino=166 scontext=u:r:shell:s0 tcontext=u:object_r:firstboot_prop:s0 tclass=file permissive=1
12-11 13:17:10.846 I/getprop ( 1181): type=1400 audit(0.0:3971): avc: denied { getattr } for path="/dev/__properties__/u:object_r:firstboot_prop:s0" dev="tmpfs" ino=166 scontext=u:r:shell:s0 tcontext=u:object_r:firstboot_prop:s0 tclass=file permissive=1
12-11 13:17:10.846 I/getprop ( 1181): type=1400 audit(0.0:3972): avc: denied { map } for path="/dev/__properties__/u:object_r:firstboot_prop:s0" dev="tmpfs" ino=166 scontext=u:r:shell:s0 tcontext=u:object_r:firstboot_prop:s0 tclass=file permissive=1
12-11 13:17:10.846 I/getprop ( 1181): type=1400 audit(0.0:3973): avc: denied { open } for path="/dev/__properties__/u:object_r:framework_watchdog_config_prop:s0" dev="tmpfs" ino=167 scontext=u:r:shell:s0 tcontext=u:object_r:framework_watchdog_config_prop:s0 tclass=file permissive=1
12-11 13:17:10.846 I/getprop ( 1181): type=1400 audit(0.0:3974): avc: denied { getattr } for path="/dev/__properties__/u:object_r:framework_watchdog_config_prop:s0" dev="tmpfs" ino=167 scontext=u:r:shell:s0 tcontext=u:object_r:framework_watchdog_config_prop:s0 tclass=file permissive=1
12-11 13:17:10.846 I/getprop ( 1181): type=1400 audit(0.0:3975): avc: denied { map } for path="/dev/__properties__/u:object_r:framework_watchdog_config_prop:s0" dev="tmpfs" ino=167 scontext=u:r:shell:s0 tcontext=u:object_r:framework_watchdog_config_prop:s0 tclass=file permissive=1
12-11 13:17:10.846 I/getprop ( 1181): type=1400 audit(0.0:3976): avc: denied { open } for path="/dev/__properties__/u:object_r:hal_dumpstate_config_prop:s0" dev="tmpfs" ino=170 scontext=u:r:shell:s0 tcontext=u:object_r:hal_dumpstate_config_prop:s0 tclass=file permissive=1
12-11 13:17:10.846 I/getprop ( 1181): type=1400 audit(0.0:3977): avc: denied { getattr } for path="/dev/__properties__/u:object_r:hal_dumpstate_config_prop:s0" dev="tmpfs" ino=170 scontext=u:r:shell:s0 tcontext=u:object_r:hal_dumpstate_config_prop:s0 tclass=file permissive=1
12-11 13:17:10.846 I/getprop ( 1181): type=1400 audit(0.0:3978): avc: denied { map } for path="/dev/__properties__/u:object_r:hal_dumpstate_config_prop:s0" dev="tmpfs" ino=170 scontext=u:r:shell:s0 tcontext=u:object_r:hal_dumpstate_config_prop:s0 tclass=file permissive=1
12-11 13:17:10.846 I/getprop ( 1181): type=1400 audit(0.0:3979): avc: denied { open } for path="/dev/__properties__/u:object_r:hypervisor_prop:s0" dev="tmpfs" ino=177 scontext=u:r:shell:s0 tcontext=u:object_r:hypervisor_prop:s0 tclass=file permissive=1
12-11 13:17:10.846 I/getprop ( 1181): type=1400 audit(0.0:3980): avc: denied { getattr } for path="/dev/__properties__/u:object_r:hypervisor_prop:s0" dev="tmpfs" ino=177 scontext=u:r:shell:s0 tcontext=u:object_r:hypervisor_prop:s0 tclass=file permissive=1
12-11 13:17:10.846 I/getprop ( 1181): type=1400 audit(0.0:3981): avc: denied { map } for path="/dev/__properties__/u:object_r:hypervisor_prop:s0" dev="tmpfs" ino=177 scontext=u:r:shell:s0 tcontext=u:object_r:hypervisor_prop:s0 tclass=file permissive=1
12-11 13:17:10.846 I/getprop ( 1181): type=1400 audit(0.0:3982): avc: denied { open } for path="/dev/__properties__/u:object_r:incremental_prop:s0" dev="tmpfs" ino=178 scontext=u:r:shell:s0 tcontext=u:object_r:incremental_prop:s0 tclass=file permissive=1
12-11 13:17:10.846 I/getprop ( 1181): type=1400 audit(0.0:3983): avc: denied { getattr } for path="/dev/__properties__/u:object_r:incremental_prop:s0" dev="tmpfs" ino=178 scontext=u:r:shell:s0 tcontext=u:object_r:incremental_prop:s0 tclass=file permissive=1
12-11 13:17:10.846 I/getprop ( 1181): type=1400 audit(0.0:3984): avc: denied { map } for path="/dev/__properties__/u:object_r:incremental_prop:s0" dev="tmpfs" ino=178 scontext=u:r:shell:s0 tcontext=u:object_r:incremental_prop:s0 tclass=file permissive=1
12-11 13:17:10.846 I/getprop ( 1181): type=1400 audit(0.0:3985): avc: denied { open } for path="/dev/__properties__/u:object_r:init_svc_debug_prop:s0" dev="tmpfs" ino=182 scontext=u:r:shell:s0 tcontext=u:object_r:init_svc_debug_prop:s0 tclass=file permissive=1
12-11 13:17:10.846 I/getprop ( 1181): type=1400 audit(0.0:3986): avc: denied { getattr } for path="/dev/__properties__/u:object_r:init_svc_debug_prop:s0" dev="tmpfs" ino=182 scontext=u:r:shell:s0 tcontext=u:object_r:init_svc_debug_prop:s0 tclass=file permissive=1
12-11 13:17:10.846 I/getprop ( 1181): type=1400 audit(0.0:3987): avc: denied { map } for path="/dev/__properties__/u:object_r:init_svc_debug_prop:s0" dev="tmpfs" ino=182 scontext=u:r:shell:s0 tcontext=u:object_r:init_svc_debug_prop:s0 tclass=file permissive=1
12-11 13:17:10.846 I/getprop ( 1181): type=1400 audit(0.0:3988): avc: denied { open } for path="/dev/__properties__/u:object_r:keyguard_config_prop:s0" dev="tmpfs" ino=183 scontext=u:r:shell:s0 tcontext=u:object_r:keyguard_config_prop:s0 tclass=file permissive=1
12-11 13:17:10.846 I/getprop ( 1181): type=1400 audit(0.0:3989): avc: denied { getattr } for path="/dev/__properties__/u:object_r:keyguard_config_prop:s0" dev="tmpfs" ino=183 scontext=u:r:shell:s0 tcontext=u:object_r:keyguard_config_prop:s0 tclass=file permissive=1
12-11 13:17:10.846 I/getprop ( 1181): type=1400 audit(0.0:3990): avc: denied { map } for path="/dev/__properties__/u:object_r:keyguard_config_prop:s0" dev="tmpfs" ino=183 scontext=u:r:shell:s0 tcontext=u:object_r:keyguard_config_prop:s0 tclass=file permissive=1
12-11 13:17:10.846 I/getprop ( 1181): type=1400 audit(0.0:3991): avc: denied { open } for path="/dev/__properties__/u:object_r:keystore_crash_prop:s0" dev="tmpfs" ino=184 scontext=u:r:shell:s0 tcontext=u:object_r:keystore_crash_prop:s0 tclass=file permissive=1
12-11 13:17:10.846 I/getprop ( 1181): type=1400 audit(0.0:3992): avc: denied { getattr } for path="/dev/__properties__/u:object_r:keystore_crash_prop:s0" dev="tmpfs" ino=184 scontext=u:r:shell:s0 tcontext=u:object_r:keystore_crash_prop:s0 tclass=file permissive=1
12-11 13:17:10.846 I/getprop ( 1181): type=1400 audit(0.0:3993): avc: denied { map } for path="/dev/__properties__/u:object_r:keystore_crash_prop:s0" dev="tmpfs" ino=184 scontext=u:r:shell:s0 tcontext=u:object_r:keystore_crash_prop:s0 tclass=file permissive=1
12-11 13:17:10.846 I/getprop ( 1181): type=1400 audit(0.0:3994): avc: denied { open } for path="/dev/__properties__/u:object_r:keystore_listen_prop:s0" dev="tmpfs" ino=185 scontext=u:r:shell:s0 tcontext=u:object_r:keystore_listen_prop:s0 tclass=file permissive=1
12-11 13:17:10.846 I/getprop ( 1181): type=1400 audit(0.0:3995): avc: denied { getattr } for path="/dev/__properties__/u:object_r:keystore_listen_prop:s0" dev="tmpfs" ino=185 scontext=u:r:shell:s0 tcontext=u:object_r:keystore_listen_prop:s0 tclass=file permissive=1
12-11 13:17:10.846 I/getprop ( 1181): type=1400 audit(0.0:3996): avc: denied { map } for path="/dev/__properties__/u:object_r:keystore_listen_prop:s0" dev="tmpfs" ino=185 scontext=u:r:shell:s0 tcontext=u:object_r:keystore_listen_prop:s0 tclass=file permissive=1
12-11 13:17:10.846 I/getprop ( 1181): type=1400 audit(0.0:3997): avc: denied { open } for path="/dev/__properties__/u:object_r:llkd_prop:s0" dev="tmpfs" ino=188 scontext=u:r:shell:s0 tcontext=u:object_r:llkd_prop:s0 tclass=file permissive=1
12-11 13:17:10.846 I/getprop ( 1181): type=1400 audit(0.0:3998): avc: denied { getattr } for path="/dev/__properties__/u:object_r:llkd_prop:s0" dev="tmpfs" ino=188 scontext=u:r:shell:s0 tcontext=u:object_r:llkd_prop:s0 tclass=file permissive=1
12-11 13:17:10.846 I/getprop ( 1181): type=1400 audit(0.0:3999): avc: denied { map } for path="/dev/__properties__/u:object_r:llkd_prop:s0" dev="tmpfs" ino=188 scontext=u:r:shell:s0 tcontext=u:object_r:llkd_prop:s0 tclass=file permissive=1
12-11 13:17:10.846 I/getprop ( 1181): type=1400 audit(0.0:4000): avc: denied { open } for path="/dev/__properties__/u:object_r:lmkd_prop:s0" dev="tmpfs" ino=190 scontext=u:r:shell:s0 tcontext=u:object_r:lmkd_prop:s0 tclass=file permissive=1
12-11 13:17:10.846 I/getprop ( 1181): type=1400 audit(0.0:4001): avc: denied { getattr } for path="/dev/__properties__/u:object_r:lmkd_prop:s0" dev="tmpfs" ino=190 scontext=u:r:shell:s0 tcontext=u:object_r:lmkd_prop:s0 tclass=file permissive=1
12-11 13:17:10.846 I/getprop ( 1181): type=1400 audit(0.0:4002): avc: denied { map } for path="/dev/__properties__/u:object_r:lmkd_prop:s0" dev="tmpfs" ino=190 scontext=u:r:shell:s0 tcontext=u:object_r:lmkd_prop:s0 tclass=file permissive=1
12-11 13:17:10.846 I/getprop ( 1181): type=1400 audit(0.0:4003): avc: denied { open } for path="/dev/__properties__/u:object_r:lower_kptr_restrict_prop:s0" dev="tmpfs" ino=196 scontext=u:r:shell:s0 tcontext=u:object_r:lower_kptr_restrict_prop:s0 tclass=file permissive=1
12-11 13:17:10.846 I/getprop ( 1181): type=1400 audit(0.0:4004): avc: denied { getattr } for path="/dev/__properties__/u:object_r:lower_kptr_restrict_prop:s0" dev="tmpfs" ino=196 scontext=u:r:shell:s0 tcontext=u:object_r:lower_kptr_restrict_prop:s0 tclass=file permissive=1
12-11 13:17:10.846 I/getprop ( 1181): type=1400 audit(0.0:4005): avc: denied { map } for path="/dev/__properties__/u:object_r:lower_kptr_restrict_prop:s0" dev="tmpfs" ino=196 scontext=u:r:shell:s0 tcontext=u:object_r:lower_kptr_restrict_prop:s0 tclass=file permissive=1
12-11 13:17:10.846 I/getprop ( 1181): type=1400 audit(0.0:4006): avc: denied { open } for path="/dev/__properties__/u:object_r:lowpan_prop:s0" dev="tmpfs" ino=197 scontext=u:r:shell:s0 tcontext=u:object_r:lowpan_prop:s0 tclass=file permissive=1
12-11 13:17:10.846 I/getprop ( 1181): type=1400 audit(0.0:4007): avc: denied { getattr } for path="/dev/__properties__/u:object_r:lowpan_prop:s0" dev="tmpfs" ino=197 scontext=u:r:shell:s0 tcontext=u:object_r:lowpan_prop:s0 tclass=file permissive=1
12-11 13:17:10.846 I/getprop ( 1181): type=1400 audit(0.0:4008): avc: denied { map } for path="/dev/__properties__/u:object_r:lowpan_prop:s0" dev="tmpfs" ino=197 scontext=u:r:shell:s0 tcontext=u:object_r:lowpan_prop:s0 tclass=file permissive=1
12-11 13:17:10.850 I/getprop ( 1181): type=1400 audit(0.0:4009): avc: denied { open } for path="/dev/__properties__/u:object_r:odsign_prop:s0" dev="tmpfs" ino=213 scontext=u:r:shell:s0 tcontext=u:object_r:odsign_prop:s0 tclass=file permissive=1
12-11 13:17:10.850 I/getprop ( 1181): type=1400 audit(0.0:4010): avc: denied { getattr } for path="/dev/__properties__/u:object_r:odsign_prop:s0" dev="tmpfs" ino=213 scontext=u:r:shell:s0 tcontext=u:object_r:odsign_prop:s0 tclass=file permissive=1
12-11 13:17:10.850 I/getprop ( 1181): type=1400 audit(0.0:4011): avc: denied { map } for path="/dev/__properties__/u:object_r:odsign_prop:s0" dev="tmpfs" ino=213 scontext=u:r:shell:s0 tcontext=u:object_r:odsign_prop:s0 tclass=file permissive=1
12-11 13:17:10.850 I/getprop ( 1181): type=1400 audit(0.0:4012): avc: denied { open } for path="/dev/__properties__/u:object_r:oem_unlock_prop:s0" dev="tmpfs" ino=214 scontext=u:r:shell:s0 tcontext=u:object_r:oem_unlock_prop:s0 tclass=file permissive=1
12-11 13:17:10.850 I/getprop ( 1181): type=1400 audit(0.0:4013): avc: denied { getattr } for path="/dev/__properties__/u:object_r:oem_unlock_prop:s0" dev="tmpfs" ino=214 scontext=u:r:shell:s0 tcontext=u:object_r:oem_unlock_prop:s0 tclass=file permissive=1
12-11 13:17:10.850 I/getprop ( 1181): type=1400 audit(0.0:4014): avc: denied { map } for path="/dev/__properties__/u:object_r:oem_unlock_prop:s0" dev="tmpfs" ino=214 scontext=u:r:shell:s0 tcontext=u:object_r:oem_unlock_prop:s0 tclass=file permissive=1
12-11 13:17:10.850 I/getprop ( 1181): type=1400 audit(0.0:4015): avc: denied { map } for path="/dev/__properties__/u:object_r:overlay_prop:s0" dev="tmpfs" ino=216 scontext=u:r:shell:s0 tcontext=u:object_r:overlay_prop:s0 tclass=file permissive=1
12-11 13:17:10.850 I/getprop ( 1181): type=1400 audit(0.0:4016): avc: denied { open } for path="/dev/__properties__/u:object_r:vold_post_fs_data_prop:s0" dev="tmpfs" ino=300 scontext=u:r:shell:s0 tcontext=u:object_r:vold_post_fs_data_prop:s0 tclass=file permissive=1
12-11 13:17:10.850 I/getprop ( 1181): type=1400 audit(0.0:4017): avc: denied { getattr } for path="/dev/__properties__/u:object_r:vold_post_fs_data_prop:s0" dev="tmpfs" ino=300 scontext=u:r:shell:s0 tcontext=u:object_r:vold_post_fs_data_prop:s0 tclass=file permissive=1
12-11 13:17:10.850 I/getprop ( 1181): type=1400 audit(0.0:4018): avc: denied { map } for path="/dev/__properties__/u:object_r:vold_post_fs_data_prop:s0" dev="tmpfs" ino=300 scontext=u:r:shell:s0 tcontext=u:object_r:vold_post_fs_data_prop:s0 tclass=file permissive=1
12-11 13:17:10.853 D/ControlsListingControllerImpl(  840): Subscribing callback, service count: 0
12-11 13:17:10.854 I/C2RKComponentFactory(  416): in version: git-ee868ef-[C2RKMpiDec]: fix RuntimeException for AdaptivePlaybackTest build-time: 2024-12-09 11:32:33 running on RadxaRock5C
12-11 13:17:10.854 I/C2RKComponentFactory(  416): DestroyRKCodec2Factory enter
12-11 13:17:10.855 I/C2RKComponentFactory(  416): in version: git-ee868ef-[C2RKMpiDec]: fix RuntimeException for AdaptivePlaybackTest build-time: 2024-12-09 11:32:33 running on RadxaRock5C
12-11 13:17:10.855 I/C2RKComponentFactory(  416): DestroyRKCodec2Factory enter
12-11 13:17:10.855 I/C2RKComponentFactory(  416): in version: git-ee868ef-[C2RKMpiDec]: fix RuntimeException for AdaptivePlaybackTest build-time: 2024-12-09 11:32:33 running on RadxaRock5C
12-11 13:17:10.855 I/C2RKComponentFactory(  416): DestroyRKCodec2Factory enter
12-11 13:17:10.855 I/C2RKComponentFactory(  416): in version: git-ee868ef-[C2RKMpiDec]: fix RuntimeException for AdaptivePlaybackTest build-time: 2024-12-09 11:32:33 running on RadxaRock5C
12-11 13:17:10.856 I/C2RKComponentFactory(  416): DestroyRKCodec2Factory enter
12-11 13:17:10.856 I/C2RKComponentFactory(  416): in version: git-ee868ef-[C2RKMpiDec]: fix RuntimeException for AdaptivePlaybackTest build-time: 2024-12-09 11:32:33 running on RadxaRock5C
12-11 13:17:10.856 I/C2RKComponentFactory(  416): DestroyRKCodec2Factory enter
12-11 13:17:10.856 I/C2RKComponentFactory(  416): in version: git-ee868ef-[C2RKMpiDec]: fix RuntimeException for AdaptivePlaybackTest build-time: 2024-12-09 11:32:33 running on RadxaRock5C
12-11 13:17:10.856 I/C2RKComponentFactory(  416): DestroyRKCodec2Factory enter
12-11 13:17:10.857 I/C2RKComponentFactory(  416): in version: git-ee868ef-[C2RKMpiDec]: fix RuntimeException for AdaptivePlaybackTest build-time: 2024-12-09 11:32:33 running on RadxaRock5C
