12-11 13:17:10.857 I/C2RKMpiEnc(  416): createInterface enter
12-11 13:17:10.857 I/android.hardware.media.c2@1.1-service(  416): missing struct descriptor #Param::CoreIndex(--004) for field values of struct #Param::CoreIndex(F-12004)
12-11 13:17:10.857 I/C2RKMpiEnc(  416): GopSetter enter
12-11 13:17:10.857 I/android.hardware.media.c2@1.1-service(  416): missing struct descriptor #Param::CoreIndex(--1812) for field values of struct #Param::CoreIndex(F-11812)
12-11 13:17:10.857 I/C2RKMpiEnc(  416): PictureQuantizationSetter enter
12-11 13:17:10.857 I/C2RKMpiEnc(  416): InputDelaySetter enter
12-11 13:17:10.857 I/C2RKMpiEnc(  416): LayeringSetter enter
12-11 13:17:10.857 I/C2RKMpiEnc(  416): PrependHeaderModeSetter enter
12-11 13:17:10.857 I/C2RKMpiEnc(  416): MProfileLevelSetter enter
12-11 13:17:10.857 I/C2RKMpiEnc(  416): MSliceSpaceSetter enter
12-11 13:17:10.857 I/C2RKMpiEnc(  416): MNumLTRFrmsSetter enter
12-11 13:17:10.857 I/C2RKMpiEnc(  416): MSarSizeSetter enter
12-11 13:17:10.857 I/C2RKMpiEnc(  416): MInputQueueCtlSetter enter
12-11 13:17:10.857 I/C2RKMpiEnc(  416): MLtrMarkFrmSetter enter
12-11 13:17:10.857 I/C2RKMpiEnc(  416): MLtrUseFrmSetter enter
12-11 13:17:10.857 I/C2RKMpiEnc(  416): MTriggerTimeSetter enter
12-11 13:17:10.857 I/C2RKComponentFactory(  416): DestroyRKCodec2Factory enter
12-11 13:17:10.857 I/C2RKComponentFactory(  416): in version: git-ee868ef-[C2RKMpiDec]: fix RuntimeException for AdaptivePlaybackTest build-time: 2024-12-09 11:32:33 running on RadxaRock5C
12-11 13:17:10.858 I/C2RKComponentFactory(  416): DestroyRKCodec2Factory enter
12-11 13:17:10.858 I/C2RKComponentFactory(  416): in version: git-ee868ef-[C2RKMpiDec]: fix RuntimeException for AdaptivePlaybackTest build-time: 2024-12-09 11:32:33 running on RadxaRock5C
12-11 13:17:10.858 I/C2RKComponentFactory(  416): DestroyRKCodec2Factory enter
12-11 13:17:10.858 W/KeyguardUserSwitcherController(  840): Current user is not listed
12-11 13:17:10.859 V/C2Store (  480): in init
12-11 13:17:10.859 V/C2Store (  480): loading dll
12-11 13:17:10.883 D/NetworkSecurityConfig(  651): No Network Security Config specified, using platform default
12-11 13:17:10.883 W/nsconfig(  651): com.android.networkstack.inprocess: New config does not match the previously set config.
12-11 13:17:10.885 I/WebViewZygoteInit( 1069): Application preload done
12-11 13:17:10.887 I/hwservicemanager(  305): getTransport: Cannot find entry android.hardware.radio@1.6::IRadio/slot1 in either framework or device VINTF manifest.
12-11 13:17:10.888 V/C2Store (  480): in ~ComponentModule
12-11 13:17:10.888 V/C2Store (  480): unloading dll
12-11 13:17:10.888 V/C2Store (  480): in init
12-11 13:17:10.888 I/hwservicemanager(  305): getTransport: Cannot find entry android.hardware.radio@1.5::IRadio/slot1 in either framework or device VINTF manifest.
12-11 13:17:10.888 V/C2Store (  480): loading dll
12-11 13:17:10.888 I/hwservicemanager(  305): getTransport: Cannot find entry android.hardware.radio@1.4::IRadio/slot1 in either framework or device VINTF manifest.
12-11 13:17:10.888 I/hwservicemanager(  305): getTransport: Cannot find entry android.hardware.radio@1.3::IRadio/slot1 in either framework or device VINTF manifest.
12-11 13:17:10.888 I/hwservicemanager(  305): getTransport: Cannot find entry android.hardware.radio@1.2::IRadio/slot1 in either framework or device VINTF manifest.
12-11 13:17:10.889 I/hwservicemanager(  305): getTransport: Cannot find entry android.hardware.radio@1.1::IRadio/slot1 in either framework or device VINTF manifest.
12-11 13:17:10.889 I/hwservicemanager(  305): getTransport: Cannot find entry android.hardware.radio@1.0::IRadio/slot1 in either framework or device VINTF manifest.
12-11 13:17:10.900 V/C2Store (  480): in ~ComponentModule
12-11 13:17:10.900 V/C2Store (  480): unloading dll
12-11 13:17:10.900 V/C2Store (  480): in init
12-11 13:17:10.900 V/C2Store (  480): loading dll
12-11 13:17:10.903 D/ConnectivityService(  651): requestNetwork for uid/pid:1000/651 activeRequest: null callbackRequest: 21 [NetworkRequest [ REQUEST id=22, [ Capabilities: INTERNET&NOT_RESTRICTED&TRUSTED&NOT_VCN_MANAGED Uid: 1000 RequestorUid: 1000 RequestorPkg: com.android.networkstack.inprocess] ]] callback flags: 0 priority: 2147483647
12-11 13:17:10.904 D/ConnectivityService(  651): NetReassign [no changes]
12-11 13:17:10.904 D/ConnectivityService(  651): NetReassign [no changes]
12-11 13:17:10.904 I/netd    (  402): registerUnsolicitedEventListener() <0.02ms>
12-11 13:17:10.905 D/ApplicationLoaders(  651): Returning zygote-cached class loader: /system/framework/android.test.base.jar
12-11 13:17:10.906 V/C2Store (  480): in ~ComponentModule
12-11 13:17:10.906 V/C2Store (  480): unloading dll
12-11 13:17:10.907 V/C2Store (  480): in init
12-11 13:17:10.907 V/C2Store (  480): loading dll
12-11 13:17:10.913 D/NetworkSecurityConfig(  651): No Network Security Config specified, using platform default
12-11 13:17:10.913 V/C2Store (  480): in ~ComponentModule
12-11 13:17:10.914 V/C2Store (  480): unloading dll
12-11 13:17:10.914 V/C2Store (  480): in init
12-11 13:17:10.914 V/C2Store (  480): loading dll
12-11 13:17:10.916 D/TelephonyProvider(  951): dbh.onOpen: ok, queried table=siminfo
12-11 13:17:10.916 D/TelephonyProvider(  951): dbh.onOpen: ok, queried table=carriers
12-11 13:17:10.916 I/WebViewLoader-(  875): System.exit called, status: 0
12-11 13:17:10.916 I/AndroidRuntime(  875): VM exiting with result code 0, cleanup skipped.
12-11 13:17:10.918 D/NetworkStats(  651): registerNetworkStatsProvider from OffloadController uid/pid=1000/651
12-11 13:17:10.918 V/C2Store (  480): in ~ComponentModule
12-11 13:17:10.918 V/C2Store (  480): unloading dll
12-11 13:17:10.918 V/C2Store (  480): in init
12-11 13:17:10.918 V/C2Store (  480): loading dll
12-11 13:17:10.921 I/ActivityManager(  651): Process WebViewLoader-arm64-v8a (pid 875) has died: psvc PER 
12-11 13:17:10.921 I/libprocessgroup(  651): Successfully killed process cgroup uid 1037 pid 875 in 0ms
12-11 13:17:10.922 I/Zygote  (  403): Process 875 exited cleanly (0)
12-11 13:17:10.923 V/C2Store (  480): in ~ComponentModule
12-11 13:17:10.923 V/C2Store (  480): unloading dll
12-11 13:17:10.923 V/C2Store (  480): in init
12-11 13:17:10.923 V/C2Store (  480): loading dll
12-11 13:17:10.924 D/NetworkStats(  651): registerNetworkStatsProvider from BpfCoordinator uid/pid=1000/651
12-11 13:17:10.923 I/system_server(  651): type=1400 audit(0.0:4019): avc: denied { search } for name="tethering" dev="bpf" ino=17841 scontext=u:r:system_server:s0 tcontext=u:object_r:fs_bpf_tethering:s0 tclass=dir permissive=1
12-11 13:17:10.926 E/Tethering(  651): [api31.BpfCoordinatorShimImpl] ERROR Could not clear mBpfDownstream4Map: android.system.ErrnoException: getNextMapKey failed: EBADF (Bad file descriptor)
12-11 13:17:10.926 E/Tethering(  651): [api31.BpfCoordinatorShimImpl] ERROR Could not clear mBpfUpstream4Map: android.system.ErrnoException: getNextMapKey failed: EBADF (Bad file descriptor)
12-11 13:17:10.926 E/Tethering(  651): [api31.BpfCoordinatorShimImpl] ERROR Could not clear mBpfDownstream6Map: android.system.ErrnoException: getNextMapKey failed: EBADF (Bad file descriptor)
12-11 13:17:10.926 E/Tethering(  651): [api31.BpfCoordinatorShimImpl] ERROR Could not clear mBpfUpstream6Map: android.system.ErrnoException: getNextMapKey failed: EBADF (Bad file descriptor)
12-11 13:17:10.926 E/Tethering(  651): [api31.BpfCoordinatorShimImpl] ERROR Could not clear mBpfStatsMap: android.system.ErrnoException: getNextMapKey failed: EBADF (Bad file descriptor)
12-11 13:17:10.926 E/Tethering(  651): [api31.BpfCoordinatorShimImpl] ERROR Could not clear mBpfLimitMap: android.system.ErrnoException: getNextMapKey failed: EBADF (Bad file descriptor)
12-11 13:17:10.926 E/Tethering(  651): [api31.BpfCoordinatorShimImpl] ERROR Could not clear mBpfDevMap: android.system.ErrnoException: getNextMapKey failed: EBADF (Bad file descriptor)
12-11 13:17:10.926 I/netd    (  402): registerUnsolicitedEventListener() <0.05ms>
12-11 13:17:10.927 D/CompatibilityChangeReporter(  651): Compat change id reported: 182478738; UID 1000; state: DISABLED
12-11 13:17:10.928 V/WifiManager(  651): registerSoftApCallback: callback=com.android.networkstack.tethering.Tethering$TetheringSoftApCallback@6864edb, executor=com.android.networkstack.tethering.Tethering$TetheringThreadExecutor@b987d78
12-11 13:17:10.928 V/WifiManager(  651): SoftApCallbackProxy: send InfoChanged, newInfo: SoftApInfo{bandwidth= 0, frequency= 0, wifiStandard= 0, mApInstanceIdentifier= null, mIdleShutdownTimeoutMillis= 0}
12-11 13:17:10.928 V/WifiManager(  651): SoftApCallbackProxy: send InfoChanged, changedInfoList: []
12-11 13:17:10.928 V/WifiManager(  651): SoftApCallbackProxy: send onConnectedClientsChanged(clients): []
12-11 13:17:10.928 D/ConnectivityService(  651): requestNetwork for uid/pid:1000/651 activeRequest: null callbackRequest: 24 [NetworkRequest [ TRACK_SYSTEM_DEFAULT id=24, [ Capabilities: INTERNET&NOT_RESTRICTED&TRUSTED&NOT_VPN&NOT_VCN_MANAGED RequestorUid: 1000 RequestorPkg: com.android.networkstack.tethering.inprocess] ]] callback flags: 0 priority: 2147483647
12-11 13:17:10.928 D/ConnectivityService(  651): NetReassign [no changes]
12-11 13:17:10.926 I/system_server(  651): type=1400 audit(0.0:4020): avc: denied { read } for name="state" dev="sysfs" ino=24803 scontext=u:r:system_server:s0 tcontext=u:object_r:sysfs:s0 tclass=file permissive=1
12-11 13:17:10.926 I/system_server(  651): type=1400 audit(0.0:4021): avc: denied { open } for path="/sys/devices/platform/fd5d0000.syscon/fd5d0000.syscon:usb2-phy@0/extcon/extcon0/state" dev="sysfs" ino=24803 scontext=u:r:system_server:s0 tcontext=u:object_r:sysfs:s0 tclass=file permissive=1
12-11 13:17:10.926 I/system_server(  651): type=1400 audit(0.0:4022): avc: denied { getattr } for path="/sys/devices/platform/fd5d0000.syscon/fd5d0000.syscon:usb2-phy@0/extcon/extcon0/state" dev="sysfs" ino=24803 scontext=u:r:system_server:s0 tcontext=u:object_r:sysfs:s0 tclass=file permissive=1
12-11 13:17:10.929 D/WiredAccessoryManager(  651): state.contains(CDP=) return
12-11 13:17:10.929 D/WiredAccessoryManager(  651): state.contains(CDP=) return
12-11 13:17:10.929 D/WiredAccessoryManager(  651): state.contains(CDP=) return
12-11 13:17:10.929 D/WiredAccessoryManager(  651): state.contains(CDP=) return
12-11 13:17:10.929 D/WiredAccessoryManager(  651): state.contains(CDP=) return
12-11 13:17:10.929 D/WiredAccessoryManager(  651): state.contains(CDP=) return
12-11 13:17:10.929 E/WiredAccessoryManager(  651): No state change.
12-11 13:17:10.929 D/WiredAccessoryManager(  651): state.contains(CDP=) return
12-11 13:17:10.929 D/WiredAccessoryManager(  651): state.contains(CDP=) return
12-11 13:17:10.929 D/WiredAccessoryManager(  651): state.contains(CDP=) return
12-11 13:17:10.929 D/WiredAccessoryManager(  651): state.contains(CDP=) return
12-11 13:17:10.929 D/WiredAccessoryManager(  651): state.contains(CDP=) return
12-11 13:17:10.929 D/WiredAccessoryManager(  651): state.contains(CDP=) return
12-11 13:17:10.929 E/WiredAccessoryManager(  651): No state change.
12-11 13:17:10.930 D/WiredAccessoryManager(  651): state.contains(CDP=) return
12-11 13:17:10.930 D/WiredAccessoryManager(  651): state.contains(CDP=) return
12-11 13:17:10.930 D/WiredAccessoryManager(  651): state.contains(CDP=) return
12-11 13:17:10.930 D/WiredAccessoryManager(  651): state.contains(CDP=) return
12-11 13:17:10.930 D/WiredAccessoryManager(  651): state.contains(CDP=) return
12-11 13:17:10.930 D/WiredAccessoryManager(  651): state.contains(CDP=) return
12-11 13:17:10.930 E/WiredAccessoryManager(  651): No state change.
12-11 13:17:10.930 E/WiredAccessoryManager(  651): No state change.
12-11 13:17:10.930 E/WiredAccessoryManager(  651): No state change.
12-11 13:17:10.932 W/TrustManagerService(  651): EXTRA_USER_HANDLE missing or invalid, value=0
12-11 13:17:10.933 D/SystemServerTiming(  651): ManagedServices.unbindOtherUserServices_current0
12-11 13:17:10.933 V/SystemServerTiming(  651): ManagedServices.unbindOtherUserServices_current0 took to complete: 1ms
12-11 13:17:10.933 D/SystemServerTiming(  651): ManagedServices.unbindOtherUserServices_current0
12-11 13:17:10.933 V/SystemServerTiming(  651): ManagedServices.unbindOtherUserServices_current0 took to complete: 0ms
12-11 13:17:10.934 D/SystemServerTiming(  651): ManagedServices.unbindOtherUserServices_current0
12-11 13:17:10.934 V/SystemServerTiming(  651): ManagedServices.unbindOtherUserServices_current0 took to complete: 0ms
12-11 13:17:10.934 V/NotificationAssistants(  651): enabling notification assistant for 0: ComponentInfo{android.ext.services/android.ext.services.notification.Assistant}
12-11 13:17:10.934 V/NotificationAssistants(  651): binding: Intent { act=android.service.notification.NotificationAssistantService cmp=android.ext.services/.notification.Assistant (has extras) }
12-11 13:17:10.934 E/AppHibernationService(  651): Attempt to call isHibernatingForUser on stopped or nonexistent user 0
12-11 13:17:10.937 V/C2Store (  480): in ~ComponentModule
12-11 13:17:10.937 V/C2Store (  480): unloading dll
12-11 13:17:10.937 V/C2Store (  480): in init
12-11 13:17:10.937 V/C2Store (  480): loading dll
12-11 13:17:10.941 E/AppHibernationService(  651): Attempt to call isHibernatingForUser on stopped or nonexistent user 0
12-11 13:17:10.941 D/CompatibilityChangeReporter(  651): Compat change id reported: 135634846; UID 10074; state: DISABLED
12-11 13:17:10.942 D/CompatibilityChangeReporter(  651): Compat change id reported: 177438394; UID 10074; state: DISABLED
12-11 13:17:10.942 D/CompatibilityChangeReporter(  651): Compat change id reported: 135772972; UID 10074; state: DISABLED
12-11 13:17:10.942 D/CompatibilityChangeReporter(  651): Compat change id reported: 135754954; UID 10074; state: ENABLED
12-11 13:17:10.942 D/CompatibilityChangeReporter(  651): Compat change id reported: 143937733; UID 10074; state: ENABLED
12-11 13:17:10.943 D/CellBroadcastServiceManager(  951): CellBroadcastServiceManager created for phone 0
12-11 13:17:10.944 E/CellBroadcastServiceManager(  951): getCellBroadcastServicePackageName: found 0 CBS packages
12-11 13:17:10.944 E/CellBroadcastServiceManager(  951): getCellBroadcastServicePackageName: package name not found
12-11 13:17:10.944 E/CellBroadcastServiceManager(  951): Unable to bind service; no cell broadcast service found
12-11 13:17:10.945 V/C2Store (  480): in ~ComponentModule
12-11 13:17:10.945 V/C2Store (  480): unloading dll
12-11 13:17:10.945 V/C2Store (  480): in init
12-11 13:17:10.945 V/C2Store (  480): loading dll
12-11 13:17:10.943 I/getprop ( 1196): type=1400 audit(0.0:4023): avc: denied { open } for path="/dev/__properties__/u:object_r:aac_drc_prop:s0" dev="tmpfs" ino=58 scontext=u:r:shell:s0 tcontext=u:object_r:aac_drc_prop:s0 tclass=file permissive=1
12-11 13:17:10.943 I/getprop ( 1196): type=1400 audit(0.0:4024): avc: denied { getattr } for path="/dev/__properties__/u:object_r:aac_drc_prop:s0" dev="tmpfs" ino=58 scontext=u:r:shell:s0 tcontext=u:object_r:aac_drc_prop:s0 tclass=file permissive=1
12-11 13:17:10.943 I/getprop ( 1196): type=1400 audit(0.0:4025): avc: denied { map } for path="/dev/__properties__/u:object_r:aac_drc_prop:s0" dev="tmpfs" ino=58 scontext=u:r:shell:s0 tcontext=u:object_r:aac_drc_prop:s0 tclass=file permissive=1
12-11 13:17:10.943 I/getprop ( 1196): type=1400 audit(0.0:4026): avc: denied { open } for path="/dev/__properties__/u:object_r:ab_update_gki_prop:s0" dev="tmpfs" ino=60 scontext=u:r:shell:s0 tcontext=u:object_r:ab_update_gki_prop:s0 tclass=file permissive=1
12-11 13:17:10.946 I/ActivityManager(  651): Start proc 1200:com.android.smspush/u0a74 for service {com.android.smspush/com.android.smspush.WapPushManager}
12-11 13:17:10.943 I/getprop ( 1196): type=1400 audit(0.0:4027): avc: denied { getattr } for path="/dev/__properties__/u:object_r:ab_update_gki_prop:s0" dev="tmpfs" ino=60 scontext=u:r:shell:s0 tcontext=u:object_r:ab_update_gki_prop:s0 tclass=file permissive=1
12-11 13:17:10.943 I/getprop ( 1196): type=1400 audit(0.0:4028): avc: denied { map } for path="/dev/__properties__/u:object_r:ab_update_gki_prop:s0" dev="tmpfs" ino=60 scontext=u:r:shell:s0 tcontext=u:object_r:ab_update_gki_prop:s0 tclass=file permissive=1
12-11 13:17:10.943 I/getprop ( 1196): type=1400 audit(0.0:4029): avc: denied { open } for path="/dev/__properties__/u:object_r:adbd_prop:s0" dev="tmpfs" ino=62 scontext=u:r:shell:s0 tcontext=u:object_r:adbd_prop:s0 tclass=file permissive=1
12-11 13:17:10.943 I/getprop ( 1196): type=1400 audit(0.0:4030): avc: denied { getattr } for path="/dev/__properties__/u:object_r:adbd_prop:s0" dev="tmpfs" ino=62 scontext=u:r:shell:s0 tcontext=u:object_r:adbd_prop:s0 tclass=file permissive=1
12-11 13:17:10.943 I/getprop ( 1196): type=1400 audit(0.0:4031): avc: denied { map } for path="/dev/__properties__/u:object_r:adbd_prop:s0" dev="tmpfs" ino=62 scontext=u:r:shell:s0 tcontext=u:object_r:adbd_prop:s0 tclass=file permissive=1
12-11 13:17:10.943 I/getprop ( 1196): type=1400 audit(0.0:4032): avc: denied { open } for path="/dev/__properties__/u:object_r:apexd_config_prop:s0" dev="tmpfs" ino=63 scontext=u:r:shell:s0 tcontext=u:object_r:apexd_config_prop:s0 tclass=file permissive=1
12-11 13:17:10.947 E/AppHibernationService(  651): Attempt to call isHibernatingForUser on stopped or nonexistent user 0
12-11 13:17:10.943 I/getprop ( 1196): type=1400 audit(0.0:4033): avc: denied { getattr } for path="/dev/__properties__/u:object_r:apexd_config_prop:s0" dev="tmpfs" ino=63 scontext=u:r:shell:s0 tcontext=u:object_r:apexd_config_prop:s0 tclass=file permissive=1
12-11 13:17:10.943 I/getprop ( 1196): type=1400 audit(0.0:4034): avc: denied { map } for path="/dev/__properties__/u:object_r:apexd_config_prop:s0" dev="tmpfs" ino=63 scontext=u:r:shell:s0 tcontext=u:object_r:apexd_config_prop:s0 tclass=file permissive=1
12-11 13:17:10.943 I/getprop ( 1196): type=1400 audit(0.0:4035): avc: denied { open } for path="/dev/__properties__/u:object_r:bluetooth_prop:s0" dev="tmpfs" ino=74 scontext=u:r:shell:s0 tcontext=u:object_r:bluetooth_prop:s0 tclass=file permissive=1
12-11 13:17:10.943 I/getprop ( 1196): type=1400 audit(0.0:4036): avc: denied { getattr } for path="/dev/__properties__/u:object_r:bluetooth_prop:s0" dev="tmpfs" ino=74 scontext=u:r:shell:s0 tcontext=u:object_r:bluetooth_prop:s0 tclass=file permissive=1
12-11 13:17:10.943 I/getprop ( 1196): type=1400 audit(0.0:4037): avc: denied { map } for path="/dev/__properties__/u:object_r:bluetooth_prop:s0" dev="tmpfs" ino=74 scontext=u:r:shell:s0 tcontext=u:object_r:bluetooth_prop:s0 tclass=file permissive=1
12-11 13:17:10.943 I/getprop ( 1196): type=1400 audit(0.0:4038): avc: denied { open } for path="/dev/__properties__/u:object_r:bootanim_config_prop:s0" dev="tmpfs" ino=76 scontext=u:r:shell:s0 tcontext=u:object_r:bootanim_config_prop:s0 tclass=file permissive=1
12-11 13:17:10.943 I/getprop ( 1196): type=1400 audit(0.0:4039): avc: denied { getattr } for path="/dev/__properties__/u:object_r:bootanim_config_prop:s0" dev="tmpfs" ino=76 scontext=u:r:shell:s0 tcontext=u:object_r:bootanim_config_prop:s0 tclass=file permissive=1
12-11 13:17:10.943 I/getprop ( 1196): type=1400 audit(0.0:4040): avc: denied { map } for path="/dev/__properties__/u:object_r:bootanim_config_prop:s0" dev="tmpfs" ino=76 scontext=u:r:shell:s0 tcontext=u:object_r:bootanim_config_prop:s0 tclass=file permissive=1
12-11 13:17:10.943 I/getprop ( 1196): type=1400 audit(0.0:4041): avc: denied { open } for path="/dev/__properties__/u:object_r:bootanim_system_prop:s0" dev="tmpfs" ino=77 scontext=u:r:shell:s0 tcontext=u:object_r:bootanim_system_prop:s0 tclass=file permissive=1
12-11 13:17:10.943 I/getprop ( 1196): type=1400 audit(0.0:4042): avc: denied { getattr } for path="/dev/__properties__/u:object_r:bootanim_system_prop:s0" dev="tmpfs" ino=77 scontext=u:r:shell:s0 tcontext=u:object_r:bootanim_system_prop:s0 tclass=file permissive=1
12-11 13:17:10.948 D/CellBroadcastServiceManager(  951): CellBroadcastServiceManager created for phone 0
12-11 13:17:10.948 E/CellBroadcastServiceManager(  951): getCellBroadcastServicePackageName: found 0 CBS packages
12-11 13:17:10.948 E/CellBroadcastServiceManager(  951): getCellBroadcastServicePackageName: package name not found
12-11 13:17:10.948 E/CellBroadcastServiceManager(  951): Unable to bind service; no cell broadcast service found
12-11 13:17:10.943 I/getprop ( 1196): type=1400 audit(0.0:4043): avc: denied { map } for path="/dev/__properties__/u:object_r:bootanim_system_prop:s0" dev="tmpfs" ino=77 scontext=u:r:shell:s0 tcontext=u:object_r:bootanim_system_prop:s0 tclass=file permissive=1
12-11 13:17:10.943 I/getprop ( 1196): type=1400 audit(0.0:4044): avc: denied { map } for path="/dev/__properties__/u:object_r:boottime_prop:s0" dev="tmpfs" ino=80 scontext=u:r:shell:s0 tcontext=u:object_r:boottime_prop:s0 tclass=file permissive=1
12-11 13:17:10.943 I/getprop ( 1196): type=1400 audit(0.0:4045): avc: denied { open } for path="/dev/__properties__/u:object_r:boottime_public_prop:s0" dev="tmpfs" ino=81 scontext=u:r:shell:s0 tcontext=u:object_r:boottime_public_prop:s0 tclass=file permissive=1
12-11 13:17:10.943 I/getprop ( 1196): type=1400 audit(0.0:4046): avc: denied { getattr } for path="/dev/__properties__/u:object_r:boottime_public_prop:s0" dev="tmpfs" ino=81 scontext=u:r:shell:s0 tcontext=u:object_r:boottime_public_prop:s0 tclass=file permissive=1
12-11 13:17:10.943 I/getprop ( 1196): type=1400 audit(0.0:4047): avc: denied { map } for path="/dev/__properties__/u:object_r:boottime_public_prop:s0" dev="tmpfs" ino=81 scontext=u:r:shell:s0 tcontext=u:object_r:boottime_public_prop:s0 tclass=file permissive=1
12-11 13:17:10.943 I/getprop ( 1196): type=1400 audit(0.0:4048): avc: denied { open } for path="/dev/__properties__/u:object_r:bpf_progs_loaded_prop:s0" dev="tmpfs" ino=82 scontext=u:r:shell:s0 tcontext=u:object_r:bpf_progs_loaded_prop:s0 tclass=file permissive=1
12-11 13:17:10.943 I/getprop ( 1196): type=1400 audit(0.0:4049): avc: denied { getattr } for path="/dev/__properties__/u:object_r:bpf_progs_loaded_prop:s0" dev="tmpfs" ino=82 scontext=u:r:shell:s0 tcontext=u:object_r:bpf_progs_loaded_prop:s0 tclass=file permissive=1
12-11 13:17:10.943 I/getprop ( 1196): type=1400 audit(0.0:4050): avc: denied { map } for path="/dev/__properties__/u:object_r:bpf_progs_loaded_prop:s0" dev="tmpfs" ino=82 scontext=u:r:shell:s0 tcontext=u:object_r:bpf_progs_loaded_prop:s0 tclass=file permissive=1
12-11 13:17:10.943 I/getprop ( 1196): type=1400 audit(0.0:4051): avc: denied { open } for path="/dev/__properties__/u:object_r:build_config_prop:s0" dev="tmpfs" ino=85 scontext=u:r:shell:s0 tcontext=u:object_r:build_config_prop:s0 tclass=file permissive=1
12-11 13:17:10.943 I/getprop ( 1196): type=1400 audit(0.0:4052): avc: denied { getattr } for path="/dev/__properties__/u:object_r:build_config_prop:s0" dev="tmpfs" ino=85 scontext=u:r:shell:s0 tcontext=u:object_r:build_config_prop:s0 tclass=file permissive=1
12-11 13:17:10.943 I/getprop ( 1196): type=1400 audit(0.0:4053): avc: denied { map } for path="/dev/__properties__/u:object_r:build_config_prop:s0" dev="tmpfs" ino=85 scontext=u:r:shell:s0 tcontext=u:object_r:build_config_prop:s0 tclass=file permissive=1
12-11 13:17:10.943 I/getprop ( 1196): type=1400 audit(0.0:4054): avc: denied { open } for path="/dev/__properties__/u:object_r:charger_config_prop:s0" dev="tmpfs" ino=93 scontext=u:r:shell:s0 tcontext=u:object_r:charger_config_prop:s0 tclass=file permissive=1
12-11 13:17:10.943 I/getprop ( 1196): type=1400 audit(0.0:4055): avc: denied { getattr } for path="/dev/__properties__/u:object_r:charger_config_prop:s0" dev="tmpfs" ino=93 scontext=u:r:shell:s0 tcontext=u:object_r:charger_config_prop:s0 tclass=file permissive=1
12-11 13:17:10.943 I/getprop ( 1196): type=1400 audit(0.0:4056): avc: denied { map } for path="/dev/__properties__/u:object_r:charger_config_prop:s0" dev="tmpfs" ino=93 scontext=u:r:shell:s0 tcontext=u:object_r:charger_config_prop:s0 tclass=file permissive=1
12-11 13:17:10.943 I/getprop ( 1196): type=1400 audit(0.0:4057): avc: denied { open } for path="/dev/__properties__/u:object_r:charger_prop:s0" dev="tmpfs" ino=94 scontext=u:r:shell:s0 tcontext=u:object_r:charger_prop:s0 tclass=file permissive=1
12-11 13:17:10.943 I/getprop ( 1196): type=1400 audit(0.0:4058): avc: denied { getattr } for path="/dev/__properties__/u:object_r:charger_prop:s0" dev="tmpfs" ino=94 scontext=u:r:shell:s0 tcontext=u:object_r:charger_prop:s0 tclass=file permissive=1
12-11 13:17:10.943 I/getprop ( 1196): type=1400 audit(0.0:4059): avc: denied { map } for path="/dev/__properties__/u:object_r:charger_prop:s0" dev="tmpfs" ino=94 scontext=u:r:shell:s0 tcontext=u:object_r:charger_prop:s0 tclass=file permissive=1
12-11 13:17:10.943 I/getprop ( 1196): type=1400 audit(0.0:4060): avc: denied { open } for path="/dev/__properties__/u:object_r:charger_status_prop:s0" dev="tmpfs" ino=95 scontext=u:r:shell:s0 tcontext=u:object_r:charger_status_prop:s0 tclass=file permissive=1
12-11 13:17:10.943 I/getprop ( 1196): type=1400 audit(0.0:4061): avc: denied { getattr } for path="/dev/__properties__/u:object_r:charger_status_prop:s0" dev="tmpfs" ino=95 scontext=u:r:shell:s0 tcontext=u:object_r:charger_status_prop:s0 tclass=file permissive=1
12-11 13:17:10.943 I/getprop ( 1196): type=1400 audit(0.0:4062): avc: denied { map } for path="/dev/__properties__/u:object_r:charger_status_prop:s0" dev="tmpfs" ino=95 scontext=u:r:shell:s0 tcontext=u:object_r:charger_status_prop:s0 tclass=file permissive=1
12-11 13:17:10.943 I/getprop ( 1196): type=1400 audit(0.0:4063): avc: denied { open } for path="/dev/__properties__/u:object_r:cold_boot_done_prop:s0" dev="tmpfs" ino=97 scontext=u:r:shell:s0 tcontext=u:object_r:cold_boot_done_prop:s0 tclass=file permissive=1
12-11 13:17:10.943 I/getprop ( 1196): type=1400 audit(0.0:4064): avc: denied { getattr } for path="/dev/__properties__/u:object_r:cold_boot_done_prop:s0" dev="tmpfs" ino=97 scontext=u:r:shell:s0 tcontext=u:object_r:cold_boot_done_prop:s0 tclass=file permissive=1
12-11 13:17:10.943 I/getprop ( 1196): type=1400 audit(0.0:4065): avc: denied { map } for path="/dev/__properties__/u:object_r:cold_boot_done_prop:s0" dev="tmpfs" ino=97 scontext=u:r:shell:s0 tcontext=u:object_r:cold_boot_done_prop:s0 tclass=file permissive=1
12-11 13:17:10.943 I/getprop ( 1196): type=1400 audit(0.0:4066): avc: denied { open } for path="/dev/__properties__/u:object_r:cpu_variant_prop:s0" dev="tmpfs" ino=100 scontext=u:r:shell:s0 tcontext=u:object_r:cpu_variant_prop:s0 tclass=file permissive=1
12-11 13:17:10.950 I/Zygote  ( 1200): seccomp disabled by setenforce 0
12-11 13:17:10.943 I/getprop ( 1196): type=1400 audit(0.0:4067): avc: denied { getattr } for path="/dev/__properties__/u:object_r:cpu_variant_prop:s0" dev="tmpfs" ino=100 scontext=u:r:shell:s0 tcontext=u:object_r:cpu_variant_prop:s0 tclass=file permissive=1
12-11 13:17:10.943 I/getprop ( 1196): type=1400 audit(0.0:4068): avc: denied { map } for path="/dev/__properties__/u:object_r:cpu_variant_prop:s0" dev="tmpfs" ino=100 scontext=u:r:shell:s0 tcontext=u:object_r:cpu_variant_prop:s0 tclass=file permissive=1
12-11 13:17:10.943 I/getprop ( 1196): type=1400 audit(0.0:4069): avc: denied { open } for path="/dev/__properties__/u:object_r:ctl_adbd_prop:s0" dev="tmpfs" ino=101 scontext=u:r:shell:s0 tcontext=u:object_r:ctl_adbd_prop:s0 tclass=file permissive=1
12-11 13:17:10.943 I/getprop ( 1196): type=1400 audit(0.0:4070): avc: denied { getattr } for path="/dev/__properties__/u:object_r:ctl_adbd_prop:s0" dev="tmpfs" ino=101 scontext=u:r:shell:s0 tcontext=u:object_r:ctl_adbd_prop:s0 tclass=file permissive=1
12-11 13:17:10.943 I/getprop ( 1196): type=1400 audit(0.0:4071): avc: denied { map } for path="/dev/__properties__/u:object_r:ctl_adbd_prop:s0" dev="tmpfs" ino=101 scontext=u:r:shell:s0 tcontext=u:object_r:ctl_adbd_prop:s0 tclass=file permissive=1
12-11 13:17:10.943 I/getprop ( 1196): type=1400 audit(0.0:4072): avc: denied { open } for path="/dev/__properties__/u:object_r:ctl_apexd_prop:s0" dev="tmpfs" ino=102 scontext=u:r:shell:s0 tcontext=u:object_r:ctl_apexd_prop:s0 tclass=file permissive=1
12-11 13:17:10.943 I/getprop ( 1196): type=1400 audit(0.0:4073): avc: denied { getattr } for path="/dev/__properties__/u:object_r:ctl_apexd_prop:s0" dev="tmpfs" ino=102 scontext=u:r:shell:s0 tcontext=u:object_r:ctl_apexd_prop:s0 tclass=file permissive=1
12-11 13:17:10.943 I/getprop ( 1196): type=1400 audit(0.0:4074): avc: denied { map } for path="/dev/__properties__/u:object_r:ctl_apexd_prop:s0" dev="tmpfs" ino=102 scontext=u:r:shell:s0 tcontext=u:object_r:ctl_apexd_prop:s0 tclass=file permissive=1
12-11 13:17:10.943 I/getprop ( 1196): type=1400 audit(0.0:4075): avc: denied { map } for path="/dev/__properties__/u:object_r:ctl_bootanim_prop:s0" dev="tmpfs" ino=103 scontext=u:r:shell:s0 tcontext=u:object_r:ctl_bootanim_prop:s0 tclass=file permissive=1
12-11 13:17:10.943 I/getprop ( 1196): type=1400 audit(0.0:4076): avc: denied { map } for path="/dev/__properties__/u:object_r:ctl_console_prop:s0" dev="tmpfs" ino=105 scontext=u:r:shell:s0 tcontext=u:object_r:ctl_console_prop:s0 tclass=file permissive=1
12-11 13:17:10.943 I/getprop ( 1196): type=1400 audit(0.0:4077): avc: denied { map } for path="/dev/__properties__/u:object_r:ctl_default_prop:s0" dev="tmpfs" ino=106 scontext=u:r:shell:s0 tcontext=u:object_r:ctl_default_prop:s0 tclass=file permissive=1
12-11 13:17:10.943 I/getprop ( 1196): type=1400 audit(0.0:4078): avc: denied { map } for path="/dev/__properties__/u:object_r:ctl_fuse_prop:s0" dev="tmpfs" ino=108 scontext=u:r:shell:s0 tcontext=u:object_r:ctl_fuse_prop:s0 tclass=file permissive=1
12-11 13:17:10.952 I/mediaswcodec(  480): missing struct descriptor #Param::CoreIndex(--004) for field values of struct #Param::CoreIndex(F-12004)
12-11 13:17:10.952 I/mediaswcodec(  480): missing struct descriptor #Param::CoreIndex(--1812) for field values of struct #Param::CoreIndex(F-11812)
12-11 13:17:10.952 V/C2Store (  480): in ~ComponentModule
12-11 13:17:10.952 V/C2Store (  480): unloading dll
12-11 13:17:10.953 V/C2Store (  480): in init
12-11 13:17:10.953 V/C2Store (  480): loading dll
12-11 13:17:10.943 I/getprop ( 1196): type=1400 audit(0.0:4079): avc: denied { map } for path="/dev/__properties__/u:object_r:ctl_interface_restart_prop:s0" dev="tmpfs" ino=110 scontext=u:r:shell:s0 tcontext=u:object_r:ctl_interface_restart_prop:s0 tclass=file permissive=1
12-11 13:17:10.943 I/getprop ( 1196): type=1400 audit(0.0:4080): avc: denied { map } for path="/dev/__properties__/u:object_r:ctl_interface_start_prop:s0" dev="tmpfs" ino=111 scontext=u:r:shell:s0 tcontext=u:object_r:ctl_interface_start_prop:s0 tclass=file permissive=1
12-11 13:17:10.943 I/getprop ( 1196): type=1400 audit(0.0:4081): avc: denied { map } for path="/dev/__properties__/u:object_r:ctl_interface_stop_prop:s0" dev="tmpfs" ino=112 scontext=u:r:shell:s0 tcontext=u:object_r:ctl_interface_stop_prop:s0 tclass=file permissive=1
12-11 13:17:10.943 I/getprop ( 1196): type=1400 audit(0.0:4082): avc: denied { map } for path="/dev/__properties__/u:object_r:ctl_mdnsd_prop:s0" dev="tmpfs" ino=113 scontext=u:r:shell:s0 tcontext=u:object_r:ctl_mdnsd_prop:s0 tclass=file permissive=1
12-11 13:17:10.943 I/getprop ( 1196): type=1400 audit(0.0:4083): avc: denied { open } for path="/dev/__properties__/u:object_r:ctl_mediatranscoding_prop:s0" dev="tmpfs" ino=114 scontext=u:r:shell:s0 tcontext=u:object_r:ctl_mediatranscoding_prop:s0 tclass=file permissive=1
12-11 13:17:10.943 I/getprop ( 1196): type=1400 audit(0.0:4084): avc: denied { getattr } for path="/dev/__properties__/u:object_r:ctl_mediatranscoding_prop:s0" dev="tmpfs" ino=114 scontext=u:r:shell:s0 tcontext=u:object_r:ctl_mediatranscoding_prop:s0 tclass=file permissive=1
12-11 13:17:10.943 I/getprop ( 1196): type=1400 audit(0.0:4085): avc: denied { map } for path="/dev/__properties__/u:object_r:ctl_mediatranscoding_prop:s0" dev="tmpfs" ino=114 scontext=u:r:shell:s0 tcontext=u:object_r:ctl_mediatranscoding_prop:s0 tclass=file permissive=1
12-11 13:17:10.943 I/getprop ( 1196): type=1400 audit(0.0:4086): avc: denied { open } for path="/dev/__properties__/u:object_r:ctl_odsign_prop:s0" dev="tmpfs" ino=115 scontext=u:r:shell:s0 tcontext=u:object_r:ctl_odsign_prop:s0 tclass=file permissive=1
12-11 13:17:10.943 I/getprop ( 1196): type=1400 audit(0.0:4087): avc: denied { getattr } for path="/dev/__properties__/u:object_r:ctl_odsign_prop:s0" dev="tmpfs" ino=115 scontext=u:r:shell:s0 tcontext=u:object_r:ctl_odsign_prop:s0 tclass=file permissive=1
12-11 13:17:10.943 I/getprop ( 1196): type=1400 audit(0.0:4088): avc: denied { map } for path="/dev/__properties__/u:object_r:ctl_odsign_prop:s0" dev="tmpfs" ino=115 scontext=u:r:shell:s0 tcontext=u:object_r:ctl_odsign_prop:s0 tclass=file permissive=1
12-11 13:17:10.943 I/getprop ( 1196): type=1400 audit(0.0:4089): avc: denied { map } for path="/dev/__properties__/u:object_r:ctl_restart_prop:s0" dev="tmpfs" ino=116 scontext=u:r:shell:s0 tcontext=u:object_r:ctl_restart_prop:s0 tclass=file permissive=1
12-11 13:17:10.943 I/getprop ( 1196): type=1400 audit(0.0:4090): avc: denied { open } for path="/dev/__properties__/u:object_r:ctl_sigstop_prop:s0" dev="tmpfs" ino=118 scontext=u:r:shell:s0 tcontext=u:object_r:ctl_sigstop_prop:s0 tclass=file permissive=1
12-11 13:17:10.943 I/getprop ( 1196): type=1400 audit(0.0:4091): avc: denied { getattr } for path="/dev/__properties__/u:object_r:ctl_sigstop_prop:s0" dev="tmpfs" ino=118 scontext=u:r:shell:s0 tcontext=u:object_r:ctl_sigstop_prop:s0 tclass=file permissive=1
12-11 13:17:10.943 I/getprop ( 1196): type=1400 audit(0.0:4092): avc: denied { map } for path="/dev/__properties__/u:object_r:ctl_sigstop_prop:s0" dev="tmpfs" ino=118 scontext=u:r:shell:s0 tcontext=u:object_r:ctl_sigstop_prop:s0 tclass=file permissive=1
12-11 13:17:10.943 I/getprop ( 1196): type=1400 audit(0.0:4093): avc: denied { open } for path="/dev/__properties__/u:object_r:ctl_start_prop:s0" dev="tmpfs" ino=120 scontext=u:r:shell:s0 tcontext=u:object_r:ctl_start_prop:s0 tclass=file permissive=1
12-11 13:17:10.943 I/getprop ( 1196): type=1400 audit(0.0:4094): avc: denied { getattr } for path="/dev/__properties__/u:object_r:ctl_start_prop:s0" dev="tmpfs" ino=120 scontext=u:r:shell:s0 tcontext=u:object_r:ctl_start_prop:s0 tclass=file permissive=1
12-11 13:17:10.943 I/getprop ( 1196): type=1400 audit(0.0:4095): avc: denied { map } for path="/dev/__properties__/u:object_r:ctl_start_prop:s0" dev="tmpfs" ino=120 scontext=u:r:shell:s0 tcontext=u:object_r:ctl_start_prop:s0 tclass=file permissive=1
12-11 13:17:10.943 I/getprop ( 1196): type=1400 audit(0.0:4096): avc: denied { open } for path="/dev/__properties__/u:object_r:ctl_stop_prop:s0" dev="tmpfs" ino=121 scontext=u:r:shell:s0 tcontext=u:object_r:ctl_stop_prop:s0 tclass=file permissive=1
12-11 13:17:10.943 I/getprop ( 1196): type=1400 audit(0.0:4097): avc: denied { getattr } for path="/dev/__properties__/u:object_r:ctl_stop_prop:s0" dev="tmpfs" ino=121 scontext=u:r:shell:s0 tcontext=u:object_r:ctl_stop_prop:s0 tclass=file permissive=1
12-11 13:17:10.943 I/getprop ( 1196): type=1400 audit(0.0:4098): avc: denied { map } for path="/dev/__properties__/u:object_r:ctl_stop_prop:s0" dev="tmpfs" ino=121 scontext=u:r:shell:s0 tcontext=u:object_r:ctl_stop_prop:s0 tclass=file permissive=1
12-11 13:17:10.943 I/getprop ( 1196): type=1400 audit(0.0:4099): avc: denied { open } for path="/dev/__properties__/u:object_r:debugfs_restriction_prop:s0" dev="tmpfs" ino=127 scontext=u:r:shell:s0 tcontext=u:object_r:debugfs_restriction_prop:s0 tclass=file permissive=1
12-11 13:17:10.943 I/getprop ( 1196): type=1400 audit(0.0:4100): avc: denied { getattr } for path="/dev/__properties__/u:object_r:debugfs_restriction_prop:s0" dev="tmpfs" ino=127 scontext=u:r:shell:s0 tcontext=u:object_r:debugfs_restriction_prop:s0 tclass=file permissive=1
12-11 13:17:10.943 I/getprop ( 1196): type=1400 audit(0.0:4101): avc: denied { map } for path="/dev/__properties__/u:object_r:debugfs_restriction_prop:s0" dev="tmpfs" ino=127 scontext=u:r:shell:s0 tcontext=u:object_r:debugfs_restriction_prop:s0 tclass=file permissive=1
12-11 13:17:10.943 I/getprop ( 1196): type=1400 audit(0.0:4102): avc: denied { open } for path="/dev/__properties__/u:object_r:device_config_activity_manager_native_boot_prop:s0" dev="tmpfs" ino=130 scontext=u:r:shell:s0 tcontext=u:object_r:device_config_activity_manager_native_boot_prop:s0 tclass=file permissive=1
12-11 13:17:10.943 I/getprop ( 1196): type=1400 audit(0.0:4103): avc: denied { getattr } for path="/dev/__properties__/u:object_r:device_config_activity_manager_native_boot_prop:s0" dev="tmpfs" ino=130 scontext=u:r:shell:s0 tcontext=u:object_r:device_config_activity_manager_native_boot_prop:s0 tclass=file permissive=1
12-11 13:17:10.943 I/getprop ( 1196): type=1400 audit(0.0:4104): avc: denied { map } for path="/dev/__properties__/u:object_r:device_config_activity_manager_native_boot_prop:s0" dev="tmpfs" ino=130 scontext=u:r:shell:s0 tcontext=u:object_r:device_config_activity_manager_native_boot_prop:s0 tclass=file permissive=1
12-11 13:17:10.943 I/getprop ( 1196): type=1400 audit(0.0:4105): avc: denied { open } for path="/dev/__properties__/u:object_r:device_config_boot_count_prop:s0" dev="tmpfs" ino=131 scontext=u:r:shell:s0 tcontext=u:object_r:device_config_boot_count_prop:s0 tclass=file permissive=1
12-11 13:17:10.943 I/getprop ( 1196): type=1400 audit(0.0:4106): avc: denied { getattr } for path="/dev/__properties__/u:object_r:device_config_boot_count_prop:s0" dev="tmpfs" ino=131 scontext=u:r:shell:s0 tcontext=u:object_r:device_config_boot_count_prop:s0 tclass=file permissive=1
12-11 13:17:10.943 I/getprop ( 1196): type=1400 audit(0.0:4107): avc: denied { map } for path="/dev/__properties__/u:object_r:device_config_boot_count_prop:s0" dev="tmpfs" ino=131 scontext=u:r:shell:s0 tcontext=u:object_r:device_config_boot_count_prop:s0 tclass=file permissive=1
12-11 13:17:10.943 I/getprop ( 1196): type=1400 audit(0.0:4108): avc: denied { open } for path="/dev/__properties__/u:object_r:device_config_configuration_prop:s0" dev="tmpfs" ino=132 scontext=u:r:shell:s0 tcontext=u:object_r:device_config_configuration_prop:s0 tclass=file permissive=1
12-11 13:17:10.943 I/getprop ( 1196): type=1400 audit(0.0:4109): avc: denied { getattr } for path="/dev/__properties__/u:object_r:device_config_configuration_prop:s0" dev="tmpfs" ino=132 scontext=u:r:shell:s0 tcontext=u:object_r:device_config_configuration_prop:s0 tclass=file permissive=1
12-11 13:17:10.955 V/C2Store (  480): in ~ComponentModule
12-11 13:17:10.955 V/C2Store (  480): unloading dll
12-11 13:17:10.955 V/C2Store (  480): in init
12-11 13:17:10.955 V/C2Store (  480): loading dll
12-11 13:17:10.943 I/getprop ( 1196): type=1400 audit(0.0:4111): avc: denied { open } for path="/dev/__properties__/u:object_r:device_config_connectivity_prop:s0" dev="tmpfs" ino=133 scontext=u:r:shell:s0 tcontext=u:object_r:device_config_connectivity_prop:s0 tclass=file permissive=1
12-11 13:17:10.943 I/getprop ( 1196): type=1400 audit(0.0:4112): avc: denied { getattr } for path="/dev/__properties__/u:object_r:device_config_connectivity_prop:s0" dev="tmpfs" ino=133 scontext=u:r:shell:s0 tcontext=u:object_r:device_config_connectivity_prop:s0 tclass=file permissive=1
12-11 13:17:10.943 I/getprop ( 1196): type=1400 audit(0.0:4113): avc: denied { map } for path="/dev/__properties__/u:object_r:device_config_connectivity_prop:s0" dev="tmpfs" ino=133 scontext=u:r:shell:s0 tcontext=u:object_r:device_config_connectivity_prop:s0 tclass=file permissive=1
12-11 13:17:10.943 I/getprop ( 1196): type=1400 audit(0.0:4114): avc: denied { open } for path="/dev/__properties__/u:object_r:device_config_input_native_boot_prop:s0" dev="tmpfs" ino=134 scontext=u:r:shell:s0 tcontext=u:object_r:device_config_input_native_boot_prop:s0 tclass=file permissive=1
12-11 13:17:10.943 I/getprop ( 1196): type=1400 audit(0.0:4115): avc: denied { getattr } for path="/dev/__properties__/u:object_r:device_config_input_native_boot_prop:s0" dev="tmpfs" ino=134 scontext=u:r:shell:s0 tcontext=u:object_r:device_config_input_native_boot_prop:s0 tclass=file permissive=1
12-11 13:17:10.943 I/getprop ( 1196): type=1400 audit(0.0:4116): avc: denied { map } for path="/dev/__properties__/u:object_r:device_config_input_native_boot_prop:s0" dev="tmpfs" ino=134 scontext=u:r:shell:s0 tcontext=u:object_r:device_config_input_native_boot_prop:s0 tclass=file permissive=1
12-11 13:17:10.943 I/getprop ( 1196): type=1400 audit(0.0:4117): avc: denied { open } for path="/dev/__properties__/u:object_r:device_config_lmkd_native_prop:s0" dev="tmpfs" ino=135 scontext=u:r:shell:s0 tcontext=u:object_r:device_config_lmkd_native_prop:s0 tclass=file permissive=1
12-11 13:17:10.943 I/getprop ( 1196): type=1400 audit(0.0:4118): avc: denied { getattr } for path="/dev/__properties__/u:object_r:device_config_lmkd_native_prop:s0" dev="tmpfs" ino=135 scontext=u:r:shell:s0 tcontext=u:object_r:device_config_lmkd_native_prop:s0 tclass=file permissive=1
12-11 13:17:10.943 I/getprop ( 1196): type=1400 audit(0.0:4119): avc: denied { map } for path="/dev/__properties__/u:object_r:device_config_lmkd_native_prop:s0" dev="tmpfs" ino=135 scontext=u:r:shell:s0 tcontext=u:object_r:device_config_lmkd_native_prop:s0 tclass=file permissive=1
12-11 13:17:10.943 I/getprop ( 1196): type=1400 audit(0.0:4120): avc: denied { open } for path="/dev/__properties__/u:object_r:device_config_netd_native_prop:s0" dev="tmpfs" ino=137 scontext=u:r:shell:s0 tcontext=u:object_r:device_config_netd_native_prop:s0 tclass=file permissive=1
12-11 13:17:10.943 I/getprop ( 1196): type=1400 audit(0.0:4121): avc: denied { getattr } for path="/dev/__properties__/u:object_r:device_config_netd_native_prop:s0" dev="tmpfs" ino=137 scontext=u:r:shell:s0 tcontext=u:object_r:device_config_netd_native_prop:s0 tclass=file permissive=1
12-11 13:17:10.943 I/getprop ( 1196): type=1400 audit(0.0:4122): avc: denied { map } for path="/dev/__properties__/u:object_r:device_config_netd_native_prop:s0" dev="tmpfs" ino=137 scontext=u:r:shell:s0 tcontext=u:object_r:device_config_netd_native_prop:s0 tclass=file permissive=1
12-11 13:17:10.946 I/getprop ( 1196): type=1400 audit(0.0:4123): avc: denied { open } for path="/dev/__properties__/u:object_r:mm_events_config_prop:s0" dev="tmpfs" ino=202 scontext=u:r:shell:s0 tcontext=u:object_r:mm_events_config_prop:s0 tclass=file permissive=1
12-11 13:17:10.946 I/getprop ( 1196): type=1400 audit(0.0:4124): avc: denied { getattr } for path="/dev/__properties__/u:object_r:mm_events_config_prop:s0" dev="tmpfs" ino=202 scontext=u:r:shell:s0 tcontext=u:object_r:mm_events_config_prop:s0 tclass=file permissive=1
12-11 13:17:10.946 I/getprop ( 1196): type=1400 audit(0.0:4125): avc: denied { map } for path="/dev/__properties__/u:object_r:mm_events_config_prop:s0" dev="tmpfs" ino=202 scontext=u:r:shell:s0 tcontext=u:object_r:mm_events_config_prop:s0 tclass=file permissive=1
12-11 13:17:10.946 I/getprop ( 1196): type=1400 audit(0.0:4126): avc: denied { open } for path="/dev/__properties__/u:object_r:net_464xlat_fromvendor_prop:s0" dev="tmpfs" ino=206 scontext=u:r:shell:s0 tcontext=u:object_r:net_464xlat_fromvendor_prop:s0 tclass=file permissive=1
12-11 13:17:10.946 I/getprop ( 1196): type=1400 audit(0.0:4127): avc: denied { getattr } for path="/dev/__properties__/u:object_r:net_464xlat_fromvendor_prop:s0" dev="tmpfs" ino=206 scontext=u:r:shell:s0 tcontext=u:object_r:net_464xlat_fromvendor_prop:s0 tclass=file permissive=1
12-11 13:17:10.946 I/getprop ( 1196): type=1400 audit(0.0:4128): avc: denied { map } for path="/dev/__properties__/u:object_r:net_464xlat_fromvendor_prop:s0" dev="tmpfs" ino=206 scontext=u:r:shell:s0 tcontext=u:object_r:net_464xlat_fromvendor_prop:s0 tclass=file permissive=1
12-11 13:17:10.946 I/getprop ( 1196): type=1400 audit(0.0:4129): avc: denied { open } for path="/dev/__properties__/u:object_r:net_connectivity_prop:s0" dev="tmpfs" ino=207 scontext=u:r:shell:s0 tcontext=u:object_r:net_connectivity_prop:s0 tclass=file permissive=1
12-11 13:17:10.946 I/getprop ( 1196): type=1400 audit(0.0:4130): avc: denied { getattr } for path="/dev/__properties__/u:object_r:net_connectivity_prop:s0" dev="tmpfs" ino=207 scontext=u:r:shell:s0 tcontext=u:object_r:net_connectivity_prop:s0 tclass=file permissive=1
12-11 13:17:10.946 I/getprop ( 1196): type=1400 audit(0.0:4131): avc: denied { map } for path="/dev/__properties__/u:object_r:net_connectivity_prop:s0" dev="tmpfs" ino=207 scontext=u:r:shell:s0 tcontext=u:object_r:net_connectivity_prop:s0 tclass=file permissive=1
12-11 13:17:10.946 I/getprop ( 1196): type=1400 audit(0.0:4132): avc: denied { map } for path="/dev/__properties__/u:object_r:net_dns_prop:s0" dev="tmpfs" ino=208 scontext=u:r:shell:s0 tcontext=u:object_r:net_dns_prop:s0 tclass=file permissive=1
12-11 13:17:10.946 I/getprop ( 1196): type=1400 audit(0.0:4133): avc: denied { open } for path="/dev/__properties__/u:object_r:netd_stable_secret_prop:s0" dev="tmpfs" ino=210 scontext=u:r:shell:s0 tcontext=u:object_r:netd_stable_secret_prop:s0 tclass=file permissive=1
12-11 13:17:10.946 I/getprop ( 1196): type=1400 audit(0.0:4134): avc: denied { getattr } for path="/dev/__properties__/u:object_r:netd_stable_secret_prop:s0" dev="tmpfs" ino=210 scontext=u:r:shell:s0 tcontext=u:object_r:netd_stable_secret_prop:s0 tclass=file permissive=1
12-11 13:17:10.946 I/getprop ( 1196): type=1400 audit(0.0:4135): avc: denied { map } for path="/dev/__properties__/u:object_r:netd_stable_secret_prop:s0" dev="tmpfs" ino=210 scontext=u:r:shell:s0 tcontext=u:object_r:netd_stable_secret_prop:s0 tclass=file permissive=1
12-11 13:17:10.946 I/getprop ( 1196): type=1400 audit(0.0:4136): avc: denied { open } for path="/dev/__properties__/u:object_r:persist_vendor_debug_wifi_prop:s0" dev="tmpfs" ino=221 scontext=u:r:shell:s0 tcontext=u:object_r:persist_vendor_debug_wifi_prop:s0 tclass=file permissive=1
12-11 13:17:10.946 I/getprop ( 1196): type=1400 audit(0.0:4137): avc: denied { getattr } for path="/dev/__properties__/u:object_r:persist_vendor_debug_wifi_prop:s0" dev="tmpfs" ino=221 scontext=u:r:shell:s0 tcontext=u:object_r:persist_vendor_debug_wifi_prop:s0 tclass=file permissive=1
12-11 13:17:10.946 I/getprop ( 1196): type=1400 audit(0.0:4138): avc: denied { map } for path="/dev/__properties__/u:object_r:persist_vendor_debug_wifi_prop:s0" dev="tmpfs" ino=221 scontext=u:r:shell:s0 tcontext=u:object_r:persist_vendor_debug_wifi_prop:s0 tclass=file permissive=1
12-11 13:17:10.946 I/getprop ( 1196): type=1400 audit(0.0:4139): avc: denied { map } for path="/dev/__properties__/u:object_r:persistent_properties_ready_prop:s0" dev="tmpfs" ino=222 scontext=u:r:shell:s0 tcontext=u:object_r:persistent_properties_ready_prop:s0 tclass=file permissive=1
12-11 13:17:10.946 I/getprop ( 1196): type=1400 audit(0.0:4140): avc: denied { open } for path="/dev/__properties__/u:object_r:power_debug_prop:s0" dev="tmpfs" ino=224 scontext=u:r:shell:s0 tcontext=u:object_r:power_debug_prop:s0 tclass=file permissive=1
12-11 13:17:10.946 I/getprop ( 1196): type=1400 audit(0.0:4141): avc: denied { getattr } for path="/dev/__properties__/u:object_r:power_debug_prop:s0" dev="tmpfs" ino=224 scontext=u:r:shell:s0 tcontext=u:object_r:power_debug_prop:s0 tclass=file permissive=1
12-11 13:17:10.946 I/getprop ( 1196): type=1400 audit(0.0:4142): avc: denied { map } for path="/dev/__properties__/u:object_r:power_debug_prop:s0" dev="tmpfs" ino=224 scontext=u:r:shell:s0 tcontext=u:object_r:power_debug_prop:s0 tclass=file permissive=1
12-11 13:17:10.946 I/getprop ( 1196): type=1400 audit(0.0:4143): avc: denied { open } for path="/dev/__properties__/u:object_r:profcollectd_node_id_prop:s0" dev="tmpfs" ino=226 scontext=u:r:shell:s0 tcontext=u:object_r:profcollectd_node_id_prop:s0 tclass=file permissive=1
12-11 13:17:10.946 I/getprop ( 1196): type=1400 audit(0.0:4144): avc: denied { getattr } for path="/dev/__properties__/u:object_r:profcollectd_node_id_prop:s0" dev="tmpfs" ino=226 scontext=u:r:shell:s0 tcontext=u:object_r:profcollectd_node_id_prop:s0 tclass=file permissive=1
12-11 13:17:10.946 I/getprop ( 1196): type=1400 audit(0.0:4145): avc: denied { map } for path="/dev/__properties__/u:object_r:profcollectd_node_id_prop:s0" dev="tmpfs" ino=226 scontext=u:r:shell:s0 tcontext=u:object_r:profcollectd_node_id_prop:s0 tclass=file permissive=1
12-11 13:17:10.959 V/C2Store (  480): in ~ComponentModule
12-11 13:17:10.959 V/C2Store (  480): unloading dll
12-11 13:17:10.959 V/C2Store (  480): in init
12-11 13:17:10.959 V/C2Store (  480): loading dll
12-11 13:17:10.946 I/getprop ( 1196): type=1400 audit(0.0:4146): avc: denied { open } for path="/dev/__properties__/u:object_r:provisioned_prop:s0" dev="tmpfs" ino=228 scontext=u:r:shell:s0 tcontext=u:object_r:provisioned_prop:s0 tclass=file permissive=1
12-11 13:17:10.946 I/getprop ( 1196): type=1400 audit(0.0:4147): avc: denied { getattr } for path="/dev/__properties__/u:object_r:provisioned_prop:s0" dev="tmpfs" ino=228 scontext=u:r:shell:s0 tcontext=u:object_r:provisioned_prop:s0 tclass=file permissive=1
12-11 13:17:10.946 I/getprop ( 1196): type=1400 audit(0.0:4148): avc: denied { map } for path="/dev/__properties__/u:object_r:provisioned_prop:s0" dev="tmpfs" ino=228 scontext=u:r:shell:s0 tcontext=u:object_r:provisioned_prop:s0 tclass=file permissive=1
12-11 13:17:10.946 I/getprop ( 1196): type=1400 audit(0.0:4149): avc: denied { open } for path="/dev/__properties__/u:object_r:qemu_hw_prop:s0" dev="tmpfs" ino=229 scontext=u:r:shell:s0 tcontext=u:object_r:qemu_hw_prop:s0 tclass=file permissive=1
12-11 13:17:10.946 I/getprop ( 1196): type=1400 audit(0.0:4150): avc: denied { getattr } for path="/dev/__properties__/u:object_r:qemu_hw_prop:s0" dev="tmpfs" ino=229 scontext=u:r:shell:s0 tcontext=u:object_r:qemu_hw_prop:s0 tclass=file permissive=1
