12-11 13:17:18.803 D/SystemServerTimingAsync(  651): ssm.onUnlockedUser-0_com.android.server.graphics.fonts.FontManagerService$Lifecycle
12-11 13:17:18.803 V/SystemServerTimingAsync(  651): ssm.onUnlockedUser-0_com.android.server.graphics.fonts.FontManagerService$Lifecycle took to complete: 0ms
12-11 13:17:18.803 D/SystemServerTimingAsync(  651): ssm.onUnlockedUser-0_com.android.server.textservices.TextServicesManagerService$Lifecycle
12-11 13:17:18.803 V/SystemServerTimingAsync(  651): ssm.onUnlockedUser-0_com.android.server.textservices.TextServicesManagerService$Lifecycle took to complete: 0ms
12-11 13:17:18.803 D/SystemServerTimingAsync(  651): ssm.onUnlockedUser-0_com.android.server.textclassifier.TextClassificationManagerService$Lifecycle
12-11 13:17:18.803 V/SystemServerTimingAsync(  651): ssm.onUnlockedUser-0_com.android.server.textclassifier.TextClassificationManagerService$Lifecycle took to complete: 0ms
12-11 13:17:18.803 D/SystemServerTimingAsync(  651): ssm.onUnlockedUser-0_com.android.server.NetworkScoreService$Lifecycle
12-11 13:17:18.803 V/SystemServerTimingAsync(  651): ssm.onUnlockedUser-0_com.android.server.NetworkScoreService$Lifecycle took to complete: 0ms
12-11 13:17:18.803 D/SystemServerTimingAsync(  651): ssm.onUnlockedUser-0_com.android.server.wifi.WifiService
12-11 13:17:18.803 V/SystemServerTimingAsync(  651): ssm.onUnlockedUser-0_com.android.server.wifi.WifiService took to complete: 0ms
12-11 13:17:18.803 D/SystemServerTimingAsync(  651): ssm.onUnlockedUser-0_com.android.server.wifi.scanner.WifiScanningService
12-11 13:17:18.803 V/SystemServerTimingAsync(  651): ssm.onUnlockedUser-0_com.android.server.wifi.scanner.WifiScanningService took to complete: 0ms
12-11 13:17:18.803 D/SystemServerTimingAsync(  651): ssm.onUnlockedUser-0_com.android.server.wifi.p2p.WifiP2pService
12-11 13:17:18.803 V/SystemServerTimingAsync(  651): ssm.onUnlockedUser-0_com.android.server.wifi.p2p.WifiP2pService took to complete: 0ms
12-11 13:17:18.803 D/SystemServerTimingAsync(  651): ssm.onUnlockedUser-0_com.android.server.ethernet.EthernetService
12-11 13:17:18.803 V/SystemServerTimingAsync(  651): ssm.onUnlockedUser-0_com.android.server.ethernet.EthernetService took to complete: 0ms
12-11 13:17:18.803 E/TaskPersister(  651): File error accessing recents directory (directory doesn't exist?).
12-11 13:17:18.804 I/ActivityTaskManager(  651): START u0 {act=android.intent.action.MAIN cat=[android.intent.category.HOME] flg=0x10000100 cmp=com.android.launcher3/.uioverrides.QuickstepLauncher (has extras)} from uid 0
12-11 13:17:18.804 D/SystemServerTimingAsync(  651): ssm.onUnlockedUser-0_com.android.server.ConnectivityServiceInitializer
12-11 13:17:18.804 V/SystemServerTimingAsync(  651): ssm.onUnlockedUser-0_com.android.server.ConnectivityServiceInitializer took to complete: 0ms
12-11 13:17:18.804 D/SystemServerTimingAsync(  651): ssm.onUnlockedUser-0_com.android.server.notification.NotificationManagerService
12-11 13:17:18.804 V/SystemServerTimingAsync(  651): ssm.onUnlockedUser-0_com.android.server.notification.NotificationManagerService took to complete: 0ms
12-11 13:17:18.804 D/SystemServerTimingAsync(  651): ssm.onUnlockedUser-0_com.android.server.storage.DeviceStorageMonitorService
12-11 13:17:18.804 V/SystemServerTimingAsync(  651): ssm.onUnlockedUser-0_com.android.server.storage.DeviceStorageMonitorService took to complete: 0ms
12-11 13:17:18.804 D/SystemServerTimingAsync(  651): ssm.onUnlockedUser-0_com.android.server.location.LocationManagerService$Lifecycle
12-11 13:17:18.804 V/SystemServerTimingAsync(  651): ssm.onUnlockedUser-0_com.android.server.location.LocationManagerService$Lifecycle took to complete: 0ms
12-11 13:17:18.804 D/SystemServerTimingAsync(  651): ssm.onUnlockedUser-0_com.android.server.timedetector.TimeDetectorService$Lifecycle
12-11 13:17:18.804 V/SystemServerTimingAsync(  651): ssm.onUnlockedUser-0_com.android.server.timedetector.TimeDetectorService$Lifecycle took to complete: 0ms
12-11 13:17:18.804 D/SystemServerTimingAsync(  651): ssm.onUnlockedUser-0_com.android.server.timezonedetector.TimeZoneDetectorService$Lifecycle
12-11 13:17:18.804 V/SystemServerTimingAsync(  651): ssm.onUnlockedUser-0_com.android.server.timezonedetector.TimeZoneDetectorService$Lifecycle took to complete: 0ms
12-11 13:17:18.804 D/SystemServerTimingAsync(  651): ssm.onUnlockedUser-0_com.android.server.timezonedetector.location.LocationTimeZoneManagerService$Lifecycle
12-11 13:17:18.805 V/SystemServerTimingAsync(  651): ssm.onUnlockedUser-0_com.android.server.timezonedetector.location.LocationTimeZoneManagerService$Lifecycle took to complete: 0ms
12-11 13:17:18.805 D/SystemServerTimingAsync(  651): ssm.onUnlockedUser-0_com.android.server.search.SearchManagerService$Lifecycle
12-11 13:17:18.805 V/SystemServerTimingAsync(  651): ssm.onUnlockedUser-0_com.android.server.search.SearchManagerService$Lifecycle took to complete: 0ms
12-11 13:17:18.805 D/SystemServerTimingAsync(  651): ssm.onUnlockedUser-0_com.android.server.wallpaper.WallpaperManagerService$Lifecycle
12-11 13:17:18.805 V/SystemServerTimingAsync(  651): ssm.onUnlockedUser-0_com.android.server.wallpaper.WallpaperManagerService$Lifecycle took to complete: 0ms
12-11 13:17:18.805 D/SystemServerTimingAsync(  651): ssm.onUnlockedUser-0_com.android.server.audio.AudioService$Lifecycle
12-11 13:17:18.805 V/SystemServerTimingAsync(  651): ssm.onUnlockedUser-0_com.android.server.audio.AudioService$Lifecycle took to complete: 0ms
12-11 13:17:18.805 D/SystemServerTimingAsync(  651): ssm.onUnlockedUser-0_com.android.server.soundtrigger_middleware.SoundTriggerMiddlewareService$Lifecycle
12-11 13:17:18.805 V/SystemServerTimingAsync(  651): ssm.onUnlockedUser-0_com.android.server.soundtrigger_middleware.SoundTriggerMiddlewareService$Lifecycle took to complete: 0ms
12-11 13:17:18.805 D/SystemServerTimingAsync(  651): ssm.onUnlockedUser-0_com.android.server.DockObserver
12-11 13:17:18.805 V/SystemServerTimingAsync(  651): ssm.onUnlockedUser-0_com.android.server.DockObserver took to complete: 0ms
12-11 13:17:18.805 D/SystemServerTimingAsync(  651): ssm.onUnlockedUser-0_com.android.server.adb.AdbService$Lifecycle
12-11 13:17:18.805 D/CompatibilityChangeReporter(  651): Compat change id reported: 184838306; UID 10070; state: DISABLED
12-11 13:17:18.805 V/SystemServerTimingAsync(  651): ssm.onUnlockedUser-0_com.android.server.adb.AdbService$Lifecycle took to complete: 0ms
12-11 13:17:18.805 D/SystemServerTimingAsync(  651): ssm.onUnlockedUser-0_com.android.server.usb.UsbService$Lifecycle
12-11 13:17:18.805 V/SystemServerTimingAsync(  651): ssm.onUnlockedUser-0_com.android.server.usb.UsbService$Lifecycle took to complete: 0ms
12-11 13:17:18.805 D/SystemServerTimingAsync(  651): ssm.onUnlockedUser-0_com.android.server.twilight.TwilightService
12-11 13:17:18.805 V/SystemServerTimingAsync(  651): ssm.onUnlockedUser-0_com.android.server.twilight.TwilightService took to complete: 0ms
12-11 13:17:18.805 D/SystemServerTimingAsync(  651): ssm.onUnlockedUser-0_com.android.server.display.color.ColorDisplayService
12-11 13:17:18.805 V/SystemServerTimingAsync(  651): ssm.onUnlockedUser-0_com.android.server.display.color.ColorDisplayService took to complete: 0ms
12-11 13:17:18.805 D/SystemServerTimingAsync(  651): ssm.onUnlockedUser-0_com.android.server.job.JobSchedulerService
12-11 13:17:18.805 V/SystemServerTimingAsync(  651): ssm.onUnlockedUser-0_com.android.server.job.JobSchedulerService took to complete: 0ms
12-11 13:17:18.805 D/SystemServerTimingAsync(  651): ssm.onUnlockedUser-0_com.android.server.soundtrigger.SoundTriggerService
12-11 13:17:18.805 V/SystemServerTimingAsync(  651): ssm.onUnlockedUser-0_com.android.server.soundtrigger.SoundTriggerService took to complete: 0ms
12-11 13:17:18.805 D/SystemServerTimingAsync(  651): ssm.onUnlockedUser-0_com.android.server.trust.TrustManagerService
12-11 13:17:18.805 V/SystemServerTimingAsync(  651): ssm.onUnlockedUser-0_com.android.server.trust.TrustManagerService took to complete: 0ms
12-11 13:17:18.805 D/SystemServerTimingAsync(  651): ssm.onUnlockedUser-0_com.android.server.backup.BackupManagerService$Lifecycle
12-11 13:17:18.805 V/SystemServerTimingAsync(  651): ssm.onUnlockedUser-0_com.android.server.backup.BackupManagerService$Lifecycle took to complete: 0ms
12-11 13:17:18.806 D/SystemServerTimingAsync(  651): ssm.onUnlockedUser-0_com.android.server.appwidget.AppWidgetService
12-11 13:17:18.806 V/SystemServerTimingAsync(  651): ssm.onUnlockedUser-0_com.android.server.appwidget.AppWidgetService took to complete: 0ms
12-11 13:17:18.806 D/SystemServerTimingAsync(  651): ssm.onUnlockedUser-0_com.android.server.voiceinteraction.VoiceInteractionManagerService
12-11 13:17:18.806 V/SystemServerTimingAsync(  651): ssm.onUnlockedUser-0_com.android.server.voiceinteraction.VoiceInteractionManagerService took to complete: 0ms
12-11 13:17:18.806 D/SystemServerTimingAsync(  651): ssm.onUnlockedUser-0_com.android.server.apphibernation.AppHibernationService
12-11 13:17:18.806 V/SystemServerTimingAsync(  651): ssm.onUnlockedUser-0_com.android.server.apphibernation.AppHibernationService took to complete: 0ms
12-11 13:17:18.806 D/SystemServerTimingAsync(  651): ssm.onUnlockedUser-0_com.android.server.GestureLauncherService
12-11 13:17:18.806 V/SystemServerTimingAsync(  651): ssm.onUnlockedUser-0_com.android.server.GestureLauncherService took to complete: 0ms
12-11 13:17:18.806 D/SystemServerTimingAsync(  651): ssm.onUnlockedUser-0_com.android.server.SensorNotificationService
12-11 13:17:18.806 D/CompatibilityChangeReporter(  651): Compat change id reported: 185004937; UID 10070; state: DISABLED
12-11 13:17:18.806 V/SystemServerTimingAsync(  651): ssm.onUnlockedUser-0_com.android.server.SensorNotificationService took to complete: 0ms
12-11 13:17:18.806 D/SystemServerTimingAsync(  651): ssm.onUnlockedUser-0_com.android.server.emergency.EmergencyAffordanceService
12-11 13:17:18.806 V/SystemServerTimingAsync(  651): ssm.onUnlockedUser-0_com.android.server.emergency.EmergencyAffordanceService took to complete: 0ms
12-11 13:17:18.806 D/SystemServerTimingAsync(  651): ssm.onUnlockedUser-0_com.android.server.blob.BlobStoreManagerService
12-11 13:17:18.806 V/SystemServerTimingAsync(  651): ssm.onUnlockedUser-0_com.android.server.blob.BlobStoreManagerService took to complete: 0ms
12-11 13:17:18.806 D/SystemServerTimingAsync(  651): ssm.onUnlockedUser-0_com.android.server.dreams.DreamManagerService
12-11 13:17:18.806 V/SystemServerTimingAsync(  651): ssm.onUnlockedUser-0_com.android.server.dreams.DreamManagerService took to complete: 0ms
12-11 13:17:18.806 D/SystemServerTimingAsync(  651): ssm.onUnlockedUser-0_com.android.server.print.PrintManagerService
12-11 13:17:18.806 V/SystemServerTimingAsync(  651): ssm.onUnlockedUser-0_com.android.server.print.PrintManagerService took to complete: 0ms
12-11 13:17:18.806 D/SystemServerTimingAsync(  651): ssm.onUnlockedUser-0_com.android.server.companion.CompanionDeviceManagerService
12-11 13:17:18.806 V/SystemServerTimingAsync(  651): ssm.onUnlockedUser-0_com.android.server.companion.CompanionDeviceManagerService took to complete: 0ms
12-11 13:17:18.806 D/SystemServerTimingAsync(  651): ssm.onUnlockedUser-0_com.android.server.restrictions.RestrictionsManagerService
12-11 13:17:18.806 V/SystemServerTimingAsync(  651): ssm.onUnlockedUser-0_com.android.server.restrictions.RestrictionsManagerService took to complete: 0ms
12-11 13:17:18.806 D/SystemServerTimingAsync(  651): ssm.onUnlockedUser-0_com.android.server.media.MediaSessionService
12-11 13:17:18.806 V/SystemServerTimingAsync(  651): ssm.onUnlockedUser-0_com.android.server.media.MediaSessionService took to complete: 0ms
12-11 13:17:18.806 D/SystemServerTimingAsync(  651): ssm.onUnlockedUser-0_com.android.server.hdmi.HdmiControlService
12-11 13:17:18.806 V/SystemServerTimingAsync(  651): ssm.onUnlockedUser-0_com.android.server.hdmi.HdmiControlService took to complete: 0ms
12-11 13:17:18.806 D/SystemServerTimingAsync(  651): ssm.onUnlockedUser-0_com.android.server.media.MediaResourceMonitorService
12-11 13:17:18.806 V/SystemServerTimingAsync(  651): ssm.onUnlockedUser-0_com.android.server.media.MediaResourceMonitorService took to complete: 0ms
12-11 13:17:18.806 D/SystemServerTimingAsync(  651): ssm.onUnlockedUser-0_com.android.server.biometrics.BiometricService
12-11 13:17:18.806 D/CompatibilityChangeReporter(  651): Compat change id reported: 181136395; UID 10070; state: DISABLED
12-11 13:17:18.806 D/CompatibilityChangeReporter(  651): Compat change id reported: 174042936; UID 10070; state: DISABLED
12-11 13:17:18.806 V/SystemServerTimingAsync(  651): ssm.onUnlockedUser-0_com.android.server.biometrics.BiometricService took to complete: 0ms
12-11 13:17:18.806 D/SystemServerTimingAsync(  651): ssm.onUnlockedUser-0_com.android.server.biometrics.AuthService
12-11 13:17:18.806 V/SystemServerTimingAsync(  651): ssm.onUnlockedUser-0_com.android.server.biometrics.AuthService took to complete: 0ms
12-11 13:17:18.806 D/SystemServerTimingAsync(  651): ssm.onUnlockedUser-0_com.android.server.pm.ShortcutService$Lifecycle
12-11 13:17:18.806 V/SystemServerTimingAsync(  651): ssm.onUnlockedUser-0_com.android.server.pm.ShortcutService$Lifecycle took to complete: 0ms
12-11 13:17:18.806 D/SystemServerTimingAsync(  651): ssm.onUnlockedUser-0_com.android.server.pm.LauncherAppsService
12-11 13:17:18.806 V/SystemServerTimingAsync(  651): ssm.onUnlockedUser-0_com.android.server.pm.LauncherAppsService took to complete: 0ms
12-11 13:17:18.806 D/SystemServerTimingAsync(  651): ssm.onUnlockedUser-0_com.android.server.pm.CrossProfileAppsService
12-11 13:17:18.806 V/SystemServerTimingAsync(  651): ssm.onUnlockedUser-0_com.android.server.pm.CrossProfileAppsService took to complete: 0ms
12-11 13:17:18.806 D/CompatibilityChangeReporter(  651): Compat change id reported: 174042980; UID 10070; state: DISABLED
12-11 13:17:18.806 D/SystemServerTimingAsync(  651): ssm.onUnlockedUser-0_com.android.server.people.PeopleService
12-11 13:17:18.807 V/SystemServerTimingAsync(  651): ssm.onUnlockedUser-0_com.android.server.people.PeopleService took to complete: 1ms
12-11 13:17:18.807 D/SystemServerTimingAsync(  651): ssm.onUnlockedUser-0_com.android.server.media.metrics.MediaMetricsManagerService
12-11 13:17:18.807 V/SystemServerTimingAsync(  651): ssm.onUnlockedUser-0_com.android.server.media.metrics.MediaMetricsManagerService took to complete: 0ms
12-11 13:17:18.807 D/SystemServerTimingAsync(  651): ssm.onUnlockedUser-0_com.android.server.media.projection.MediaProjectionManagerService
12-11 13:17:18.807 V/SystemServerTimingAsync(  651): ssm.onUnlockedUser-0_com.android.server.media.projection.MediaProjectionManagerService took to complete: 0ms
12-11 13:17:18.807 D/SystemServerTimingAsync(  651): ssm.onUnlockedUser-0_com.android.server.slice.SliceManagerService$Lifecycle
12-11 13:17:18.807 V/SystemServerTimingAsync(  651): ssm.onUnlockedUser-0_com.android.server.slice.SliceManagerService$Lifecycle took to complete: 0ms
12-11 13:17:18.807 D/SystemServerTimingAsync(  651): ssm.onUnlockedUser-0_com.android.server.stats.StatsCompanion$Lifecycle
12-11 13:17:18.807 V/SystemServerTimingAsync(  651): ssm.onUnlockedUser-0_com.android.server.stats.StatsCompanion$Lifecycle took to complete: 0ms
12-11 13:17:18.807 D/SystemServerTimingAsync(  651): ssm.onUnlockedUser-0_com.android.server.scheduling.RebootReadinessManagerService$Lifecycle
12-11 13:17:18.807 V/SystemServerTimingAsync(  651): ssm.onUnlockedUser-0_com.android.server.scheduling.RebootReadinessManagerService$Lifecycle took to complete: 0ms
12-11 13:17:18.807 D/SystemServerTimingAsync(  651): ssm.onUnlockedUser-0_com.android.server.stats.pull.StatsPullAtomService
12-11 13:17:18.807 V/SystemServerTimingAsync(  651): ssm.onUnlockedUser-0_com.android.server.stats.pull.StatsPullAtomService took to complete: 0ms
12-11 13:17:18.807 D/SystemServerTimingAsync(  651): ssm.onUnlockedUser-0_com.android.server.incident.IncidentCompanionService
12-11 13:17:18.807 V/SystemServerTimingAsync(  651): ssm.onUnlockedUser-0_com.android.server.incident.IncidentCompanionService took to complete: 0ms
12-11 13:17:18.807 D/SystemServerTimingAsync(  651): ssm.onUnlockedUser-0_com.android.server.MmsServiceBroker
12-11 13:17:18.807 V/SystemServerTimingAsync(  651): ssm.onUnlockedUser-0_com.android.server.MmsServiceBroker took to complete: 0ms
12-11 13:17:18.808 D/SystemServerTimingAsync(  651): ssm.onUnlockedUser-0_com.android.server.radxaoverlay.RadxaOverlay
12-11 13:17:18.808 V/SystemServerTimingAsync(  651): ssm.onUnlockedUser-0_com.android.server.radxaoverlay.RadxaOverlay took to complete: 0ms
12-11 13:17:18.808 D/SystemServerTimingAsync(  651): ssm.onUnlockedUser-0_com.android.server.autofill.AutofillManagerService
12-11 13:17:18.808 V/SystemServerTimingAsync(  651): ssm.onUnlockedUser-0_com.android.server.autofill.AutofillManagerService took to complete: 0ms
12-11 13:17:18.808 D/SystemServerTimingAsync(  651): ssm.onUnlockedUser-0_com.android.server.clipboard.ClipboardService
12-11 13:17:18.808 V/SystemServerTimingAsync(  651): ssm.onUnlockedUser-0_com.android.server.clipboard.ClipboardService took to complete: 0ms
12-11 13:17:18.808 D/SystemServerTimingAsync(  651): ssm.onUnlockedUser-0_com.android.server.appbinding.AppBindingService$Lifecycle
12-11 13:17:18.808 V/SystemServerTimingAsync(  651): ssm.onUnlockedUser-0_com.android.server.appbinding.AppBindingService$Lifecycle took to complete: 0ms
12-11 13:17:18.808 D/SystemServerTimingAsync(  651): ssm.onUnlockedUser-0_com.android.server.tracing.TracingServiceProxy
12-11 13:17:18.808 V/SystemServerTimingAsync(  651): ssm.onUnlockedUser-0_com.android.server.tracing.TracingServiceProxy took to complete: 0ms
12-11 13:17:18.808 D/SystemServerTimingAsync(  651): ssm.onUnlockedUser-0_com.android.server.policy.PermissionPolicyService
12-11 13:17:18.808 V/SystemServerTimingAsync(  651): ssm.onUnlockedUser-0_com.android.server.policy.PermissionPolicyService took to complete: 0ms
12-11 13:17:18.808 D/SystemServerTimingAsync(  651): ssm.onUnlockedUser-0_com.android.server.pm.StagingManager$Lifecycle
12-11 13:17:18.808 D/CompatibilityChangeReporter(  651): Compat change id reported: 197654537; UID 10070; state: ENABLED
12-11 13:17:18.808 V/SystemServerTimingAsync(  651): ssm.onUnlockedUser-0_com.android.server.pm.StagingManager$Lifecycle took to complete: 0ms
12-11 13:17:18.808 D/SystemServerTimingAsync(  651): ssm.onUnlockedUser-0_com.android.server.app.GameManagerService$Lifecycle
12-11 13:17:18.808 V/SystemServerTimingAsync(  651): ssm.onUnlockedUser-0_com.android.server.app.GameManagerService$Lifecycle took to complete: 0ms
12-11 13:17:18.808 D/SystemServerTimingAsync(  651): ssm.onUnlockedUser-0_com.android.server.appsearch.AppSearchManagerService
12-11 13:17:18.808 V/SystemServerTimingAsync(  651): ssm.onUnlockedUser-0_com.android.server.appsearch.AppSearchManagerService took to complete: 0ms
12-11 13:17:18.808 D/SystemServerTimingAsync(  651): ssm.onUnlockedUser-0_com.android.server.media.MediaCommunicationService
12-11 13:17:18.808 V/SystemServerTimingAsync(  651): ssm.onUnlockedUser-0_com.android.server.media.MediaCommunicationService took to complete: 0ms
12-11 13:17:18.808 D/SystemServerTimingAsync(  651): ssm.onUnlockedUser-0_com.android.server.compat.overrides.AppCompatOverridesService$Lifecycle
12-11 13:17:18.808 V/SystemServerTimingAsync(  651): ssm.onUnlockedUser-0_com.android.server.compat.overrides.AppCompatOverridesService$Lifecycle took to complete: 0ms
12-11 13:17:18.808 V/SystemServerTimingAsync(  651): ssm.UnlockedUser-0 took to complete: 8ms
12-11 13:17:18.808 W/ActivityManager(  651): UserLifecycleEvent 6 received without an active userJourneySession.
12-11 13:17:18.808 D/Zygote  (  403): Forked child process 1418
12-11 13:17:18.808 I/DropBoxManagerService(  651): add tag=system_server_strictmode isTagEnabled=true flags=0x2
12-11 13:17:18.808 D/CompatibilityChangeReporter(  651): Compat change id reported: 168419799; UID 10070; state: DISABLED
12-11 13:17:18.811 D/CompatibilityChangeReporter(  651): Compat change id reported: 135754954; UID 1000; state: ENABLED
12-11 13:17:18.812 I/PowerAIDL(  422): Registered: CPU 
12-11 13:17:18.812 I/PowerAIDL(  422): min: 408000
12-11 13:17:18.812 I/PowerAIDL(  422): max: 1800000
12-11 13:17:18.812 I/PowerAIDL(  422): Registered: GPU 
12-11 13:17:18.812 I/PowerAIDL(  422): min: 300000000
12-11 13:17:18.812 I/PowerAIDL(  422): max: 1000000000
12-11 13:17:18.812 E/PowerAIDL(  422): Error to open /sys/class/devfreq/dmc/system_status
12-11 13:17:18.812 I/PowerAIDL(  422): Trying read from realpath: /sys/system_monitor/system_status
12-11 13:17:18.812 I/PowerAIDL(  422): Registered: DDR 
12-11 13:17:18.812 I/PowerAIDL(  422): min: 528000000
12-11 13:17:18.812 I/PowerAIDL(  422): max: 2112000000
12-11 13:17:18.812 V/NotificationAssistants(  651): enabling notification assistant for 0: ComponentInfo{android.ext.services/android.ext.services.notification.Assistant}
12-11 13:17:18.812 V/NotificationAssistants(  651): binding: Intent { act=android.service.notification.NotificationAssistantService cmp=android.ext.services/.notification.Assistant (has extras) }
12-11 13:17:18.813 D/CompatibilityChangeReporter(  651): Compat change id reported: 168419799; UID 10080; state: DISABLED
12-11 13:17:18.815 I/Watchdog(  651): Interesting Java process com.android.providers.media.module started. Pid 1418
12-11 13:17:18.815 I/ActivityManager(  651): Start proc 1418:com.android.providers.media.module/u0a79 for service {com.android.providers.media.module/com.android.providers.media.fuse.ExternalStorageServiceImpl}
12-11 13:17:18.817 I/Zygote  ( 1414): seccomp disabled by setenforce 0
12-11 13:17:18.817 I/libc    ( 1414): SetHeapTaggingLevel: tag level set to 0
12-11 13:17:18.818 I/Zygote  ( 1418): seccomp disabled by setenforce 0
12-11 13:17:18.821 D/WifiConfigStore(  651): Writing to stores completed in 37 ms.
12-11 13:17:18.822 I/adbd    (  460): jdwp connection from 1414
12-11 13:17:18.826 I/BpBinder(  345): onLastStrongRef automatically unlinking death recipients: <uncached descriptor>
12-11 13:17:18.828 I/adbd    (  460): jdwp connection from 1418
12-11 13:17:18.828 V/BackupManagerService(  651): [UserID:0] No ancestral data
12-11 13:17:18.834 D/CompatibilityChangeReporter(  651): Compat change id reported: 168419799; UID 10079; state: DISABLED
12-11 13:17:18.837 D/Zygote  (  403): Forked child process 1453
12-11 13:17:18.837 I/ActivityManager(  651): Start proc 1453:com.android.keychain/1000 for service {com.android.keychain/com.android.keychain.KeyChainService}
12-11 13:17:18.838 I/AccountManagerService(  651): User 0 is unlocked - opening CE database
12-11 13:17:18.839 D/CompatibilityChangeReporter(  651): Compat change id reported: 168419799; UID 1000; state: DISABLED
12-11 13:17:18.839 D/CompatibilityChangeReporter( 1418): Compat change id reported: 171979766; UID 10079; state: ENABLED
12-11 13:17:18.845 D/CompatibilityChangeReporter( 1414): Compat change id reported: 171979766; UID 1000; state: DISABLED
12-11 13:17:18.847 I/Zygote  ( 1453): seccomp disabled by setenforce 0
12-11 13:17:18.850 D/ApplicationLoaders( 1414): Returning zygote-cached class loader: /system/framework/android.test.base.jar
12-11 13:17:18.850 D/ApplicationLoaders( 1414): Returning zygote-cached class loader: /system/framework/android.hidl.manager-V1.0-java.jar
12-11 13:17:18.850 D/ApplicationLoaders( 1414): Returning zygote-cached class loader: /system/framework/android.hidl.base-V1.0-java.jar
12-11 13:17:18.853 I/adbd    (  460): jdwp connection from 1453
12-11 13:17:18.855 D/CompatibilityChangeReporter( 1022): Compat change id reported: 160794467; UID 10070; state: ENABLED
12-11 13:17:18.856 D/CompatibilityChangeReporter(  651): Compat change id reported: 168419799; UID 1000; state: DISABLED
12-11 13:17:18.856 I/AlarmClock( 1355): AlarmInitReceiver android.intent.action.LOCKED_BOOT_COMPLETED
12-11 13:17:18.853 I/getprop ( 1451): type=1400 audit(0.0:5568): avc: denied { open } for path="/dev/__properties__/u:object_r:aac_drc_prop:s0" dev="tmpfs" ino=58 scontext=u:r:shell:s0 tcontext=u:object_r:aac_drc_prop:s0 tclass=file permissive=1
12-11 13:17:18.853 I/getprop ( 1451): type=1400 audit(0.0:5569): avc: denied { getattr } for path="/dev/__properties__/u:object_r:aac_drc_prop:s0" dev="tmpfs" ino=58 scontext=u:r:shell:s0 tcontext=u:object_r:aac_drc_prop:s0 tclass=file permissive=1
12-11 13:17:18.853 I/getprop ( 1451): type=1400 audit(0.0:5570): avc: denied { map } for path="/dev/__properties__/u:object_r:aac_drc_prop:s0" dev="tmpfs" ino=58 scontext=u:r:shell:s0 tcontext=u:object_r:aac_drc_prop:s0 tclass=file permissive=1
12-11 13:17:18.853 I/getprop ( 1451): type=1400 audit(0.0:5571): avc: denied { open } for path="/dev/__properties__/u:object_r:ab_update_gki_prop:s0" dev="tmpfs" ino=60 scontext=u:r:shell:s0 tcontext=u:object_r:ab_update_gki_prop:s0 tclass=file permissive=1
12-11 13:17:18.853 I/getprop ( 1451): type=1400 audit(0.0:5572): avc: denied { getattr } for path="/dev/__properties__/u:object_r:ab_update_gki_prop:s0" dev="tmpfs" ino=60 scontext=u:r:shell:s0 tcontext=u:object_r:ab_update_gki_prop:s0 tclass=file permissive=1
12-11 13:17:18.853 I/getprop ( 1451): type=1400 audit(0.0:5573): avc: denied { map } for path="/dev/__properties__/u:object_r:ab_update_gki_prop:s0" dev="tmpfs" ino=60 scontext=u:r:shell:s0 tcontext=u:object_r:ab_update_gki_prop:s0 tclass=file permissive=1
12-11 13:17:18.853 I/getprop ( 1451): type=1400 audit(0.0:5574): avc: denied { open } for path="/dev/__properties__/u:object_r:adbd_prop:s0" dev="tmpfs" ino=62 scontext=u:r:shell:s0 tcontext=u:object_r:adbd_prop:s0 tclass=file permissive=1
12-11 13:17:18.853 I/getprop ( 1451): type=1400 audit(0.0:5575): avc: denied { getattr } for path="/dev/__properties__/u:object_r:adbd_prop:s0" dev="tmpfs" ino=62 scontext=u:r:shell:s0 tcontext=u:object_r:adbd_prop:s0 tclass=file permissive=1
12-11 13:17:18.853 I/getprop ( 1451): type=1400 audit(0.0:5576): avc: denied { map } for path="/dev/__properties__/u:object_r:adbd_prop:s0" dev="tmpfs" ino=62 scontext=u:r:shell:s0 tcontext=u:object_r:adbd_prop:s0 tclass=file permissive=1
12-11 13:17:18.858 I/SyncManager(  651): Loaded persisted syncs: 0 periodic syncs, 0 oneshot syncs, 15 total system server jobs, JobStats: FirstLoad: 6/4/0 LastSave: -1/-1/-1
12-11 13:17:18.859 V/NotificationAssistants(  651): 0 notification assistant service connected: ComponentInfo{android.ext.services/android.ext.services.notification.Assistant}
12-11 13:17:18.859 D/CompatibilityChangeReporter( 1453): Compat change id reported: 171979766; UID 1000; state: ENABLED
12-11 13:17:18.870 W/HdmiCecController(  651): Failed to send <Device Vendor Id> 4F:87:00:00:01 with errorCode=3
12-11 13:17:18.870 I/hdmicec (  418): send msg LEN:13,opcode:47,addr:40
12-11 13:17:18.870 E/hdmicec (  418): ioctl err:-1 Machine is not on the network
12-11 13:17:18.872 W/InputAttributes( 1364): No editor info for this field. Bug?
12-11 13:17:18.881 I/AlarmClock( 1355): Fixing alarm instances
12-11 13:17:18.886 I/mali_so ( 1022): [File] : hardware/arm/maliT760/driver/product/base/src/mali_base_kbase.c; [Line] : 1392; [Func] : base_context_deal_with_version_affairs_rk_ext;
12-11 13:17:18.886 I/mali_so ( 1022): arm_release_ver of this mali_so is 'g18p0-01eac0', rk_so_ver is '2 '.
12-11 13:17:18.886 I/mali_so ( 1022): [File] : hardware/arm/maliT760/driver/product/base/src/mali_base_kbase.c; [Line] : 1408; [Func] : base_context_deal_with_version_affairs_rk_ext;
12-11 13:17:18.886 I/mali_so ( 1022): arm_release_vers are match. to set the full mali_ver 'g18p0-01eac0-2' as value of 'sys.gmali.version'.
12-11 13:17:18.891 I/hwservicemanager(  305): getTransport: Cannot find entry android.hardware.configstore@1.0::ISurfaceFlingerConfigs/default in either framework or device VINTF manifest.
12-11 13:17:18.896 D/WindowTokenClient( 1364): Configuration not dispatch to IME because configuration is up to date. Current config={1.0 ?mcc?mnc [en_US] ldltr sw720dp w720dp h1208dp 240dpi lrg long port finger qwerty/v/v -nav/h winConfig={ mBounds=Rect(0, 0 - 1080, 1920) mAppBounds=Rect(0, 0 - 1080, 1848) mMaxBounds=Rect(0, 0 - 1080, 1920) mWindowingMode=fullscreen mDisplayWindowingMode=fullscreen mActivityType=undefined mAlwaysOnTop=undefined mRotation=ROTATION_0} as.2 s.10 fontWeightAdjustment=0}, reported config={1.0 ?mcc?mnc [en_US] ldltr sw720dp w720dp h1208dp 240dpi lrg long port finger qwerty/v/v -nav/h winConfig={ mBounds=Rect(0, 0 - 1080, 1920) mAppBounds=Rect(0, 0 - 1080, 1848) mMaxBounds=Rect(0, 0 - 1080, 1920) mWindowingMode=fullscreen mDisplayWindowingMode=fullscreen mActivityType=undefined mAlwaysOnTop=undefined mRotation=ROTATION_0} as.2 s.10 fontWeightAdjustment=0}, updated config={1.0 ?mcc?mnc [en_US] ldltr sw720dp w720dp h1208dp 240dpi lrg long port finger qwerty/v/v -nav/h winConfig={ mBounds=Rect(0, 0 - 1080, 1920) mAppBounds=Rect(0, 0 - 1080, 1848) mMaxBounds=Rect(0, 0 - 1080, 1920) mWindowingMode=fullscreen mDisplayWindowingMode=fullscreen mActivityType=undefined mAlwaysOnTop=undefined mRotation=ROTATION_0} as.2 s.10 fontWeightAdjustment=0}
12-11 13:17:18.901 I/LatinIME:LogUtils( 1364): Dictionary info: dictionary = UserHistoryDictionary.en_US ; version = 1733923038 ; date = ?
12-11 13:17:18.901 I/LatinIME:LogUtils( 1364): Dictionary info: dictionary = userunigram.en_US ; version = 1733923038 ; date = ?
12-11 13:17:18.902 V/GraphicsEnvironment( 1418): ANGLE Developer option for 'com.android.providers.media.module' set to: 'default'
12-11 13:17:18.903 D/CompatibilityChangeReporter(  651): Compat change id reported: 135634846; UID 10017; state: DISABLED
12-11 13:17:18.903 D/CompatibilityChangeReporter(  651): Compat change id reported: 177438394; UID 10017; state: DISABLED
12-11 13:17:18.903 V/GraphicsEnvironment( 1418): ANGLE GameManagerService for com.android.providers.media.module: false
12-11 13:17:18.903 D/CompatibilityChangeReporter(  651): Compat change id reported: 135772972; UID 10017; state: DISABLED
12-11 13:17:18.903 D/CompatibilityChangeReporter(  651): Compat change id reported: 135754954; UID 10017; state: ENABLED
12-11 13:17:18.903 V/GraphicsEnvironment( 1418): Neither updatable production driver nor prerelease driver is supported.
12-11 13:17:18.903 D/CompatibilityChangeReporter(  651): Compat change id reported: 143937733; UID 10017; state: ENABLED
12-11 13:17:18.904 D/NetworkSecurityConfig( 1418): No Network Security Config specified, using platform default
12-11 13:17:18.904 D/NetworkSecurityConfig( 1418): No Network Security Config specified, using platform default
01-01 00:00:33.395 I/zram0   (    1): detected capacity change from 0 to 4149661696
12-11 13:17:18.909 D/Zygote  (  403): Forked child process 1487
12-11 13:17:18.910 I/ActivityManager(  651): Start proc 1487:android.process.acore/u0a17 for content provider {com.android.providers.userdictionary/com.android.providers.userdictionary.UserDictionaryProvider}
12-11 13:17:18.910 V/MediaProvider( 1418): Attached media from com.android.providers.media.module
12-11 13:17:18.913 I/Zygote  ( 1487): seccomp disabled by setenforce 0
12-11 13:17:18.917 D/CompatibilityChangeReporter( 1355): Compat change id reported: 160794467; UID 10063; state: DISABLED
12-11 13:17:18.917 V/AlarmClock( 1355): AlarmInitReceiver finished
12-11 13:17:18.918 I/adbd    (  460): jdwp connection from 1487
12-11 13:17:18.921 D/CompatibilityChangeReporter(  651): Compat change id reported: 168419799; UID 10017; state: DISABLED
01-01 00:00:33.410 I/mkswap  (    1): Swapspace size: 4052400k, UUID=a0f610ea-8769-4e3e-ad5d-846eeb918da8
12-11 13:17:18.924 D/CompatibilityChangeReporter( 1487): Compat change id reported: 171979766; UID 10017; state: ENABLED
12-11 13:17:18.924 E/HWComposer(  345): getSupportedContentTypes: getSupportedContentTypes failed for display 0: Unsupported (8)
12-11 13:17:18.925 E/HWComposer(  345): getSupportedContentTypes: getSupportedContentTypes failed for display 1: Unsupported (8)
12-11 13:17:18.925 V/BackupManagerConstants(  651): getKeyValueBackupIntervalMilliseconds(...) returns 14400000
12-11 13:17:18.925 V/BackupManagerConstants(  651): getKeyValueBackupFuzzMilliseconds(...) returns 600000
12-11 13:17:18.925 V/BackupManagerConstants(  651): getKeyValueBackupRequiredNetworkType(...) returns 1
12-11 13:17:18.925 V/GraphicsEnvironment( 1414): ANGLE Developer option for 'com.cghs.stresstest' set to: 'default'
12-11 13:17:18.925 V/BackupManagerConstants(  651): getKeyValueBackupRequireCharging(...) returns true
12-11 13:17:18.925 V/KeyValueBackupJob(  651): Scheduling k/v pass in 241 minutes
12-11 13:17:18.925 V/GraphicsEnvironment( 1414): ANGLE GameManagerService for com.cghs.stresstest: false
12-11 13:17:18.925 V/GraphicsEnvironment( 1414): Neither updatable production driver nor prerelease driver is supported.
12-11 13:17:18.926 D/NetworkSecurityConfig( 1414): No Network Security Config specified, using platform default
12-11 13:17:18.926 D/NetworkSecurityConfig( 1414): No Network Security Config specified, using platform default
12-11 13:17:18.926 D/ConnectivityService(  651): requestNetwork for uid/pid:1000/651 activeRequest: null callbackRequest: 30 [NetworkRequest [ REQUEST id=31, [ Capabilities: INTERNET&NOT_RESTRICTED&TRUSTED&NOT_VCN_MANAGED Uid: 1000 RequestorUid: 1000 RequestorPkg: android] ]] callback flags: 0 priority: 2147483647
12-11 13:17:18.927 D/ConnectivityService(  651): NetReassign [no changes]
12-11 13:17:18.927 D/WifiNetworkFactory(  651): got request NetworkRequest [ REQUEST id=31, [ Capabilities: INTERNET&NOT_RESTRICTED&TRUSTED&NOT_VCN_MANAGED Uid: 1000 RequestorUid: 1000 RequestorPkg: android] ]
12-11 13:17:18.927 D/Ethernet(  651): got request NetworkRequest [ REQUEST id=31, [ Capabilities: INTERNET&NOT_RESTRICTED&TRUSTED&NOT_VCN_MANAGED Uid: 1000 RequestorUid: 1000 RequestorPkg: android] ]
12-11 13:17:18.927 D/EthernetNetworkFactory(  651): acceptRequest, request: NetworkRequest [ REQUEST id=31, [ Capabilities: INTERNET&NOT_RESTRICTED&TRUSTED&NOT_VCN_MANAGED Uid: 1000 RequestorUid: 1000 RequestorPkg: android] ]
12-11 13:17:18.927 D/UntrustedWifiNetworkFactory(  651): got request NetworkRequest [ REQUEST id=31, [ Capabilities: INTERNET&NOT_RESTRICTED&TRUSTED&NOT_VCN_MANAGED Uid: 1000 RequestorUid: 1000 RequestorPkg: android] ]
12-11 13:17:18.927 I/EthernetNetworkFactory(  651): networkForRequest, request: NetworkRequest [ REQUEST id=31, [ Capabilities: INTERNET&NOT_RESTRICTED&TRUSTED&NOT_VCN_MANAGED Uid: 1000 RequestorUid: 1000 RequestorPkg: android] ], network: null
12-11 13:17:18.928 D/OemPaidWifiNetworkFactory(  651): got request NetworkRequest [ REQUEST id=31, [ Capabilities: INTERNET&NOT_RESTRICTED&TRUSTED&NOT_VCN_MANAGED Uid: 1000 RequestorUid: 1000 RequestorPkg: android] ]
12-11 13:17:18.931 I/android.hardware.graphics.allocator@4.0-service(  414): alloc_format: FMT:0x1,MOD:0
12-11 13:17:18.931 I/android.hardware.graphics.allocator@4.0-service(  414): mali_gralloc_adjust_dimensions: alloc_format=FMT:0x1,MOD:0 usage=0xb00 alloc_width=26, alloc_height=26
12-11 13:17:18.931 D/android.hardware.graphics.allocator@4.0-service(  414): got new private_handle_t instance for buffer 'ImageReader-26x26f1u2816m2-1022-0'. share_fd : 8, share_attr_fd : 9, width : 26, height : 26, req_format : 0x1, producer_usage : 0xb00, consumer_usage : 0xb00, , stride : 0, alloc_format : 1, size : 3328, layer_count : 1
12-11 13:17:18.931 D/android.hardware.graphics.allocator@4.0-service(  414): plane_info[0]: offset : 0, byte_stride : 128, alloc_width : 26, alloc_height : 26
12-11 13:17:18.931 D/android.hardware.graphics.allocator@4.0-service(  414): plane_info[1]: offset : 0, byte_stride : 0, alloc_width : 0, alloc_height : 0
12-11 13:17:18.936 E/FrameEvents( 1022): updateAcquireFence: Did not find frame.
12-11 13:17:18.936 I/BackupManagerService(  651): isBackupEnabled() => false due to absent settings file
12-11 13:17:18.936 D/BackupManagerService(  651): user:0 readBackupEnableState enabled:false
12-11 13:17:18.936 I/BackupManagerService(  651): [UserID:0] Backup enabled => false
12-11 13:17:18.937 W/ActivityTaskManager(  651): Current config: {1.0 ?mcc?mnc [en_US] ldltr sw720dp w720dp h1208dp 240dpi lrg long port finger qwerty/v/v -nav/h winConfig={ mBounds=Rect(0, 0 - 1080, 1920) mAppBounds=Rect(0, 0 - 1080, 1848) mMaxBounds=Rect(0, 0 - 1080, 1920) mWindowingMode=fullscreen mDisplayWindowingMode=fullscreen mActivityType=undefined mAlwaysOnTop=undefined mRotation=ROTATION_0} as.2 s.10 fontWeightAdjustment=0} unchanged for IME proc com.android.inputmethod.latin
12-11 13:17:18.937 W/ActivityTaskManager(  651): Current config: {1.0 ?mcc?mnc [en_US] ldltr sw720dp w720dp h1208dp 240dpi lrg long port finger qwerty/v/v -nav/h winConfig={ mBounds=Rect(0, 0 - 1080, 1920) mAppBounds=Rect(0, 0 - 1080, 1848) mMaxBounds=Rect(0, 0 - 1080, 1920) mWindowingMode=fullscreen mDisplayWindowingMode=fullscreen mActivityType=undefined mAlwaysOnTop=undefined mRotation=ROTATION_0} as.2 s.10 fontWeightAdjustment=0} unchanged for IME proc com.android.inputmethod.latin
12-11 13:17:18.937 I/android.hardware.graphics.allocator@4.0-service(  414): alloc_format: FMT:0x1,MOD:0
12-11 13:17:18.937 I/android.hardware.graphics.allocator@4.0-service(  414): mali_gralloc_adjust_dimensions: alloc_format=FMT:0x1,MOD:0 usage=0xb00 alloc_width=26, alloc_height=26
12-11 13:17:18.937 D/android.hardware.graphics.allocator@4.0-service(  414): got new private_handle_t instance for buffer 'ImageReader-26x26f1u2816m2-1022-1'. share_fd : 8, share_attr_fd : 9, width : 26, height : 26, req_format : 0x1, producer_usage : 0xb00, consumer_usage : 0xb00, , stride : 0, alloc_format : 1, size : 3328, layer_count : 1
12-11 13:17:18.937 D/android.hardware.graphics.allocator@4.0-service(  414): plane_info[0]: offset : 0, byte_stride : 128, alloc_width : 26, alloc_height : 26
12-11 13:17:18.937 D/android.hardware.graphics.allocator@4.0-service(  414): plane_info[1]: offset : 0, byte_stride : 0, alloc_width : 0, alloc_height : 0
12-11 13:17:18.938 E/FrameEvents( 1022): updateAcquireFence: Did not find frame.
12-11 13:17:18.939 D/WindowTokenClient( 1364): Configuration not dispatch to IME because configuration is up to date. Current config={1.0 ?mcc?mnc [en_US] ldltr sw720dp w720dp h1208dp 240dpi lrg long port finger qwerty/v/v -nav/h winConfig={ mBounds=Rect(0, 0 - 1080, 1920) mAppBounds=Rect(0, 0 - 1080, 1848) mMaxBounds=Rect(0, 0 - 1080, 1920) mWindowingMode=fullscreen mDisplayWindowingMode=fullscreen mActivityType=undefined mAlwaysOnTop=undefined mRotation=ROTATION_0} as.2 s.10 fontWeightAdjustment=0}, reported config={1.0 ?mcc?mnc [en_US] ldltr sw720dp w720dp h1208dp 240dpi lrg long port finger qwerty/v/v -nav/h winConfig={ mBounds=Rect(0, 0 - 1080, 1920) mAppBounds=Rect(0, 0 - 1080, 1848) mMaxBounds=Rect(0, 0 - 1080, 1920) mWindowingMode=fullscreen mDisplayWindowingMode=fullscreen mActivityType=undefined mAlwaysOnTop=undefined mRotation=ROTATION_0} as.2 s.10 fontWeightAdjustment=0}, updated config={1.0 ?mcc?mnc [en_US] ldltr sw720dp w720dp h1208dp 240dpi lrg long port finger qwerty/v/v -nav/h winConfig={ mBounds=Rect(0, 0 - 1080, 1920) mAppBounds=Rect(0, 0 - 1080, 1848) mMaxBounds=Rect(0, 0 - 1080, 1920) mWindowingMode=fullscreen mDisplayWindowingMode=fullscreen mActivityType=undefined mAlwaysOnTop=undefined mRotation=ROTATION_0} as.2 s.10 fontWeightAdjustment=0}
12-11 13:17:18.942 I/android.hardware.graphics.allocator@4.0-service(  414): alloc_format: FMT:0x1,MOD:0
12-11 13:17:18.942 I/android.hardware.graphics.allocator@4.0-service(  414): mali_gralloc_adjust_dimensions: alloc_format=FMT:0x1,MOD:0 usage=0xb00 alloc_width=26, alloc_height=26
12-11 13:17:18.942 D/android.hardware.graphics.allocator@4.0-service(  414): got new private_handle_t instance for buffer 'ImageReader-26x26f1u2816m2-1022-2'. share_fd : 8, share_attr_fd : 9, width : 26, height : 26, req_format : 0x1, producer_usage : 0xb00, consumer_usage : 0xb00, , stride : 0, alloc_format : 1, size : 3328, layer_count : 1
12-11 13:17:18.942 D/android.hardware.graphics.allocator@4.0-service(  414): plane_info[0]: offset : 0, byte_stride : 128, alloc_width : 26, alloc_height : 26
12-11 13:17:18.942 D/android.hardware.graphics.allocator@4.0-service(  414): plane_info[1]: offset : 0, byte_stride : 0, alloc_width : 0, alloc_height : 0
12-11 13:17:18.943 E/FrameEvents( 1022): updateAcquireFence: Did not find frame.
01-01 00:00:33.438 I/        (    1): Adding 4052400k swap on /dev/block/zram0.  Priority:-2 extents:1 across:4052400k SS
12-11 13:17:18.952 E/ContextImpl( 1022): Tried to access visual service WindowManager from a non-visual Context:android.app.Application@1cb1b3f WindowManager should be accessed from Activity or other visual Context. Use an Activity or a Context created with Context#createWindowContext(int, Bundle), which are adjusted to the configuration and visual bounds of an area on screen.
12-11 13:17:18.952 E/ContextImpl( 1022): java.lang.IllegalAccessException: Tried to access visual service WindowManager from a non-visual Context:android.app.Application@1cb1b3f
12-11 13:17:18.952 E/ContextImpl( 1022): 	at android.app.ContextImpl.getSystemService(ContextImpl.java:2076)
12-11 13:17:18.952 E/ContextImpl( 1022): 	at android.content.ContextWrapper.getSystemService(ContextWrapper.java:859)
12-11 13:17:18.952 E/ContextImpl( 1022): 	at android.content.Context.getSystemService(Context.java:3949)
12-11 13:17:18.952 E/ContextImpl( 1022): 	at com.android.launcher3.taskbar.TaskbarActivityContext.<init>(TaskbarActivityContext.java:148)
12-11 13:17:18.952 E/ContextImpl( 1022): 	at com.android.launcher3.taskbar.TaskbarManager.recreateTaskbar(TaskbarManager.java:235)
12-11 13:17:18.952 E/ContextImpl( 1022): 	at com.android.launcher3.taskbar.TaskbarManager.onUserUnlocked(TaskbarManager.java:165)
12-11 13:17:18.952 E/ContextImpl( 1022): 	at com.android.quickstep.TouchInteractionService$$ExternalSyntheticLambda5.run(Unknown Source:2)
12-11 13:17:18.952 E/ContextImpl( 1022): 	at com.android.quickstep.RecentsAnimationDeviceState.notifyUserUnlocked(RecentsAnimationDeviceState.java:384)
12-11 13:17:18.952 E/ContextImpl( 1022): 	at com.android.quickstep.RecentsAnimationDeviceState.access$100(RecentsAnimationDeviceState.java:90)
12-11 13:17:18.952 E/ContextImpl( 1022): 	at com.android.quickstep.RecentsAnimationDeviceState$1.onReceive(RecentsAnimationDeviceState.java:127)
12-11 13:17:18.952 E/ContextImpl( 1022): 	at android.app.LoadedApk$ReceiverDispatcher$Args.lambda$getRunnable$0$LoadedApk$ReceiverDispatcher$Args(LoadedApk.java:1679)
12-11 13:17:18.952 E/ContextImpl( 1022): 	at android.app.LoadedApk$ReceiverDispatcher$Args$$ExternalSyntheticLambda0.run(Unknown Source:2)
12-11 13:17:18.952 E/ContextImpl( 1022): 	at android.os.Handler.handleCallback(Handler.java:938)
12-11 13:17:18.952 E/ContextImpl( 1022): 	at android.os.Handler.dispatchMessage(Handler.java:99)
12-11 13:17:18.952 E/ContextImpl( 1022): 	at android.os.Looper.loopOnce(Looper.java:201)
12-11 13:17:18.952 E/ContextImpl( 1022): 	at android.os.Looper.loop(Looper.java:288)
12-11 13:17:18.952 E/ContextImpl( 1022): 	at android.app.ActivityThread.main(ActivityThread.java:7870)
12-11 13:17:18.952 E/ContextImpl( 1022): 	at java.lang.reflect.Method.invoke(Native Method)
12-11 13:17:18.952 E/ContextImpl( 1022): 	at com.android.internal.os.RuntimeInit$MethodAndArgsCaller.run(RuntimeInit.java:548)
12-11 13:17:18.952 E/ContextImpl( 1022): 	at com.android.internal.os.ZygoteInit.main(ZygoteInit.java:1003)
12-11 13:17:18.954 I/DropBoxManagerService(  651): add tag=system_app_strictmode isTagEnabled=true flags=0x2
12-11 13:17:18.965 V/Launcher( 1022): LauncherAppState initiated
12-11 13:17:18.976 W/NotificationHistory(  651): Attempted to add notif for locked/gone/disabled user 0
12-11 13:17:18.983 D/InterruptionStateProvider(  840): No bubble up: not allowed to bubble: -1|com.android.systemui|1396986699|disk:179,0|10073
12-11 13:17:18.984 D/InterruptionStateProvider(  840): No heads up: unimportant notification: -1|com.android.systemui|1396986699|disk:179,0|10073
12-11 13:17:18.986 D/LoaderTask( 1022): loadWorkspace: loading default favorites
12-11 13:17:19.000 D/CompatibilityChangeReporter( 1022): Compat change id reported: 171228096; UID 10070; state: ENABLED
12-11 13:17:19.002 V/GraphicsEnvironment( 1487): ANGLE Developer option for 'com.android.providers.userdictionary' set to: 'default'
12-11 13:17:19.002 V/GraphicsEnvironment( 1453): ANGLE Developer option for 'com.android.keychain' set to: 'default'
12-11 13:17:19.002 V/GraphicsEnvironment( 1487): ANGLE GameManagerService for com.android.providers.userdictionary: false
12-11 13:17:19.002 V/GraphicsEnvironment( 1487): Neither updatable production driver nor prerelease driver is supported.
12-11 13:17:19.002 V/GraphicsEnvironment( 1453): ANGLE GameManagerService for com.android.keychain: false
12-11 13:17:19.003 V/GraphicsEnvironment( 1453): Neither updatable production driver nor prerelease driver is supported.
12-11 13:17:19.003 D/NetworkSecurityConfig( 1453): No Network Security Config specified, using platform default
12-11 13:17:19.003 D/NetworkSecurityConfig( 1453): No Network Security Config specified, using platform default
12-11 13:17:19.003 D/NetworkSecurityConfig( 1487): No Network Security Config specified, using platform default
12-11 13:17:19.003 D/NetworkSecurityConfig( 1487): No Network Security Config specified, using platform default
12-11 13:17:19.004 D/CompatibilityChangeReporter(  651): Compat change id reported: 135634846; UID 10056; state: DISABLED
12-11 13:17:19.004 D/CompatibilityChangeReporter(  651): Compat change id reported: 177438394; UID 10056; state: DISABLED
12-11 13:17:19.004 D/CompatibilityChangeReporter(  651): Compat change id reported: 135772972; UID 10056; state: DISABLED
12-11 13:17:19.004 D/CompatibilityChangeReporter(  651): Compat change id reported: 135754954; UID 10056; state: DISABLED
12-11 13:17:19.004 D/CompatibilityChangeReporter(  651): Compat change id reported: 143937733; UID 10056; state: DISABLED
12-11 13:17:19.010 D/Zygote  (  403): Forked child process 1520
12-11 13:17:19.010 I/ActivityManager(  651): Start proc 1520:com.android.quicksearchbox/u0a56 for broadcast {com.android.quicksearchbox/com.android.quicksearchbox.SearchWidgetProvider}
12-11 13:17:19.012 I/Zygote  ( 1520): seccomp disabled by setenforce 0
12-11 13:17:19.013 I/libc    ( 1520): SetHeapTaggingLevel: tag level set to 0
12-11 13:17:19.017 I/TranscodeHelper( 1418): Empty transcode compat stale
12-11 13:17:19.017 I/TranscodeHelper( 1418): Parsed 0 packages from resource
12-11 13:17:19.018 I/TranscodeHelper( 1418): Empty device config transcode compat manifest
12-11 13:17:19.020 D/PeopleSpaceWidgetMgr(  840): Sbn doesn't contain valid PeopleTileKey: null/-1/com.android.systemui
12-11 13:17:19.022 I/adbd    (  460): jdwp connection from 1520
12-11 13:17:19.023 D/CompatibilityChangeReporter(  651): Compat change id reported: 168419799; UID 10056; state: DISABLED
12-11 13:17:19.025 D/CompatibilityChangeReporter( 1520): Compat change id reported: 171979766; UID 10056; state: DISABLED
12-11 13:17:19.025 V/BackupManagerConstants(  651): getKeyValueBackupIntervalMilliseconds(...) returns 14400000
12-11 13:17:19.025 V/BackupManagerConstants(  651): getKeyValueBackupFuzzMilliseconds(...) returns 600000
12-11 13:17:19.025 V/BackupManagerConstants(  651): getKeyValueBackupRequiredNetworkType(...) returns 1
12-11 13:17:19.025 V/BackupManagerConstants(  651): getKeyValueBackupRequireCharging(...) returns true
12-11 13:17:19.025 V/KeyValueBackupJob(  651): Scheduling k/v pass in 245 minutes
12-11 13:17:19.029 D/CompatibilityChangeReporter( 1022): Compat change id reported: 147798919; UID 10070; state: ENABLED
12-11 13:17:19.030 D/ApplicationLoaders( 1520): Returning zygote-cached class loader: /system/framework/android.test.base.jar
12-11 13:17:19.037 I/android.hardware.graphics.allocator@4.0-service(  414): alloc_format: FMT:0x1,MOD:0
12-11 13:17:19.037 I/android.hardware.graphics.allocator@4.0-service(  414): mali_gralloc_adjust_dimensions: alloc_format=FMT:0x1,MOD:0 usage=0x100 alloc_width=90, alloc_height=90
12-11 13:17:19.037 D/android.hardware.graphics.allocator@4.0-service(  414): got new private_handle_t instance for buffer 'AHardwareBuffer pid [1022]'. share_fd : 8, share_attr_fd : 9, width : 90, height : 90, req_format : 0x1, producer_usage : 0x100, consumer_usage : 0x100, , stride : 0, alloc_format : 1, size : 34560, layer_count : 1
12-11 13:17:19.037 D/android.hardware.graphics.allocator@4.0-service(  414): plane_info[0]: offset : 0, byte_stride : 384, alloc_width : 90, alloc_height : 90
12-11 13:17:19.037 D/android.hardware.graphics.allocator@4.0-service(  414): plane_info[1]: offset : 0, byte_stride : 0, alloc_width : 0, alloc_height : 0
12-11 13:17:19.056 W/UnsafeUtil( 1022): platform method missing - proto runtime falling back to safer methods: java.lang.NoSuchMethodException: sun.misc.Unsafe.copyMemory [class java.lang.Object, long, class java.lang.Object, long, long]
12-11 13:17:19.057 D/nativeloader( 1520): classloader namespace configured for unbundled product apk. library_path=/product/app/QuickSearchBox/lib/arm64:/product/lib64:/system/product/lib64
12-11 13:17:19.060 W/TouchableRegionManager(  840): onHeadsUpPinnedModeChanged
12-11 13:17:19.064 D/StatusBar(  840): Received new disable state. Old: enaihbcrso.qingr | New: enaihbcrso.qingr
12-11 13:17:19.065 E/OverviewProxyService(  840): Failed to get overview proxy for disable flags.
12-11 13:17:19.066 V/MediaStore( 1418): Examining volume emulated;0 with name external_primary and state checking
12-11 13:17:19.067 D/CompatibilityChangeReporter( 1418): Compat change id reported: 148180766; UID 10079; state: ENABLED
12-11 13:17:19.067 V/GraphicsEnvironment( 1520): ANGLE Developer option for 'com.android.quicksearchbox' set to: 'default'
12-11 13:17:19.068 V/GraphicsEnvironment( 1520): ANGLE GameManagerService for com.android.quicksearchbox: false
