12-11 13:17:20.341 D/modules.primary.audio_hal(  406): dev_info HDMI  card=1, device:0
12-11 13:17:20.341 D/modules.primary.audio_hal(  406): start_output_stream: i = 0, device = 0x2
12-11 13:17:20.341 E/alsa_route(  406): route_pcm_card_open() card -1 error!
12-11 13:17:20.341 E/modules.primary.audio_hal(  406): invalid card num.
12-11 13:17:20.341 W/StreamHAL(  406): Error from HAL stream in function get_presentation_position: Operation not permitted
12-11 13:17:20.343 I/adbd    (  460): jdwp connection from 1858
12-11 13:17:20.349 D/CompatibilityChangeReporter(  651): Compat change id reported: 168419799; UID 10059; state: DISABLED
12-11 13:17:20.350 D/modules.primary.audio_hal(  406): card0 id:rockchipes8316
12-11 13:17:20.351 D/modules.primary.audio_hal(  406): card1 id:rockchiphdmi0
12-11 13:17:20.351 D/modules.primary.audio_hal(  406): dump out device info
12-11 13:17:20.351 D/modules.primary.audio_hal(  406): dev_info HDMI  card=1, device:0
12-11 13:17:20.351 D/modules.primary.audio_hal(  406): start_output_stream: i = 0, device = 0x2
12-11 13:17:20.351 E/alsa_route(  406): route_pcm_card_open() card -1 error!
12-11 13:17:20.351 E/modules.primary.audio_hal(  406): invalid card num.
12-11 13:17:20.351 W/StreamHAL(  406): Error from HAL stream in function get_presentation_position: Operation not permitted
12-11 13:17:20.351 D/modules.primary.audio_hal(  406): card0 id:rockchipes8316
12-11 13:17:20.351 D/modules.primary.audio_hal(  406): card1 id:rockchiphdmi0
12-11 13:17:20.351 D/modules.primary.audio_hal(  406): dump out device info
12-11 13:17:20.351 D/modules.primary.audio_hal(  406): dev_info HDMI  card=1, device:0
12-11 13:17:20.351 D/modules.primary.audio_hal(  406): start_output_stream: i = 0, device = 0x2
12-11 13:17:20.351 E/alsa_route(  406): route_pcm_card_open() card -1 error!
12-11 13:17:20.351 E/modules.primary.audio_hal(  406): invalid card num.
12-11 13:17:20.351 W/StreamHAL(  406): Error from HAL stream in function get_presentation_position: Operation not permitted
12-11 13:17:20.352 D/CompatibilityChangeReporter( 1858): Compat change id reported: 171979766; UID 10059; state: DISABLED
12-11 13:17:20.354 D/ApplicationLoaders( 1858): Returning zygote-cached class loader: /system/framework/android.test.base.jar
12-11 13:17:20.354 D/ApplicationLoaders( 1858): Returning zygote-cached class loader: /system/framework/android.hidl.manager-V1.0-java.jar
12-11 13:17:20.354 D/ApplicationLoaders( 1858): Returning zygote-cached class loader: /system/framework/android.hidl.base-V1.0-java.jar
12-11 13:17:20.360 D/modules.primary.audio_hal(  406): card0 id:rockchipes8316
12-11 13:17:20.360 D/modules.primary.audio_hal(  406): card1 id:rockchiphdmi0
12-11 13:17:20.360 D/modules.primary.audio_hal(  406): dump out device info
12-11 13:17:20.360 D/modules.primary.audio_hal(  406): dev_info HDMI  card=1, device:0
12-11 13:17:20.360 D/modules.primary.audio_hal(  406): start_output_stream: i = 0, device = 0x2
12-11 13:17:20.360 E/alsa_route(  406): route_pcm_card_open() card -1 error!
12-11 13:17:20.360 E/modules.primary.audio_hal(  406): invalid card num.
12-11 13:17:20.360 W/StreamHAL(  406): Error from HAL stream in function get_presentation_position: Operation not permitted
12-11 13:17:20.360 D/modules.primary.audio_hal(  406): card0 id:rockchipes8316
12-11 13:17:20.360 D/modules.primary.audio_hal(  406): card1 id:rockchiphdmi0
12-11 13:17:20.361 D/modules.primary.audio_hal(  406): dump out device info
12-11 13:17:20.361 D/modules.primary.audio_hal(  406): dev_info HDMI  card=1, device:0
12-11 13:17:20.361 D/modules.primary.audio_hal(  406): start_output_stream: i = 0, device = 0x2
12-11 13:17:20.361 E/alsa_route(  406): route_pcm_card_open() card -1 error!
12-11 13:17:20.361 E/modules.primary.audio_hal(  406): invalid card num.
12-11 13:17:20.361 W/StreamHAL(  406): Error from HAL stream in function get_presentation_position: Operation not permitted
12-11 13:17:20.363 D/nativeloader( 1858): classloader namespace configured for unbundled product apk. library_path=/product/app/messaging/lib/arm64:/product/lib64:/system/product/lib64
12-11 13:17:20.365 W/MediaProvider( 1418): getVolumePath for unknown volume: internal
12-11 13:17:20.369 W/MediaProvider( 1418): getVolumePath for unknown volume: internal
12-11 13:17:20.369 W/MediaProvider( 1418): getVolumePath for unknown volume: internal
12-11 13:17:20.369 W/MediaProvider( 1418): getVolumePath for unknown volume: internal
12-11 13:17:20.370 W/MediaProvider( 1418): getVolumePath for unknown volume: internal
12-11 13:17:20.370 D/modules.primary.audio_hal(  406): card0 id:rockchipes8316
12-11 13:17:20.370 D/modules.primary.audio_hal(  406): card1 id:rockchiphdmi0
12-11 13:17:20.370 D/modules.primary.audio_hal(  406): dump out device info
12-11 13:17:20.370 D/modules.primary.audio_hal(  406): dev_info HDMI  card=1, device:0
12-11 13:17:20.370 D/modules.primary.audio_hal(  406): start_output_stream: i = 0, device = 0x2
12-11 13:17:20.370 E/alsa_route(  406): route_pcm_card_open() card -1 error!
12-11 13:17:20.370 E/modules.primary.audio_hal(  406): invalid card num.
12-11 13:17:20.370 W/StreamHAL(  406): Error from HAL stream in function get_presentation_position: Operation not permitted
12-11 13:17:20.370 D/modules.primary.audio_hal(  406): card0 id:rockchipes8316
12-11 13:17:20.370 D/modules.primary.audio_hal(  406): card1 id:rockchiphdmi0
12-11 13:17:20.370 D/modules.primary.audio_hal(  406): dump out device info
12-11 13:17:20.370 D/modules.primary.audio_hal(  406): dev_info HDMI  card=1, device:0
12-11 13:17:20.370 D/modules.primary.audio_hal(  406): start_output_stream: i = 0, device = 0x2
12-11 13:17:20.370 E/alsa_route(  406): route_pcm_card_open() card -1 error!
12-11 13:17:20.370 E/modules.primary.audio_hal(  406): invalid card num.
12-11 13:17:20.370 W/StreamHAL(  406): Error from HAL stream in function get_presentation_position: Operation not permitted
12-11 13:17:20.372 I/hdmicec (  418): send msg LEN:4,opcode:82,addr:4f
12-11 13:17:20.372 E/hdmicec (  418): ioctl err:-1 Machine is not on the network
12-11 13:17:20.380 D/modules.primary.audio_hal(  406): card0 id:rockchipes8316
12-11 13:17:20.380 D/modules.primary.audio_hal(  406): card1 id:rockchiphdmi0
12-11 13:17:20.380 D/modules.primary.audio_hal(  406): dump out device info
12-11 13:17:20.380 D/modules.primary.audio_hal(  406): dev_info HDMI  card=1, device:0
12-11 13:17:20.380 D/modules.primary.audio_hal(  406): start_output_stream: i = 0, device = 0x2
12-11 13:17:20.380 E/alsa_route(  406): route_pcm_card_open() card -1 error!
12-11 13:17:20.380 E/modules.primary.audio_hal(  406): invalid card num.
12-11 13:17:20.380 W/StreamHAL(  406): Error from HAL stream in function get_presentation_position: Operation not permitted
12-11 13:17:20.380 D/modules.primary.audio_hal(  406): card0 id:rockchipes8316
12-11 13:17:20.380 D/modules.primary.audio_hal(  406): card1 id:rockchiphdmi0
12-11 13:17:20.380 D/modules.primary.audio_hal(  406): dump out device info
12-11 13:17:20.380 D/modules.primary.audio_hal(  406): dev_info HDMI  card=1, device:0
12-11 13:17:20.380 D/modules.primary.audio_hal(  406): start_output_stream: i = 0, device = 0x2
12-11 13:17:20.380 E/alsa_route(  406): route_pcm_card_open() card -1 error!
12-11 13:17:20.380 E/modules.primary.audio_hal(  406): invalid card num.
12-11 13:17:20.380 W/StreamHAL(  406): Error from HAL stream in function get_presentation_position: Operation not permitted
12-11 13:17:20.390 D/modules.primary.audio_hal(  406): card0 id:rockchipes8316
12-11 13:17:20.390 D/modules.primary.audio_hal(  406): card1 id:rockchiphdmi0
12-11 13:17:20.390 D/modules.primary.audio_hal(  406): dump out device info
12-11 13:17:20.390 D/modules.primary.audio_hal(  406): dev_info HDMI  card=1, device:0
12-11 13:17:20.390 D/modules.primary.audio_hal(  406): start_output_stream: i = 0, device = 0x2
12-11 13:17:20.390 E/alsa_route(  406): route_pcm_card_open() card -1 error!
12-11 13:17:20.390 E/modules.primary.audio_hal(  406): invalid card num.
12-11 13:17:20.390 W/StreamHAL(  406): Error from HAL stream in function get_presentation_position: Operation not permitted
12-11 13:17:20.390 D/modules.primary.audio_hal(  406): card0 id:rockchipes8316
12-11 13:17:20.390 D/modules.primary.audio_hal(  406): card1 id:rockchiphdmi0
12-11 13:17:20.390 D/modules.primary.audio_hal(  406): dump out device info
12-11 13:17:20.390 D/modules.primary.audio_hal(  406): dev_info HDMI  card=1, device:0
12-11 13:17:20.390 D/modules.primary.audio_hal(  406): start_output_stream: i = 0, device = 0x2
12-11 13:17:20.390 E/alsa_route(  406): route_pcm_card_open() card -1 error!
12-11 13:17:20.390 E/modules.primary.audio_hal(  406): invalid card num.
12-11 13:17:20.390 W/StreamHAL(  406): Error from HAL stream in function get_presentation_position: Operation not permitted
12-11 13:17:20.394 V/GraphicsEnvironment( 1858): ANGLE Developer option for 'com.android.messaging' set to: 'default'
12-11 13:17:20.395 V/GraphicsEnvironment( 1858): ANGLE GameManagerService for com.android.messaging: false
12-11 13:17:20.395 V/GraphicsEnvironment( 1858): Neither updatable production driver nor prerelease driver is supported.
12-11 13:17:20.396 D/NetworkSecurityConfig( 1858): No Network Security Config specified, using platform default
12-11 13:17:20.396 D/NetworkSecurityConfig( 1858): No Network Security Config specified, using platform default
12-11 13:17:20.399 D/modules.primary.audio_hal(  406): card0 id:rockchipes8316
12-11 13:17:20.399 D/modules.primary.audio_hal(  406): card1 id:rockchiphdmi0
12-11 13:17:20.400 D/modules.primary.audio_hal(  406): dump out device info
12-11 13:17:20.400 D/modules.primary.audio_hal(  406): dev_info HDMI  card=1, device:0
12-11 13:17:20.400 D/modules.primary.audio_hal(  406): start_output_stream: i = 0, device = 0x2
12-11 13:17:20.400 E/alsa_route(  406): route_pcm_card_open() card -1 error!
12-11 13:17:20.400 E/modules.primary.audio_hal(  406): invalid card num.
12-11 13:17:20.400 W/StreamHAL(  406): Error from HAL stream in function get_presentation_position: Operation not permitted
12-11 13:17:20.400 D/modules.primary.audio_hal(  406): card0 id:rockchipes8316
12-11 13:17:20.400 D/modules.primary.audio_hal(  406): card1 id:rockchiphdmi0
12-11 13:17:20.400 D/modules.primary.audio_hal(  406): dump out device info
12-11 13:17:20.400 D/modules.primary.audio_hal(  406): dev_info HDMI  card=1, device:0
12-11 13:17:20.400 D/modules.primary.audio_hal(  406): start_output_stream: i = 0, device = 0x2
12-11 13:17:20.400 E/alsa_route(  406): route_pcm_card_open() card -1 error!
12-11 13:17:20.400 E/modules.primary.audio_hal(  406): invalid card num.
12-11 13:17:20.400 W/StreamHAL(  406): Error from HAL stream in function get_presentation_position: Operation not permitted
12-11 13:17:20.409 D/modules.primary.audio_hal(  406): card0 id:rockchipes8316
12-11 13:17:20.409 D/modules.primary.audio_hal(  406): card1 id:rockchiphdmi0
12-11 13:17:20.409 D/modules.primary.audio_hal(  406): dump out device info
12-11 13:17:20.409 D/modules.primary.audio_hal(  406): dev_info HDMI  card=1, device:0
12-11 13:17:20.409 D/modules.primary.audio_hal(  406): start_output_stream: i = 0, device = 0x2
12-11 13:17:20.409 E/alsa_route(  406): route_pcm_card_open() card -1 error!
12-11 13:17:20.409 E/modules.primary.audio_hal(  406): invalid card num.
12-11 13:17:20.409 W/StreamHAL(  406): Error from HAL stream in function get_presentation_position: Operation not permitted
12-11 13:17:20.410 D/modules.primary.audio_hal(  406): card0 id:rockchipes8316
12-11 13:17:20.410 D/modules.primary.audio_hal(  406): card1 id:rockchiphdmi0
12-11 13:17:20.410 D/modules.primary.audio_hal(  406): dump out device info
12-11 13:17:20.410 D/modules.primary.audio_hal(  406): dev_info HDMI  card=1, device:0
12-11 13:17:20.410 D/modules.primary.audio_hal(  406): start_output_stream: i = 0, device = 0x2
12-11 13:17:20.410 E/alsa_route(  406): route_pcm_card_open() card -1 error!
12-11 13:17:20.410 E/modules.primary.audio_hal(  406): invalid card num.
12-11 13:17:20.410 W/StreamHAL(  406): Error from HAL stream in function get_presentation_position: Operation not permitted
12-11 13:17:20.419 D/modules.primary.audio_hal(  406): card0 id:rockchipes8316
12-11 13:17:20.419 D/modules.primary.audio_hal(  406): card1 id:rockchiphdmi0
12-11 13:17:20.419 D/modules.primary.audio_hal(  406): dump out device info
12-11 13:17:20.419 D/modules.primary.audio_hal(  406): dev_info HDMI  card=1, device:0
12-11 13:17:20.419 D/modules.primary.audio_hal(  406): start_output_stream: i = 0, device = 0x2
12-11 13:17:20.419 E/alsa_route(  406): route_pcm_card_open() card -1 error!
12-11 13:17:20.419 E/modules.primary.audio_hal(  406): invalid card num.
12-11 13:17:20.419 W/StreamHAL(  406): Error from HAL stream in function get_presentation_position: Operation not permitted
12-11 13:17:20.419 D/modules.primary.audio_hal(  406): card0 id:rockchipes8316
12-11 13:17:20.419 D/modules.primary.audio_hal(  406): card1 id:rockchiphdmi0
12-11 13:17:20.419 D/modules.primary.audio_hal(  406): dump out device info
12-11 13:17:20.419 D/modules.primary.audio_hal(  406): dev_info HDMI  card=1, device:0
12-11 13:17:20.419 D/modules.primary.audio_hal(  406): start_output_stream: i = 0, device = 0x2
12-11 13:17:20.419 E/alsa_route(  406): route_pcm_card_open() card -1 error!
12-11 13:17:20.419 E/modules.primary.audio_hal(  406): invalid card num.
12-11 13:17:20.419 W/StreamHAL(  406): Error from HAL stream in function get_presentation_position: Operation not permitted
12-11 13:17:20.420 W/MediaProvider( 1418): getVolumePath for unknown volume: internal
12-11 13:17:20.420 I/MediaProvider( 1418): Scanned internal due to REASON_MOUNTED, found 230 items in 235ms, 0 inserts 7 updates 0 deletes
12-11 13:17:20.422 W/MediaProvider( 1418): getVolumePath for unknown volume: internal
12-11 13:17:20.429 D/modules.primary.audio_hal(  406): card0 id:rockchipes8316
12-11 13:17:20.429 D/modules.primary.audio_hal(  406): card1 id:rockchiphdmi0
12-11 13:17:20.429 D/modules.primary.audio_hal(  406): dump out device info
12-11 13:17:20.429 D/modules.primary.audio_hal(  406): dev_info HDMI  card=1, device:0
12-11 13:17:20.429 D/modules.primary.audio_hal(  406): start_output_stream: i = 0, device = 0x2
12-11 13:17:20.429 E/alsa_route(  406): route_pcm_card_open() card -1 error!
12-11 13:17:20.429 E/modules.primary.audio_hal(  406): invalid card num.
12-11 13:17:20.429 W/StreamHAL(  406): Error from HAL stream in function get_presentation_position: Operation not permitted
12-11 13:17:20.429 D/modules.primary.audio_hal(  406): card0 id:rockchipes8316
12-11 13:17:20.429 D/modules.primary.audio_hal(  406): card1 id:rockchiphdmi0
12-11 13:17:20.429 D/modules.primary.audio_hal(  406): dump out device info
12-11 13:17:20.429 D/modules.primary.audio_hal(  406): dev_info HDMI  card=1, device:0
12-11 13:17:20.429 D/modules.primary.audio_hal(  406): start_output_stream: i = 0, device = 0x2
12-11 13:17:20.429 E/alsa_route(  406): route_pcm_card_open() card -1 error!
12-11 13:17:20.429 E/modules.primary.audio_hal(  406): invalid card num.
12-11 13:17:20.429 W/StreamHAL(  406): Error from HAL stream in function get_presentation_position: Operation not permitted
12-11 13:17:20.430 W/MessagingApp( 1858): PhoneUtils.getForLMR1(): invalid subId = -1
12-11 13:17:20.439 W/MessagingApp( 1858): PhoneUtils.getForLMR1(): invalid subId = -1
12-11 13:17:20.439 D/modules.primary.audio_hal(  406): card0 id:rockchipes8316
12-11 13:17:20.439 D/modules.primary.audio_hal(  406): card1 id:rockchiphdmi0
12-11 13:17:20.439 D/modules.primary.audio_hal(  406): dump out device info
12-11 13:17:20.439 D/modules.primary.audio_hal(  406): dev_info HDMI  card=1, device:0
12-11 13:17:20.439 D/modules.primary.audio_hal(  406): start_output_stream: i = 0, device = 0x2
12-11 13:17:20.439 E/alsa_route(  406): route_pcm_card_open() card -1 error!
12-11 13:17:20.439 E/modules.primary.audio_hal(  406): invalid card num.
12-11 13:17:20.439 W/StreamHAL(  406): Error from HAL stream in function get_presentation_position: Operation not permitted
12-11 13:17:20.439 D/modules.primary.audio_hal(  406): card0 id:rockchipes8316
12-11 13:17:20.439 D/modules.primary.audio_hal(  406): card1 id:rockchiphdmi0
12-11 13:17:20.439 D/modules.primary.audio_hal(  406): dump out device info
12-11 13:17:20.439 D/modules.primary.audio_hal(  406): dev_info HDMI  card=1, device:0
12-11 13:17:20.439 D/modules.primary.audio_hal(  406): start_output_stream: i = 0, device = 0x2
12-11 13:17:20.439 E/alsa_route(  406): route_pcm_card_open() card -1 error!
12-11 13:17:20.439 E/modules.primary.audio_hal(  406): invalid card num.
12-11 13:17:20.439 W/StreamHAL(  406): Error from HAL stream in function get_presentation_position: Operation not permitted
12-11 13:17:20.441 I/MediaProvider( 1418): Scanned external_primary due to REASON_MOUNTED, found 15 items in 17ms, 0 inserts 0 updates 0 deletes
12-11 13:17:20.441 I/MediaProvider( 1418): End Intent { act=com.android.providers.media.action.SCAN_VOLUME (has extras) }
12-11 13:17:20.444 W/MessagingApp( 1858): PhoneUtils.getForLMR1(): invalid subId = -1
12-11 13:17:20.448 W/MessagingApp( 1858): PhoneUtils.getForLMR1(): invalid subId = -1
12-11 13:17:20.449 D/modules.primary.audio_hal(  406): card0 id:rockchipes8316
12-11 13:17:20.449 D/modules.primary.audio_hal(  406): card1 id:rockchiphdmi0
12-11 13:17:20.449 D/CompatibilityChangeReporter(  651): Compat change id reported: 168419799; UID 10014; state: DISABLED
12-11 13:17:20.449 D/modules.primary.audio_hal(  406): dump out device info
12-11 13:17:20.449 D/modules.primary.audio_hal(  406): dev_info HDMI  card=1, device:0
12-11 13:17:20.449 D/modules.primary.audio_hal(  406): start_output_stream: i = 0, device = 0x2
12-11 13:17:20.449 E/alsa_route(  406): route_pcm_card_open() card -1 error!
12-11 13:17:20.449 E/modules.primary.audio_hal(  406): invalid card num.
12-11 13:17:20.449 W/StreamHAL(  406): Error from HAL stream in function get_presentation_position: Operation not permitted
12-11 13:17:20.449 D/modules.primary.audio_hal(  406): card0 id:rockchipes8316
12-11 13:17:20.449 D/modules.primary.audio_hal(  406): card1 id:rockchiphdmi0
12-11 13:17:20.449 D/modules.primary.audio_hal(  406): dump out device info
12-11 13:17:20.449 D/modules.primary.audio_hal(  406): dev_info HDMI  card=1, device:0
12-11 13:17:20.449 D/modules.primary.audio_hal(  406): start_output_stream: i = 0, device = 0x2
12-11 13:17:20.449 E/alsa_route(  406): route_pcm_card_open() card -1 error!
12-11 13:17:20.449 E/modules.primary.audio_hal(  406): invalid card num.
12-11 13:17:20.449 W/StreamHAL(  406): Error from HAL stream in function get_presentation_position: Operation not permitted
12-11 13:17:20.450 D/NetworkSecurityConfig( 1631): No Network Security Config specified, using platform default
12-11 13:17:20.451 D/CompatibilityChangeReporter(  651): Compat change id reported: 135634846; UID 10052; state: DISABLED
12-11 13:17:20.451 D/CompatibilityChangeReporter(  651): Compat change id reported: 177438394; UID 10052; state: DISABLED
12-11 13:17:20.451 D/CompatibilityChangeReporter(  651): Compat change id reported: 135772972; UID 10052; state: DISABLED
12-11 13:17:20.452 D/CompatibilityChangeReporter(  651): Compat change id reported: 135754954; UID 10052; state: ENABLED
12-11 13:17:20.452 D/CompatibilityChangeReporter(  651): Compat change id reported: 143937733; UID 10052; state: ENABLED
12-11 13:17:20.457 W/MessagingApp( 1858): PhoneUtils.getForLMR1(): invalid subId = -1
12-11 13:17:20.458 W/MessagingApp( 1858): PhoneUtils.getForLMR1(): invalid subId = -1
12-11 13:17:20.458 D/Zygote  (  403): Forked child process 1887
12-11 13:17:20.458 D/modules.primary.audio_hal(  406): card0 id:rockchipes8316
12-11 13:17:20.458 D/modules.primary.audio_hal(  406): card1 id:rockchiphdmi0
12-11 13:17:20.458 D/modules.primary.audio_hal(  406): dump out device info
12-11 13:17:20.458 D/modules.primary.audio_hal(  406): dev_info HDMI  card=1, device:0
12-11 13:17:20.458 D/modules.primary.audio_hal(  406): start_output_stream: i = 0, device = 0x2
12-11 13:17:20.458 E/alsa_route(  406): route_pcm_card_open() card -1 error!
12-11 13:17:20.458 E/modules.primary.audio_hal(  406): invalid card num.
12-11 13:17:20.459 W/StreamHAL(  406): Error from HAL stream in function get_presentation_position: Operation not permitted
12-11 13:17:20.459 D/modules.primary.audio_hal(  406): card0 id:rockchipes8316
12-11 13:17:20.459 D/modules.primary.audio_hal(  406): card1 id:rockchiphdmi0
12-11 13:17:20.459 D/modules.primary.audio_hal(  406): dump out device info
12-11 13:17:20.459 D/modules.primary.audio_hal(  406): dev_info HDMI  card=1, device:0
12-11 13:17:20.459 D/modules.primary.audio_hal(  406): start_output_stream: i = 0, device = 0x2
12-11 13:17:20.459 E/alsa_route(  406): route_pcm_card_open() card -1 error!
12-11 13:17:20.459 E/modules.primary.audio_hal(  406): invalid card num.
12-11 13:17:20.459 W/StreamHAL(  406): Error from HAL stream in function get_presentation_position: Operation not permitted
12-11 13:17:20.459 I/ActivityManager(  651): Start proc 1887:com.android.onetimeinitializer/u0a52 for broadcast {com.android.onetimeinitializer/com.android.onetimeinitializer.OneTimeInitializerReceiver}
12-11 13:17:20.459 W/MessagingApp( 1858): PhoneUtils.getForLMR1(): invalid subId = -1
12-11 13:17:20.461 I/Zygote  ( 1887): seccomp disabled by setenforce 0
12-11 13:17:20.463 I/MessagingAppDataModel( 1858): Fixup: Send failed - 0 Download failed - 0
12-11 13:17:20.466 I/adbd    (  460): jdwp connection from 1887
12-11 13:17:20.468 D/modules.primary.audio_hal(  406): card0 id:rockchipes8316
12-11 13:17:20.468 D/modules.primary.audio_hal(  406): card1 id:rockchiphdmi0
12-11 13:17:20.468 D/modules.primary.audio_hal(  406): dump out device info
12-11 13:17:20.468 D/modules.primary.audio_hal(  406): dev_info HDMI  card=1, device:0
12-11 13:17:20.468 D/modules.primary.audio_hal(  406): start_output_stream: i = 0, device = 0x2
12-11 13:17:20.468 E/alsa_route(  406): route_pcm_card_open() card -1 error!
12-11 13:17:20.468 E/modules.primary.audio_hal(  406): invalid card num.
12-11 13:17:20.468 W/StreamHAL(  406): Error from HAL stream in function get_presentation_position: Operation not permitted
12-11 13:17:20.468 D/modules.primary.audio_hal(  406): card0 id:rockchipes8316
12-11 13:17:20.468 D/modules.primary.audio_hal(  406): card1 id:rockchiphdmi0
12-11 13:17:20.468 D/modules.primary.audio_hal(  406): dump out device info
12-11 13:17:20.468 D/modules.primary.audio_hal(  406): dev_info HDMI  card=1, device:0
12-11 13:17:20.468 D/modules.primary.audio_hal(  406): start_output_stream: i = 0, device = 0x2
12-11 13:17:20.468 E/alsa_route(  406): route_pcm_card_open() card -1 error!
12-11 13:17:20.468 E/modules.primary.audio_hal(  406): invalid card num.
12-11 13:17:20.469 W/StreamHAL(  406): Error from HAL stream in function get_presentation_position: Operation not permitted
12-11 13:17:20.470 W/MessagingApp( 1858): PhoneUtils.getForLMR1(): invalid subId = -1
12-11 13:17:20.470 D/CompatibilityChangeReporter(  651): Compat change id reported: 168419799; UID 10052; state: DISABLED
12-11 13:17:20.470 W/MessagingApp( 1858): PhoneUtils.getForLMR1(): invalid subId = -1
12-11 13:17:20.472 D/CompatibilityChangeReporter( 1887): Compat change id reported: 171979766; UID 10052; state: ENABLED
12-11 13:17:20.472 W/MessagingApp( 1858): PhoneUtils.getSelfRawNumber: subInfo is null for -1
12-11 13:17:20.473 W/MessagingApp( 1858): PhoneUtils.getForLMR1(): invalid subId = -1
12-11 13:17:20.475 D/CCodecBufferChannel(  475): [c2.android.vorbis.decoder#91] buffers after EOS ignored (0 us)
12-11 13:17:20.475 D/AudioTrack(  475): stop(8): called with 84672 frames delivered
12-11 13:17:20.478 D/modules.primary.audio_hal(  406): card0 id:rockchipes8316
12-11 13:17:20.478 D/modules.primary.audio_hal(  406): card1 id:rockchiphdmi0
12-11 13:17:20.478 D/modules.primary.audio_hal(  406): dump out device info
12-11 13:17:20.478 D/modules.primary.audio_hal(  406): dev_info HDMI  card=1, device:0
12-11 13:17:20.478 D/modules.primary.audio_hal(  406): start_output_stream: i = 0, device = 0x2
12-11 13:17:20.478 E/alsa_route(  406): route_pcm_card_open() card -1 error!
12-11 13:17:20.478 E/modules.primary.audio_hal(  406): invalid card num.
12-11 13:17:20.478 W/StreamHAL(  406): Error from HAL stream in function get_presentation_position: Operation not permitted
12-11 13:17:20.478 D/modules.primary.audio_hal(  406): card0 id:rockchipes8316
12-11 13:17:20.478 D/modules.primary.audio_hal(  406): card1 id:rockchiphdmi0
12-11 13:17:20.478 D/modules.primary.audio_hal(  406): dump out device info
12-11 13:17:20.478 D/modules.primary.audio_hal(  406): dev_info HDMI  card=1, device:0
12-11 13:17:20.478 D/modules.primary.audio_hal(  406): start_output_stream: i = 0, device = 0x2
12-11 13:17:20.478 E/alsa_route(  406): route_pcm_card_open() card -1 error!
12-11 13:17:20.478 E/modules.primary.audio_hal(  406): invalid card num.
12-11 13:17:20.478 W/StreamHAL(  406): Error from HAL stream in function get_presentation_position: Operation not permitted
12-11 13:17:20.481 D/nativeloader( 1887): classloader namespace configured for unbundled product apk. library_path=/product/priv-app/OneTimeInitializer/lib/arm64:/product/lib64:/system/product/lib64
12-11 13:17:20.484 V/GraphicsEnvironment( 1887): ANGLE Developer option for 'com.android.onetimeinitializer' set to: 'default'
12-11 13:17:20.485 V/GraphicsEnvironment( 1887): ANGLE GameManagerService for com.android.onetimeinitializer: false
12-11 13:17:20.485 V/GraphicsEnvironment( 1887): Neither updatable production driver nor prerelease driver is supported.
12-11 13:17:20.485 D/NetworkSecurityConfig( 1887): No Network Security Config specified, using platform default
12-11 13:17:20.485 D/NetworkSecurityConfig( 1887): No Network Security Config specified, using platform default
12-11 13:17:20.486 V/OneTimeInitializerReceiver( 1887): OneTimeInitializerReceiver.onReceive
12-11 13:17:20.487 I/MessagingAppDataModel( 1858): SyncMessagesAction: Starting batch for messages from 1733923039019 to 1733923040440 (message update limit = 80, message scan limit = 4000)
12-11 13:17:20.488 W/MessagingApp( 1858): PhoneUtils.getForLMR1(): invalid subId = -1
12-11 13:17:20.488 D/modules.primary.audio_hal(  406): card0 id:rockchipes8316
12-11 13:17:20.488 D/modules.primary.audio_hal(  406): card1 id:rockchiphdmi0
12-11 13:17:20.488 D/modules.primary.audio_hal(  406): dump out device info
12-11 13:17:20.488 D/modules.primary.audio_hal(  406): dev_info HDMI  card=1, device:0
12-11 13:17:20.488 D/modules.primary.audio_hal(  406): start_output_stream: i = 0, device = 0x2
12-11 13:17:20.488 E/alsa_route(  406): route_pcm_card_open() card -1 error!
12-11 13:17:20.488 E/modules.primary.audio_hal(  406): invalid card num.
12-11 13:17:20.488 W/StreamHAL(  406): Error from HAL stream in function get_presentation_position: Operation not permitted
12-11 13:17:20.488 D/modules.primary.audio_hal(  406): card0 id:rockchipes8316
12-11 13:17:20.488 D/modules.primary.audio_hal(  406): card1 id:rockchiphdmi0
12-11 13:17:20.488 D/modules.primary.audio_hal(  406): dump out device info
12-11 13:17:20.488 D/modules.primary.audio_hal(  406): dev_info HDMI  card=1, device:0
12-11 13:17:20.488 D/modules.primary.audio_hal(  406): start_output_stream: i = 0, device = 0x2
12-11 13:17:20.488 E/alsa_route(  406): route_pcm_card_open() card -1 error!
12-11 13:17:20.488 E/modules.primary.audio_hal(  406): invalid card num.
12-11 13:17:20.488 W/StreamHAL(  406): Error from HAL stream in function get_presentation_position: Operation not permitted
12-11 13:17:20.491 I/ActivityManager(  651): com.android.packageinstaller is exempt from freezer
12-11 13:17:20.491 D/CompatibilityChangeReporter(  651): Compat change id reported: 135634846; UID 10024; state: DISABLED
12-11 13:17:20.491 D/CompatibilityChangeReporter(  651): Compat change id reported: 177438394; UID 10024; state: DISABLED
12-11 13:17:20.491 D/CompatibilityChangeReporter(  651): Compat change id reported: 135772972; UID 10024; state: DISABLED
12-11 13:17:20.491 D/CompatibilityChangeReporter(  651): Compat change id reported: 135754954; UID 10024; state: ENABLED
12-11 13:17:20.491 D/CompatibilityChangeReporter(  651): Compat change id reported: 143937733; UID 10024; state: ENABLED
12-11 13:17:20.497 D/Zygote  (  403): Forked child process 1908
12-11 13:17:20.498 D/modules.primary.audio_hal(  406): card0 id:rockchipes8316
12-11 13:17:20.498 D/modules.primary.audio_hal(  406): card1 id:rockchiphdmi0
12-11 13:17:20.498 D/modules.primary.audio_hal(  406): dump out device info
12-11 13:17:20.498 D/modules.primary.audio_hal(  406): dev_info HDMI  card=1, device:0
12-11 13:17:20.498 D/modules.primary.audio_hal(  406): start_output_stream: i = 0, device = 0x2
12-11 13:17:20.498 E/alsa_route(  406): route_pcm_card_open() card -1 error!
12-11 13:17:20.498 E/modules.primary.audio_hal(  406): invalid card num.
12-11 13:17:20.498 W/StreamHAL(  406): Error from HAL stream in function get_presentation_position: Operation not permitted
12-11 13:17:20.498 D/modules.primary.audio_hal(  406): card0 id:rockchipes8316
12-11 13:17:20.498 D/modules.primary.audio_hal(  406): card1 id:rockchiphdmi0
12-11 13:17:20.498 D/modules.primary.audio_hal(  406): dump out device info
12-11 13:17:20.498 D/modules.primary.audio_hal(  406): dev_info HDMI  card=1, device:0
12-11 13:17:20.498 D/modules.primary.audio_hal(  406): start_output_stream: i = 0, device = 0x2
12-11 13:17:20.498 E/alsa_route(  406): route_pcm_card_open() card -1 error!
12-11 13:17:20.498 E/modules.primary.audio_hal(  406): invalid card num.
12-11 13:17:20.498 W/StreamHAL(  406): Error from HAL stream in function get_presentation_position: Operation not permitted
12-11 13:17:20.498 I/ActivityManager(  651): Start proc 1908:com.android.packageinstaller/u0a24 for broadcast {com.android.packageinstaller/com.android.packageinstaller.TemporaryFileManager}
12-11 13:17:20.500 I/Zygote  ( 1908): seccomp disabled by setenforce 0
12-11 13:17:20.504 I/adbd    (  460): jdwp connection from 1908
12-11 13:17:20.508 D/modules.primary.audio_hal(  406): card0 id:rockchipes8316
12-11 13:17:20.508 D/modules.primary.audio_hal(  406): card1 id:rockchiphdmi0
12-11 13:17:20.508 D/modules.primary.audio_hal(  406): dump out device info
12-11 13:17:20.508 D/modules.primary.audio_hal(  406): dev_info HDMI  card=1, device:0
12-11 13:17:20.508 D/modules.primary.audio_hal(  406): start_output_stream: i = 0, device = 0x2
12-11 13:17:20.508 E/alsa_route(  406): route_pcm_card_open() card -1 error!
12-11 13:17:20.508 E/modules.primary.audio_hal(  406): invalid card num.
12-11 13:17:20.508 W/StreamHAL(  406): Error from HAL stream in function get_presentation_position: Operation not permitted
12-11 13:17:20.508 D/modules.primary.audio_hal(  406): card0 id:rockchipes8316
12-11 13:17:20.508 D/modules.primary.audio_hal(  406): card1 id:rockchiphdmi0
12-11 13:17:20.508 D/modules.primary.audio_hal(  406): dump out device info
12-11 13:17:20.508 D/modules.primary.audio_hal(  406): dev_info HDMI  card=1, device:0
12-11 13:17:20.508 D/modules.primary.audio_hal(  406): start_output_stream: i = 0, device = 0x2
12-11 13:17:20.508 E/alsa_route(  406): route_pcm_card_open() card -1 error!
12-11 13:17:20.508 E/modules.primary.audio_hal(  406): invalid card num.
12-11 13:17:20.508 W/StreamHAL(  406): Error from HAL stream in function get_presentation_position: Operation not permitted
12-11 13:17:20.509 D/CompatibilityChangeReporter(  651): Compat change id reported: 168419799; UID 10024; state: DISABLED
12-11 13:17:20.512 D/CompatibilityChangeReporter( 1908): Compat change id reported: 171979766; UID 10024; state: ENABLED
12-11 13:17:20.517 D/modules.primary.audio_hal(  406): card0 id:rockchipes8316
12-11 13:17:20.517 D/modules.primary.audio_hal(  406): card1 id:rockchiphdmi0
12-11 13:17:20.517 D/modules.primary.audio_hal(  406): dump out device info
12-11 13:17:20.517 D/modules.primary.audio_hal(  406): dev_info HDMI  card=1, device:0
12-11 13:17:20.517 D/modules.primary.audio_hal(  406): start_output_stream: i = 0, device = 0x2
12-11 13:17:20.517 E/alsa_route(  406): route_pcm_card_open() card -1 error!
12-11 13:17:20.517 E/modules.primary.audio_hal(  406): invalid card num.
12-11 13:17:20.518 W/StreamHAL(  406): Error from HAL stream in function get_presentation_position: Operation not permitted
12-11 13:17:20.518 D/modules.primary.audio_hal(  406): card0 id:rockchipes8316
12-11 13:17:20.518 D/modules.primary.audio_hal(  406): card1 id:rockchiphdmi0
12-11 13:17:20.518 D/modules.primary.audio_hal(  406): dump out device info
12-11 13:17:20.518 D/modules.primary.audio_hal(  406): dev_info HDMI  card=1, device:0
12-11 13:17:20.518 D/modules.primary.audio_hal(  406): start_output_stream: i = 0, device = 0x2
12-11 13:17:20.518 E/alsa_route(  406): route_pcm_card_open() card -1 error!
12-11 13:17:20.518 E/modules.primary.audio_hal(  406): invalid card num.
12-11 13:17:20.518 W/StreamHAL(  406): Error from HAL stream in function get_presentation_position: Operation not permitted
12-11 13:17:20.524 I/MessagingAppDataModel( 1858): SyncMessagesAction: All messages now in sync
12-11 13:17:20.527 D/modules.primary.audio_hal(  406): card0 id:rockchipes8316
12-11 13:17:20.527 D/modules.primary.audio_hal(  406): card1 id:rockchiphdmi0
12-11 13:17:20.527 D/modules.primary.audio_hal(  406): dump out device info
12-11 13:17:20.527 D/modules.primary.audio_hal(  406): dev_info HDMI  card=1, device:0
12-11 13:17:20.527 D/modules.primary.audio_hal(  406): start_output_stream: i = 0, device = 0x2
12-11 13:17:20.527 E/alsa_route(  406): route_pcm_card_open() card -1 error!
12-11 13:17:20.527 E/modules.primary.audio_hal(  406): invalid card num.
12-11 13:17:20.527 W/StreamHAL(  406): Error from HAL stream in function get_presentation_position: Operation not permitted
12-11 13:17:20.527 D/modules.primary.audio_hal(  406): card0 id:rockchipes8316
12-11 13:17:20.527 D/modules.primary.audio_hal(  406): card1 id:rockchiphdmi0
12-11 13:17:20.527 D/modules.primary.audio_hal(  406): dump out device info
12-11 13:17:20.527 D/modules.primary.audio_hal(  406): dev_info HDMI  card=1, device:0
12-11 13:17:20.527 D/modules.primary.audio_hal(  406): start_output_stream: i = 0, device = 0x2
12-11 13:17:20.527 E/alsa_route(  406): route_pcm_card_open() card -1 error!
12-11 13:17:20.527 E/modules.primary.audio_hal(  406): invalid card num.
12-11 13:17:20.527 W/StreamHAL(  406): Error from HAL stream in function get_presentation_position: Operation not permitted
12-11 13:17:20.537 D/modules.primary.audio_hal(  406): card0 id:rockchipes8316
12-11 13:17:20.537 D/modules.primary.audio_hal(  406): card1 id:rockchiphdmi0
12-11 13:17:20.537 D/modules.primary.audio_hal(  406): dump out device info
12-11 13:17:20.537 D/modules.primary.audio_hal(  406): dev_info HDMI  card=1, device:0
12-11 13:17:20.537 D/modules.primary.audio_hal(  406): start_output_stream: i = 0, device = 0x2
12-11 13:17:20.537 E/alsa_route(  406): route_pcm_card_open() card -1 error!
12-11 13:17:20.537 E/modules.primary.audio_hal(  406): invalid card num.
12-11 13:17:20.537 W/StreamHAL(  406): Error from HAL stream in function get_presentation_position: Operation not permitted
12-11 13:17:20.537 D/modules.primary.audio_hal(  406): card0 id:rockchipes8316
12-11 13:17:20.537 D/modules.primary.audio_hal(  406): card1 id:rockchiphdmi0
12-11 13:17:20.537 D/modules.primary.audio_hal(  406): dump out device info
12-11 13:17:20.537 D/modules.primary.audio_hal(  406): dev_info HDMI  card=1, device:0
12-11 13:17:20.537 D/modules.primary.audio_hal(  406): start_output_stream: i = 0, device = 0x2
12-11 13:17:20.537 E/alsa_route(  406): route_pcm_card_open() card -1 error!
12-11 13:17:20.537 E/modules.primary.audio_hal(  406): invalid card num.
12-11 13:17:20.537 W/StreamHAL(  406): Error from HAL stream in function get_presentation_position: Operation not permitted
12-11 13:17:20.547 D/modules.primary.audio_hal(  406): card0 id:rockchipes8316
12-11 13:17:20.547 D/modules.primary.audio_hal(  406): card1 id:rockchiphdmi0
12-11 13:17:20.547 D/modules.primary.audio_hal(  406): dump out device info
12-11 13:17:20.547 D/modules.primary.audio_hal(  406): dev_info HDMI  card=1, device:0
12-11 13:17:20.547 D/modules.primary.audio_hal(  406): start_output_stream: i = 0, device = 0x2
12-11 13:17:20.547 E/alsa_route(  406): route_pcm_card_open() card -1 error!
12-11 13:17:20.547 E/modules.primary.audio_hal(  406): invalid card num.
12-11 13:17:20.547 W/StreamHAL(  406): Error from HAL stream in function get_presentation_position: Operation not permitted
12-11 13:17:20.547 D/modules.primary.audio_hal(  406): card0 id:rockchipes8316
12-11 13:17:20.547 D/modules.primary.audio_hal(  406): card1 id:rockchiphdmi0
12-11 13:17:20.547 D/modules.primary.audio_hal(  406): dump out device info
12-11 13:17:20.547 D/modules.primary.audio_hal(  406): dev_info HDMI  card=1, device:0
12-11 13:17:20.547 D/modules.primary.audio_hal(  406): start_output_stream: i = 0, device = 0x2
12-11 13:17:20.548 E/alsa_route(  406): route_pcm_card_open() card -1 error!
12-11 13:17:20.548 E/modules.primary.audio_hal(  406): invalid card num.
12-11 13:17:20.548 W/StreamHAL(  406): Error from HAL stream in function get_presentation_position: Operation not permitted
12-11 13:17:20.557 D/modules.primary.audio_hal(  406): card0 id:rockchipes8316
12-11 13:17:20.557 D/modules.primary.audio_hal(  406): card1 id:rockchiphdmi0
12-11 13:17:20.557 D/modules.primary.audio_hal(  406): dump out device info
12-11 13:17:20.557 D/modules.primary.audio_hal(  406): dev_info HDMI  card=1, device:0
12-11 13:17:20.557 D/modules.primary.audio_hal(  406): start_output_stream: i = 0, device = 0x2
12-11 13:17:20.557 E/alsa_route(  406): route_pcm_card_open() card -1 error!
12-11 13:17:20.557 E/modules.primary.audio_hal(  406): invalid card num.
12-11 13:17:20.557 W/StreamHAL(  406): Error from HAL stream in function get_presentation_position: Operation not permitted
12-11 13:17:20.557 D/modules.primary.audio_hal(  406): card0 id:rockchipes8316
12-11 13:17:20.557 D/modules.primary.audio_hal(  406): card1 id:rockchiphdmi0
12-11 13:17:20.557 D/modules.primary.audio_hal(  406): dump out device info
12-11 13:17:20.558 D/modules.primary.audio_hal(  406): dev_info HDMI  card=1, device:0
12-11 13:17:20.558 D/modules.primary.audio_hal(  406): start_output_stream: i = 0, device = 0x2
12-11 13:17:20.558 E/alsa_route(  406): route_pcm_card_open() card -1 error!
12-11 13:17:20.558 E/modules.primary.audio_hal(  406): invalid card num.
12-11 13:17:20.558 W/StreamHAL(  406): Error from HAL stream in function get_presentation_position: Operation not permitted
12-11 13:17:20.567 D/modules.primary.audio_hal(  406): card0 id:rockchipes8316
12-11 13:17:20.567 D/modules.primary.audio_hal(  406): card1 id:rockchiphdmi0
12-11 13:17:20.567 D/modules.primary.audio_hal(  406): dump out device info
12-11 13:17:20.567 D/modules.primary.audio_hal(  406): dev_info HDMI  card=1, device:0
12-11 13:17:20.567 D/modules.primary.audio_hal(  406): start_output_stream: i = 0, device = 0x2
12-11 13:17:20.567 E/alsa_route(  406): route_pcm_card_open() card -1 error!
12-11 13:17:20.567 E/modules.primary.audio_hal(  406): invalid card num.
12-11 13:17:20.567 W/StreamHAL(  406): Error from HAL stream in function get_presentation_position: Operation not permitted
12-11 13:17:20.567 D/modules.primary.audio_hal(  406): card0 id:rockchipes8316
12-11 13:17:20.567 D/modules.primary.audio_hal(  406): card1 id:rockchiphdmi0
12-11 13:17:20.567 D/modules.primary.audio_hal(  406): dump out device info
12-11 13:17:20.567 D/modules.primary.audio_hal(  406): dev_info HDMI  card=1, device:0
12-11 13:17:20.567 D/modules.primary.audio_hal(  406): start_output_stream: i = 0, device = 0x2
12-11 13:17:20.567 E/alsa_route(  406): route_pcm_card_open() card -1 error!
12-11 13:17:20.567 E/modules.primary.audio_hal(  406): invalid card num.
12-11 13:17:20.567 W/StreamHAL(  406): Error from HAL stream in function get_presentation_position: Operation not permitted
12-11 13:17:20.577 D/modules.primary.audio_hal(  406): card0 id:rockchipes8316
12-11 13:17:20.577 D/modules.primary.audio_hal(  406): card1 id:rockchiphdmi0
12-11 13:17:20.577 D/modules.primary.audio_hal(  406): dump out device info
12-11 13:17:20.577 D/modules.primary.audio_hal(  406): dev_info HDMI  card=1, device:0
12-11 13:17:20.577 D/modules.primary.audio_hal(  406): start_output_stream: i = 0, device = 0x2
12-11 13:17:20.577 E/alsa_route(  406): route_pcm_card_open() card -1 error!
12-11 13:17:20.577 E/modules.primary.audio_hal(  406): invalid card num.
12-11 13:17:20.577 W/StreamHAL(  406): Error from HAL stream in function get_presentation_position: Operation not permitted
12-11 13:17:20.577 D/modules.primary.audio_hal(  406): card0 id:rockchipes8316
12-11 13:17:20.577 D/modules.primary.audio_hal(  406): card1 id:rockchiphdmi0
12-11 13:17:20.578 D/modules.primary.audio_hal(  406): dump out device info
12-11 13:17:20.578 D/modules.primary.audio_hal(  406): dev_info HDMI  card=1, device:0
12-11 13:17:20.578 D/modules.primary.audio_hal(  406): start_output_stream: i = 0, device = 0x2
12-11 13:17:20.578 E/alsa_route(  406): route_pcm_card_open() card -1 error!
12-11 13:17:20.578 E/modules.primary.audio_hal(  406): invalid card num.
12-11 13:17:20.578 W/StreamHAL(  406): Error from HAL stream in function get_presentation_position: Operation not permitted
12-11 13:17:20.580 V/GraphicsEnvironment( 1908): ANGLE Developer option for 'com.android.packageinstaller' set to: 'default'
12-11 13:17:20.581 V/GraphicsEnvironment( 1908): ANGLE GameManagerService for com.android.packageinstaller: false
12-11 13:17:20.581 V/GraphicsEnvironment( 1908): Neither updatable production driver nor prerelease driver is supported.
12-11 13:17:20.583 D/NetworkSecurityConfig( 1908): No Network Security Config specified, using platform default
12-11 13:17:20.583 D/NetworkSecurityConfig( 1908): No Network Security Config specified, using platform default
12-11 13:17:20.587 D/modules.primary.audio_hal(  406): card0 id:rockchipes8316
12-11 13:17:20.587 D/modules.primary.audio_hal(  406): card1 id:rockchiphdmi0
12-11 13:17:20.587 D/modules.primary.audio_hal(  406): dump out device info
12-11 13:17:20.587 D/modules.primary.audio_hal(  406): dev_info HDMI  card=1, device:0
12-11 13:17:20.587 D/modules.primary.audio_hal(  406): start_output_stream: i = 0, device = 0x2
12-11 13:17:20.587 E/alsa_route(  406): route_pcm_card_open() card -1 error!
12-11 13:17:20.587 E/modules.primary.audio_hal(  406): invalid card num.
12-11 13:17:20.587 W/StreamHAL(  406): Error from HAL stream in function get_presentation_position: Operation not permitted
12-11 13:17:20.587 D/modules.primary.audio_hal(  406): card0 id:rockchipes8316
12-11 13:17:20.588 D/modules.primary.audio_hal(  406): card1 id:rockchiphdmi0
12-11 13:17:20.588 D/modules.primary.audio_hal(  406): dump out device info
12-11 13:17:20.588 D/modules.primary.audio_hal(  406): dev_info HDMI  card=1, device:0
12-11 13:17:20.588 D/modules.primary.audio_hal(  406): start_output_stream: i = 0, device = 0x2
12-11 13:17:20.588 E/alsa_route(  406): route_pcm_card_open() card -1 error!
12-11 13:17:20.588 E/modules.primary.audio_hal(  406): invalid card num.
12-11 13:17:20.588 W/StreamHAL(  406): Error from HAL stream in function get_presentation_position: Operation not permitted
12-11 13:17:20.597 D/modules.primary.audio_hal(  406): card0 id:rockchipes8316
12-11 13:17:20.597 D/modules.primary.audio_hal(  406): card1 id:rockchiphdmi0
12-11 13:17:20.597 D/modules.primary.audio_hal(  406): dump out device info
12-11 13:17:20.597 D/modules.primary.audio_hal(  406): dev_info HDMI  card=1, device:0
12-11 13:17:20.597 D/modules.primary.audio_hal(  406): start_output_stream: i = 0, device = 0x2
12-11 13:17:20.597 E/alsa_route(  406): route_pcm_card_open() card -1 error!
12-11 13:17:20.598 E/modules.primary.audio_hal(  406): invalid card num.
12-11 13:17:20.598 W/StreamHAL(  406): Error from HAL stream in function get_presentation_position: Operation not permitted
12-11 13:17:20.598 D/modules.primary.audio_hal(  406): card0 id:rockchipes8316
12-11 13:17:20.598 D/modules.primary.audio_hal(  406): card1 id:rockchiphdmi0
12-11 13:17:20.598 D/modules.primary.audio_hal(  406): dump out device info
12-11 13:17:20.598 D/modules.primary.audio_hal(  406): dev_info HDMI  card=1, device:0
12-11 13:17:20.598 D/modules.primary.audio_hal(  406): start_output_stream: i = 0, device = 0x2
12-11 13:17:20.598 E/alsa_route(  406): route_pcm_card_open() card -1 error!
12-11 13:17:20.598 E/modules.primary.audio_hal(  406): invalid card num.
12-11 13:17:20.598 W/StreamHAL(  406): Error from HAL stream in function get_presentation_position: Operation not permitted
12-11 13:17:20.601 D/CompatibilityChangeReporter(  651): Compat change id reported: 168419799; UID 10078; state: DISABLED
12-11 13:17:20.608 D/modules.primary.audio_hal(  406): card0 id:rockchipes8316
12-11 13:17:20.608 D/modules.primary.audio_hal(  406): card1 id:rockchiphdmi0
12-11 13:17:20.608 D/modules.primary.audio_hal(  406): dump out device info
12-11 13:17:20.608 D/modules.primary.audio_hal(  406): dev_info HDMI  card=1, device:0
12-11 13:17:20.608 D/modules.primary.audio_hal(  406): start_output_stream: i = 0, device = 0x2
12-11 13:17:20.608 E/alsa_route(  406): route_pcm_card_open() card -1 error!
12-11 13:17:20.608 E/modules.primary.audio_hal(  406): invalid card num.
12-11 13:17:20.608 W/StreamHAL(  406): Error from HAL stream in function get_presentation_position: Operation not permitted
12-11 13:17:20.609 D/modules.primary.audio_hal(  406): card0 id:rockchipes8316
12-11 13:17:20.609 D/modules.primary.audio_hal(  406): card1 id:rockchiphdmi0
12-11 13:17:20.609 D/modules.primary.audio_hal(  406): dump out device info
12-11 13:17:20.609 D/modules.primary.audio_hal(  406): dev_info HDMI  card=1, device:0
12-11 13:17:20.609 D/modules.primary.audio_hal(  406): start_output_stream: i = 0, device = 0x2
12-11 13:17:20.609 E/alsa_route(  406): route_pcm_card_open() card -1 error!
12-11 13:17:20.609 E/modules.primary.audio_hal(  406): invalid card num.
12-11 13:17:20.609 W/StreamHAL(  406): Error from HAL stream in function get_presentation_position: Operation not permitted
12-11 13:17:20.618 D/modules.primary.audio_hal(  406): card0 id:rockchipes8316
12-11 13:17:20.618 D/modules.primary.audio_hal(  406): card1 id:rockchiphdmi0
12-11 13:17:20.618 D/modules.primary.audio_hal(  406): dump out device info
12-11 13:17:20.618 D/modules.primary.audio_hal(  406): dev_info HDMI  card=1, device:0
12-11 13:17:20.618 D/modules.primary.audio_hal(  406): start_output_stream: i = 0, device = 0x2
12-11 13:17:20.618 E/alsa_route(  406): route_pcm_card_open() card -1 error!
12-11 13:17:20.618 E/modules.primary.audio_hal(  406): invalid card num.
12-11 13:17:20.618 W/StreamHAL(  406): Error from HAL stream in function get_presentation_position: Operation not permitted
12-11 13:17:20.618 D/modules.primary.audio_hal(  406): card0 id:rockchipes8316
12-11 13:17:20.618 D/modules.primary.audio_hal(  406): card1 id:rockchiphdmi0
12-11 13:17:20.618 D/modules.primary.audio_hal(  406): dump out device info
12-11 13:17:20.618 D/modules.primary.audio_hal(  406): dev_info HDMI  card=1, device:0
12-11 13:17:20.618 D/modules.primary.audio_hal(  406): start_output_stream: i = 0, device = 0x2
12-11 13:17:20.618 E/alsa_route(  406): route_pcm_card_open() card -1 error!
12-11 13:17:20.618 E/modules.primary.audio_hal(  406): invalid card num.
12-11 13:17:20.619 W/StreamHAL(  406): Error from HAL stream in function get_presentation_position: Operation not permitted
12-11 13:17:20.620 I/HibernationPolicy( 1307): scheduleHibernationJob with frequency 1296000000ms and threshold 7776000000ms
12-11 13:17:20.622 I/HibernationPolicy( 1307): user 0 is a profileowner. Running hibernation job.
12-11 13:17:20.622 I/HibernationPolicy( 1307): Job already scheduled.
12-11 13:17:20.624 I/VvmSimStateTracker(  951): android.intent.action.BOOT_COMPLETED
12-11 13:17:20.624 D/CompatibilityChangeReporter(  651): Compat change id reported: 135634846; UID 10029; state: DISABLED
12-11 13:17:20.624 D/CompatibilityChangeReporter(  651): Compat change id reported: 177438394; UID 10029; state: DISABLED
12-11 13:17:20.624 D/CompatibilityChangeReporter(  651): Compat change id reported: 135772972; UID 10029; state: DISABLED
12-11 13:17:20.624 D/CompatibilityChangeReporter(  651): Compat change id reported: 135754954; UID 10029; state: ENABLED
12-11 13:17:20.625 D/CompatibilityChangeReporter(  651): Compat change id reported: 143937733; UID 10029; state: ENABLED
12-11 13:17:20.628 D/modules.primary.audio_hal(  406): card0 id:rockchipes8316
12-11 13:17:20.628 D/modules.primary.audio_hal(  406): card1 id:rockchiphdmi0
12-11 13:17:20.628 D/modules.primary.audio_hal(  406): dump out device info
12-11 13:17:20.628 D/modules.primary.audio_hal(  406): dev_info HDMI  card=1, device:0
12-11 13:17:20.628 D/modules.primary.audio_hal(  406): start_output_stream: i = 0, device = 0x2
12-11 13:17:20.628 E/alsa_route(  406): route_pcm_card_open() card -1 error!
12-11 13:17:20.628 E/modules.primary.audio_hal(  406): invalid card num.
12-11 13:17:20.628 W/StreamHAL(  406): Error from HAL stream in function get_presentation_position: Operation not permitted
12-11 13:17:20.628 D/modules.primary.audio_hal(  406): card0 id:rockchipes8316
12-11 13:17:20.628 D/modules.primary.audio_hal(  406): card1 id:rockchiphdmi0
12-11 13:17:20.628 D/modules.primary.audio_hal(  406): dump out device info
12-11 13:17:20.628 D/modules.primary.audio_hal(  406): dev_info HDMI  card=1, device:0
12-11 13:17:20.628 D/modules.primary.audio_hal(  406): start_output_stream: i = 0, device = 0x2
12-11 13:17:20.628 E/alsa_route(  406): route_pcm_card_open() card -1 error!
12-11 13:17:20.628 E/modules.primary.audio_hal(  406): invalid card num.
