12-11 13:17:11.116 I/getprop ( 1247): type=1400 audit(0.0:4593): avc: denied { open } for path="/dev/__properties__/u:object_r:vendor_default_prop:s0" dev="tmpfs" ino=284 scontext=u:r:shell:s0 tcontext=u:object_r:vendor_default_prop:s0 tclass=file permissive=1
12-11 13:17:11.116 I/getprop ( 1247): type=1400 audit(0.0:4594): avc: denied { getattr } for path="/dev/__properties__/u:object_r:vendor_default_prop:s0" dev="tmpfs" ino=284 scontext=u:r:shell:s0 tcontext=u:object_r:vendor_default_prop:s0 tclass=file permissive=1
12-11 13:17:11.116 I/getprop ( 1247): type=1400 audit(0.0:4595): avc: denied { map } for path="/dev/__properties__/u:object_r:vendor_default_prop:s0" dev="tmpfs" ino=284 scontext=u:r:shell:s0 tcontext=u:object_r:vendor_default_prop:s0 tclass=file permissive=1
12-11 13:17:11.116 I/getprop ( 1247): type=1400 audit(0.0:4596): avc: denied { open } for path="/dev/__properties__/u:object_r:vendor_drmservice_prop:s0" dev="tmpfs" ino=285 scontext=u:r:shell:s0 tcontext=u:object_r:vendor_drmservice_prop:s0 tclass=file permissive=1
12-11 13:17:11.116 I/getprop ( 1247): type=1400 audit(0.0:4597): avc: denied { getattr } for path="/dev/__properties__/u:object_r:vendor_drmservice_prop:s0" dev="tmpfs" ino=285 scontext=u:r:shell:s0 tcontext=u:object_r:vendor_drmservice_prop:s0 tclass=file permissive=1
12-11 13:17:11.116 I/getprop ( 1247): type=1400 audit(0.0:4598): avc: denied { map } for path="/dev/__properties__/u:object_r:vendor_drmservice_prop:s0" dev="tmpfs" ino=285 scontext=u:r:shell:s0 tcontext=u:object_r:vendor_drmservice_prop:s0 tclass=file permissive=1
12-11 13:17:11.116 I/getprop ( 1247): type=1400 audit(0.0:4599): avc: denied { open } for path="/dev/__properties__/u:object_r:vendor_hwc_prop:s0" dev="tmpfs" ino=286 scontext=u:r:shell:s0 tcontext=u:object_r:vendor_hwc_prop:s0 tclass=file permissive=1
12-11 13:17:11.116 I/getprop ( 1247): type=1400 audit(0.0:4600): avc: denied { getattr } for path="/dev/__properties__/u:object_r:vendor_hwc_prop:s0" dev="tmpfs" ino=286 scontext=u:r:shell:s0 tcontext=u:object_r:vendor_hwc_prop:s0 tclass=file permissive=1
12-11 13:17:11.116 I/getprop ( 1247): type=1400 audit(0.0:4601): avc: denied { map } for path="/dev/__properties__/u:object_r:vendor_hwc_prop:s0" dev="tmpfs" ino=286 scontext=u:r:shell:s0 tcontext=u:object_r:vendor_hwc_prop:s0 tclass=file permissive=1
12-11 13:17:11.116 I/getprop ( 1247): type=1400 audit(0.0:4602): avc: denied { open } for path="/dev/__properties__/u:object_r:vendor_omx_prop:s0" dev="tmpfs" ino=287 scontext=u:r:shell:s0 tcontext=u:object_r:vendor_omx_prop:s0 tclass=file permissive=1
12-11 13:17:11.116 I/getprop ( 1247): type=1400 audit(0.0:4603): avc: denied { getattr } for path="/dev/__properties__/u:object_r:vendor_omx_prop:s0" dev="tmpfs" ino=287 scontext=u:r:shell:s0 tcontext=u:object_r:vendor_omx_prop:s0 tclass=file permissive=1
12-11 13:17:11.116 I/getprop ( 1247): type=1400 audit(0.0:4604): avc: denied { map } for path="/dev/__properties__/u:object_r:vendor_omx_prop:s0" dev="tmpfs" ino=287 scontext=u:r:shell:s0 tcontext=u:object_r:vendor_omx_prop:s0 tclass=file permissive=1
12-11 13:17:11.116 I/getprop ( 1247): type=1400 audit(0.0:4605): avc: denied { open } for path="/dev/__properties__/u:object_r:vendor_power_prop:s0" dev="tmpfs" ino=288 scontext=u:r:shell:s0 tcontext=u:object_r:vendor_power_prop:s0 tclass=file permissive=1
12-11 13:17:11.127 D/MediaCodecsXmlParser(  475): disabling c2.android.av1.decoder
12-11 13:17:11.116 I/getprop ( 1247): type=1400 audit(0.0:4606): avc: denied { getattr } for path="/dev/__properties__/u:object_r:vendor_power_prop:s0" dev="tmpfs" ino=288 scontext=u:r:shell:s0 tcontext=u:object_r:vendor_power_prop:s0 tclass=file permissive=1
12-11 13:17:11.116 I/getprop ( 1247): type=1400 audit(0.0:4607): avc: denied { map } for path="/dev/__properties__/u:object_r:vendor_power_prop:s0" dev="tmpfs" ino=288 scontext=u:r:shell:s0 tcontext=u:object_r:vendor_power_prop:s0 tclass=file permissive=1
12-11 13:17:11.116 I/getprop ( 1247): type=1400 audit(0.0:4608): avc: denied { open } for path="/dev/__properties__/u:object_r:vendor_tv_input_prop:s0" dev="tmpfs" ino=292 scontext=u:r:shell:s0 tcontext=u:object_r:vendor_tv_input_prop:s0 tclass=file permissive=1
12-11 13:17:11.116 I/getprop ( 1247): type=1400 audit(0.0:4609): avc: denied { getattr } for path="/dev/__properties__/u:object_r:vendor_tv_input_prop:s0" dev="tmpfs" ino=292 scontext=u:r:shell:s0 tcontext=u:object_r:vendor_tv_input_prop:s0 tclass=file permissive=1
12-11 13:17:11.127 D/MediaCodecsXmlParser(  475): disabling c2.android.hevc.encoder
12-11 13:17:11.127 D/MediaCodecsXmlParser(  475): disabling c2.android.vp9.encoder
12-11 13:17:11.116 I/getprop ( 1247): type=1400 audit(0.0:4610): avc: denied { map } for path="/dev/__properties__/u:object_r:vendor_tv_input_prop:s0" dev="tmpfs" ino=292 scontext=u:r:shell:s0 tcontext=u:object_r:vendor_tv_input_prop:s0 tclass=file permissive=1
12-11 13:17:11.116 I/getprop ( 1247): type=1400 audit(0.0:4611): avc: denied { open } for path="/dev/__properties__/u:object_r:vendor_usb_prop:s0" dev="tmpfs" ino=293 scontext=u:r:shell:s0 tcontext=u:object_r:vendor_usb_prop:s0 tclass=file permissive=1
12-11 13:17:11.128 I/MediaCodecsXmlParser(  475): Did not find media_codecs_performance_c2.xml in search path
12-11 13:17:11.116 I/getprop ( 1247): type=1400 audit(0.0:4612): avc: denied { getattr } for path="/dev/__properties__/u:object_r:vendor_usb_prop:s0" dev="tmpfs" ino=293 scontext=u:r:shell:s0 tcontext=u:object_r:vendor_usb_prop:s0 tclass=file permissive=1
12-11 13:17:11.116 I/getprop ( 1247): type=1400 audit(0.0:4613): avc: denied { map } for path="/dev/__properties__/u:object_r:vendor_usb_prop:s0" dev="tmpfs" ino=293 scontext=u:r:shell:s0 tcontext=u:object_r:vendor_usb_prop:s0 tclass=file permissive=1
12-11 13:17:11.128 D/MediaCodecsXmlParser(  475): parsing /vendor/etc/media_codecs.xml...
12-11 13:17:11.116 I/getprop ( 1247): type=1400 audit(0.0:4614): avc: denied { open } for path="/dev/__properties__/u:object_r:vendor_vts_status_prop:s0" dev="tmpfs" ino=294 scontext=u:r:shell:s0 tcontext=u:object_r:vendor_vts_status_prop:s0 tclass=file permissive=1
12-11 13:17:11.116 I/getprop ( 1247): type=1400 audit(0.0:4615): avc: denied { getattr } for path="/dev/__properties__/u:object_r:vendor_vts_status_prop:s0" dev="tmpfs" ino=294 scontext=u:r:shell:s0 tcontext=u:object_r:vendor_vts_status_prop:s0 tclass=file permissive=1
12-11 13:17:11.116 I/getprop ( 1247): type=1400 audit(0.0:4616): avc: denied { map } for path="/dev/__properties__/u:object_r:vendor_vts_status_prop:s0" dev="tmpfs" ino=294 scontext=u:r:shell:s0 tcontext=u:object_r:vendor_vts_status_prop:s0 tclass=file permissive=1
12-11 13:17:11.128 D/MediaCodecsXmlParser(  475): parsing /vendor/etc/media_codecs_google_audio.xml...
12-11 13:17:11.116 I/getprop ( 1247): type=1400 audit(0.0:4617): avc: denied { open } for path="/dev/__properties__/u:object_r:vold_post_fs_data_prop:s0" dev="tmpfs" ino=300 scontext=u:r:shell:s0 tcontext=u:object_r:vold_post_fs_data_prop:s0 tclass=file permissive=1
12-11 13:17:11.116 I/getprop ( 1247): type=1400 audit(0.0:4618): avc: denied { getattr } for path="/dev/__properties__/u:object_r:vold_post_fs_data_prop:s0" dev="tmpfs" ino=300 scontext=u:r:shell:s0 tcontext=u:object_r:vold_post_fs_data_prop:s0 tclass=file permissive=1
12-11 13:17:11.116 I/getprop ( 1247): type=1400 audit(0.0:4619): avc: denied { map } for path="/dev/__properties__/u:object_r:vold_post_fs_data_prop:s0" dev="tmpfs" ino=300 scontext=u:r:shell:s0 tcontext=u:object_r:vold_post_fs_data_prop:s0 tclass=file permissive=1
12-11 13:17:11.116 I/getprop ( 1247): type=1400 audit(0.0:4620): avc: denied { open } for path="/dev/__properties__/u:object_r:wifi_config_prop:s0" dev="tmpfs" ino=305 scontext=u:r:shell:s0 tcontext=u:object_r:wifi_config_prop:s0 tclass=file permissive=1
12-11 13:17:11.128 D/MediaCodecsXmlParser(  475): parsing /vendor/etc/media_codecs_google_video.xml...
12-11 13:17:11.116 I/getprop ( 1247): type=1400 audit(0.0:4621): avc: denied { getattr } for path="/dev/__properties__/u:object_r:wifi_config_prop:s0" dev="tmpfs" ino=305 scontext=u:r:shell:s0 tcontext=u:object_r:wifi_config_prop:s0 tclass=file permissive=1
12-11 13:17:11.116 I/getprop ( 1247): type=1400 audit(0.0:4622): avc: denied { map } for path="/dev/__properties__/u:object_r:wifi_config_prop:s0" dev="tmpfs" ino=305 scontext=u:r:shell:s0 tcontext=u:object_r:wifi_config_prop:s0 tclass=file permissive=1
12-11 13:17:11.128 D/MediaCodecsXmlParser(  475): parsing /vendor/etc/media_codecs_performance.xml...
12-11 13:17:11.116 I/getprop ( 1247): type=1400 audit(0.0:4623): avc: denied { open } for path="/dev/__properties__/u:object_r:wifi_hal_prop:s0" dev="tmpfs" ino=306 scontext=u:r:shell:s0 tcontext=u:object_r:wifi_hal_prop:s0 tclass=file permissive=1
12-11 13:17:11.116 I/getprop ( 1247): type=1400 audit(0.0:4624): avc: denied { getattr } for path="/dev/__properties__/u:object_r:wifi_hal_prop:s0" dev="tmpfs" ino=306 scontext=u:r:shell:s0 tcontext=u:object_r:wifi_hal_prop:s0 tclass=file permissive=1
12-11 13:17:11.116 I/getprop ( 1247): type=1400 audit(0.0:4625): avc: denied { map } for path="/dev/__properties__/u:object_r:wifi_hal_prop:s0" dev="tmpfs" ino=306 scontext=u:r:shell:s0 tcontext=u:object_r:wifi_hal_prop:s0 tclass=file permissive=1
12-11 13:17:11.129 I/MediaCodecsXmlParser(  475): Did not find media_codecs_shaping.xml in search path
12-11 13:17:11.116 I/getprop ( 1247): type=1400 audit(0.0:4626): avc: denied { map } for path="/dev/__properties__/u:object_r:wifi_prop:s0" dev="tmpfs" ino=308 scontext=u:r:shell:s0 tcontext=u:object_r:wifi_prop:s0 tclass=file permissive=1
12-11 13:17:11.129 I/MediaCodecsXmlParser(  475): Did not find media_codecs_shaping.xml in search path
12-11 13:17:11.116 I/getprop ( 1247): type=1400 audit(0.0:4627): avc: denied { open } for path="/dev/__properties__/u:object_r:zram_config_prop:s0" dev="tmpfs" ino=309 scontext=u:r:shell:s0 tcontext=u:object_r:zram_config_prop:s0 tclass=file permissive=1
12-11 13:17:11.116 I/getprop ( 1247): type=1400 audit(0.0:4628): avc: denied { getattr } for path="/dev/__properties__/u:object_r:zram_config_prop:s0" dev="tmpfs" ino=309 scontext=u:r:shell:s0 tcontext=u:object_r:zram_config_prop:s0 tclass=file permissive=1
12-11 13:17:11.116 I/getprop ( 1247): type=1400 audit(0.0:4629): avc: denied { map } for path="/dev/__properties__/u:object_r:zram_config_prop:s0" dev="tmpfs" ino=309 scontext=u:r:shell:s0 tcontext=u:object_r:zram_config_prop:s0 tclass=file permissive=1
12-11 13:17:11.129 D/TelephonyDebugService(  951): TelephonyDebugService()
12-11 13:17:11.116 I/getprop ( 1247): type=1400 audit(0.0:4630): avc: denied { open } for path="/dev/__properties__/u:object_r:zram_control_prop:s0" dev="tmpfs" ino=310 scontext=u:r:shell:s0 tcontext=u:object_r:zram_control_prop:s0 tclass=file permissive=1
12-11 13:17:11.116 I/getprop ( 1247): type=1400 audit(0.0:4631): avc: denied { getattr } for path="/dev/__properties__/u:object_r:zram_control_prop:s0" dev="tmpfs" ino=310 scontext=u:r:shell:s0 tcontext=u:object_r:zram_control_prop:s0 tclass=file permissive=1
12-11 13:17:11.116 I/getprop ( 1247): type=1400 audit(0.0:4632): avc: denied { map } for path="/dev/__properties__/u:object_r:zram_control_prop:s0" dev="tmpfs" ino=310 scontext=u:r:shell:s0 tcontext=u:object_r:zram_control_prop:s0 tclass=file permissive=1
12-11 13:17:11.129 I/C2RKComponentFactory(  416): in version: git-ee868ef-[C2RKMpiDec]: fix RuntimeException for AdaptivePlaybackTest build-time: 2024-12-09 11:32:33 running on RadxaRock5C
12-11 13:17:11.131 E/Codec2-FilterWrapper(  416): plugin not OK: -19
12-11 13:17:11.132 D/CarrierConfigLoader(  951): mHandler: EVENT_CHECK_SYSTEM_UPDATE phoneId: 0
12-11 13:17:11.132 I/Codec2InfoBuilder(  475): adding type 'video/av01'
12-11 13:17:11.133 I/C2RKComponentFactory(  416): in version: git-ee868ef-[C2RKMpiDec]: fix RuntimeException for AdaptivePlaybackTest build-time: 2024-12-09 11:32:33 running on RadxaRock5C
12-11 13:17:11.133 I/C2RKComponentFactory(  416): DestroyRKCodec2Factory enter
12-11 13:17:11.133 I/Telephony(  951): TelecomAccountRegistry: onSubscriptionsChanged - update accounts
12-11 13:17:11.133 I/Telephony(  951): TelecomAccountRegistry: setupAccounts: Found 1 phones.  Attempting to register.
12-11 13:17:11.133 I/Telephony(  951): TelecomAccountRegistry: setupAccounts: Phone with subscription id -1
12-11 13:17:11.133 I/Codec2InfoBuilder(  475): adding type 'video/avc'
12-11 13:17:11.134 D/Telephony(  951): TelecomAccountRegistry: setupAccounts: skipping invalid subid -1
12-11 13:17:11.134 I/Telephony(  951): setupAccounts: adding default
12-11 13:17:11.134 D/Telephony(  951): isEmergencyPreferredAccount: subId=-1, activeData=-1
12-11 13:17:11.134 D/Telephony(  951): isEmergencyPreferredAccount: Device does not require preference.
12-11 13:17:11.134 I/Telephony(  951): isRttCurrentlySupported -- emergency acct and no device support
12-11 13:17:11.135 I/C2RKComponentFactory(  416): DestroyRKCodec2Factory enter
12-11 13:17:11.135 I/C2RKComponentFactory(  416): in version: git-ee868ef-[C2RKMpiDec]: fix RuntimeException for AdaptivePlaybackTest build-time: 2024-12-09 11:32:33 running on RadxaRock5C
12-11 13:17:11.136 D/Codec2InfoBuilder(  475): component 'c2.rk.avc.decoder.secure' not found in xml
12-11 13:17:11.136 I/C2RKComponentFactory(  416): DestroyRKCodec2Factory enter
12-11 13:17:11.136 I/C2RKComponentFactory(  416): in version: git-ee868ef-[C2RKMpiDec]: fix RuntimeException for AdaptivePlaybackTest build-time: 2024-12-09 11:32:33 running on RadxaRock5C
12-11 13:17:11.136 I/C2RKMpiEnc(  416): createInterface enter
12-11 13:17:11.136 I/android.hardware.media.c2@1.1-service(  416): missing struct descriptor #Param::CoreIndex(--004) for field values of struct #Param::CoreIndex(F-12004)
12-11 13:17:11.136 I/C2RKMpiEnc(  416): GopSetter enter
12-11 13:17:11.136 I/android.hardware.media.c2@1.1-service(  416): missing struct descriptor #Param::CoreIndex(--1812) for field values of struct #Param::CoreIndex(F-11812)
12-11 13:17:11.136 I/C2RKMpiEnc(  416): PictureQuantizationSetter enter
12-11 13:17:11.136 I/C2RKMpiEnc(  416): InputDelaySetter enter
12-11 13:17:11.136 I/C2RKMpiEnc(  416): LayeringSetter enter
12-11 13:17:11.136 I/C2RKMpiEnc(  416): PrependHeaderModeSetter enter
12-11 13:17:11.136 I/C2RKMpiEnc(  416): MProfileLevelSetter enter
12-11 13:17:11.136 I/C2RKMpiEnc(  416): MSliceSpaceSetter enter
12-11 13:17:11.136 I/C2RKMpiEnc(  416): MNumLTRFrmsSetter enter
12-11 13:17:11.136 I/C2RKMpiEnc(  416): MSarSizeSetter enter
12-11 13:17:11.136 I/C2RKMpiEnc(  416): MInputQueueCtlSetter enter
12-11 13:17:11.136 I/C2RKMpiEnc(  416): MLtrMarkFrmSetter enter
12-11 13:17:11.136 I/C2RKMpiEnc(  416): MLtrUseFrmSetter enter
12-11 13:17:11.136 I/C2RKMpiEnc(  416): MTriggerTimeSetter enter
12-11 13:17:11.137 I/C2RKMpiEnc(  416): createInterface enter
12-11 13:17:11.137 I/android.hardware.media.c2@1.1-service(  416): missing struct descriptor #Param::CoreIndex(--004) for field values of struct #Param::CoreIndex(F-12004)
12-11 13:17:11.137 I/C2RKMpiEnc(  416): GopSetter enter
12-11 13:17:11.137 I/android.hardware.media.c2@1.1-service(  416): missing struct descriptor #Param::CoreIndex(--1812) for field values of struct #Param::CoreIndex(F-11812)
12-11 13:17:11.137 I/C2RKMpiEnc(  416): PictureQuantizationSetter enter
12-11 13:17:11.137 I/C2RKMpiEnc(  416): InputDelaySetter enter
12-11 13:17:11.137 I/C2RKMpiEnc(  416): LayeringSetter enter
12-11 13:17:11.137 I/C2RKMpiEnc(  416): PrependHeaderModeSetter enter
12-11 13:17:11.137 I/C2RKMpiEnc(  416): MProfileLevelSetter enter
12-11 13:17:11.137 I/C2RKMpiEnc(  416): MSliceSpaceSetter enter
12-11 13:17:11.137 I/C2RKMpiEnc(  416): MNumLTRFrmsSetter enter
12-11 13:17:11.137 I/C2RKMpiEnc(  416): MSarSizeSetter enter
12-11 13:17:11.137 I/C2RKMpiEnc(  416): MInputQueueCtlSetter enter
12-11 13:17:11.137 I/C2RKMpiEnc(  416): MLtrMarkFrmSetter enter
12-11 13:17:11.137 I/C2RKMpiEnc(  416): MLtrUseFrmSetter enter
12-11 13:17:11.137 I/C2RKMpiEnc(  416): MTriggerTimeSetter enter
12-11 13:17:11.137 I/Codec2InfoBuilder(  475): adding type 'video/avc'
12-11 13:17:11.138 I/Telecom (  651): PhoneAccountRegistrar: Modify account: [ComponentInfo{com.android.phone/com.android.services.telephony.TelephonyConnectionService}, ***, UserHandle{0}]: TSI.rPA@AAI
12-11 13:17:11.138 I/Telecom (  651): CallsManager: handlePhoneAccountChanged: phoneAccount=[[X] PhoneAccount: ComponentInfo{com.android.phone/com.android.services.telephony.TelephonyConnectionService}, ***, UserHandle{0} Capabilities: CallProvider MultiUser PlaceEmerg SimSub  Audio Routes: BESW Schemes: tel voicemail  Extras: Bundle[{android.telecom.extra.SUPPORTS_VIDEO_CALLING_FALLBACK=true}] GroupId: ***]: TSI.rPA@AAI
12-11 13:17:11.138 I/C2RKComponentFactory(  416): DestroyRKCodec2Factory enter
12-11 13:17:11.139 I/Telephony(  951): AccountEntry: Registered phoneAccount: [[ ] PhoneAccount: ComponentInfo{com.android.phone/com.android.services.telephony.TelephonyConnectionService}, ***, UserHandle{0} Capabilities: CallProvider MultiUser PlaceEmerg SimSub  Audio Routes: BESW Schemes: tel voicemail  Extras: Bundle[{android.telecom.extra.SUPPORTS_VIDEO_CALLING_FALLBACK=true}] GroupId: ***] with handle: ComponentInfo{com.android.phone/com.android.services.telephony.TelephonyConnectionService}, ***, UserHandle{0}
12-11 13:17:11.139 I/Telephony(  951): PstnIncomingCallNotifier: Registering: Handler (com.android.internal.telephony.GsmCdmaPhone) {1e962b5}
12-11 13:17:11.139 D/Telephony(  951): Registering: Handler (com.android.internal.telephony.GsmCdmaPhone) {1e962b5}
12-11 13:17:11.140 I/C2RKComponentFactory(  416): in version: git-ee868ef-[C2RKMpiDec]: fix RuntimeException for AdaptivePlaybackTest build-time: 2024-12-09 11:32:33 running on RadxaRock5C
12-11 13:17:11.140 D/MultiSimSettingController(  951): onSubscriptionsChanged
12-11 13:17:11.140 D/MultiSimSettingController(  951): isReadyToReevaluate: subInfoInitialized=false, carrierConfigsLoaded=true
12-11 13:17:11.141 I/Codec2InfoBuilder(  475): adding type 'video/3gpp'
12-11 13:17:11.142 I/C2RKComponentFactory(  416): DestroyRKCodec2Factory enter
12-11 13:17:11.142 I/C2RKComponentFactory(  416): in version: git-ee868ef-[C2RKMpiDec]: fix RuntimeException for AdaptivePlaybackTest build-time: 2024-12-09 11:32:33 running on RadxaRock5C
12-11 13:17:11.143 I/Codec2InfoBuilder(  475): adding type 'video/hevc'
12-11 13:17:11.144 I/C2RKComponentFactory(  416): DestroyRKCodec2Factory enter
12-11 13:17:11.144 I/C2RKComponentFactory(  416): in version: git-ee868ef-[C2RKMpiDec]: fix RuntimeException for AdaptivePlaybackTest build-time: 2024-12-09 11:32:33 running on RadxaRock5C
12-11 13:17:11.144 I/Telephony(  951): handleVideoCapabilitesChanged. Video capability - false
12-11 13:17:11.144 D/Telephony(  951): isEmergencyPreferredAccount: subId=-1, activeData=-1
12-11 13:17:11.144 D/Telephony(  951): isEmergencyPreferredAccount: Device does not require preference.
12-11 13:17:11.144 I/Telephony(  951): isRttCurrentlySupported -- emergency acct and no device support
12-11 13:17:11.144 D/Codec2InfoBuilder(  475): component 'c2.rk.hevc.decoder.secure' not found in xml
12-11 13:17:11.145 I/C2RKComponentFactory(  416): DestroyRKCodec2Factory enter
12-11 13:17:11.145 I/Telecom (  651): PhoneAccountRegistrar: Modify account: [ComponentInfo{com.android.phone/com.android.services.telephony.TelephonyConnectionService}, ***, UserHandle{0}]: TSI.rPA@AAQ
12-11 13:17:11.145 I/C2RKComponentFactory(  416): in version: git-ee868ef-[C2RKMpiDec]: fix RuntimeException for AdaptivePlaybackTest build-time: 2024-12-09 11:32:33 running on RadxaRock5C
12-11 13:17:11.145 I/C2RKMpiEnc(  416): createInterface enter
12-11 13:17:11.145 I/android.hardware.media.c2@1.1-service(  416): missing struct descriptor #Param::CoreIndex(--004) for field values of struct #Param::CoreIndex(F-12004)
12-11 13:17:11.145 I/C2RKMpiEnc(  416): GopSetter enter
12-11 13:17:11.145 I/android.hardware.media.c2@1.1-service(  416): missing struct descriptor #Param::CoreIndex(--1812) for field values of struct #Param::CoreIndex(F-11812)
12-11 13:17:11.145 I/C2RKMpiEnc(  416): PictureQuantizationSetter enter
12-11 13:17:11.145 I/C2RKMpiEnc(  416): InputDelaySetter enter
12-11 13:17:11.145 I/Telecom (  651): CallsManager: handlePhoneAccountChanged: phoneAccount=[[X] PhoneAccount: ComponentInfo{com.android.phone/com.android.services.telephony.TelephonyConnectionService}, ***, UserHandle{0} Capabilities: CallProvider MultiUser PlaceEmerg SimSub  Audio Routes: BESW Schemes: tel voicemail  Extras: Bundle[{android.telecom.extra.SUPPORTS_VIDEO_CALLING_FALLBACK=true}] GroupId: ***]: TSI.rPA@AAQ
12-11 13:17:11.145 I/C2RKMpiEnc(  416): LayeringSetter enter
12-11 13:17:11.146 I/C2RKMpiEnc(  416): PrependHeaderModeSetter enter
12-11 13:17:11.146 I/C2RKMpiEnc(  416): MProfileLevelSetter enter
12-11 13:17:11.146 I/C2RKMpiEnc(  416): MSliceSpaceSetter enter
12-11 13:17:11.146 I/C2RKMpiEnc(  416): MNumLTRFrmsSetter enter
12-11 13:17:11.146 I/C2RKMpiEnc(  416): MSarSizeSetter enter
12-11 13:17:11.146 I/C2RKMpiEnc(  416): MInputQueueCtlSetter enter
12-11 13:17:11.146 I/C2RKMpiEnc(  416): MLtrMarkFrmSetter enter
12-11 13:17:11.146 I/C2RKMpiEnc(  416): MLtrUseFrmSetter enter
12-11 13:17:11.146 I/C2RKMpiEnc(  416): MTriggerTimeSetter enter
12-11 13:17:11.146 I/C2RKMpiEnc(  416): createInterface enter
12-11 13:17:11.146 I/android.hardware.media.c2@1.1-service(  416): missing struct descriptor #Param::CoreIndex(--004) for field values of struct #Param::CoreIndex(F-12004)
12-11 13:17:11.146 I/C2RKMpiEnc(  416): GopSetter enter
12-11 13:17:11.146 I/android.hardware.media.c2@1.1-service(  416): missing struct descriptor #Param::CoreIndex(--1812) for field values of struct #Param::CoreIndex(F-11812)
12-11 13:17:11.146 I/C2RKMpiEnc(  416): PictureQuantizationSetter enter
12-11 13:17:11.146 I/C2RKMpiEnc(  416): InputDelaySetter enter
12-11 13:17:11.146 I/C2RKMpiEnc(  416): LayeringSetter enter
12-11 13:17:11.146 I/C2RKMpiEnc(  416): PrependHeaderModeSetter enter
12-11 13:17:11.146 I/C2RKMpiEnc(  416): MProfileLevelSetter enter
12-11 13:17:11.146 I/C2RKMpiEnc(  416): MSliceSpaceSetter enter
12-11 13:17:11.146 I/C2RKMpiEnc(  416): MNumLTRFrmsSetter enter
12-11 13:17:11.147 I/C2RKMpiEnc(  416): MSarSizeSetter enter
12-11 13:17:11.147 I/C2RKMpiEnc(  416): MInputQueueCtlSetter enter
12-11 13:17:11.147 I/C2RKMpiEnc(  416): MLtrMarkFrmSetter enter
12-11 13:17:11.147 I/C2RKMpiEnc(  416): MLtrUseFrmSetter enter
12-11 13:17:11.147 I/C2RKMpiEnc(  416): MTriggerTimeSetter enter
12-11 13:17:11.147 I/Codec2InfoBuilder(  475): adding type 'video/hevc'
12-11 13:17:11.148 I/C2RKComponentFactory(  416): DestroyRKCodec2Factory enter
12-11 13:17:11.148 I/C2RKComponentFactory(  416): in version: git-ee868ef-[C2RKMpiDec]: fix RuntimeException for AdaptivePlaybackTest build-time: 2024-12-09 11:32:33 running on RadxaRock5C
12-11 13:17:11.148 I/Codec2InfoBuilder(  475): adding type 'video/mp4v-es'
12-11 13:17:11.148 I/C2RKComponentFactory(  416): DestroyRKCodec2Factory enter
12-11 13:17:11.149 I/C2RKComponentFactory(  416): in version: git-ee868ef-[C2RKMpiDec]: fix RuntimeException for AdaptivePlaybackTest build-time: 2024-12-09 11:32:33 running on RadxaRock5C
12-11 13:17:11.149 D/Codec2InfoBuilder(  475): component 'c2.rk.m4v.decoder.secure' not found in xml
12-11 13:17:11.149 I/C2RKComponentFactory(  416): DestroyRKCodec2Factory enter
12-11 13:17:11.149 I/C2RKComponentFactory(  416): in version: git-ee868ef-[C2RKMpiDec]: fix RuntimeException for AdaptivePlaybackTest build-time: 2024-12-09 11:32:33 running on RadxaRock5C
12-11 13:17:11.150 I/Codec2InfoBuilder(  475): adding type 'video/mpeg2'
12-11 13:17:11.150 I/C2RKComponentFactory(  416): DestroyRKCodec2Factory enter
12-11 13:17:11.150 I/C2RKComponentFactory(  416): in version: git-ee868ef-[C2RKMpiDec]: fix RuntimeException for AdaptivePlaybackTest build-time: 2024-12-09 11:32:33 running on RadxaRock5C
12-11 13:17:11.151 D/Codec2InfoBuilder(  475): component 'c2.rk.mpeg2.decoder.secure' not found in xml
12-11 13:17:11.151 I/C2RKComponentFactory(  416): DestroyRKCodec2Factory enter
12-11 13:17:11.151 I/C2RKComponentFactory(  416): in version: git-ee868ef-[C2RKMpiDec]: fix RuntimeException for AdaptivePlaybackTest build-time: 2024-12-09 11:32:33 running on RadxaRock5C
12-11 13:17:11.154 I/Codec2InfoBuilder(  475): adding type 'video/x-vnd.on2.vp8'
12-11 13:17:11.155 I/C2RKComponentFactory(  416): DestroyRKCodec2Factory enter
12-11 13:17:11.155 I/C2RKComponentFactory(  416): in version: git-ee868ef-[C2RKMpiDec]: fix RuntimeException for AdaptivePlaybackTest build-time: 2024-12-09 11:32:33 running on RadxaRock5C
12-11 13:17:11.156 D/Codec2InfoBuilder(  475): component 'c2.rk.vp8.decoder.secure' not found in xml
12-11 13:17:11.156 I/C2RKComponentFactory(  416): DestroyRKCodec2Factory enter
12-11 13:17:11.153 I/getprop ( 1252): type=1400 audit(0.0:4633): avc: denied { open } for path="/dev/__properties__/u:object_r:aac_drc_prop:s0" dev="tmpfs" ino=58 scontext=u:r:shell:s0 tcontext=u:object_r:aac_drc_prop:s0 tclass=file permissive=1
12-11 13:17:11.153 I/getprop ( 1252): type=1400 audit(0.0:4634): avc: denied { getattr } for path="/dev/__properties__/u:object_r:aac_drc_prop:s0" dev="tmpfs" ino=58 scontext=u:r:shell:s0 tcontext=u:object_r:aac_drc_prop:s0 tclass=file permissive=1
12-11 13:17:11.153 I/getprop ( 1252): type=1400 audit(0.0:4635): avc: denied { map } for path="/dev/__properties__/u:object_r:aac_drc_prop:s0" dev="tmpfs" ino=58 scontext=u:r:shell:s0 tcontext=u:object_r:aac_drc_prop:s0 tclass=file permissive=1
12-11 13:17:11.153 I/getprop ( 1252): type=1400 audit(0.0:4636): avc: denied { open } for path="/dev/__properties__/u:object_r:ab_update_gki_prop:s0" dev="tmpfs" ino=60 scontext=u:r:shell:s0 tcontext=u:object_r:ab_update_gki_prop:s0 tclass=file permissive=1
12-11 13:17:11.153 I/getprop ( 1252): type=1400 audit(0.0:4637): avc: denied { getattr } for path="/dev/__properties__/u:object_r:ab_update_gki_prop:s0" dev="tmpfs" ino=60 scontext=u:r:shell:s0 tcontext=u:object_r:ab_update_gki_prop:s0 tclass=file permissive=1
12-11 13:17:11.153 I/getprop ( 1252): type=1400 audit(0.0:4638): avc: denied { map } for path="/dev/__properties__/u:object_r:ab_update_gki_prop:s0" dev="tmpfs" ino=60 scontext=u:r:shell:s0 tcontext=u:object_r:ab_update_gki_prop:s0 tclass=file permissive=1
12-11 13:17:11.153 I/getprop ( 1252): type=1400 audit(0.0:4639): avc: denied { open } for path="/dev/__properties__/u:object_r:adbd_prop:s0" dev="tmpfs" ino=62 scontext=u:r:shell:s0 tcontext=u:object_r:adbd_prop:s0 tclass=file permissive=1
12-11 13:17:11.153 I/getprop ( 1252): type=1400 audit(0.0:4640): avc: denied { getattr } for path="/dev/__properties__/u:object_r:adbd_prop:s0" dev="tmpfs" ino=62 scontext=u:r:shell:s0 tcontext=u:object_r:adbd_prop:s0 tclass=file permissive=1
12-11 13:17:11.153 I/getprop ( 1252): type=1400 audit(0.0:4641): avc: denied { map } for path="/dev/__properties__/u:object_r:adbd_prop:s0" dev="tmpfs" ino=62 scontext=u:r:shell:s0 tcontext=u:object_r:adbd_prop:s0 tclass=file permissive=1
12-11 13:17:11.153 I/getprop ( 1252): type=1400 audit(0.0:4642): avc: denied { open } for path="/dev/__properties__/u:object_r:apexd_config_prop:s0" dev="tmpfs" ino=63 scontext=u:r:shell:s0 tcontext=u:object_r:apexd_config_prop:s0 tclass=file permissive=1
12-11 13:17:11.153 I/getprop ( 1252): type=1400 audit(0.0:4643): avc: denied { getattr } for path="/dev/__properties__/u:object_r:apexd_config_prop:s0" dev="tmpfs" ino=63 scontext=u:r:shell:s0 tcontext=u:object_r:apexd_config_prop:s0 tclass=file permissive=1
12-11 13:17:11.153 I/getprop ( 1252): type=1400 audit(0.0:4644): avc: denied { map } for path="/dev/__properties__/u:object_r:apexd_config_prop:s0" dev="tmpfs" ino=63 scontext=u:r:shell:s0 tcontext=u:object_r:apexd_config_prop:s0 tclass=file permissive=1
12-11 13:17:11.153 I/getprop ( 1252): type=1400 audit(0.0:4645): avc: denied { open } for path="/dev/__properties__/u:object_r:apexd_prop:s0" dev="tmpfs" ino=64 scontext=u:r:shell:s0 tcontext=u:object_r:apexd_prop:s0 tclass=file permissive=1
12-11 13:17:11.153 I/getprop ( 1252): type=1400 audit(0.0:4646): avc: denied { getattr } for path="/dev/__properties__/u:object_r:apexd_prop:s0" dev="tmpfs" ino=64 scontext=u:r:shell:s0 tcontext=u:object_r:apexd_prop:s0 tclass=file permissive=1
12-11 13:17:11.153 I/getprop ( 1252): type=1400 audit(0.0:4647): avc: denied { map } for path="/dev/__properties__/u:object_r:apexd_prop:s0" dev="tmpfs" ino=64 scontext=u:r:shell:s0 tcontext=u:object_r:apexd_prop:s0 tclass=file permissive=1
12-11 13:17:11.153 I/getprop ( 1252): type=1400 audit(0.0:4648): avc: denied { open } for path="/dev/__properties__/u:object_r:audio_config_prop:s0" dev="tmpfs" ino=67 scontext=u:r:shell:s0 tcontext=u:object_r:audio_config_prop:s0 tclass=file permissive=1
12-11 13:17:11.153 I/getprop ( 1252): type=1400 audit(0.0:4649): avc: denied { getattr } for path="/dev/__properties__/u:object_r:audio_config_prop:s0" dev="tmpfs" ino=67 scontext=u:r:shell:s0 tcontext=u:object_r:audio_config_prop:s0 tclass=file permissive=1
12-11 13:17:11.153 I/getprop ( 1252): type=1400 audit(0.0:4650): avc: denied { map } for path="/dev/__properties__/u:object_r:audio_config_prop:s0" dev="tmpfs" ino=67 scontext=u:r:shell:s0 tcontext=u:object_r:audio_config_prop:s0 tclass=file permissive=1
12-11 13:17:11.153 I/getprop ( 1252): type=1400 audit(0.0:4651): avc: denied { open } for path="/dev/__properties__/u:object_r:bluetooth_prop:s0" dev="tmpfs" ino=74 scontext=u:r:shell:s0 tcontext=u:object_r:bluetooth_prop:s0 tclass=file permissive=1
12-11 13:17:11.156 I/C2RKComponentFactory(  416): in version: git-ee868ef-[C2RKMpiDec]: fix RuntimeException for AdaptivePlaybackTest build-time: 2024-12-09 11:32:33 running on RadxaRock5C
12-11 13:17:11.156 I/C2RKMpiEnc(  416): createInterface enter
12-11 13:17:11.156 I/android.hardware.media.c2@1.1-service(  416): missing struct descriptor #Param::CoreIndex(--004) for field values of struct #Param::CoreIndex(F-12004)
12-11 13:17:11.156 I/C2RKMpiEnc(  416): GopSetter enter
12-11 13:17:11.156 I/android.hardware.media.c2@1.1-service(  416): missing struct descriptor #Param::CoreIndex(--1812) for field values of struct #Param::CoreIndex(F-11812)
12-11 13:17:11.156 I/C2RKMpiEnc(  416): PictureQuantizationSetter enter
12-11 13:17:11.156 I/C2RKMpiEnc(  416): InputDelaySetter enter
12-11 13:17:11.156 I/C2RKMpiEnc(  416): LayeringSetter enter
12-11 13:17:11.156 I/C2RKMpiEnc(  416): PrependHeaderModeSetter enter
12-11 13:17:11.156 I/C2RKMpiEnc(  416): MProfileLevelSetter enter
12-11 13:17:11.156 I/C2RKMpiEnc(  416): MSliceSpaceSetter enter
12-11 13:17:11.156 I/C2RKMpiEnc(  416): MNumLTRFrmsSetter enter
12-11 13:17:11.156 I/C2RKMpiEnc(  416): MSarSizeSetter enter
12-11 13:17:11.156 I/C2RKMpiEnc(  416): MInputQueueCtlSetter enter
12-11 13:17:11.156 I/C2RKMpiEnc(  416): MLtrMarkFrmSetter enter
12-11 13:17:11.156 I/C2RKMpiEnc(  416): MLtrUseFrmSetter enter
12-11 13:17:11.157 I/C2RKMpiEnc(  416): MTriggerTimeSetter enter
12-11 13:17:11.157 I/C2RKMpiEnc(  416): createInterface enter
12-11 13:17:11.157 I/android.hardware.media.c2@1.1-service(  416): missing struct descriptor #Param::CoreIndex(--004) for field values of struct #Param::CoreIndex(F-12004)
12-11 13:17:11.157 I/C2RKMpiEnc(  416): GopSetter enter
12-11 13:17:11.157 I/android.hardware.media.c2@1.1-service(  416): missing struct descriptor #Param::CoreIndex(--1812) for field values of struct #Param::CoreIndex(F-11812)
12-11 13:17:11.157 I/C2RKMpiEnc(  416): PictureQuantizationSetter enter
12-11 13:17:11.157 I/C2RKMpiEnc(  416): InputDelaySetter enter
12-11 13:17:11.157 I/C2RKMpiEnc(  416): LayeringSetter enter
12-11 13:17:11.157 I/C2RKMpiEnc(  416): PrependHeaderModeSetter enter
12-11 13:17:11.157 I/C2RKMpiEnc(  416): MProfileLevelSetter enter
12-11 13:17:11.157 I/C2RKMpiEnc(  416): MSliceSpaceSetter enter
12-11 13:17:11.153 I/getprop ( 1252): type=1400 audit(0.0:4652): avc: denied { getattr } for path="/dev/__properties__/u:object_r:bluetooth_prop:s0" dev="tmpfs" ino=74 scontext=u:r:shell:s0 tcontext=u:object_r:bluetooth_prop:s0 tclass=file permissive=1
12-11 13:17:11.153 I/getprop ( 1252): type=1400 audit(0.0:4653): avc: denied { map } for path="/dev/__properties__/u:object_r:bluetooth_prop:s0" dev="tmpfs" ino=74 scontext=u:r:shell:s0 tcontext=u:object_r:bluetooth_prop:s0 tclass=file permissive=1
12-11 13:17:11.153 I/getprop ( 1252): type=1400 audit(0.0:4654): avc: denied { open } for path="/dev/__properties__/u:object_r:bootanim_config_prop:s0" dev="tmpfs" ino=76 scontext=u:r:shell:s0 tcontext=u:object_r:bootanim_config_prop:s0 tclass=file permissive=1
12-11 13:17:11.153 I/getprop ( 1252): type=1400 audit(0.0:4655): avc: denied { getattr } for path="/dev/__properties__/u:object_r:bootanim_config_prop:s0" dev="tmpfs" ino=76 scontext=u:r:shell:s0 tcontext=u:object_r:bootanim_config_prop:s0 tclass=file permissive=1
12-11 13:17:11.153 I/getprop ( 1252): type=1400 audit(0.0:4656): avc: denied { map } for path="/dev/__properties__/u:object_r:bootanim_config_prop:s0" dev="tmpfs" ino=76 scontext=u:r:shell:s0 tcontext=u:object_r:bootanim_config_prop:s0 tclass=file permissive=1
12-11 13:17:11.153 I/getprop ( 1252): type=1400 audit(0.0:4657): avc: denied { open } for path="/dev/__properties__/u:object_r:bootanim_system_prop:s0" dev="tmpfs" ino=77 scontext=u:r:shell:s0 tcontext=u:object_r:bootanim_system_prop:s0 tclass=file permissive=1
12-11 13:17:11.153 I/getprop ( 1252): type=1400 audit(0.0:4658): avc: denied { getattr } for path="/dev/__properties__/u:object_r:bootanim_system_prop:s0" dev="tmpfs" ino=77 scontext=u:r:shell:s0 tcontext=u:object_r:bootanim_system_prop:s0 tclass=file permissive=1
12-11 13:17:11.153 I/getprop ( 1252): type=1400 audit(0.0:4659): avc: denied { map } for path="/dev/__properties__/u:object_r:bootanim_system_prop:s0" dev="tmpfs" ino=77 scontext=u:r:shell:s0 tcontext=u:object_r:bootanim_system_prop:s0 tclass=file permissive=1
12-11 13:17:11.153 I/getprop ( 1252): type=1400 audit(0.0:4660): avc: denied { open } for path="/dev/__properties__/u:object_r:boottime_public_prop:s0" dev="tmpfs" ino=81 scontext=u:r:shell:s0 tcontext=u:object_r:boottime_public_prop:s0 tclass=file permissive=1
12-11 13:17:11.157 I/C2RKMpiEnc(  416): MSarSizeSetter enter
12-11 13:17:11.157 I/C2RKMpiEnc(  416): MInputQueueCtlSetter enter
12-11 13:17:11.157 I/C2RKMpiEnc(  416): MLtrMarkFrmSetter enter
12-11 13:17:11.157 I/C2RKMpiEnc(  416): MLtrUseFrmSetter enter
12-11 13:17:11.157 I/C2RKMpiEnc(  416): MTriggerTimeSetter enter
12-11 13:17:11.157 I/Codec2InfoBuilder(  475): adding type 'video/x-vnd.on2.vp8'
12-11 13:17:11.158 I/C2RKComponentFactory(  416): DestroyRKCodec2Factory enter
12-11 13:17:11.158 I/C2RKComponentFactory(  416): in version: git-ee868ef-[C2RKMpiDec]: fix RuntimeException for AdaptivePlaybackTest build-time: 2024-12-09 11:32:33 running on RadxaRock5C
12-11 13:17:11.158 I/Codec2InfoBuilder(  475): adding type 'video/x-vnd.on2.vp9'
12-11 13:17:11.159 I/C2RKComponentFactory(  416): DestroyRKCodec2Factory enter
12-11 13:17:11.159 I/C2RKComponentFactory(  416): in version: git-ee868ef-[C2RKMpiDec]: fix RuntimeException for AdaptivePlaybackTest build-time: 2024-12-09 11:32:33 running on RadxaRock5C
12-11 13:17:11.153 I/getprop ( 1252): type=1400 audit(0.0:4661): avc: denied { getattr } for path="/dev/__properties__/u:object_r:boottime_public_prop:s0" dev="tmpfs" ino=81 scontext=u:r:shell:s0 tcontext=u:object_r:boottime_public_prop:s0 tclass=file permissive=1
12-11 13:17:11.153 I/getprop ( 1252): type=1400 audit(0.0:4662): avc: denied { map } for path="/dev/__properties__/u:object_r:boottime_public_prop:s0" dev="tmpfs" ino=81 scontext=u:r:shell:s0 tcontext=u:object_r:boottime_public_prop:s0 tclass=file permissive=1
12-11 13:17:11.153 I/getprop ( 1252): type=1400 audit(0.0:4663): avc: denied { open } for path="/dev/__properties__/u:object_r:bpf_progs_loaded_prop:s0" dev="tmpfs" ino=82 scontext=u:r:shell:s0 tcontext=u:object_r:bpf_progs_loaded_prop:s0 tclass=file permissive=1
12-11 13:17:11.153 I/getprop ( 1252): type=1400 audit(0.0:4664): avc: denied { getattr } for path="/dev/__properties__/u:object_r:bpf_progs_loaded_prop:s0" dev="tmpfs" ino=82 scontext=u:r:shell:s0 tcontext=u:object_r:bpf_progs_loaded_prop:s0 tclass=file permissive=1
12-11 13:17:11.153 I/getprop ( 1252): type=1400 audit(0.0:4665): avc: denied { map } for path="/dev/__properties__/u:object_r:bpf_progs_loaded_prop:s0" dev="tmpfs" ino=82 scontext=u:r:shell:s0 tcontext=u:object_r:bpf_progs_loaded_prop:s0 tclass=file permissive=1
12-11 13:17:11.153 I/getprop ( 1252): type=1400 audit(0.0:4666): avc: denied { open } for path="/dev/__properties__/u:object_r:build_config_prop:s0" dev="tmpfs" ino=85 scontext=u:r:shell:s0 tcontext=u:object_r:build_config_prop:s0 tclass=file permissive=1
12-11 13:17:11.153 I/getprop ( 1252): type=1400 audit(0.0:4667): avc: denied { getattr } for path="/dev/__properties__/u:object_r:build_config_prop:s0" dev="tmpfs" ino=85 scontext=u:r:shell:s0 tcontext=u:object_r:build_config_prop:s0 tclass=file permissive=1
12-11 13:17:11.153 I/getprop ( 1252): type=1400 audit(0.0:4668): avc: denied { map } for path="/dev/__properties__/u:object_r:build_config_prop:s0" dev="tmpfs" ino=85 scontext=u:r:shell:s0 tcontext=u:object_r:build_config_prop:s0 tclass=file permissive=1
12-11 13:17:11.153 I/getprop ( 1252): type=1400 audit(0.0:4669): avc: denied { open } for path="/dev/__properties__/u:object_r:cpu_variant_prop:s0" dev="tmpfs" ino=100 scontext=u:r:shell:s0 tcontext=u:object_r:cpu_variant_prop:s0 tclass=file permissive=1
12-11 13:17:11.153 I/getprop ( 1252): type=1400 audit(0.0:4670): avc: denied { getattr } for path="/dev/__properties__/u:object_r:cpu_variant_prop:s0" dev="tmpfs" ino=100 scontext=u:r:shell:s0 tcontext=u:object_r:cpu_variant_prop:s0 tclass=file permissive=1
12-11 13:17:11.153 I/getprop ( 1252): type=1400 audit(0.0:4671): avc: denied { map } for path="/dev/__properties__/u:object_r:cpu_variant_prop:s0" dev="tmpfs" ino=100 scontext=u:r:shell:s0 tcontext=u:object_r:cpu_variant_prop:s0 tclass=file permissive=1
12-11 13:17:11.153 I/getprop ( 1252): type=1400 audit(0.0:4672): avc: denied { open } for path="/dev/__properties__/u:object_r:ctl_adbd_prop:s0" dev="tmpfs" ino=101 scontext=u:r:shell:s0 tcontext=u:object_r:ctl_adbd_prop:s0 tclass=file permissive=1
12-11 13:17:11.153 I/getprop ( 1252): type=1400 audit(0.0:4673): avc: denied { getattr } for path="/dev/__properties__/u:object_r:ctl_adbd_prop:s0" dev="tmpfs" ino=101 scontext=u:r:shell:s0 tcontext=u:object_r:ctl_adbd_prop:s0 tclass=file permissive=1
12-11 13:17:11.153 I/getprop ( 1252): type=1400 audit(0.0:4674): avc: denied { map } for path="/dev/__properties__/u:object_r:ctl_adbd_prop:s0" dev="tmpfs" ino=101 scontext=u:r:shell:s0 tcontext=u:object_r:ctl_adbd_prop:s0 tclass=file permissive=1
12-11 13:17:11.153 I/getprop ( 1252): type=1400 audit(0.0:4675): avc: denied { open } for path="/dev/__properties__/u:object_r:ctl_apexd_prop:s0" dev="tmpfs" ino=102 scontext=u:r:shell:s0 tcontext=u:object_r:ctl_apexd_prop:s0 tclass=file permissive=1
12-11 13:17:11.153 I/getprop ( 1252): type=1400 audit(0.0:4676): avc: denied { getattr } for path="/dev/__properties__/u:object_r:ctl_apexd_prop:s0" dev="tmpfs" ino=102 scontext=u:r:shell:s0 tcontext=u:object_r:ctl_apexd_prop:s0 tclass=file permissive=1
12-11 13:17:11.153 I/getprop ( 1252): type=1400 audit(0.0:4677): avc: denied { map } for path="/dev/__properties__/u:object_r:ctl_apexd_prop:s0" dev="tmpfs" ino=102 scontext=u:r:shell:s0 tcontext=u:object_r:ctl_apexd_prop:s0 tclass=file permissive=1
12-11 13:17:11.153 I/getprop ( 1252): type=1400 audit(0.0:4678): avc: denied { map } for path="/dev/__properties__/u:object_r:ctl_bootanim_prop:s0" dev="tmpfs" ino=103 scontext=u:r:shell:s0 tcontext=u:object_r:ctl_bootanim_prop:s0 tclass=file permissive=1
12-11 13:17:11.153 I/getprop ( 1252): type=1400 audit(0.0:4679): avc: denied { map } for path="/dev/__properties__/u:object_r:ctl_console_prop:s0" dev="tmpfs" ino=105 scontext=u:r:shell:s0 tcontext=u:object_r:ctl_console_prop:s0 tclass=file permissive=1
12-11 13:17:11.160 D/Codec2InfoBuilder(  475): component 'c2.rk.vp9.decoder.secure' not found in xml
12-11 13:17:11.160 I/C2RKComponentFactory(  416): DestroyRKCodec2Factory enter
12-11 13:17:11.160 V/C2Store (  480): in init
12-11 13:17:11.160 V/C2Store (  480): loading dll
12-11 13:17:11.156 I/getprop ( 1252): type=1400 audit(0.0:4680): avc: denied { open } for path="/dev/__properties__/u:object_r:mm_events_config_prop:s0" dev="tmpfs" ino=202 scontext=u:r:shell:s0 tcontext=u:object_r:mm_events_config_prop:s0 tclass=file permissive=1
12-11 13:17:11.156 I/getprop ( 1252): type=1400 audit(0.0:4681): avc: denied { getattr } for path="/dev/__properties__/u:object_r:mm_events_config_prop:s0" dev="tmpfs" ino=202 scontext=u:r:shell:s0 tcontext=u:object_r:mm_events_config_prop:s0 tclass=file permissive=1
12-11 13:17:11.156 I/getprop ( 1252): type=1400 audit(0.0:4682): avc: denied { map } for path="/dev/__properties__/u:object_r:mm_events_config_prop:s0" dev="tmpfs" ino=202 scontext=u:r:shell:s0 tcontext=u:object_r:mm_events_config_prop:s0 tclass=file permissive=1
12-11 13:17:11.156 I/getprop ( 1252): type=1400 audit(0.0:4683): avc: denied { open } for path="/dev/__properties__/u:object_r:net_464xlat_fromvendor_prop:s0" dev="tmpfs" ino=206 scontext=u:r:shell:s0 tcontext=u:object_r:net_464xlat_fromvendor_prop:s0 tclass=file permissive=1
12-11 13:17:11.156 I/getprop ( 1252): type=1400 audit(0.0:4684): avc: denied { getattr } for path="/dev/__properties__/u:object_r:net_464xlat_fromvendor_prop:s0" dev="tmpfs" ino=206 scontext=u:r:shell:s0 tcontext=u:object_r:net_464xlat_fromvendor_prop:s0 tclass=file permissive=1
12-11 13:17:11.156 I/getprop ( 1252): type=1400 audit(0.0:4685): avc: denied { map } for path="/dev/__properties__/u:object_r:net_464xlat_fromvendor_prop:s0" dev="tmpfs" ino=206 scontext=u:r:shell:s0 tcontext=u:object_r:net_464xlat_fromvendor_prop:s0 tclass=file permissive=1
12-11 13:17:11.156 I/getprop ( 1252): type=1400 audit(0.0:4686): avc: denied { open } for path="/dev/__properties__/u:object_r:net_connectivity_prop:s0" dev="tmpfs" ino=207 scontext=u:r:shell:s0 tcontext=u:object_r:net_connectivity_prop:s0 tclass=file permissive=1
12-11 13:17:11.156 I/getprop ( 1252): type=1400 audit(0.0:4687): avc: denied { getattr } for path="/dev/__properties__/u:object_r:net_connectivity_prop:s0" dev="tmpfs" ino=207 scontext=u:r:shell:s0 tcontext=u:object_r:net_connectivity_prop:s0 tclass=file permissive=1
12-11 13:17:11.156 I/getprop ( 1252): type=1400 audit(0.0:4688): avc: denied { map } for path="/dev/__properties__/u:object_r:net_connectivity_prop:s0" dev="tmpfs" ino=207 scontext=u:r:shell:s0 tcontext=u:object_r:net_connectivity_prop:s0 tclass=file permissive=1
12-11 13:17:11.156 I/getprop ( 1252): type=1400 audit(0.0:4689): avc: denied { map } for path="/dev/__properties__/u:object_r:net_dns_prop:s0" dev="tmpfs" ino=208 scontext=u:r:shell:s0 tcontext=u:object_r:net_dns_prop:s0 tclass=file permissive=1
12-11 13:17:11.156 I/getprop ( 1252): type=1400 audit(0.0:4690): avc: denied { open } for path="/dev/__properties__/u:object_r:netd_stable_secret_prop:s0" dev="tmpfs" ino=210 scontext=u:r:shell:s0 tcontext=u:object_r:netd_stable_secret_prop:s0 tclass=file permissive=1
12-11 13:17:11.156 I/getprop ( 1252): type=1400 audit(0.0:4691): avc: denied { getattr } for path="/dev/__properties__/u:object_r:netd_stable_secret_prop:s0" dev="tmpfs" ino=210 scontext=u:r:shell:s0 tcontext=u:object_r:netd_stable_secret_prop:s0 tclass=file permissive=1
12-11 13:17:11.156 I/getprop ( 1252): type=1400 audit(0.0:4692): avc: denied { map } for path="/dev/__properties__/u:object_r:netd_stable_secret_prop:s0" dev="tmpfs" ino=210 scontext=u:r:shell:s0 tcontext=u:object_r:netd_stable_secret_prop:s0 tclass=file permissive=1
12-11 13:17:11.156 I/getprop ( 1252): type=1400 audit(0.0:4693): avc: denied { open } for path="/dev/__properties__/u:object_r:odsign_prop:s0" dev="tmpfs" ino=213 scontext=u:r:shell:s0 tcontext=u:object_r:odsign_prop:s0 tclass=file permissive=1
12-11 13:17:11.156 I/getprop ( 1252): type=1400 audit(0.0:4694): avc: denied { getattr } for path="/dev/__properties__/u:object_r:odsign_prop:s0" dev="tmpfs" ino=213 scontext=u:r:shell:s0 tcontext=u:object_r:odsign_prop:s0 tclass=file permissive=1
12-11 13:17:11.156 I/getprop ( 1252): type=1400 audit(0.0:4695): avc: denied { map } for path="/dev/__properties__/u:object_r:odsign_prop:s0" dev="tmpfs" ino=213 scontext=u:r:shell:s0 tcontext=u:object_r:odsign_prop:s0 tclass=file permissive=1
12-11 13:17:11.161 I/Codec2InfoBuilder(  475): adding type 'audio/mp4a-latm'
12-11 13:17:11.156 I/getprop ( 1252): type=1400 audit(0.0:4696): avc: denied { open } for path="/dev/__properties__/u:object_r:oem_unlock_prop:s0" dev="tmpfs" ino=214 scontext=u:r:shell:s0 tcontext=u:object_r:oem_unlock_prop:s0 tclass=file permissive=1
12-11 13:17:11.156 I/getprop ( 1252): type=1400 audit(0.0:4697): avc: denied { getattr } for path="/dev/__properties__/u:object_r:oem_unlock_prop:s0" dev="tmpfs" ino=214 scontext=u:r:shell:s0 tcontext=u:object_r:oem_unlock_prop:s0 tclass=file permissive=1
12-11 13:17:11.156 I/getprop ( 1252): type=1400 audit(0.0:4698): avc: denied { map } for path="/dev/__properties__/u:object_r:oem_unlock_prop:s0" dev="tmpfs" ino=214 scontext=u:r:shell:s0 tcontext=u:object_r:oem_unlock_prop:s0 tclass=file permissive=1
12-11 13:17:11.156 I/getprop ( 1252): type=1400 audit(0.0:4699): avc: denied { map } for path="/dev/__properties__/u:object_r:overlay_prop:s0" dev="tmpfs" ino=216 scontext=u:r:shell:s0 tcontext=u:object_r:overlay_prop:s0 tclass=file permissive=1
12-11 13:17:11.156 I/getprop ( 1252): type=1400 audit(0.0:4700): avc: denied { open } for path="/dev/__properties__/u:object_r:power_debug_prop:s0" dev="tmpfs" ino=224 scontext=u:r:shell:s0 tcontext=u:object_r:power_debug_prop:s0 tclass=file permissive=1
12-11 13:17:11.156 I/getprop ( 1252): type=1400 audit(0.0:4701): avc: denied { getattr } for path="/dev/__properties__/u:object_r:power_debug_prop:s0" dev="tmpfs" ino=224 scontext=u:r:shell:s0 tcontext=u:object_r:power_debug_prop:s0 tclass=file permissive=1
12-11 13:17:11.156 I/getprop ( 1252): type=1400 audit(0.0:4702): avc: denied { map } for path="/dev/__properties__/u:object_r:power_debug_prop:s0" dev="tmpfs" ino=224 scontext=u:r:shell:s0 tcontext=u:object_r:power_debug_prop:s0 tclass=file permissive=1
12-11 13:17:11.156 I/getprop ( 1252): type=1400 audit(0.0:4703): avc: denied { open } for path="/dev/__properties__/u:object_r:profcollectd_node_id_prop:s0" dev="tmpfs" ino=226 scontext=u:r:shell:s0 tcontext=u:object_r:profcollectd_node_id_prop:s0 tclass=file permissive=1
12-11 13:17:11.156 I/getprop ( 1252): type=1400 audit(0.0:4704): avc: denied { getattr } for path="/dev/__properties__/u:object_r:profcollectd_node_id_prop:s0" dev="tmpfs" ino=226 scontext=u:r:shell:s0 tcontext=u:object_r:profcollectd_node_id_prop:s0 tclass=file permissive=1
12-11 13:17:11.156 I/getprop ( 1252): type=1400 audit(0.0:4705): avc: denied { map } for path="/dev/__properties__/u:object_r:profcollectd_node_id_prop:s0" dev="tmpfs" ino=226 scontext=u:r:shell:s0 tcontext=u:object_r:profcollectd_node_id_prop:s0 tclass=file permissive=1
12-11 13:17:11.156 I/getprop ( 1252): type=1400 audit(0.0:4706): avc: denied { open } for path="/dev/__properties__/u:object_r:provisioned_prop:s0" dev="tmpfs" ino=228 scontext=u:r:shell:s0 tcontext=u:object_r:provisioned_prop:s0 tclass=file permissive=1
12-11 13:17:11.156 I/getprop ( 1252): type=1400 audit(0.0:4707): avc: denied { getattr } for path="/dev/__properties__/u:object_r:provisioned_prop:s0" dev="tmpfs" ino=228 scontext=u:r:shell:s0 tcontext=u:object_r:provisioned_prop:s0 tclass=file permissive=1
12-11 13:17:11.156 I/getprop ( 1252): type=1400 audit(0.0:4708): avc: denied { map } for path="/dev/__properties__/u:object_r:provisioned_prop:s0" dev="tmpfs" ino=228 scontext=u:r:shell:s0 tcontext=u:object_r:provisioned_prop:s0 tclass=file permissive=1
12-11 13:17:11.156 I/getprop ( 1252): type=1400 audit(0.0:4709): avc: denied { open } for path="/dev/__properties__/u:object_r:qemu_hw_prop:s0" dev="tmpfs" ino=229 scontext=u:r:shell:s0 tcontext=u:object_r:qemu_hw_prop:s0 tclass=file permissive=1
12-11 13:17:11.156 I/getprop ( 1252): type=1400 audit(0.0:4710): avc: denied { getattr } for path="/dev/__properties__/u:object_r:qemu_hw_prop:s0" dev="tmpfs" ino=229 scontext=u:r:shell:s0 tcontext=u:object_r:qemu_hw_prop:s0 tclass=file permissive=1
12-11 13:17:11.156 I/getprop ( 1252): type=1400 audit(0.0:4711): avc: denied { map } for path="/dev/__properties__/u:object_r:qemu_hw_prop:s0" dev="tmpfs" ino=229 scontext=u:r:shell:s0 tcontext=u:object_r:qemu_hw_prop:s0 tclass=file permissive=1
12-11 13:17:11.156 I/getprop ( 1252): type=1400 audit(0.0:4712): avc: denied { open } for path="/dev/__properties__/u:object_r:qemu_sf_lcd_density_prop:s0" dev="tmpfs" ino=230 scontext=u:r:shell:s0 tcontext=u:object_r:qemu_sf_lcd_density_prop:s0 tclass=file permissive=1
12-11 13:17:11.156 I/getprop ( 1252): type=1400 audit(0.0:4713): avc: denied { getattr } for path="/dev/__properties__/u:object_r:qemu_sf_lcd_density_prop:s0" dev="tmpfs" ino=230 scontext=u:r:shell:s0 tcontext=u:object_r:qemu_sf_lcd_density_prop:s0 tclass=file permissive=1
12-11 13:17:11.156 I/getprop ( 1252): type=1400 audit(0.0:4714): avc: denied { map } for path="/dev/__properties__/u:object_r:qemu_sf_lcd_density_prop:s0" dev="tmpfs" ino=230 scontext=u:r:shell:s0 tcontext=u:object_r:qemu_sf_lcd_density_prop:s0 tclass=file permissive=1
12-11 13:17:11.156 I/getprop ( 1252): type=1400 audit(0.0:4715): avc: denied { open } for path="/dev/__properties__/u:object_r:radio_cdma_ecm_prop:s0" dev="tmpfs" ino=231 scontext=u:r:shell:s0 tcontext=u:object_r:radio_cdma_ecm_prop:s0 tclass=file permissive=1
