12-11 13:17:10.993 I/getprop ( 1219): type=1400 audit(0.0:4475): avc: denied { map } for path="/dev/__properties__/u:object_r:wifi_prop:s0" dev="tmpfs" ino=308 scontext=u:r:shell:s0 tcontext=u:object_r:wifi_prop:s0 tclass=file permissive=1
12-11 13:17:10.993 I/getprop ( 1219): type=1400 audit(0.0:4476): avc: denied { open } for path="/dev/__properties__/u:object_r:zram_config_prop:s0" dev="tmpfs" ino=309 scontext=u:r:shell:s0 tcontext=u:object_r:zram_config_prop:s0 tclass=file permissive=1
12-11 13:17:10.993 I/getprop ( 1219): type=1400 audit(0.0:4477): avc: denied { getattr } for path="/dev/__properties__/u:object_r:zram_config_prop:s0" dev="tmpfs" ino=309 scontext=u:r:shell:s0 tcontext=u:object_r:zram_config_prop:s0 tclass=file permissive=1
12-11 13:17:10.993 I/getprop ( 1219): type=1400 audit(0.0:4478): avc: denied { map } for path="/dev/__properties__/u:object_r:zram_config_prop:s0" dev="tmpfs" ino=309 scontext=u:r:shell:s0 tcontext=u:object_r:zram_config_prop:s0 tclass=file permissive=1
12-11 13:17:10.993 I/getprop ( 1219): type=1400 audit(0.0:4479): avc: denied { open } for path="/dev/__properties__/u:object_r:zram_control_prop:s0" dev="tmpfs" ino=310 scontext=u:r:shell:s0 tcontext=u:object_r:zram_control_prop:s0 tclass=file permissive=1
12-11 13:17:10.993 I/getprop ( 1219): type=1400 audit(0.0:4480): avc: denied { getattr } for path="/dev/__properties__/u:object_r:zram_control_prop:s0" dev="tmpfs" ino=310 scontext=u:r:shell:s0 tcontext=u:object_r:zram_control_prop:s0 tclass=file permissive=1
12-11 13:17:10.993 I/getprop ( 1219): type=1400 audit(0.0:4481): avc: denied { map } for path="/dev/__properties__/u:object_r:zram_control_prop:s0" dev="tmpfs" ino=310 scontext=u:r:shell:s0 tcontext=u:object_r:zram_control_prop:s0 tclass=file permissive=1
12-11 13:17:11.016 E/MmTelFeatureConn [0](  951): ImsRegistrationCallbackAdapter: ImsRegistration is null
12-11 13:17:11.018 D/PhoneSwitcherNetworkRequstListener(  951): Registering NetworkFactory
12-11 13:17:11.018 D/ConnectivityService(  651): Got NetworkProvider Messenger for PhoneSwitcherNetworkRequstListener
12-11 13:17:11.018 D/Tonal   (  840): Tonal Palette - index: 5. Main color: ff1c36a1
12-11 13:17:11.018 D/Tonal   (  840): Colors: ff05091b, ff081030, ff0c1b46, ff112560, ff163681, ff1c36a1, ff2241c1, ff566dcd, ff6676e4, ff808be9, ff9fa3ee, ffcaccf6, ffe8eafb
12-11 13:17:11.018 D/Tonal   (  840): Gradients: 
12-11 13:17:11.018 D/Tonal   (  840): 	Normal GradientColors(ff1c36a1, ff1c36a1)
12-11 13:17:11.018 D/Tonal   (  840): 	Dark GradientColors(ff112560, ff112560)
12-11 13:17:11.018 D/Tonal   (  840): 	Extra dark: GradientColors(ff0c1b46, ff0c1b46)
12-11 13:17:11.018 D/Tonal   (  840): Tonal Palette - index: 5. Main color: ff1c36a1
12-11 13:17:11.018 D/Tonal   (  840): Colors: ff05091b, ff081030, ff0c1b46, ff112560, ff163681, ff1c36a1, ff2241c1, ff566dcd, ff6676e4, ff808be9, ff9fa3ee, ffcaccf6, ffe8eafb
12-11 13:17:11.018 D/Tonal   (  840): Gradients: 
12-11 13:17:11.018 D/Tonal   (  840): 	Normal GradientColors(ff1c36a1, ff1c36a1)
12-11 13:17:11.018 D/Tonal   (  840): 	Dark GradientColors(ff112560, ff112560)
12-11 13:17:11.018 D/Tonal   (  840): 	Extra dark: GradientColors(ff0c1b46, ff0c1b46)
12-11 13:17:11.018 I/hwservicemanager(  305): getTransport: Cannot find entry android.hardware.radio.config@1.3::IRadioConfig/default in either framework or device VINTF manifest.
12-11 13:17:11.019 I/hwservicemanager(  305): getTransport: Cannot find entry android.hardware.radio.config@1.1::IRadioConfig/default in either framework or device VINTF manifest.
12-11 13:17:11.019 I/hwservicemanager(  305): getTransport: Cannot find entry android.hardware.radio.config@1.0::IRadioConfig/default in either framework or device VINTF manifest.
12-11 13:17:11.019 D/QSTileHost(  840): Recreating tiles
12-11 13:17:11.019 D/QSTileHost(  840): Creating tile: internet
12-11 13:17:11.020 D/QSTileHost(  840): Creating tile: bt
12-11 13:17:11.021 D/QSTileHost(  840): Creating tile: flashlight
12-11 13:17:11.021 D/QSTileHost(  840): Destroying not available tile: flashlight
12-11 13:17:11.021 D/QSTileHost(  840): Creating tile: dnd
12-11 13:17:11.022 D/QSTileHost(  840): Creating tile: alarm
12-11 13:17:11.022 D/QSTileHost(  840): Creating tile: airplane
12-11 13:17:11.022 D/QSTileHost(  840): Creating tile: controls
12-11 13:17:11.024 D/WifiSleepController(  651): onReceive, action=android.intent.action.BATTERY_CHANGED
12-11 13:17:11.024 D/WifiSleepController(  651): updateChargingState, mCharging: false
12-11 13:17:11.024 D/BluetoothManagerService(  651): BluetoothServiceConnection: com.android.bluetooth.btservice.AdapterService
12-11 13:17:11.024 D/BluetoothManagerService(  651): MESSAGE_BLUETOOTH_SERVICE_CONNECTED: 1
12-11 13:17:11.024 D/BluetoothManagerService(  651): MESSAGE_GET_NAME_AND_ADDRESS
12-11 13:17:11.026 V/C2Store (  480): in ~ComponentModule
12-11 13:17:11.026 V/C2Store (  480): unloading dll
12-11 13:17:11.026 V/C2Store (  480): in init
12-11 13:17:11.026 V/C2Store (  480): loading dll
12-11 13:17:11.027 D/BluetoothManagerService(  651): unbindAndFinish(): android.bluetooth.IBluetooth$Stub$Proxy@1b26cb7 mBinding = false mUnbinding = false
12-11 13:17:11.028 D/BluetoothAdapterService(  821): onUnbind() - calling cleanup
12-11 13:17:11.028 D/BluetoothAdapterService(  821): cleanup()
12-11 13:17:11.030 W/BluetoothSdpJni(  821): Cleaning up Bluetooth SDP Interface...
12-11 13:17:11.030 W/BluetoothSdpJni(  821): Cleaning up Bluetooth SDP object
12-11 13:17:11.030 D/BluetoothKeystoreService(  821): cleanup
12-11 13:17:11.030 D/BluetoothKeystoreService(  821): setBluetoothKeystoreService(): set to: null
12-11 13:17:11.030 D/BluetoothAdapterService(  821): cleanup() - Cleaning up adapter native
12-11 13:17:11.030 I/bt_stack_manager(  821): system/bt/btif/src/stack_manager.cc:404 event_clean_up_stack: event_clean_up_stack is cleaning up the stack
12-11 13:17:11.030 I/bt_btif_core(  821): system/bt/btif/src/btif_core.cc:326 btif_cleanup_bluetooth: btif_cleanup_bluetooth entered
12-11 13:17:11.030 I/bt_btif_queue(  821): system/bt/btif/src/btif_profile_queue.cc:216 btif_queue_release: btif_queue_release
12-11 13:17:11.030 I/droid.bluetoot(  821): [1211/131711.030721:INFO:message_loop_thread.cc(245)] Run: message loop finished for thread bt_jni_thread
12-11 13:17:11.030 I/bt_btif_core(  821): system/bt/btif/src/btif_core.cc:334 btif_cleanup_bluetooth: btif_cleanup_bluetooth finished
12-11 13:17:11.030 I/bt_core_module(  821): system/bt/btcore/src/module.cc:122 module_clean_up: module_clean_up Cleaning up module "stack_config_module"
12-11 13:17:11.030 I/bt_core_module(  821): system/bt/btcore/src/module.cc:127 module_clean_up: module_clean_up Cleanup of module "stack_config_module" completed
12-11 13:17:11.030 I/bt_core_module(  821): system/bt/btcore/src/module.cc:122 module_clean_up: module_clean_up Cleaning up module "interop_module"
12-11 13:17:11.030 I/bt_core_module(  821): system/bt/btcore/src/module.cc:127 module_clean_up: module_clean_up Cleanup of module "interop_module" completed
12-11 13:17:11.031 I/bt_core_module(  821): system/bt/btcore/src/module.cc:122 module_clean_up: module_clean_up Cleaning up module "btif_config_module"
12-11 13:17:11.046 D/ConnectivityService(  651): Got NetworkProvider Messenger for TelephonyNetworkFactory[0]
12-11 13:17:11.046 D/ControlsFavoritePersistenceWrapper(  840): No favorites, returning empty list
12-11 13:17:11.046 E/AppHibernationService(  651): Attempt to call isHibernatingForUser on stopped or nonexistent user 0
12-11 13:17:11.047 D/ControlsListingControllerImpl(  840): Subscribing callback, service count: 0
12-11 13:17:11.047 D/QSTileHost(  840): Creating tile: wallet
12-11 13:17:11.047 D/QSTileHost(  840): Destroying not available tile: wallet
12-11 13:17:11.047 D/QSTileHost(  840): Creating tile: rotation
12-11 13:17:11.048 D/QSTileHost(  840): Creating tile: battery
12-11 13:17:11.048 D/QSTileHost(  840): Creating tile: cast
12-11 13:17:11.048 D/QSTileHost(  840): Creating tile: screenrecord
12-11 13:17:11.048 D/QSTileHost(  840): Creating tile: mictoggle
12-11 13:17:11.049 D/QSTileHost(  840): Destroying not available tile: mictoggle
12-11 13:17:11.049 W/ActivityThread(  951): Failed to find provider info for com.android.contacts (user not unlocked)
12-11 13:17:11.049 D/QSTileHost(  840): Creating tile: cameratoggle
12-11 13:17:11.049 W/CallerInfoCache(  951): cursor is null
12-11 13:17:11.049 D/QSTileHost(  840): Destroying not available tile: cameratoggle
12-11 13:17:11.049 D/QSTileHost(  840): Creating tile: dbg:mem
12-11 13:17:11.050 I/ImsRcsController(  951): ImsRcsController
12-11 13:17:11.051 V/C2Store (  480): in ~ComponentModule
12-11 13:17:11.051 V/C2Store (  480): unloading dll
12-11 13:17:11.051 V/C2Store (  480): in init
12-11 13:17:11.051 V/C2Store (  480): loading dll
12-11 13:17:11.051 D/BluetoothManagerService(  651): Trying to bind to profile: 1, while Bluetooth was disabled
12-11 13:17:11.052 I/Telecom (  651): BluetoothRouteManager: getBluetoothAudioConnectedDevice: no service available.
12-11 13:17:11.052 I/Telecom (  651): SystemStateHelper: Registering broadcast receiver: android.content.IntentFilter@bbe34ee: TS.init@AAA
12-11 13:17:11.052 D/CarrierConfigLoader(  951): CarrierConfigLoader has started
12-11 13:17:11.052 I/Telecom (  651): SystemStateHelper: Registering broadcast receiver: android.content.IntentFilter@2313d8f: TS.init@AAA
12-11 13:17:11.053 D/ControlsListingControllerImpl(  840): Unsubscribing callback
12-11 13:17:11.053 I/WalletControllerImpl(  840): Setting WalletTile position: null
12-11 13:17:11.053 D/ControlsListingControllerImpl(  840): Subscribing callback, service count: 0
12-11 13:17:11.054 D/BluetoothManagerService(  651): Trying to bind to profile: 1, while Bluetooth was disabled
12-11 13:17:11.055 I/Telecom (  651): Logging.Events: Non-call EVENT: AUDIO_ROUTE, Entering state QuiescentSpeakerRoute
12-11 13:17:11.055 I/Telecom (  651): BluetoothRouteManager: getBluetoothAudioConnectedDevice: no service available.
12-11 13:17:11.058 I/Telecom (  651): CallAudioModeStateMachine: Message received: null.: TS.init->CAMSM.pM_1@AAA
12-11 13:17:11.058 V/C2Store (  480): in ~ComponentModule
12-11 13:17:11.058 V/C2Store (  480): unloading dll
12-11 13:17:11.058 V/C2Store (  480): in init
12-11 13:17:11.058 V/C2Store (  480): loading dll
12-11 13:17:11.059 I/Telecom (  651): MissedCallNotifierImpl: reloadFromDatabase: Boot not yet complete -- call log db may not be available. Deferring loading until boot complete for user 0: TS.init@AAA
12-11 13:17:11.059 I/Telecom (  651): MissedCallNotifierImpl: reloadFromDatabase: Boot not yet complete -- call log db may not be available. Deferring loading until boot complete for user 0: TS.init@AAA
12-11 13:17:11.060 I/Telecom (  651): Class: TelecomSystem.INSTANCE being set
12-11 13:17:11.061 D/CompatibilityChangeReporter(  651): Compat change id reported: 150939131; UID 1000; state: ENABLED
12-11 13:17:11.062 I/ExplicitHealthCheckController(  651): Explicit health check service is connected ComponentInfo{android.ext.services/android.ext.services.watchdog.ExplicitHealthCheckServiceImpl}
12-11 13:17:11.062 I/ExplicitHealthCheckController(  651): Service initialized, syncing requests
12-11 13:17:11.062 I/ConnectivityModuleConnector(  651): Networking module service connected
12-11 13:17:11.062 I/ConnectivityModuleConnector(  651): Networking module service connected
12-11 13:17:11.062 I/NetworkStackClient(  651): Network stack service connected
12-11 13:17:11.064 I/ConnectivityModuleConnector(  651): Networking module service connected
12-11 13:17:11.064 I/ConnectivityModuleConnector(  651): Networking module service connected
12-11 13:17:11.064 D/AutofillManagerService(  651): Restriction did not change for user 0
12-11 13:17:11.065 V/NotificationAssistants(  651): 0 notification assistant service connected: ComponentInfo{android.ext.services/android.ext.services.notification.Assistant}
12-11 13:17:11.065 I/Telephony(  951): TelecomAccountRegistry: setupOnBoot - register subscription listener
12-11 13:17:11.066 D/BluetoothA2dp(  651): Binding service...
12-11 13:17:11.067 I/Telecom (  651): WiredHeadsetManager: ACTION_HEADSET_PLUG event, plugged in: false, : WHC.oADA@AAE
12-11 13:17:11.067 D/MediaSessionService(  651): Global priority session is changed from null to com.android.server.telecom/HeadsetMediaButton (userId=0)
12-11 13:17:11.067 W/Looper  (  651): Drained
12-11 13:17:11.069 W/NotificationHistory(  651): Attempted to add notif for locked/gone/disabled user 0
12-11 13:17:11.069 I/PackageWatchdog(  651): Syncing health check requests for packages: {}
12-11 13:17:11.069 D/ExplicitHealthCheckController(  651): Getting health check supported packages
12-11 13:17:11.070 I/ExplicitHealthCheckController(  651): Explicit health check supported packages []
12-11 13:17:11.070 D/PackageWatchdog(  651): Received supported packages []
12-11 13:17:11.070 D/ExplicitHealthCheckController(  651): Getting health check requested packages
12-11 13:17:11.071 V/C2Store (  480): in ~ComponentModule
12-11 13:17:11.071 V/C2Store (  480): unloading dll
12-11 13:17:11.071 V/C2Store (  480): in init
12-11 13:17:11.071 V/C2Store (  480): loading dll
12-11 13:17:11.071 I/ExplicitHealthCheckController(  651): Explicit health check requested packages []
12-11 13:17:11.071 I/ExplicitHealthCheckController(  651): No more health check requests, unbinding...
12-11 13:17:11.072 I/ExplicitHealthCheckController(  651): Explicit health check service is unbound
12-11 13:17:11.074 I/bt_core_module(  821): system/bt/btcore/src/module.cc:127 module_clean_up: module_clean_up Cleanup of module "btif_config_module" completed
12-11 13:17:11.074 I/bt_core_module(  821): system/bt/btcore/src/module.cc:122 module_clean_up: module_clean_up Cleaning up module "bt_utils_module"
12-11 13:17:11.074 I/bt_core_module(  821): system/bt/btcore/src/module.cc:127 module_clean_up: module_clean_up Cleanup of module "bt_utils_module" completed
12-11 13:17:11.074 I/bt_core_module(  821): system/bt/btcore/src/module.cc:122 module_clean_up: module_clean_up Cleaning up module "osi_module"
12-11 13:17:11.074 I/bt_osi_alarm(  821): system/bt/osi/src/alarm.cc:662 callback_dispatch: callback_dispatch Callback thread exited
12-11 13:17:11.074 W/bt_osi_thread(  821): system/bt/osi/src/thread.cc:239 run_thread: run_thread: thread id 1137, thread name alarm_dispatcher exited
12-11 13:17:11.075 W/bt_osi_thread(  821): system/bt/osi/src/thread.cc:239 run_thread: run_thread: thread id 1134, thread name alarm_default_ca exited
12-11 13:17:11.075 I/bt_core_module(  821): system/bt/btcore/src/module.cc:127 module_clean_up: module_clean_up Cleanup of module "osi_module" completed
12-11 13:17:11.075 I/bt_stack_manager(  821): system/bt/btif/src/stack_manager.cc:417 event_clean_up_stack: event_clean_up_stack finished
12-11 13:17:11.075 I/droid.bluetoot(  821): [1211/131711.075753:INFO:message_loop_thread.cc(245)] Run: message loop finished for thread bt_stack_manager_thread
12-11 13:17:11.076 I/BluetoothServiceJni(  821): cleanupNative: return from cleanup
12-11 13:17:11.077 D/BluetoothActiveDeviceManager(  821): cleanup()
12-11 13:17:11.077 D/BluetoothAdapterService(  821): onDestroy()
12-11 13:17:11.077 I/BluetoothAdapterService(  821): Force exit to cleanup internal state in Bluetooth stack
12-11 13:17:11.078 I/droid.bluetoot(  821): System.exit called, status: 0
12-11 13:17:11.078 I/AndroidRuntime(  821): VM exiting with result code 0, cleanup skipped.
12-11 13:17:11.081 V/C2Store (  480): in ~ComponentModule
12-11 13:17:11.081 V/C2Store (  480): unloading dll
12-11 13:17:11.081 V/C2Store (  480): in init
12-11 13:17:11.081 V/C2Store (  480): loading dll
12-11 13:17:11.083 V/C2Store (  480): in ~ComponentModule
12-11 13:17:11.083 V/C2Store (  480): unloading dll
12-11 13:17:11.083 V/C2Store (  480): in init
12-11 13:17:11.083 V/C2Store (  480): loading dll
12-11 13:17:11.085 I/ActivityManager(  651): Process com.android.bluetooth (pid 821) has died: fg  SVC 
12-11 13:17:11.085 I/Zygote  (  403): Process 821 exited cleanly (0)
12-11 13:17:11.085 I/libprocessgroup(  651): Successfully killed process cgroup uid 1002 pid 821 in 0ms
12-11 13:17:11.086 V/C2Store (  480): in ~ComponentModule
12-11 13:17:11.086 V/C2Store (  480): unloading dll
12-11 13:17:11.086 V/C2Store (  480): in init
12-11 13:17:11.086 V/C2Store (  480): loading dll
12-11 13:17:11.090 V/C2Store (  480): in ~ComponentModule
12-11 13:17:11.090 V/C2Store (  480): unloading dll
12-11 13:17:11.090 V/C2Store (  480): in init
12-11 13:17:11.090 V/C2Store (  480): loading dll
12-11 13:17:11.096 D/MultiSimSettingController(  951): notifySubscriptionInfoChanged
12-11 13:17:11.096 W/BestClock(  651): java.time.DateTimeException: Missing NTP fix
12-11 13:17:11.097 W/BestClock(  651): java.time.DateTimeException: Missing NTP fix
12-11 13:17:11.097 D/VcnManagementService(  651): new snapshot: TelephonySubscriptionSnapshot{ mActiveDataSubId=-1, mSubIdToInfoMap={}, mPrivilegedPackages={} }
12-11 13:17:11.097 E/AppHibernationService(  651): Attempt to call isHibernatingForUser on stopped or nonexistent user 0
12-11 13:17:11.102 I/hwservicemanager(  305): getTransport: Cannot find entry android.hardware.radio.config@1.3::IRadioConfig/default in either framework or device VINTF manifest.
12-11 13:17:11.102 I/hwservicemanager(  305): getTransport: Cannot find entry android.hardware.radio.config@1.1::IRadioConfig/default in either framework or device VINTF manifest.
12-11 13:17:11.102 I/hwservicemanager(  305): getTransport: Cannot find entry android.hardware.radio.config@1.0::IRadioConfig/default in either framework or device VINTF manifest.
12-11 13:17:11.105 I/DefaultPermGrantPolicy(  651): Revoking permissions from disabled data services for user:0
12-11 13:17:11.105 I/DefaultPermGrantPolicy(  651): Granting permissions to enabled data services for user:0
12-11 13:17:11.106 V/C2Store (  480): in ~ComponentModule
12-11 13:17:11.106 V/C2Store (  480): unloading dll
12-11 13:17:11.106 V/C2Store (  480): in init
12-11 13:17:11.106 V/C2Store (  480): loading dll
12-11 13:17:11.106 E/AppHibernationService(  651): Attempt to call isHibernatingForUser on stopped or nonexistent user 0
12-11 13:17:11.114 I/C2SoftVp8Enc(  480): setting temporal layering 0 + 0
12-11 13:17:11.114 V/C2Store (  480): in ~ComponentModule
12-11 13:17:11.114 V/C2Store (  480): unloading dll
12-11 13:17:11.114 V/C2Store (  480): in init
12-11 13:17:11.114 V/C2Store (  480): loading dll
12-11 13:17:11.113 I/getprop ( 1247): type=1400 audit(0.0:4482): avc: denied { open } for path="/dev/__properties__/u:object_r:bluetooth_a2dp_offload_prop:s0" dev="tmpfs" ino=72 scontext=u:r:shell:s0 tcontext=u:object_r:bluetooth_a2dp_offload_prop:s0 tclass=file permissive=1
12-11 13:17:11.113 I/getprop ( 1247): type=1400 audit(0.0:4483): avc: denied { getattr } for path="/dev/__properties__/u:object_r:bluetooth_a2dp_offload_prop:s0" dev="tmpfs" ino=72 scontext=u:r:shell:s0 tcontext=u:object_r:bluetooth_a2dp_offload_prop:s0 tclass=file permissive=1
12-11 13:17:11.113 I/getprop ( 1247): type=1400 audit(0.0:4484): avc: denied { map } for path="/dev/__properties__/u:object_r:bluetooth_a2dp_offload_prop:s0" dev="tmpfs" ino=72 scontext=u:r:shell:s0 tcontext=u:object_r:bluetooth_a2dp_offload_prop:s0 tclass=file permissive=1
12-11 13:17:11.113 I/getprop ( 1247): type=1400 audit(0.0:4485): avc: denied { open } for path="/dev/__properties__/u:object_r:bluetooth_audio_hal_prop:s0" dev="tmpfs" ino=73 scontext=u:r:shell:s0 tcontext=u:object_r:bluetooth_audio_hal_prop:s0 tclass=file permissive=1
12-11 13:17:11.113 I/getprop ( 1247): type=1400 audit(0.0:4486): avc: denied { getattr } for path="/dev/__properties__/u:object_r:bluetooth_audio_hal_prop:s0" dev="tmpfs" ino=73 scontext=u:r:shell:s0 tcontext=u:object_r:bluetooth_audio_hal_prop:s0 tclass=file permissive=1
12-11 13:17:11.113 I/getprop ( 1247): type=1400 audit(0.0:4487): avc: denied { map } for path="/dev/__properties__/u:object_r:bluetooth_audio_hal_prop:s0" dev="tmpfs" ino=73 scontext=u:r:shell:s0 tcontext=u:object_r:bluetooth_audio_hal_prop:s0 tclass=file permissive=1
12-11 13:17:11.113 I/getprop ( 1247): type=1400 audit(0.0:4488): avc: denied { open } for path="/dev/__properties__/u:object_r:debugfs_restriction_prop:s0" dev="tmpfs" ino=127 scontext=u:r:shell:s0 tcontext=u:object_r:debugfs_restriction_prop:s0 tclass=file permissive=1
12-11 13:17:11.113 I/getprop ( 1247): type=1400 audit(0.0:4489): avc: denied { getattr } for path="/dev/__properties__/u:object_r:debugfs_restriction_prop:s0" dev="tmpfs" ino=127 scontext=u:r:shell:s0 tcontext=u:object_r:debugfs_restriction_prop:s0 tclass=file permissive=1
12-11 13:17:11.117 V/C2Store (  480): in ~ComponentModule
12-11 13:17:11.113 I/getprop ( 1247): type=1400 audit(0.0:4490): avc: denied { map } for path="/dev/__properties__/u:object_r:debugfs_restriction_prop:s0" dev="tmpfs" ino=127 scontext=u:r:shell:s0 tcontext=u:object_r:debugfs_restriction_prop:s0 tclass=file permissive=1
12-11 13:17:11.117 V/C2Store (  480): unloading dll
12-11 13:17:11.117 V/C2Store (  480): in init
12-11 13:17:11.113 I/getprop ( 1247): type=1400 audit(0.0:4491): avc: denied { open } for path="/dev/__properties__/u:object_r:device_config_activity_manager_native_boot_prop:s0" dev="tmpfs" ino=130 scontext=u:r:shell:s0 tcontext=u:object_r:device_config_activity_manager_native_boot_prop:s0 tclass=file permissive=1
12-11 13:17:11.117 V/C2Store (  480): loading dll
12-11 13:17:11.113 I/getprop ( 1247): type=1400 audit(0.0:4492): avc: denied { getattr } for path="/dev/__properties__/u:object_r:device_config_activity_manager_native_boot_prop:s0" dev="tmpfs" ino=130 scontext=u:r:shell:s0 tcontext=u:object_r:device_config_activity_manager_native_boot_prop:s0 tclass=file permissive=1
12-11 13:17:11.113 I/getprop ( 1247): type=1400 audit(0.0:4493): avc: denied { map } for path="/dev/__properties__/u:object_r:device_config_activity_manager_native_boot_prop:s0" dev="tmpfs" ino=130 scontext=u:r:shell:s0 tcontext=u:object_r:device_config_activity_manager_native_boot_prop:s0 tclass=file permissive=1
12-11 13:17:11.113 I/getprop ( 1247): type=1400 audit(0.0:4494): avc: denied { open } for path="/dev/__properties__/u:object_r:device_config_boot_count_prop:s0" dev="tmpfs" ino=131 scontext=u:r:shell:s0 tcontext=u:object_r:device_config_boot_count_prop:s0 tclass=file permissive=1
12-11 13:17:11.113 I/getprop ( 1247): type=1400 audit(0.0:4495): avc: denied { getattr } for path="/dev/__properties__/u:object_r:device_config_boot_count_prop:s0" dev="tmpfs" ino=131 scontext=u:r:shell:s0 tcontext=u:object_r:device_config_boot_count_prop:s0 tclass=file permissive=1
12-11 13:17:11.113 I/getprop ( 1247): type=1400 audit(0.0:4496): avc: denied { map } for path="/dev/__properties__/u:object_r:device_config_boot_count_prop:s0" dev="tmpfs" ino=131 scontext=u:r:shell:s0 tcontext=u:object_r:device_config_boot_count_prop:s0 tclass=file permissive=1
12-11 13:17:11.113 I/getprop ( 1247): type=1400 audit(0.0:4497): avc: denied { open } for path="/dev/__properties__/u:object_r:device_config_configuration_prop:s0" dev="tmpfs" ino=132 scontext=u:r:shell:s0 tcontext=u:object_r:device_config_configuration_prop:s0 tclass=file permissive=1
12-11 13:17:11.113 I/getprop ( 1247): type=1400 audit(0.0:4498): avc: denied { getattr } for path="/dev/__properties__/u:object_r:device_config_configuration_prop:s0" dev="tmpfs" ino=132 scontext=u:r:shell:s0 tcontext=u:object_r:device_config_configuration_prop:s0 tclass=file permissive=1
12-11 13:17:11.113 I/getprop ( 1247): type=1400 audit(0.0:4499): avc: denied { map } for path="/dev/__properties__/u:object_r:device_config_configuration_prop:s0" dev="tmpfs" ino=132 scontext=u:r:shell:s0 tcontext=u:object_r:device_config_configuration_prop:s0 tclass=file permissive=1
12-11 13:17:11.113 I/getprop ( 1247): type=1400 audit(0.0:4500): avc: denied { open } for path="/dev/__properties__/u:object_r:device_config_profcollect_native_boot_prop:s0" dev="tmpfs" ino=138 scontext=u:r:shell:s0 tcontext=u:object_r:device_config_profcollect_native_boot_prop:s0 tclass=file permissive=1
12-11 13:17:11.113 I/getprop ( 1247): type=1400 audit(0.0:4501): avc: denied { getattr } for path="/dev/__properties__/u:object_r:device_config_profcollect_native_boot_prop:s0" dev="tmpfs" ino=138 scontext=u:r:shell:s0 tcontext=u:object_r:device_config_profcollect_native_boot_prop:s0 tclass=file permissive=1
12-11 13:17:11.113 I/getprop ( 1247): type=1400 audit(0.0:4502): avc: denied { map } for path="/dev/__properties__/u:object_r:device_config_profcollect_native_boot_prop:s0" dev="tmpfs" ino=138 scontext=u:r:shell:s0 tcontext=u:object_r:device_config_profcollect_native_boot_prop:s0 tclass=file permissive=1
12-11 13:17:11.113 I/getprop ( 1247): type=1400 audit(0.0:4503): avc: denied { open } for path="/dev/__properties__/u:object_r:device_config_reset_performed_prop:s0" dev="tmpfs" ino=139 scontext=u:r:shell:s0 tcontext=u:object_r:device_config_reset_performed_prop:s0 tclass=file permissive=1
12-11 13:17:11.113 I/getprop ( 1247): type=1400 audit(0.0:4504): avc: denied { getattr } for path="/dev/__properties__/u:object_r:device_config_reset_performed_prop:s0" dev="tmpfs" ino=139 scontext=u:r:shell:s0 tcontext=u:object_r:device_config_reset_performed_prop:s0 tclass=file permissive=1
12-11 13:17:11.113 I/getprop ( 1247): type=1400 audit(0.0:4505): avc: denied { map } for path="/dev/__properties__/u:object_r:device_config_reset_performed_prop:s0" dev="tmpfs" ino=139 scontext=u:r:shell:s0 tcontext=u:object_r:device_config_reset_performed_prop:s0 tclass=file permissive=1
12-11 13:17:11.113 I/getprop ( 1247): type=1400 audit(0.0:4506): avc: denied { open } for path="/dev/__properties__/u:object_r:device_config_statsd_native_boot_prop:s0" dev="tmpfs" ino=142 scontext=u:r:shell:s0 tcontext=u:object_r:device_config_statsd_native_boot_prop:s0 tclass=file permissive=1
12-11 13:17:11.113 I/getprop ( 1247): type=1400 audit(0.0:4507): avc: denied { getattr } for path="/dev/__properties__/u:object_r:device_config_statsd_native_boot_prop:s0" dev="tmpfs" ino=142 scontext=u:r:shell:s0 tcontext=u:object_r:device_config_statsd_native_boot_prop:s0 tclass=file permissive=1
12-11 13:17:11.113 I/getprop ( 1247): type=1400 audit(0.0:4508): avc: denied { map } for path="/dev/__properties__/u:object_r:device_config_statsd_native_boot_prop:s0" dev="tmpfs" ino=142 scontext=u:r:shell:s0 tcontext=u:object_r:device_config_statsd_native_boot_prop:s0 tclass=file permissive=1
12-11 13:17:11.113 I/getprop ( 1247): type=1400 audit(0.0:4509): avc: denied { open } for path="/dev/__properties__/u:object_r:device_config_statsd_native_prop:s0" dev="tmpfs" ino=143 scontext=u:r:shell:s0 tcontext=u:object_r:device_config_statsd_native_prop:s0 tclass=file permissive=1
12-11 13:17:11.113 I/getprop ( 1247): type=1400 audit(0.0:4510): avc: denied { getattr } for path="/dev/__properties__/u:object_r:device_config_statsd_native_prop:s0" dev="tmpfs" ino=143 scontext=u:r:shell:s0 tcontext=u:object_r:device_config_statsd_native_prop:s0 tclass=file permissive=1
12-11 13:17:11.113 I/getprop ( 1247): type=1400 audit(0.0:4511): avc: denied { map } for path="/dev/__properties__/u:object_r:device_config_statsd_native_prop:s0" dev="tmpfs" ino=143 scontext=u:r:shell:s0 tcontext=u:object_r:device_config_statsd_native_prop:s0 tclass=file permissive=1
12-11 13:17:11.113 I/getprop ( 1247): type=1400 audit(0.0:4512): avc: denied { open } for path="/dev/__properties__/u:object_r:device_config_storage_native_boot_prop:s0" dev="tmpfs" ino=144 scontext=u:r:shell:s0 tcontext=u:object_r:device_config_storage_native_boot_prop:s0 tclass=file permissive=1
12-11 13:17:11.113 I/getprop ( 1247): type=1400 audit(0.0:4513): avc: denied { getattr } for path="/dev/__properties__/u:object_r:device_config_storage_native_boot_prop:s0" dev="tmpfs" ino=144 scontext=u:r:shell:s0 tcontext=u:object_r:device_config_storage_native_boot_prop:s0 tclass=file permissive=1
12-11 13:17:11.113 I/getprop ( 1247): type=1400 audit(0.0:4514): avc: denied { map } for path="/dev/__properties__/u:object_r:device_config_storage_native_boot_prop:s0" dev="tmpfs" ino=144 scontext=u:r:shell:s0 tcontext=u:object_r:device_config_storage_native_boot_prop:s0 tclass=file permissive=1
12-11 13:17:11.113 I/getprop ( 1247): type=1400 audit(0.0:4515): avc: denied { open } for path="/dev/__properties__/u:object_r:device_config_swcodec_native_prop:s0" dev="tmpfs" ino=145 scontext=u:r:shell:s0 tcontext=u:object_r:device_config_swcodec_native_prop:s0 tclass=file permissive=1
12-11 13:17:11.113 I/getprop ( 1247): type=1400 audit(0.0:4516): avc: denied { getattr } for path="/dev/__properties__/u:object_r:device_config_swcodec_native_prop:s0" dev="tmpfs" ino=145 scontext=u:r:shell:s0 tcontext=u:object_r:device_config_swcodec_native_prop:s0 tclass=file permissive=1
12-11 13:17:11.113 I/getprop ( 1247): type=1400 audit(0.0:4517): avc: denied { map } for path="/dev/__properties__/u:object_r:device_config_swcodec_native_prop:s0" dev="tmpfs" ino=145 scontext=u:r:shell:s0 tcontext=u:object_r:device_config_swcodec_native_prop:s0 tclass=file permissive=1
12-11 13:17:11.113 I/getprop ( 1247): type=1400 audit(0.0:4518): avc: denied { open } for path="/dev/__properties__/u:object_r:device_config_sys_traced_prop:s0" dev="tmpfs" ino=146 scontext=u:r:shell:s0 tcontext=u:object_r:device_config_sys_traced_prop:s0 tclass=file permissive=1
12-11 13:17:11.113 I/getprop ( 1247): type=1400 audit(0.0:4519): avc: denied { getattr } for path="/dev/__properties__/u:object_r:device_config_sys_traced_prop:s0" dev="tmpfs" ino=146 scontext=u:r:shell:s0 tcontext=u:object_r:device_config_sys_traced_prop:s0 tclass=file permissive=1
12-11 13:17:11.113 I/getprop ( 1247): type=1400 audit(0.0:4520): avc: denied { map } for path="/dev/__properties__/u:object_r:device_config_sys_traced_prop:s0" dev="tmpfs" ino=146 scontext=u:r:shell:s0 tcontext=u:object_r:device_config_sys_traced_prop:s0 tclass=file permissive=1
12-11 13:17:11.121 V/C2Store (  480): in ~ComponentModule
12-11 13:17:11.113 I/getprop ( 1247): type=1400 audit(0.0:4521): avc: denied { open } for path="/dev/__properties__/u:object_r:device_config_window_manager_native_boot_prop:s0" dev="tmpfs" ino=147 scontext=u:r:shell:s0 tcontext=u:object_r:device_config_window_manager_native_boot_prop:s0 tclass=file permissive=1
12-11 13:17:11.121 V/C2Store (  480): unloading dll
12-11 13:17:11.113 I/getprop ( 1247): type=1400 audit(0.0:4522): avc: denied { getattr } for path="/dev/__properties__/u:object_r:device_config_window_manager_native_boot_prop:s0" dev="tmpfs" ino=147 scontext=u:r:shell:s0 tcontext=u:object_r:device_config_window_manager_native_boot_prop:s0 tclass=file permissive=1
12-11 13:17:11.113 I/getprop ( 1247): type=1400 audit(0.0:4523): avc: denied { map } for path="/dev/__properties__/u:object_r:device_config_window_manager_native_boot_prop:s0" dev="tmpfs" ino=147 scontext=u:r:shell:s0 tcontext=u:object_r:device_config_window_manager_native_boot_prop:s0 tclass=file permissive=1
12-11 13:17:11.113 I/getprop ( 1247): type=1400 audit(0.0:4524): avc: denied { open } for path="/dev/__properties__/u:object_r:drm_service_config_prop:s0" dev="tmpfs" ino=150 scontext=u:r:shell:s0 tcontext=u:object_r:drm_service_config_prop:s0 tclass=file permissive=1
12-11 13:17:11.113 I/getprop ( 1247): type=1400 audit(0.0:4525): avc: denied { getattr } for path="/dev/__properties__/u:object_r:drm_service_config_prop:s0" dev="tmpfs" ino=150 scontext=u:r:shell:s0 tcontext=u:object_r:drm_service_config_prop:s0 tclass=file permissive=1
12-11 13:17:11.113 I/getprop ( 1247): type=1400 audit(0.0:4526): avc: denied { map } for path="/dev/__properties__/u:object_r:drm_service_config_prop:s0" dev="tmpfs" ino=150 scontext=u:r:shell:s0 tcontext=u:object_r:drm_service_config_prop:s0 tclass=file permissive=1
12-11 13:17:11.113 I/getprop ( 1247): type=1400 audit(0.0:4527): avc: denied { open } for path="/dev/__properties__/u:object_r:dumpstate_options_prop:s0" dev="tmpfs" ino=151 scontext=u:r:shell:s0 tcontext=u:object_r:dumpstate_options_prop:s0 tclass=file permissive=1
12-11 13:17:11.113 I/getprop ( 1247): type=1400 audit(0.0:4528): avc: denied { getattr } for path="/dev/__properties__/u:object_r:dumpstate_options_prop:s0" dev="tmpfs" ino=151 scontext=u:r:shell:s0 tcontext=u:object_r:dumpstate_options_prop:s0 tclass=file permissive=1
12-11 13:17:11.113 I/getprop ( 1247): type=1400 audit(0.0:4529): avc: denied { map } for path="/dev/__properties__/u:object_r:dumpstate_options_prop:s0" dev="tmpfs" ino=151 scontext=u:r:shell:s0 tcontext=u:object_r:dumpstate_options_prop:s0 tclass=file permissive=1
12-11 13:17:11.113 I/getprop ( 1247): type=1400 audit(0.0:4530): avc: denied { open } for path="/dev/__properties__/u:object_r:exported_bluetooth_prop:s0" dev="tmpfs" ino=155 scontext=u:r:shell:s0 tcontext=u:object_r:exported_bluetooth_prop:s0 tclass=file permissive=1
12-11 13:17:11.113 I/getprop ( 1247): type=1400 audit(0.0:4531): avc: denied { getattr } for path="/dev/__properties__/u:object_r:exported_bluetooth_prop:s0" dev="tmpfs" ino=155 scontext=u:r:shell:s0 tcontext=u:object_r:exported_bluetooth_prop:s0 tclass=file permissive=1
12-11 13:17:11.113 I/getprop ( 1247): type=1400 audit(0.0:4532): avc: denied { map } for path="/dev/__properties__/u:object_r:exported_bluetooth_prop:s0" dev="tmpfs" ino=155 scontext=u:r:shell:s0 tcontext=u:object_r:exported_bluetooth_prop:s0 tclass=file permissive=1
12-11 13:17:11.116 I/getprop ( 1247): type=1400 audit(0.0:4533): avc: denied { open } for path="/dev/__properties__/u:object_r:exported_overlay_prop:s0" dev="tmpfs" ino=159 scontext=u:r:shell:s0 tcontext=u:object_r:exported_overlay_prop:s0 tclass=file permissive=1
12-11 13:17:11.116 I/getprop ( 1247): type=1400 audit(0.0:4534): avc: denied { getattr } for path="/dev/__properties__/u:object_r:exported_overlay_prop:s0" dev="tmpfs" ino=159 scontext=u:r:shell:s0 tcontext=u:object_r:exported_overlay_prop:s0 tclass=file permissive=1
12-11 13:17:11.116 I/getprop ( 1247): type=1400 audit(0.0:4535): avc: denied { map } for path="/dev/__properties__/u:object_r:exported_overlay_prop:s0" dev="tmpfs" ino=159 scontext=u:r:shell:s0 tcontext=u:object_r:exported_overlay_prop:s0 tclass=file permissive=1
12-11 13:17:11.116 I/getprop ( 1247): type=1400 audit(0.0:4536): avc: denied { open } for path="/dev/__properties__/u:object_r:fastbootd_protocol_prop:s0" dev="tmpfs" ino=162 scontext=u:r:shell:s0 tcontext=u:object_r:fastbootd_protocol_prop:s0 tclass=file permissive=1
12-11 13:17:11.116 I/getprop ( 1247): type=1400 audit(0.0:4537): avc: denied { getattr } for path="/dev/__properties__/u:object_r:fastbootd_protocol_prop:s0" dev="tmpfs" ino=162 scontext=u:r:shell:s0 tcontext=u:object_r:fastbootd_protocol_prop:s0 tclass=file permissive=1
12-11 13:17:11.116 I/getprop ( 1247): type=1400 audit(0.0:4538): avc: denied { map } for path="/dev/__properties__/u:object_r:fastbootd_protocol_prop:s0" dev="tmpfs" ino=162 scontext=u:r:shell:s0 tcontext=u:object_r:fastbootd_protocol_prop:s0 tclass=file permissive=1
12-11 13:17:11.116 I/getprop ( 1247): type=1400 audit(0.0:4539): avc: denied { open } for path="/dev/__properties__/u:object_r:ffs_control_prop:s0" dev="tmpfs" ino=164 scontext=u:r:shell:s0 tcontext=u:object_r:ffs_control_prop:s0 tclass=file permissive=1
12-11 13:17:11.116 I/getprop ( 1247): type=1400 audit(0.0:4540): avc: denied { getattr } for path="/dev/__properties__/u:object_r:ffs_control_prop:s0" dev="tmpfs" ino=164 scontext=u:r:shell:s0 tcontext=u:object_r:ffs_control_prop:s0 tclass=file permissive=1
12-11 13:17:11.116 I/getprop ( 1247): type=1400 audit(0.0:4541): avc: denied { map } for path="/dev/__properties__/u:object_r:ffs_control_prop:s0" dev="tmpfs" ino=164 scontext=u:r:shell:s0 tcontext=u:object_r:ffs_control_prop:s0 tclass=file permissive=1
12-11 13:17:11.116 I/getprop ( 1247): type=1400 audit(0.0:4542): avc: denied { open } for path="/dev/__properties__/u:object_r:firstboot_prop:s0" dev="tmpfs" ino=166 scontext=u:r:shell:s0 tcontext=u:object_r:firstboot_prop:s0 tclass=file permissive=1
12-11 13:17:11.116 I/getprop ( 1247): type=1400 audit(0.0:4543): avc: denied { getattr } for path="/dev/__properties__/u:object_r:firstboot_prop:s0" dev="tmpfs" ino=166 scontext=u:r:shell:s0 tcontext=u:object_r:firstboot_prop:s0 tclass=file permissive=1
12-11 13:17:11.116 I/getprop ( 1247): type=1400 audit(0.0:4544): avc: denied { map } for path="/dev/__properties__/u:object_r:firstboot_prop:s0" dev="tmpfs" ino=166 scontext=u:r:shell:s0 tcontext=u:object_r:firstboot_prop:s0 tclass=file permissive=1
12-11 13:17:11.116 I/getprop ( 1247): type=1400 audit(0.0:4545): avc: denied { open } for path="/dev/__properties__/u:object_r:framework_watchdog_config_prop:s0" dev="tmpfs" ino=167 scontext=u:r:shell:s0 tcontext=u:object_r:framework_watchdog_config_prop:s0 tclass=file permissive=1
12-11 13:17:11.116 I/getprop ( 1247): type=1400 audit(0.0:4546): avc: denied { getattr } for path="/dev/__properties__/u:object_r:framework_watchdog_config_prop:s0" dev="tmpfs" ino=167 scontext=u:r:shell:s0 tcontext=u:object_r:framework_watchdog_config_prop:s0 tclass=file permissive=1
12-11 13:17:11.116 I/getprop ( 1247): type=1400 audit(0.0:4547): avc: denied { map } for path="/dev/__properties__/u:object_r:framework_watchdog_config_prop:s0" dev="tmpfs" ino=167 scontext=u:r:shell:s0 tcontext=u:object_r:framework_watchdog_config_prop:s0 tclass=file permissive=1
12-11 13:17:11.116 I/getprop ( 1247): type=1400 audit(0.0:4548): avc: denied { open } for path="/dev/__properties__/u:object_r:gsid_prop:s0" dev="tmpfs" ino=169 scontext=u:r:shell:s0 tcontext=u:object_r:gsid_prop:s0 tclass=file permissive=1
12-11 13:17:11.116 I/getprop ( 1247): type=1400 audit(0.0:4549): avc: denied { getattr } for path="/dev/__properties__/u:object_r:gsid_prop:s0" dev="tmpfs" ino=169 scontext=u:r:shell:s0 tcontext=u:object_r:gsid_prop:s0 tclass=file permissive=1
12-11 13:17:11.123 D/MediaCodecsXmlParser(  475): parsing /apex/com.android.media.swcodec/etc/media_codecs.xml...
12-11 13:17:11.116 I/getprop ( 1247): type=1400 audit(0.0:4550): avc: denied { map } for path="/dev/__properties__/u:object_r:gsid_prop:s0" dev="tmpfs" ino=169 scontext=u:r:shell:s0 tcontext=u:object_r:gsid_prop:s0 tclass=file permissive=1
12-11 13:17:11.116 I/getprop ( 1247): type=1400 audit(0.0:4551): avc: denied { open } for path="/dev/__properties__/u:object_r:hal_dumpstate_config_prop:s0" dev="tmpfs" ino=170 scontext=u:r:shell:s0 tcontext=u:object_r:hal_dumpstate_config_prop:s0 tclass=file permissive=1
12-11 13:17:11.116 I/getprop ( 1247): type=1400 audit(0.0:4552): avc: denied { getattr } for path="/dev/__properties__/u:object_r:hal_dumpstate_config_prop:s0" dev="tmpfs" ino=170 scontext=u:r:shell:s0 tcontext=u:object_r:hal_dumpstate_config_prop:s0 tclass=file permissive=1
12-11 13:17:11.116 I/getprop ( 1247): type=1400 audit(0.0:4553): avc: denied { map } for path="/dev/__properties__/u:object_r:hal_dumpstate_config_prop:s0" dev="tmpfs" ino=170 scontext=u:r:shell:s0 tcontext=u:object_r:hal_dumpstate_config_prop:s0 tclass=file permissive=1
12-11 13:17:11.116 I/getprop ( 1247): type=1400 audit(0.0:4554): avc: denied { open } for path="/dev/__properties__/u:object_r:hypervisor_prop:s0" dev="tmpfs" ino=177 scontext=u:r:shell:s0 tcontext=u:object_r:hypervisor_prop:s0 tclass=file permissive=1
12-11 13:17:11.116 I/getprop ( 1247): type=1400 audit(0.0:4555): avc: denied { getattr } for path="/dev/__properties__/u:object_r:hypervisor_prop:s0" dev="tmpfs" ino=177 scontext=u:r:shell:s0 tcontext=u:object_r:hypervisor_prop:s0 tclass=file permissive=1
12-11 13:17:11.116 I/getprop ( 1247): type=1400 audit(0.0:4556): avc: denied { map } for path="/dev/__properties__/u:object_r:hypervisor_prop:s0" dev="tmpfs" ino=177 scontext=u:r:shell:s0 tcontext=u:object_r:hypervisor_prop:s0 tclass=file permissive=1
12-11 13:17:11.116 I/getprop ( 1247): type=1400 audit(0.0:4557): avc: denied { open } for path="/dev/__properties__/u:object_r:incremental_prop:s0" dev="tmpfs" ino=178 scontext=u:r:shell:s0 tcontext=u:object_r:incremental_prop:s0 tclass=file permissive=1
12-11 13:17:11.116 I/getprop ( 1247): type=1400 audit(0.0:4558): avc: denied { getattr } for path="/dev/__properties__/u:object_r:incremental_prop:s0" dev="tmpfs" ino=178 scontext=u:r:shell:s0 tcontext=u:object_r:incremental_prop:s0 tclass=file permissive=1
12-11 13:17:11.116 I/getprop ( 1247): type=1400 audit(0.0:4559): avc: denied { map } for path="/dev/__properties__/u:object_r:incremental_prop:s0" dev="tmpfs" ino=178 scontext=u:r:shell:s0 tcontext=u:object_r:incremental_prop:s0 tclass=file permissive=1
12-11 13:17:11.116 I/getprop ( 1247): type=1400 audit(0.0:4560): avc: denied { open } for path="/dev/__properties__/u:object_r:init_svc_debug_prop:s0" dev="tmpfs" ino=182 scontext=u:r:shell:s0 tcontext=u:object_r:init_svc_debug_prop:s0 tclass=file permissive=1
12-11 13:17:11.116 I/getprop ( 1247): type=1400 audit(0.0:4561): avc: denied { getattr } for path="/dev/__properties__/u:object_r:init_svc_debug_prop:s0" dev="tmpfs" ino=182 scontext=u:r:shell:s0 tcontext=u:object_r:init_svc_debug_prop:s0 tclass=file permissive=1
12-11 13:17:11.116 I/getprop ( 1247): type=1400 audit(0.0:4562): avc: denied { map } for path="/dev/__properties__/u:object_r:init_svc_debug_prop:s0" dev="tmpfs" ino=182 scontext=u:r:shell:s0 tcontext=u:object_r:init_svc_debug_prop:s0 tclass=file permissive=1
12-11 13:17:11.116 I/getprop ( 1247): type=1400 audit(0.0:4563): avc: denied { open } for path="/dev/__properties__/u:object_r:keyguard_config_prop:s0" dev="tmpfs" ino=183 scontext=u:r:shell:s0 tcontext=u:object_r:keyguard_config_prop:s0 tclass=file permissive=1
12-11 13:17:11.116 I/getprop ( 1247): type=1400 audit(0.0:4564): avc: denied { getattr } for path="/dev/__properties__/u:object_r:keyguard_config_prop:s0" dev="tmpfs" ino=183 scontext=u:r:shell:s0 tcontext=u:object_r:keyguard_config_prop:s0 tclass=file permissive=1
12-11 13:17:11.116 I/getprop ( 1247): type=1400 audit(0.0:4565): avc: denied { map } for path="/dev/__properties__/u:object_r:keyguard_config_prop:s0" dev="tmpfs" ino=183 scontext=u:r:shell:s0 tcontext=u:object_r:keyguard_config_prop:s0 tclass=file permissive=1
12-11 13:17:11.116 I/getprop ( 1247): type=1400 audit(0.0:4566): avc: denied { open } for path="/dev/__properties__/u:object_r:keystore_crash_prop:s0" dev="tmpfs" ino=184 scontext=u:r:shell:s0 tcontext=u:object_r:keystore_crash_prop:s0 tclass=file permissive=1
12-11 13:17:11.116 I/getprop ( 1247): type=1400 audit(0.0:4567): avc: denied { getattr } for path="/dev/__properties__/u:object_r:keystore_crash_prop:s0" dev="tmpfs" ino=184 scontext=u:r:shell:s0 tcontext=u:object_r:keystore_crash_prop:s0 tclass=file permissive=1
12-11 13:17:11.116 I/getprop ( 1247): type=1400 audit(0.0:4568): avc: denied { map } for path="/dev/__properties__/u:object_r:keystore_crash_prop:s0" dev="tmpfs" ino=184 scontext=u:r:shell:s0 tcontext=u:object_r:keystore_crash_prop:s0 tclass=file permissive=1
12-11 13:17:11.116 I/getprop ( 1247): type=1400 audit(0.0:4569): avc: denied { open } for path="/dev/__properties__/u:object_r:keystore_listen_prop:s0" dev="tmpfs" ino=185 scontext=u:r:shell:s0 tcontext=u:object_r:keystore_listen_prop:s0 tclass=file permissive=1
12-11 13:17:11.116 I/getprop ( 1247): type=1400 audit(0.0:4570): avc: denied { getattr } for path="/dev/__properties__/u:object_r:keystore_listen_prop:s0" dev="tmpfs" ino=185 scontext=u:r:shell:s0 tcontext=u:object_r:keystore_listen_prop:s0 tclass=file permissive=1
12-11 13:17:11.116 I/getprop ( 1247): type=1400 audit(0.0:4571): avc: denied { map } for path="/dev/__properties__/u:object_r:keystore_listen_prop:s0" dev="tmpfs" ino=185 scontext=u:r:shell:s0 tcontext=u:object_r:keystore_listen_prop:s0 tclass=file permissive=1
12-11 13:17:11.116 I/getprop ( 1247): type=1400 audit(0.0:4572): avc: denied { open } for path="/dev/__properties__/u:object_r:llkd_prop:s0" dev="tmpfs" ino=188 scontext=u:r:shell:s0 tcontext=u:object_r:llkd_prop:s0 tclass=file permissive=1
12-11 13:17:11.116 I/getprop ( 1247): type=1400 audit(0.0:4573): avc: denied { getattr } for path="/dev/__properties__/u:object_r:llkd_prop:s0" dev="tmpfs" ino=188 scontext=u:r:shell:s0 tcontext=u:object_r:llkd_prop:s0 tclass=file permissive=1
12-11 13:17:11.116 I/getprop ( 1247): type=1400 audit(0.0:4574): avc: denied { map } for path="/dev/__properties__/u:object_r:llkd_prop:s0" dev="tmpfs" ino=188 scontext=u:r:shell:s0 tcontext=u:object_r:llkd_prop:s0 tclass=file permissive=1
12-11 13:17:11.116 I/getprop ( 1247): type=1400 audit(0.0:4575): avc: denied { open } for path="/dev/__properties__/u:object_r:lmkd_prop:s0" dev="tmpfs" ino=190 scontext=u:r:shell:s0 tcontext=u:object_r:lmkd_prop:s0 tclass=file permissive=1
12-11 13:17:11.116 I/getprop ( 1247): type=1400 audit(0.0:4576): avc: denied { getattr } for path="/dev/__properties__/u:object_r:lmkd_prop:s0" dev="tmpfs" ino=190 scontext=u:r:shell:s0 tcontext=u:object_r:lmkd_prop:s0 tclass=file permissive=1
12-11 13:17:11.116 I/getprop ( 1247): type=1400 audit(0.0:4577): avc: denied { map } for path="/dev/__properties__/u:object_r:lmkd_prop:s0" dev="tmpfs" ino=190 scontext=u:r:shell:s0 tcontext=u:object_r:lmkd_prop:s0 tclass=file permissive=1
12-11 13:17:11.116 I/getprop ( 1247): type=1400 audit(0.0:4578): avc: denied { open } for path="/dev/__properties__/u:object_r:lower_kptr_restrict_prop:s0" dev="tmpfs" ino=196 scontext=u:r:shell:s0 tcontext=u:object_r:lower_kptr_restrict_prop:s0 tclass=file permissive=1
12-11 13:17:11.116 I/getprop ( 1247): type=1400 audit(0.0:4579): avc: denied { getattr } for path="/dev/__properties__/u:object_r:lower_kptr_restrict_prop:s0" dev="tmpfs" ino=196 scontext=u:r:shell:s0 tcontext=u:object_r:lower_kptr_restrict_prop:s0 tclass=file permissive=1
12-11 13:17:11.116 I/getprop ( 1247): type=1400 audit(0.0:4580): avc: denied { map } for path="/dev/__properties__/u:object_r:lower_kptr_restrict_prop:s0" dev="tmpfs" ino=196 scontext=u:r:shell:s0 tcontext=u:object_r:lower_kptr_restrict_prop:s0 tclass=file permissive=1
12-11 13:17:11.116 I/getprop ( 1247): type=1400 audit(0.0:4581): avc: denied { open } for path="/dev/__properties__/u:object_r:lowpan_prop:s0" dev="tmpfs" ino=197 scontext=u:r:shell:s0 tcontext=u:object_r:lowpan_prop:s0 tclass=file permissive=1
12-11 13:17:11.116 I/getprop ( 1247): type=1400 audit(0.0:4582): avc: denied { getattr } for path="/dev/__properties__/u:object_r:lowpan_prop:s0" dev="tmpfs" ino=197 scontext=u:r:shell:s0 tcontext=u:object_r:lowpan_prop:s0 tclass=file permissive=1
12-11 13:17:11.116 I/getprop ( 1247): type=1400 audit(0.0:4583): avc: denied { map } for path="/dev/__properties__/u:object_r:lowpan_prop:s0" dev="tmpfs" ino=197 scontext=u:r:shell:s0 tcontext=u:object_r:lowpan_prop:s0 tclass=file permissive=1
12-11 13:17:11.116 I/getprop ( 1247): type=1400 audit(0.0:4584): avc: denied { open } for path="/dev/__properties__/u:object_r:tombstone_config_prop:s0" dev="tmpfs" ino=266 scontext=u:r:shell:s0 tcontext=u:object_r:tombstone_config_prop:s0 tclass=file permissive=1
12-11 13:17:11.116 I/getprop ( 1247): type=1400 audit(0.0:4585): avc: denied { getattr } for path="/dev/__properties__/u:object_r:tombstone_config_prop:s0" dev="tmpfs" ino=266 scontext=u:r:shell:s0 tcontext=u:object_r:tombstone_config_prop:s0 tclass=file permissive=1
12-11 13:17:11.116 I/getprop ( 1247): type=1400 audit(0.0:4586): avc: denied { map } for path="/dev/__properties__/u:object_r:tombstone_config_prop:s0" dev="tmpfs" ino=266 scontext=u:r:shell:s0 tcontext=u:object_r:tombstone_config_prop:s0 tclass=file permissive=1
12-11 13:17:11.116 I/getprop ( 1247): type=1400 audit(0.0:4587): avc: denied { open } for path="/dev/__properties__/u:object_r:vendor_camera_prop:s0" dev="tmpfs" ino=282 scontext=u:r:shell:s0 tcontext=u:object_r:vendor_camera_prop:s0 tclass=file permissive=1
12-11 13:17:11.116 I/getprop ( 1247): type=1400 audit(0.0:4588): avc: denied { getattr } for path="/dev/__properties__/u:object_r:vendor_camera_prop:s0" dev="tmpfs" ino=282 scontext=u:r:shell:s0 tcontext=u:object_r:vendor_camera_prop:s0 tclass=file permissive=1
12-11 13:17:11.116 I/getprop ( 1247): type=1400 audit(0.0:4589): avc: denied { map } for path="/dev/__properties__/u:object_r:vendor_camera_prop:s0" dev="tmpfs" ino=282 scontext=u:r:shell:s0 tcontext=u:object_r:vendor_camera_prop:s0 tclass=file permissive=1
12-11 13:17:11.116 I/getprop ( 1247): type=1400 audit(0.0:4590): avc: denied { open } for path="/dev/__properties__/u:object_r:vendor_cec_prop:s0" dev="tmpfs" ino=283 scontext=u:r:shell:s0 tcontext=u:object_r:vendor_cec_prop:s0 tclass=file permissive=1
12-11 13:17:11.116 I/getprop ( 1247): type=1400 audit(0.0:4591): avc: denied { getattr } for path="/dev/__properties__/u:object_r:vendor_cec_prop:s0" dev="tmpfs" ino=283 scontext=u:r:shell:s0 tcontext=u:object_r:vendor_cec_prop:s0 tclass=file permissive=1
12-11 13:17:11.124 D/MediaCodecsXmlParser(  475): disabling c2.android.gsm.decoder
12-11 13:17:11.124 D/MediaCodecsXmlParser(  475): disabling c2.android.mpeg2.decoder
12-11 13:17:11.125 I/MediaCodecsXmlParser(  475): Did not find media_codecs_performance.xml in search path
12-11 13:17:11.125 D/MediaCodecsXmlParser(  475): parsing /vendor/etc/media_codecs_c2.xml...
12-11 13:17:11.116 I/getprop ( 1247): type=1400 audit(0.0:4592): avc: denied { map } for path="/dev/__properties__/u:object_r:vendor_cec_prop:s0" dev="tmpfs" ino=283 scontext=u:r:shell:s0 tcontext=u:object_r:vendor_cec_prop:s0 tclass=file permissive=1
12-11 13:17:11.125 D/MediaCodecsXmlParser(  475): parsing /vendor/etc/media_codecs_c2_base.xml...
12-11 13:17:11.125 D/ConnectivityService(  651): NetReassign [no changes]
12-11 13:17:11.126 D/MediaCodecsXmlParser(  475): parsing /vendor/etc/media_codecs_google_c2.xml...
